CREATE TABLE `referentiel_security_actionrisques` (
  `idReco` mediumint(8) NOT NULL DEFAULT '0',
  `id_referentiel` int(11) NOT NULL,
  `id_actionrisques` mediumint(8) NOT NULL DEFAULT '0',
  `date_debut` datetime NOT NULL DEFAULT '0000-00-00 00:00:00',
  `date_modif` date NOT NULL DEFAULT '0000-00-00',
  `date_cloture` date NOT NULL DEFAULT '0000-00-00'
) ENGINE=InnoDB DEFAULT CHARSET=utf8;

-- --------------------------------------------------------

--
-- Structure de la table `role`
--

CREATE TABLE `role` (
  `idRole` mediumint(8) UNSIGNED NOT NULL,
  `codeRole` varchar(8) NOT NULL DEFAULT '',
  `libRole` varchar(100) NOT NULL DEFAULT '',
  `descriptionRole` varchar(250) NOT NULL DEFAULT ''
) ENGINE=InnoDB DEFAULT CHARSET=utf8;

--
-- Déchargement des données de la table `role`
--

INSERT INTO `role` (`idRole`, `codeRole`, `libRole`, `descriptionRole`) VALUES
(1, 'EXE', 'Exécution (R)', ''),
(2, 'VAL', 'Validation (A)', ''),
(3, 'CON', 'Consultation (C)', ''),
(4, 'PAR', 'Information (I)', '');

-- --------------------------------------------------------

--
-- Structure de la table `rootcause`
--

CREATE TABLE `rootcause` (
  `idrootCause` mediumint(8) UNSIGNED NOT NULL,
  `rootCause_Code` varchar(35) NOT NULL,
  `rootCause_Lib` varchar(40) NOT NULL,
  `rootCause_Desc` mediumtext NOT NULL,
  `Typ_Iden` varchar(8) NOT NULL,
  `rootCause_Date_Debut` datetime NOT NULL DEFAULT '0000-00-00 00:00:00',
  `rootCause_Date_Fin` datetime NOT NULL DEFAULT '0000-00-00 00:00:00',
  `rootCause_Date_Modif` date NOT NULL DEFAULT '0000-00-00',
  `Affecte` binary(1) NOT NULL
) ENGINE=InnoDB DEFAULT CHARSET=utf8;

--
-- Déchargement des données de la table `rootcause`
--

INSERT INTO `rootcause` (`idrootCause`, `rootCause_Code`, `rootCause_Lib`, `rootCause_Desc`, `Typ_Iden`, `rootCause_Date_Debut`, `rootCause_Date_Fin`, `rootCause_Date_Modif`, `Affecte`) VALUES
(4, 'c1', 'Bug informatique', '', 'SPE', '2021-09-09 07:48:42', '0000-00-00 00:00:00', '0000-00-00', 0x74),
(5, 'c2', 'cause 2', '', 'SPE', '2020-01-07 07:35:46', '0000-00-00 00:00:00', '0000-00-00', 0x74),
(6, 'c3', 'cause 3', '', 'SPE', '2020-01-07 07:53:18', '0000-00-00 00:00:00', '0000-00-00', 0x74),
(7, 'test', 'test', 'rejorgj', 'SPE', '2021-09-23 11:02:43', '0000-00-00 00:00:00', '0000-00-00', 0x74),
(8, 'ttrr', 'ttrr', '', 'SPE', '2021-09-30 09:56:08', '0000-00-00 00:00:00', '0000-00-00', 0x74);

-- --------------------------------------------------------

--
-- Structure de la table `security_actionrisques`
--

CREATE TABLE `security_actionrisques` (
  `idReco` mediumint(8) NOT NULL DEFAULT '0',
  `id_actionrisques` mediumint(8) NOT NULL DEFAULT '0',
  `date_debut` datetime NOT NULL DEFAULT '0000-00-00 00:00:00',
  `date_modif` date NOT NULL DEFAULT '0000-00-00',
  `date_cloture` date NOT NULL DEFAULT '0000-00-00'
) ENGINE=InnoDB DEFAULT CHARSET=utf8;

--
-- Déchargement des données de la table `security_actionrisques`
--

INSERT INTO `security_actionrisques` (`idReco`, `id_actionrisques`, `date_debut`, `date_modif`, `date_cloture`) VALUES
(11, 6, '2011-07-07 19:49:50', '0000-00-00', '0000-00-00'),
(11, 7, '2011-07-07 19:49:50', '0000-00-00', '0000-00-00'),
(11, 8, '2011-07-07 19:49:50', '0000-00-00', '0000-00-00'),
(11, 9, '2011-07-07 19:49:50', '0000-00-00', '0000-00-00'),
(11, 10, '2011-07-07 19:49:50', '0000-00-00', '0000-00-00'),
(11, 11, '2011-07-07 19:49:50', '0000-00-00', '0000-00-00'),
(11, 12, '2011-07-07 19:49:50', '0000-00-00', '0000-00-00'),
(11, 13, '2011-07-07 19:49:50', '0000-00-00', '0000-00-00'),
(11, 14, '2011-07-07 19:49:50', '0000-00-00', '0000-00-00'),
(11, 15, '2011-07-07 19:49:50', '0000-00-00', '0000-00-00'),
(11, 16, '2011-07-07 19:49:50', '0000-00-00', '0000-00-00'),
(11, 17, '2011-07-07 19:49:50', '0000-00-00', '0000-00-00'),
(11, 18, '2011-07-07 19:49:50', '0000-00-00', '0000-00-00'),
(16, 19, '2011-07-07 19:49:50', '0000-00-00', '0000-00-00'),
(16, 20, '2011-07-07 19:49:50', '0000-00-00', '0000-00-00'),
(16, 21, '2011-07-07 19:49:50', '0000-00-00', '0000-00-00'),
(16, 22, '2011-07-07 19:49:50', '0000-00-00', '0000-00-00'),
(16, 23, '2011-07-07 19:49:50', '0000-00-00', '0000-00-00'),
(16, 24, '2011-07-07 19:49:50', '0000-00-00', '0000-00-00'),
(16, 25, '2011-07-07 19:49:50', '0000-00-00', '0000-00-00'),
(16, 26, '2011-07-07 19:49:50', '0000-00-00', '0000-00-00'),
(16, 27, '2011-07-07 19:49:50', '0000-00-00', '0000-00-00'),
(16, 28, '2011-07-07 19:49:50', '0000-00-00', '0000-00-00'),
(16, 29, '2011-07-07 19:49:50', '0000-00-00', '0000-00-00'),
(16, 30, '2011-07-07 19:49:50', '0000-00-00', '0000-00-00'),
(16, 31, '2011-07-07 19:49:50', '0000-00-00', '0000-00-00'),
(16, 32, '2011-07-07 19:49:50', '0000-00-00', '0000-00-00'),
(16, 33, '2011-07-07 19:49:50', '0000-00-00', '0000-00-00'),
(16, 34, '2011-07-07 19:49:50', '0000-00-00', '0000-00-00'),
(16, 35, '2011-07-07 19:49:50', '0000-00-00', '0000-00-00'),
(16, 36, '2011-07-07 19:49:50', '0000-00-00', '0000-00-00'),
(16, 40, '2011-07-07 19:49:50', '0000-00-00', '0000-00-00'),
(16, 41, '2011-07-07 19:49:50', '0000-00-00', '0000-00-00'),
(16, 42, '2011-07-07 19:49:50', '0000-00-00', '0000-00-00'),
(16, 43, '2011-07-07 19:49:50', '0000-00-00', '0000-00-00'),
(16, 44, '2011-07-07 19:49:50', '0000-00-00', '0000-00-00'),
(16, 50, '2011-07-07 19:49:50', '0000-00-00', '0000-00-00'),
(16, 51, '2011-07-07 19:49:50', '0000-00-00', '0000-00-00'),
(16, 52, '2011-07-07 19:49:50', '0000-00-00', '0000-00-00'),
(16, 53, '2011-07-07 19:49:50', '0000-00-00', '0000-00-00'),
(16, 54, '2011-07-07 19:49:50', '0000-00-00', '0000-00-00'),
(16, 55, '2011-07-07 19:49:50', '0000-00-00', '0000-00-00'),
(16, 56, '2011-07-07 19:49:50', '0000-00-00', '0000-00-00'),
(16, 57, '2011-07-07 19:49:50', '0000-00-00', '0000-00-00'),
(16, 58, '2011-07-07 19:49:50', '0000-00-00', '0000-00-00'),
(16, 59, '2011-07-07 19:49:50', '0000-00-00', '0000-00-00'),
(16, 60, '2011-07-07 19:49:50', '0000-00-00', '0000-00-00'),
(16, 61, '2011-07-07 19:49:50', '0000-00-00', '0000-00-00'),
(16, 66, '2011-07-07 19:49:50', '0000-00-00', '0000-00-00'),
(16, 67, '2011-07-07 19:49:50', '0000-00-00', '0000-00-00'),
(16, 68, '2011-07-07 19:49:50', '0000-00-00', '0000-00-00'),
(16, 69, '2011-07-07 19:49:50', '0000-00-00', '0000-00-00'),
(16, 70, '2011-07-07 19:49:50', '0000-00-00', '0000-00-00'),
(16, 71, '2011-07-07 19:49:50', '0000-00-00', '0000-00-00'),
(16, 72, '2011-07-07 19:49:50', '0000-00-00', '0000-00-00'),
(16, 73, '2011-07-07 19:49:50', '0000-00-00', '0000-00-00'),
(16, 74, '2011-07-07 19:49:50', '0000-00-00', '0000-00-00'),
(16, 75, '2011-07-07 19:49:50', '0000-00-00', '0000-00-00'),
(16, 76, '2011-07-07 19:49:50', '0000-00-00', '0000-00-00'),
(16, 77, '2011-07-07 19:49:50', '0000-00-00', '0000-00-00'),
(16, 78, '2011-07-07 19:49:50', '0000-00-00', '0000-00-00'),
(16, 79, '2011-07-07 19:49:50', '0000-00-00', '0000-00-00'),
(16, 80, '2011-07-07 19:49:50', '0000-00-00', '0000-00-00'),
(16, 81, '2011-07-07 19:49:50', '0000-00-00', '0000-00-00'),
(16, 82, '2011-07-07 19:49:50', '0000-00-00', '0000-00-00'),
(16, 83, '2011-07-07 19:49:50', '0000-00-00', '0000-00-00'),
(16, 84, '2011-07-07 19:49:50', '0000-00-00', '0000-00-00'),
(16, 85, '2011-07-07 19:49:50', '0000-00-00', '0000-00-00'),
(16, 86, '2011-07-07 19:49:50', '0000-00-00', '0000-00-00'),
(16, 87, '2011-07-07 19:49:50', '0000-00-00', '0000-00-00'),
(16, 88, '2011-07-07 19:49:50', '0000-00-00', '0000-00-00'),
(16, 89, '2011-07-07 19:49:50', '0000-00-00', '0000-00-00'),
(16, 90, '2011-07-07 19:49:50', '0000-00-00', '0000-00-00'),
(16, 91, '2011-07-07 19:49:50', '0000-00-00', '0000-00-00'),
(16, 92, '2011-07-07 19:49:50', '0000-00-00', '0000-00-00'),
(16, 93, '2011-07-07 19:49:50', '0000-00-00', '0000-00-00'),
(16, 94, '2011-07-07 19:49:50', '0000-00-00', '0000-00-00'),
(16, 95, '2011-07-07 19:49:50', '0000-00-00', '0000-00-00'),
(16, 101, '2011-07-07 19:49:50', '0000-00-00', '0000-00-00'),
(16, 102, '2011-07-07 19:49:50', '0000-00-00', '0000-00-00'),
(16, 103, '2011-07-07 19:49:50', '0000-00-00', '0000-00-00'),
(16, 104, '2011-07-07 19:49:50', '0000-00-00', '0000-00-00'),
(16, 396, '2011-07-07 19:49:50', '0000-00-00', '0000-00-00'),
(16, 397, '2011-07-07 19:49:50', '0000-00-00', '0000-00-00'),
(17, 37, '2011-07-07 19:49:50', '0000-00-00', '0000-00-00'),
(17, 38, '2011-07-07 19:49:50', '0000-00-00', '0000-00-00'),
(17, 39, '2011-07-07 19:49:50', '0000-00-00', '0000-00-00'),
(17, 45, '2011-07-07 19:49:50', '0000-00-00', '0000-00-00'),
(17, 46, '2011-07-07 19:49:50', '0000-00-00', '0000-00-00'),
(17, 47, '2011-07-07 19:49:50', '0000-00-00', '0000-00-00'),
(17, 48, '2011-07-07 19:49:50', '0000-00-00', '0000-00-00'),
(17, 49, '2011-07-07 19:49:50', '0000-00-00', '0000-00-00'),
(17, 62, '2011-07-07 19:49:50', '0000-00-00', '0000-00-00'),
(17, 63, '2011-07-07 19:49:50', '0000-00-00', '0000-00-00'),
(17, 64, '2011-07-07 19:49:50', '0000-00-00', '0000-00-00'),
(17, 65, '2011-07-07 19:49:50', '0000-00-00', '0000-00-00'),
(17, 96, '2011-07-07 19:49:50', '0000-00-00', '0000-00-00'),
(17, 97, '2011-07-07 19:49:50', '0000-00-00', '0000-00-00'),
(17, 98, '2011-07-07 19:49:50', '0000-00-00', '0000-00-00'),
(17, 99, '2011-07-07 19:49:50', '0000-00-00', '0000-00-00'),
(17, 100, '2011-07-07 19:49:50', '0000-00-00', '0000-00-00'),
(17, 109, '2011-07-07 19:49:50', '0000-00-00', '0000-00-00'),
(17, 110, '2011-07-07 19:49:50', '0000-00-00', '0000-00-00'),
(17, 111, '2011-07-07 19:49:50', '0000-00-00', '0000-00-00'),
(17, 112, '2011-07-07 19:49:50', '0000-00-00', '0000-00-00'),
(17, 113, '2011-07-07 19:49:50', '0000-00-00', '0000-00-00'),
(17, 114, '2011-07-07 19:49:50', '0000-00-00', '0000-00-00'),
(17, 115, '2011-07-07 19:49:50', '0000-00-00', '0000-00-00'),
(17, 116, '2011-07-07 19:49:50', '0000-00-00', '0000-00-00'),
(17, 117, '2011-07-07 19:49:50', '0000-00-00', '0000-00-00'),
(17, 118, '2011-07-07 19:49:50', '0000-00-00', '0000-00-00'),
(17, 119, '2011-07-07 19:49:50', '0000-00-00', '0000-00-00'),
(17, 120, '2011-07-07 19:49:50', '0000-00-00', '0000-00-00'),
(17, 121, '2011-07-07 19:49:50', '0000-00-00', '0000-00-00'),
(17, 122, '2011-07-07 19:49:50', '0000-00-00', '0000-00-00'),
(17, 123, '2011-07-07 19:49:50', '0000-00-00', '0000-00-00'),
(17, 124, '2011-07-07 19:49:50', '0000-00-00', '0000-00-00'),
(17, 125, '2011-07-07 19:49:50', '0000-00-00', '0000-00-00'),
(17, 126, '2011-07-07 19:49:50', '0000-00-00', '0000-00-00'),
(17, 127, '2011-07-07 19:49:50', '0000-00-00', '0000-00-00'),
(17, 128, '2011-07-07 19:49:50', '0000-00-00', '0000-00-00'),
(17, 129, '2011-07-07 19:49:50', '0000-00-00', '0000-00-00'),
(17, 130, '2011-07-07 19:49:50', '0000-00-00', '0000-00-00'),
(17, 131, '2011-07-07 19:49:50', '0000-00-00', '0000-00-00'),
(17, 132, '2011-07-07 19:49:50', '0000-00-00', '0000-00-00'),
(17, 133, '2011-07-07 19:49:50', '0000-00-00', '0000-00-00'),
(17, 134, '2011-07-07 19:49:50', '0000-00-00', '0000-00-00'),
(17, 135, '2011-07-07 19:49:50', '0000-00-00', '0000-00-00'),
(17, 136, '2011-07-07 19:49:50', '0000-00-00', '0000-00-00'),
(17, 137, '2011-07-07 19:49:50', '0000-00-00', '0000-00-00'),
(17, 138, '2011-07-07 19:49:50', '0000-00-00', '0000-00-00'),
(17, 139, '2011-07-07 19:49:50', '0000-00-00', '0000-00-00'),
(17, 140, '2011-07-07 19:49:50', '0000-00-00', '0000-00-00'),
(17, 141, '2011-07-07 19:49:50', '0000-00-00', '0000-00-00'),
(17, 142, '2011-07-07 19:49:50', '0000-00-00', '0000-00-00'),
(17, 143, '2011-07-07 19:49:50', '0000-00-00', '0000-00-00'),
(17, 144, '2011-07-07 19:49:50', '0000-00-00', '0000-00-00'),
(17, 145, '2011-07-07 19:49:50', '0000-00-00', '0000-00-00'),
(17, 146, '2011-07-07 19:49:50', '0000-00-00', '0000-00-00'),
(17, 147, '2011-07-07 19:49:50', '0000-00-00', '0000-00-00'),
(17, 148, '2011-07-07 19:49:50', '0000-00-00', '0000-00-00'),
(17, 149, '2011-07-07 19:49:50', '0000-00-00', '0000-00-00'),
(17, 150, '2011-07-07 19:49:50', '0000-00-00', '0000-00-00'),
(17, 151, '2011-07-07 19:49:50', '0000-00-00', '0000-00-00'),
(17, 152, '2011-07-07 19:49:50', '0000-00-00', '0000-00-00'),
(17, 153, '2011-07-07 19:49:50', '0000-00-00', '0000-00-00'),
(17, 154, '2011-07-07 19:49:50', '0000-00-00', '0000-00-00'),
(17, 155, '2011-07-07 19:49:50', '0000-00-00', '0000-00-00'),
(17, 156, '2011-07-07 19:49:50', '0000-00-00', '0000-00-00'),
(17, 157, '2011-07-07 19:49:50', '0000-00-00', '0000-00-00'),
(17, 158, '2011-07-07 19:49:50', '0000-00-00', '0000-00-00'),
(17, 159, '2011-07-07 19:49:50', '0000-00-00', '0000-00-00'),
(17, 160, '2011-07-07 19:49:50', '0000-00-00', '0000-00-00'),
(17, 161, '2011-07-07 19:49:50', '0000-00-00', '0000-00-00'),
(17, 162, '2011-07-07 19:49:50', '0000-00-00', '0000-00-00'),
(17, 163, '2011-07-07 19:49:50', '0000-00-00', '0000-00-00'),
(17, 164, '2011-07-07 19:49:50', '0000-00-00', '0000-00-00'),
(17, 165, '2011-07-07 19:49:50', '0000-00-00', '0000-00-00'),
(17, 166, '2011-07-07 19:49:50', '0000-00-00', '0000-00-00'),
(17, 167, '2011-07-07 19:49:50', '0000-00-00', '0000-00-00'),
(17, 168, '2011-07-07 19:49:50', '0000-00-00', '0000-00-00'),
(17, 169, '2011-07-07 19:49:50', '0000-00-00', '0000-00-00'),
(17, 170, '2011-07-07 19:49:50', '0000-00-00', '0000-00-00'),
(17, 171, '2011-07-07 19:49:50', '0000-00-00', '0000-00-00'),
(17, 172, '2011-07-07 19:49:50', '0000-00-00', '0000-00-00'),
(17, 173, '2011-07-07 19:49:50', '0000-00-00', '0000-00-00'),
(17, 174, '2011-07-07 19:49:50', '0000-00-00', '0000-00-00'),
(17, 175, '2011-07-07 19:49:50', '0000-00-00', '0000-00-00'),
(17, 176, '2011-07-07 19:49:50', '0000-00-00', '0000-00-00'),
(17, 177, '2011-07-07 19:49:50', '0000-00-00', '0000-00-00'),
(17, 178, '2011-07-07 19:49:50', '0000-00-00', '0000-00-00'),
(17, 179, '2011-07-07 19:49:50', '0000-00-00', '0000-00-00'),
(17, 180, '2011-07-07 19:49:50', '0000-00-00', '0000-00-00'),
(17, 181, '2011-07-07 19:49:50', '0000-00-00', '0000-00-00'),
(17, 182, '2011-07-07 19:49:50', '0000-00-00', '0000-00-00'),
(17, 183, '2011-07-07 19:49:51', '0000-00-00', '0000-00-00'),
(17, 184, '2011-07-07 19:49:51', '0000-00-00', '0000-00-00'),
(17, 185, '2011-07-07 19:49:51', '0000-00-00', '0000-00-00'),
(17, 186, '2011-07-07 19:49:51', '0000-00-00', '0000-00-00'),
(17, 187, '2011-07-07 19:49:51', '0000-00-00', '0000-00-00'),
(17, 188, '2011-07-07 19:49:51', '0000-00-00', '0000-00-00'),
(17, 189, '2011-07-07 19:49:51', '0000-00-00', '0000-00-00'),
(17, 190, '2011-07-07 19:49:51', '0000-00-00', '0000-00-00'),
(17, 191, '2011-07-07 19:49:51', '0000-00-00', '0000-00-00'),
(17, 192, '2011-07-07 19:49:51', '0000-00-00', '0000-00-00'),
(17, 193, '2011-07-07 19:49:51', '0000-00-00', '0000-00-00'),
(17, 194, '2011-07-07 19:49:51', '0000-00-00', '0000-00-00'),
(17, 195, '2011-07-07 19:49:51', '0000-00-00', '0000-00-00'),
(17, 196, '2011-07-07 19:49:51', '0000-00-00', '0000-00-00'),
(17, 197, '2011-07-07 19:49:51', '0000-00-00', '0000-00-00'),
(17, 198, '2011-07-07 19:49:51', '0000-00-00', '0000-00-00'),
(17, 199, '2011-07-07 19:49:51', '0000-00-00', '0000-00-00'),
(17, 200, '2011-07-07 19:49:51', '0000-00-00', '0000-00-00'),
(17, 201, '2011-07-07 19:49:51', '0000-00-00', '0000-00-00'),
(17, 202, '2011-07-07 19:49:51', '0000-00-00', '0000-00-00'),
(17, 203, '2011-07-07 19:49:51', '0000-00-00', '0000-00-00'),
(17, 204, '2011-07-07 19:49:51', '0000-00-00', '0000-00-00'),
(17, 205, '2011-07-07 19:49:51', '0000-00-00', '0000-00-00'),
(17, 206, '2011-07-07 19:49:51', '0000-00-00', '0000-00-00'),
(17, 207, '2011-07-07 19:49:51', '0000-00-00', '0000-00-00'),
(17, 208, '2011-07-07 19:49:51', '0000-00-00', '0000-00-00'),
(17, 209, '2011-07-07 19:49:51', '0000-00-00', '0000-00-00'),
(17, 210, '2011-07-07 19:49:51', '0000-00-00', '0000-00-00'),
(17, 211, '2011-07-07 19:49:51', '0000-00-00', '0000-00-00'),
(17, 212, '2011-07-07 19:49:51', '0000-00-00', '0000-00-00'),
(17, 213, '2011-07-07 19:49:51', '0000-00-00', '0000-00-00'),
(17, 214, '2011-07-07 19:49:51', '0000-00-00', '0000-00-00'),
(17, 215, '2011-07-07 19:49:51', '0000-00-00', '0000-00-00'),
(17, 216, '2011-07-07 19:49:51', '0000-00-00', '0000-00-00'),
(17, 217, '2011-07-07 19:49:51', '0000-00-00', '0000-00-00'),
(17, 218, '2011-07-07 19:49:51', '0000-00-00', '0000-00-00'),
(17, 219, '2011-07-07 19:49:51', '0000-00-00', '0000-00-00'),
(17, 220, '2011-07-07 19:49:51', '0000-00-00', '0000-00-00'),
(17, 221, '2011-07-07 19:49:51', '0000-00-00', '0000-00-00'),
(17, 222, '2011-07-07 19:49:51', '0000-00-00', '0000-00-00'),
(17, 223, '2011-07-07 19:49:51', '0000-00-00', '0000-00-00'),
(17, 224, '2011-07-07 19:49:51', '0000-00-00', '0000-00-00'),
(17, 225, '2011-07-07 19:49:51', '0000-00-00', '0000-00-00'),
(17, 226, '2011-07-07 19:49:51', '0000-00-00', '0000-00-00'),
(17, 227, '2011-07-07 19:49:51', '0000-00-00', '0000-00-00'),
(17, 228, '2011-07-07 19:49:51', '0000-00-00', '0000-00-00'),
(17, 229, '2011-07-07 19:49:51', '0000-00-00', '0000-00-00'),
(17, 230, '2011-07-07 19:49:51', '0000-00-00', '0000-00-00'),
(17, 231, '2011-07-07 19:49:51', '0000-00-00', '0000-00-00'),
(17, 232, '2011-07-07 19:49:51', '0000-00-00', '0000-00-00'),
(17, 233, '2011-07-07 19:49:51', '0000-00-00', '0000-00-00'),
(17, 234, '2011-07-07 19:49:51', '0000-00-00', '0000-00-00'),
(17, 235, '2011-07-07 19:49:51', '0000-00-00', '0000-00-00'),
(17, 236, '2011-07-07 19:49:51', '0000-00-00', '0000-00-00'),
(17, 237, '2011-07-07 19:49:51', '0000-00-00', '0000-00-00'),
(17, 238, '2011-07-07 19:49:51', '0000-00-00', '0000-00-00'),
(17, 239, '2011-07-07 19:49:51', '0000-00-00', '0000-00-00'),
(17, 240, '2011-07-07 19:49:51', '0000-00-00', '0000-00-00'),
(17, 241, '2011-07-07 19:49:51', '0000-00-00', '0000-00-00'),
(17, 242, '2011-07-07 19:49:51', '0000-00-00', '0000-00-00'),
(17, 243, '2011-07-07 19:49:51', '0000-00-00', '0000-00-00'),
(17, 244, '2011-07-07 19:49:51', '0000-00-00', '0000-00-00'),
(17, 245, '2011-07-07 19:49:51', '0000-00-00', '0000-00-00'),
(17, 246, '2011-07-07 19:49:51', '0000-00-00', '0000-00-00'),
(17, 247, '2011-07-07 19:49:51', '0000-00-00', '0000-00-00'),
(17, 248, '2011-07-07 19:49:51', '0000-00-00', '0000-00-00'),
(17, 249, '2011-07-07 19:49:51', '0000-00-00', '0000-00-00'),
(17, 250, '2011-07-07 19:49:51', '0000-00-00', '0000-00-00'),
(17, 251, '2011-07-07 19:49:51', '0000-00-00', '0000-00-00'),
(17, 252, '2011-07-07 19:49:51', '0000-00-00', '0000-00-00'),
(17, 253, '2011-07-07 19:49:51', '0000-00-00', '0000-00-00'),
(17, 254, '2011-07-07 19:49:51', '0000-00-00', '0000-00-00'),
(17, 255, '2011-07-07 19:49:51', '0000-00-00', '0000-00-00'),
(17, 256, '2011-07-07 19:49:51', '0000-00-00', '0000-00-00'),
(17, 257, '2011-07-07 19:49:51', '0000-00-00', '0000-00-00'),
(17, 258, '2011-07-07 19:49:51', '0000-00-00', '0000-00-00'),
(17, 259, '2011-07-07 19:49:51', '0000-00-00', '0000-00-00'),
(17, 260, '2011-07-07 19:49:51', '0000-00-00', '0000-00-00'),
(17, 261, '2011-07-07 19:49:51', '0000-00-00', '0000-00-00'),
(17, 262, '2011-07-07 19:49:51', '0000-00-00', '0000-00-00'),
(17, 263, '2011-07-07 19:49:51', '0000-00-00', '0000-00-00'),
(17, 264, '2011-07-07 19:49:51', '0000-00-00', '0000-00-00'),
(17, 265, '2011-07-07 19:49:51', '0000-00-00', '0000-00-00'),
(17, 356, '2011-07-07 19:49:51', '0000-00-00', '0000-00-00'),
(17, 357, '2011-07-07 19:49:51', '0000-00-00', '0000-00-00'),
(17, 358, '2011-07-07 19:49:51', '0000-00-00', '0000-00-00'),
(17, 359, '2011-07-07 19:49:51', '0000-00-00', '0000-00-00'),
(17, 360, '2011-07-07 19:49:51', '0000-00-00', '0000-00-00'),
(17, 361, '2011-07-07 19:49:51', '0000-00-00', '0000-00-00'),
(17, 362, '2011-07-07 19:49:51', '0000-00-00', '0000-00-00'),
(17, 363, '2011-07-07 19:49:51', '0000-00-00', '0000-00-00'),
(17, 364, '2011-07-07 19:49:51', '0000-00-00', '0000-00-00'),
(17, 365, '2011-07-07 19:49:51', '0000-00-00', '0000-00-00'),
(17, 366, '2011-07-07 19:49:51', '0000-00-00', '0000-00-00'),
(17, 367, '2011-07-07 19:49:51', '0000-00-00', '0000-00-00'),
(17, 368, '2011-07-07 19:49:51', '0000-00-00', '0000-00-00'),
(17, 369, '2011-07-07 19:49:51', '0000-00-00', '0000-00-00'),
(17, 370, '2011-07-07 19:49:51', '0000-00-00', '0000-00-00'),
(17, 371, '2011-07-07 19:49:51', '0000-00-00', '0000-00-00'),
(17, 372, '2011-07-07 19:49:51', '0000-00-00', '0000-00-00'),
(17, 373, '2011-07-07 19:49:51', '0000-00-00', '0000-00-00'),
(17, 374, '2011-07-07 19:49:51', '0000-00-00', '0000-00-00'),
(17, 375, '2011-07-07 19:49:51', '0000-00-00', '0000-00-00'),
(17, 376, '2011-07-07 19:49:51', '0000-00-00', '0000-00-00'),
(17, 377, '2011-07-07 19:49:51', '0000-00-00', '0000-00-00'),
(17, 378, '2011-07-07 19:49:51', '0000-00-00', '0000-00-00'),
(17, 379, '2011-07-07 19:49:51', '0000-00-00', '0000-00-00'),
(17, 380, '2011-07-07 19:49:51', '0000-00-00', '0000-00-00'),
(17, 381, '2011-07-07 19:49:51', '0000-00-00', '0000-00-00'),
(17, 382, '2011-07-07 19:49:51', '0000-00-00', '0000-00-00'),
(17, 383, '2011-07-07 19:49:51', '0000-00-00', '0000-00-00'),
(17, 389, '2011-07-07 19:49:51', '0000-00-00', '0000-00-00'),
(17, 390, '2011-07-07 19:49:51', '0000-00-00', '0000-00-00'),
(17, 391, '2011-07-07 19:49:51', '0000-00-00', '0000-00-00'),
(17, 392, '2011-07-07 19:49:51', '0000-00-00', '0000-00-00'),
(17, 393, '2011-07-07 19:49:51', '0000-00-00', '0000-00-00'),
(17, 394, '2011-07-07 19:49:51', '0000-00-00', '0000-00-00'),
(17, 395, '2011-07-07 19:49:51', '0000-00-00', '0000-00-00'),
(17, 398, '2011-07-07 19:49:51', '0000-00-00', '0000-00-00'),
(17, 399, '2011-07-07 19:49:51', '0000-00-00', '0000-00-00'),
(17, 400, '2011-07-07 19:49:51', '0000-00-00', '0000-00-00'),
(17, 401, '2011-07-07 19:49:51', '0000-00-00', '0000-00-00'),
(17, 402, '2011-07-07 19:49:51', '0000-00-00', '0000-00-00'),
(17, 403, '2011-07-07 19:49:51', '0000-00-00', '0000-00-00'),
(18, 404, '2011-07-07 19:49:51', '0000-00-00', '0000-00-00'),
(18, 405, '2011-07-07 19:49:51', '0000-00-00', '0000-00-00'),
(18, 406, '2011-07-07 19:49:51', '0000-00-00', '0000-00-00'),
(18, 407, '2011-07-07 19:49:51', '0000-00-00', '0000-00-00'),
(18, 408, '2011-07-07 19:49:51', '0000-00-00', '0000-00-00'),
(18, 409, '2011-07-07 19:49:51', '0000-00-00', '0000-00-00'),
(18, 410, '2011-07-07 19:49:51', '0000-00-00', '0000-00-00'),
(18, 411, '2011-07-07 19:49:51', '0000-00-00', '0000-00-00'),
(19, 6, '2011-07-07 19:49:51', '0000-00-00', '0000-00-00'),
(19, 7, '2011-07-07 19:49:51', '0000-00-00', '0000-00-00'),
(19, 8, '2011-07-07 19:49:51', '0000-00-00', '0000-00-00'),
(19, 9, '2011-07-07 19:49:51', '0000-00-00', '0000-00-00'),
(19, 10, '2011-07-07 19:49:51', '0000-00-00', '0000-00-00'),
(19, 11, '2011-07-07 19:49:51', '0000-00-00', '0000-00-00'),
(19, 12, '2011-07-07 19:49:51', '0000-00-00', '0000-00-00'),
(19, 13, '2011-07-07 19:49:51', '0000-00-00', '0000-00-00'),
(19, 14, '2011-07-07 19:49:51', '0000-00-00', '0000-00-00'),
(19, 15, '2011-07-07 19:49:51', '0000-00-00', '0000-00-00'),
(19, 16, '2011-07-07 19:49:51', '0000-00-00', '0000-00-00'),
(19, 17, '2011-07-07 19:49:51', '0000-00-00', '0000-00-00'),
(19, 18, '2011-07-07 19:49:51', '0000-00-00', '0000-00-00'),
(21, 1, '2011-07-07 19:49:51', '0000-00-00', '0000-00-00'),
(21, 2, '2011-07-07 19:49:51', '0000-00-00', '0000-00-00'),
(21, 3, '2011-07-07 19:49:51', '0000-00-00', '0000-00-00'),
(21, 4, '2011-07-07 19:49:51', '0000-00-00', '0000-00-00'),
(21, 5, '2011-07-07 19:49:51', '0000-00-00', '0000-00-00'),
(21, 19, '2011-07-07 19:49:51', '0000-00-00', '0000-00-00'),
(21, 20, '2011-07-07 19:49:51', '0000-00-00', '0000-00-00'),
(21, 21, '2011-07-07 19:49:51', '0000-00-00', '0000-00-00'),
(21, 22, '2011-07-07 19:49:51', '0000-00-00', '0000-00-00'),
(21, 23, '2011-07-07 19:49:51', '0000-00-00', '0000-00-00'),
(21, 24, '2011-07-07 19:49:51', '0000-00-00', '0000-00-00'),
(21, 25, '2011-07-07 19:49:51', '0000-00-00', '0000-00-00'),
(21, 26, '2011-07-07 19:49:51', '0000-00-00', '0000-00-00'),
(22, 294, '2011-07-07 19:49:51', '0000-00-00', '0000-00-00'),
(22, 295, '2011-07-07 19:49:51', '0000-00-00', '0000-00-00'),
(22, 296, '2011-07-07 19:49:51', '0000-00-00', '0000-00-00'),
(22, 297, '2011-07-07 19:49:51', '0000-00-00', '0000-00-00'),
(22, 298, '2011-07-07 19:49:51', '0000-00-00', '0000-00-00'),
(23, 294, '2011-07-07 19:49:51', '0000-00-00', '0000-00-00'),
(23, 295, '2011-07-07 19:49:51', '0000-00-00', '0000-00-00'),
(23, 296, '2011-07-07 19:49:51', '0000-00-00', '0000-00-00'),
(23, 297, '2011-07-07 19:49:51', '0000-00-00', '0000-00-00'),
(23, 298, '2011-07-07 19:49:51', '0000-00-00', '0000-00-00'),
(24, 294, '2011-07-07 19:49:51', '0000-00-00', '0000-00-00'),
(24, 295, '2011-07-07 19:49:51', '0000-00-00', '0000-00-00'),
(24, 296, '2011-07-07 19:49:51', '0000-00-00', '0000-00-00'),
(24, 297, '2011-07-07 19:49:51', '0000-00-00', '0000-00-00'),
(24, 298, '2011-07-07 19:49:51', '0000-00-00', '0000-00-00'),
(25, 294, '2011-07-07 19:49:51', '0000-00-00', '0000-00-00'),
(25, 295, '2011-07-07 19:49:51', '0000-00-00', '0000-00-00'),
(25, 296, '2011-07-07 19:49:51', '0000-00-00', '0000-00-00'),
(25, 297, '2011-07-07 19:49:51', '0000-00-00', '0000-00-00'),
(25, 298, '2011-07-07 19:49:51', '0000-00-00', '0000-00-00'),
(27, 19, '2011-07-07 19:49:51', '0000-00-00', '0000-00-00'),
(27, 20, '2011-07-07 19:49:51', '0000-00-00', '0000-00-00'),
(27, 21, '2011-07-07 19:49:51', '0000-00-00', '0000-00-00'),
(27, 22, '2011-07-07 19:49:51', '0000-00-00', '0000-00-00'),
(28, 33, '2011-07-07 19:49:51', '0000-00-00', '0000-00-00'),
(28, 34, '2011-07-07 19:49:51', '0000-00-00', '0000-00-00'),
(28, 35, '2011-07-07 19:49:51', '0000-00-00', '0000-00-00'),
(28, 36, '2011-07-07 19:49:51', '0000-00-00', '0000-00-00'),
(29, 27, '2011-07-07 19:49:51', '0000-00-00', '0000-00-00'),
(29, 28, '2011-07-07 19:49:51', '0000-00-00', '0000-00-00'),
(29, 29, '2011-07-07 19:49:51', '0000-00-00', '0000-00-00'),
(29, 30, '2011-07-07 19:49:51', '0000-00-00', '0000-00-00'),
(29, 31, '2011-07-07 19:49:51', '0000-00-00', '0000-00-00'),
(29, 32, '2011-07-07 19:49:51', '0000-00-00', '0000-00-00'),
(30, 19, '2011-07-07 19:49:51', '0000-00-00', '0000-00-00'),
(30, 20, '2011-07-07 19:49:51', '0000-00-00', '0000-00-00'),
(30, 21, '2011-07-07 19:49:51', '0000-00-00', '0000-00-00'),
(30, 22, '2011-07-07 19:49:51', '0000-00-00', '0000-00-00'),
(31, 66, '2011-07-07 19:49:51', '0000-00-00', '0000-00-00'),
(31, 67, '2011-07-07 19:49:51', '0000-00-00', '0000-00-00'),
(31, 68, '2011-07-07 19:49:51', '0000-00-00', '0000-00-00'),
(31, 69, '2011-07-07 19:49:51', '0000-00-00', '0000-00-00'),
(32, 54, '2011-07-07 19:49:51', '0000-00-00', '0000-00-00'),
(32, 55, '2011-07-07 19:49:51', '0000-00-00', '0000-00-00'),
(32, 56, '2011-07-07 19:49:51', '0000-00-00', '0000-00-00'),
(32, 57, '2011-07-07 19:49:51', '0000-00-00', '0000-00-00'),
(32, 210, '2011-07-07 19:49:51', '0000-00-00', '0000-00-00'),
(32, 211, '2011-07-07 19:49:51', '0000-00-00', '0000-00-00'),
(32, 212, '2011-07-07 19:49:51', '0000-00-00', '0000-00-00'),
(32, 213, '2011-07-07 19:49:51', '0000-00-00', '0000-00-00'),
(32, 214, '2011-07-07 19:49:51', '0000-00-00', '0000-00-00'),
(32, 215, '2011-07-07 19:49:51', '0000-00-00', '0000-00-00'),
(32, 234, '2011-07-07 19:49:51', '0000-00-00', '0000-00-00'),
(32, 235, '2011-07-07 19:49:51', '0000-00-00', '0000-00-00'),
(32, 236, '2011-07-07 19:49:51', '0000-00-00', '0000-00-00'),
(32, 237, '2011-07-07 19:49:51', '0000-00-00', '0000-00-00'),
(32, 238, '2011-07-07 19:49:51', '0000-00-00', '0000-00-00'),
(32, 239, '2011-07-07 19:49:51', '0000-00-00', '0000-00-00'),
(33, 54, '2011-07-07 19:49:51', '0000-00-00', '0000-00-00'),
(33, 55, '2011-07-07 19:49:51', '0000-00-00', '0000-00-00'),
(33, 56, '2011-07-07 19:49:51', '0000-00-00', '0000-00-00'),
(33, 57, '2011-07-07 19:49:51', '0000-00-00', '0000-00-00'),
(33, 210, '2011-07-07 19:49:51', '0000-00-00', '0000-00-00'),
(33, 211, '2011-07-07 19:49:51', '0000-00-00', '0000-00-00'),
(33, 212, '2011-07-07 19:49:51', '0000-00-00', '0000-00-00'),
(33, 213, '2011-07-07 19:49:51', '0000-00-00', '0000-00-00'),
(33, 214, '2011-07-07 19:49:51', '0000-00-00', '0000-00-00'),
(33, 215, '2011-07-07 19:49:51', '0000-00-00', '0000-00-00'),
(33, 234, '2011-07-07 19:49:51', '0000-00-00', '0000-00-00'),
(33, 235, '2011-07-07 19:49:51', '0000-00-00', '0000-00-00'),
(33, 236, '2011-07-07 19:49:51', '0000-00-00', '0000-00-00'),
(33, 237, '2011-07-07 19:49:51', '0000-00-00', '0000-00-00'),
(33, 238, '2011-07-07 19:49:51', '0000-00-00', '0000-00-00'),
(33, 239, '2011-07-07 19:49:51', '0000-00-00', '0000-00-00'),
(34, 54, '2011-07-07 19:49:51', '0000-00-00', '0000-00-00'),
(34, 55, '2011-07-07 19:49:51', '0000-00-00', '0000-00-00'),
(34, 56, '2011-07-07 19:49:51', '0000-00-00', '0000-00-00'),
(34, 57, '2011-07-07 19:49:51', '0000-00-00', '0000-00-00'),
(34, 210, '2011-07-07 19:49:51', '0000-00-00', '0000-00-00'),
(34, 211, '2011-07-07 19:49:51', '0000-00-00', '0000-00-00'),
(34, 212, '2011-07-07 19:49:51', '0000-00-00', '0000-00-00'),
(34, 213, '2011-07-07 19:49:51', '0000-00-00', '0000-00-00'),
(34, 214, '2011-07-07 19:49:51', '0000-00-00', '0000-00-00'),
(34, 215, '2011-07-07 19:49:51', '0000-00-00', '0000-00-00'),
(34, 234, '2011-07-07 19:49:51', '0000-00-00', '0000-00-00'),
(34, 235, '2011-07-07 19:49:51', '0000-00-00', '0000-00-00'),
(34, 236, '2011-07-07 19:49:51', '0000-00-00', '0000-00-00'),
(34, 237, '2011-07-07 19:49:51', '0000-00-00', '0000-00-00'),
(34, 238, '2011-07-07 19:49:51', '0000-00-00', '0000-00-00'),
(34, 239, '2011-07-07 19:49:51', '0000-00-00', '0000-00-00'),
(35, 54, '2011-07-07 19:49:51', '0000-00-00', '0000-00-00'),
(35, 55, '2011-07-07 19:49:51', '0000-00-00', '0000-00-00'),
(35, 56, '2011-07-07 19:49:51', '0000-00-00', '0000-00-00'),
(35, 57, '2011-07-07 19:49:51', '0000-00-00', '0000-00-00'),
(35, 210, '2011-07-07 19:49:51', '0000-00-00', '0000-00-00'),
(35, 211, '2011-07-07 19:49:51', '0000-00-00', '0000-00-00'),
(35, 212, '2011-07-07 19:49:51', '0000-00-00', '0000-00-00'),
(35, 213, '2011-07-07 19:49:51', '0000-00-00', '0000-00-00'),
(35, 214, '2011-07-07 19:49:51', '0000-00-00', '0000-00-00'),
(35, 215, '2011-07-07 19:49:51', '0000-00-00', '0000-00-00'),
(35, 234, '2011-07-07 19:49:51', '0000-00-00', '0000-00-00'),
(35, 235, '2011-07-07 19:49:51', '0000-00-00', '0000-00-00'),
(35, 236, '2011-07-07 19:49:51', '0000-00-00', '0000-00-00'),
(35, 237, '2011-07-07 19:49:51', '0000-00-00', '0000-00-00'),
(35, 238, '2011-07-07 19:49:51', '0000-00-00', '0000-00-00'),
(35, 239, '2011-07-07 19:49:51', '0000-00-00', '0000-00-00'),
(36, 210, '2011-07-07 19:49:51', '0000-00-00', '0000-00-00'),
(36, 211, '2011-07-07 19:49:51', '0000-00-00', '0000-00-00'),
(36, 212, '2011-07-07 19:49:51', '0000-00-00', '0000-00-00'),
(36, 213, '2011-07-07 19:49:51', '0000-00-00', '0000-00-00'),
(36, 214, '2011-07-07 19:49:51', '0000-00-00', '0000-00-00'),
(36, 215, '2011-07-07 19:49:51', '0000-00-00', '0000-00-00'),
(36, 234, '2011-07-07 19:49:51', '0000-00-00', '0000-00-00'),
(36, 235, '2011-07-07 19:49:51', '0000-00-00', '0000-00-00'),
(36, 236, '2011-07-07 19:49:51', '0000-00-00', '0000-00-00'),
(36, 237, '2011-07-07 19:49:51', '0000-00-00', '0000-00-00'),
(36, 238, '2011-07-07 19:49:51', '0000-00-00', '0000-00-00'),
(36, 239, '2011-07-07 19:49:51', '0000-00-00', '0000-00-00'),
(37, 54, '2011-07-07 19:49:51', '0000-00-00', '0000-00-00'),
(37, 55, '2011-07-07 19:49:51', '0000-00-00', '0000-00-00'),
(37, 56, '2011-07-07 19:49:51', '0000-00-00', '0000-00-00'),
(37, 57, '2011-07-07 19:49:51', '0000-00-00', '0000-00-00'),
(37, 131, '2011-07-07 19:49:51', '0000-00-00', '0000-00-00'),
(37, 132, '2011-07-07 19:49:51', '0000-00-00', '0000-00-00'),
(37, 133, '2011-07-07 19:49:51', '0000-00-00', '0000-00-00'),
(37, 210, '2011-07-07 19:49:51', '0000-00-00', '0000-00-00'),
(37, 211, '2011-07-07 19:49:51', '0000-00-00', '0000-00-00'),
(37, 212, '2011-07-07 19:49:51', '0000-00-00', '0000-00-00'),
(37, 213, '2011-07-07 19:49:51', '0000-00-00', '0000-00-00'),
(37, 214, '2011-07-07 19:49:51', '0000-00-00', '0000-00-00'),
(37, 215, '2011-07-07 19:49:51', '0000-00-00', '0000-00-00'),
(37, 234, '2011-07-07 19:49:51', '0000-00-00', '0000-00-00'),
(37, 235, '2011-07-07 19:49:51', '0000-00-00', '0000-00-00'),
(37, 236, '2011-07-07 19:49:51', '0000-00-00', '0000-00-00'),
(37, 237, '2011-07-07 19:49:51', '0000-00-00', '0000-00-00'),
(37, 238, '2011-07-07 19:49:51', '0000-00-00', '0000-00-00'),
(37, 239, '2011-07-07 19:49:51', '0000-00-00', '0000-00-00'),
(37, 240, '2011-07-07 19:49:51', '0000-00-00', '0000-00-00'),
(37, 241, '2011-07-07 19:49:51', '0000-00-00', '0000-00-00'),
(37, 242, '2011-07-07 19:49:51', '0000-00-00', '0000-00-00'),
(37, 243, '2011-07-07 19:49:51', '0000-00-00', '0000-00-00'),
(37, 244, '2011-07-07 19:49:51', '0000-00-00', '0000-00-00'),
(37, 245, '2011-07-07 19:49:51', '0000-00-00', '0000-00-00'),
(37, 289, '2011-07-07 19:49:51', '0000-00-00', '0000-00-00'),
(37, 290, '2011-07-07 19:49:51', '0000-00-00', '0000-00-00'),
(37, 291, '2011-07-07 19:49:51', '0000-00-00', '0000-00-00'),
(37, 292, '2011-07-07 19:49:51', '0000-00-00', '0000-00-00'),
(37, 293, '2011-07-07 19:49:51', '0000-00-00', '0000-00-00'),
(37, 328, '2011-07-07 19:49:51', '0000-00-00', '0000-00-00'),
(37, 329, '2011-07-07 19:49:51', '0000-00-00', '0000-00-00'),
(38, 58, '2011-07-07 19:49:51', '0000-00-00', '0000-00-00'),
(38, 59, '2011-07-07 19:49:51', '0000-00-00', '0000-00-00'),
(38, 60, '2011-07-07 19:49:51', '0000-00-00', '0000-00-00'),
(38, 61, '2011-07-07 19:49:51', '0000-00-00', '0000-00-00'),
(38, 210, '2011-07-07 19:49:51', '0000-00-00', '0000-00-00'),
(38, 211, '2011-07-07 19:49:51', '0000-00-00', '0000-00-00'),
(38, 212, '2011-07-07 19:49:51', '0000-00-00', '0000-00-00'),
(38, 213, '2011-07-07 19:49:51', '0000-00-00', '0000-00-00'),
(38, 214, '2011-07-07 19:49:51', '0000-00-00', '0000-00-00'),
(38, 215, '2011-07-07 19:49:51', '0000-00-00', '0000-00-00'),
(38, 277, '2011-07-07 19:49:51', '0000-00-00', '0000-00-00'),
(38, 278, '2011-07-07 19:49:51', '0000-00-00', '0000-00-00'),
(38, 279, '2011-07-07 19:49:51', '0000-00-00', '0000-00-00'),
(38, 280, '2011-07-07 19:49:51', '0000-00-00', '0000-00-00'),
(40, 23, '2011-07-07 19:49:51', '0000-00-00', '0000-00-00'),
(40, 24, '2011-07-07 19:49:51', '0000-00-00', '0000-00-00'),
(40, 25, '2011-07-07 19:49:51', '0000-00-00', '0000-00-00'),
(40, 26, '2011-07-07 19:49:51', '0000-00-00', '0000-00-00'),
(40, 80, '2011-07-07 19:49:51', '0000-00-00', '0000-00-00'),
(40, 81, '2011-07-07 19:49:51', '0000-00-00', '0000-00-00'),
(40, 82, '2011-07-07 19:49:51', '0000-00-00', '0000-00-00'),
(40, 83, '2011-07-07 19:49:51', '0000-00-00', '0000-00-00'),
(40, 84, '2011-07-07 19:49:51', '0000-00-00', '0000-00-00'),
(40, 85, '2011-07-07 19:49:51', '0000-00-00', '0000-00-00'),
(41, 80, '2011-07-07 19:49:51', '0000-00-00', '0000-00-00'),
(41, 81, '2011-07-07 19:49:51', '0000-00-00', '0000-00-00'),
(41, 82, '2011-07-07 19:49:51', '0000-00-00', '0000-00-00'),
(41, 83, '2011-07-07 19:49:51', '0000-00-00', '0000-00-00'),
(41, 84, '2011-07-07 19:49:51', '0000-00-00', '0000-00-00'),
(41, 85, '2011-07-07 19:49:51', '0000-00-00', '0000-00-00'),
(41, 86, '2011-07-07 19:49:51', '0000-00-00', '0000-00-00'),
(41, 87, '2011-07-07 19:49:51', '0000-00-00', '0000-00-00'),
(41, 88, '2011-07-07 19:49:51', '0000-00-00', '0000-00-00'),
(41, 89, '2011-07-07 19:49:51', '0000-00-00', '0000-00-00'),
(41, 90, '2011-07-07 19:49:51', '0000-00-00', '0000-00-00'),
(42, 80, '2011-07-07 19:49:51', '0000-00-00', '0000-00-00'),
(42, 81, '2011-07-07 19:49:51', '0000-00-00', '0000-00-00'),
(42, 82, '2011-07-07 19:49:51', '0000-00-00', '0000-00-00'),
(42, 83, '2011-07-07 19:49:51', '0000-00-00', '0000-00-00'),
(42, 84, '2011-07-07 19:49:51', '0000-00-00', '0000-00-00'),
(42, 85, '2011-07-07 19:49:51', '0000-00-00', '0000-00-00'),
(42, 86, '2011-07-07 19:49:51', '0000-00-00', '0000-00-00'),
(42, 87, '2011-07-07 19:49:51', '0000-00-00', '0000-00-00'),
(42, 88, '2011-07-07 19:49:51', '0000-00-00', '0000-00-00'),
(42, 89, '2011-07-07 19:49:51', '0000-00-00', '0000-00-00'),
(42, 90, '2011-07-07 19:49:51', '0000-00-00', '0000-00-00'),
(43, 70, '2011-07-07 19:49:51', '0000-00-00', '0000-00-00'),
(43, 71, '2011-07-07 19:49:51', '0000-00-00', '0000-00-00'),
(43, 72, '2011-07-07 19:49:51', '0000-00-00', '0000-00-00'),
(43, 73, '2011-07-07 19:49:51', '0000-00-00', '0000-00-00'),
(43, 74, '2011-07-07 19:49:51', '0000-00-00', '0000-00-00'),
(43, 75, '2011-07-07 19:49:51', '0000-00-00', '0000-00-00'),
(43, 76, '2011-07-07 19:49:51', '0000-00-00', '0000-00-00'),
(43, 77, '2011-07-07 19:49:51', '0000-00-00', '0000-00-00'),
(43, 78, '2011-07-07 19:49:51', '0000-00-00', '0000-00-00'),
(43, 79, '2011-07-07 19:49:51', '0000-00-00', '0000-00-00'),
(44, 70, '2011-07-07 19:49:51', '0000-00-00', '0000-00-00'),
(44, 71, '2011-07-07 19:49:51', '0000-00-00', '0000-00-00'),
(44, 72, '2011-07-07 19:49:51', '0000-00-00', '0000-00-00'),
(44, 73, '2011-07-07 19:49:51', '0000-00-00', '0000-00-00'),
(44, 74, '2011-07-07 19:49:51', '0000-00-00', '0000-00-00'),
(44, 75, '2011-07-07 19:49:51', '0000-00-00', '0000-00-00'),
(44, 76, '2011-07-07 19:49:51', '0000-00-00', '0000-00-00'),
(44, 77, '2011-07-07 19:49:51', '0000-00-00', '0000-00-00'),
(44, 78, '2011-07-07 19:49:51', '0000-00-00', '0000-00-00'),
(44, 79, '2011-07-07 19:49:51', '0000-00-00', '0000-00-00'),
(45, 70, '2011-07-07 19:49:51', '0000-00-00', '0000-00-00'),
(45, 71, '2011-07-07 19:49:51', '0000-00-00', '0000-00-00'),
(45, 72, '2011-07-07 19:49:51', '0000-00-00', '0000-00-00'),
(45, 73, '2011-07-07 19:49:51', '0000-00-00', '0000-00-00'),
(45, 74, '2011-07-07 19:49:51', '0000-00-00', '0000-00-00'),
(45, 75, '2011-07-07 19:49:51', '0000-00-00', '0000-00-00'),
(45, 76, '2011-07-07 19:49:51', '0000-00-00', '0000-00-00'),
(45, 77, '2011-07-07 19:49:51', '0000-00-00', '0000-00-00'),
(45, 78, '2011-07-07 19:49:51', '0000-00-00', '0000-00-00'),
(45, 79, '2011-07-07 19:49:51', '0000-00-00', '0000-00-00'),
(47, 19, '2011-07-07 19:49:51', '0000-00-00', '0000-00-00'),
(47, 20, '2011-07-07 19:49:51', '0000-00-00', '0000-00-00'),
(47, 21, '2011-07-07 19:49:51', '0000-00-00', '0000-00-00'),
(47, 22, '2011-07-07 19:49:51', '0000-00-00', '0000-00-00'),
(47, 23, '2011-07-07 19:49:51', '0000-00-00', '0000-00-00'),
(47, 24, '2011-07-07 19:49:51', '0000-00-00', '0000-00-00'),
(47, 25, '2011-07-07 19:49:51', '0000-00-00', '0000-00-00'),
(47, 26, '2011-07-07 19:49:51', '0000-00-00', '0000-00-00'),
(47, 27, '2011-07-07 19:49:51', '0000-00-00', '0000-00-00'),
(47, 28, '2011-07-07 19:49:51', '0000-00-00', '0000-00-00'),
(47, 29, '2011-07-07 19:49:51', '0000-00-00', '0000-00-00'),
(47, 30, '2011-07-07 19:49:51', '0000-00-00', '0000-00-00'),
(47, 31, '2011-07-07 19:49:51', '0000-00-00', '0000-00-00'),
(47, 32, '2011-07-07 19:49:51', '0000-00-00', '0000-00-00'),
(47, 105, '2011-07-07 19:49:51', '0000-00-00', '0000-00-00'),
(47, 106, '2011-07-07 19:49:51', '0000-00-00', '0000-00-00'),
(47, 107, '2011-07-07 19:49:51', '0000-00-00', '0000-00-00'),
(47, 108, '2011-07-07 19:49:51', '0000-00-00', '0000-00-00'),
(48, 62, '2011-07-07 19:49:51', '0000-00-00', '0000-00-00'),
(48, 63, '2011-07-07 19:49:51', '0000-00-00', '0000-00-00'),
(48, 64, '2011-07-07 19:49:51', '0000-00-00', '0000-00-00'),
(48, 65, '2011-07-07 19:49:51', '0000-00-00', '0000-00-00'),
(49, 27, '2011-07-07 19:49:51', '0000-00-00', '0000-00-00'),
(49, 28, '2011-07-07 19:49:51', '0000-00-00', '0000-00-00'),
(49, 29, '2011-07-07 19:49:51', '0000-00-00', '0000-00-00'),
(49, 30, '2011-07-07 19:49:51', '0000-00-00', '0000-00-00'),
(49, 31, '2011-07-07 19:49:51', '0000-00-00', '0000-00-00'),
(49, 32, '2011-07-07 19:49:51', '0000-00-00', '0000-00-00'),
(49, 50, '2011-07-07 19:49:51', '0000-00-00', '0000-00-00'),
(49, 51, '2011-07-07 19:49:51', '0000-00-00', '0000-00-00'),
(49, 52, '2011-07-07 19:49:51', '0000-00-00', '0000-00-00'),
(49, 53, '2011-07-07 19:49:51', '0000-00-00', '0000-00-00'),
(49, 54, '2011-07-07 19:49:51', '0000-00-00', '0000-00-00'),
(49, 55, '2011-07-07 19:49:51', '0000-00-00', '0000-00-00'),
(49, 56, '2011-07-07 19:49:51', '0000-00-00', '0000-00-00'),
(49, 57, '2011-07-07 19:49:51', '0000-00-00', '0000-00-00'),
(49, 101, '2011-07-07 19:49:51', '0000-00-00', '0000-00-00'),
(49, 102, '2011-07-07 19:49:51', '0000-00-00', '0000-00-00'),
(49, 103, '2011-07-07 19:49:51', '0000-00-00', '0000-00-00'),
(49, 104, '2011-07-07 19:49:51', '0000-00-00', '0000-00-00'),
(50, 105, '2011-07-07 19:49:51', '0000-00-00', '0000-00-00'),
(50, 106, '2011-07-07 19:49:51', '0000-00-00', '0000-00-00'),
(50, 107, '2011-07-07 19:49:51', '0000-00-00', '0000-00-00'),
(50, 108, '2011-07-07 19:49:51', '0000-00-00', '0000-00-00'),
(50, 112, '2011-07-07 19:49:51', '0000-00-00', '0000-00-00'),
(50, 113, '2011-07-07 19:49:51', '0000-00-00', '0000-00-00'),
(50, 114, '2011-07-07 19:49:51', '0000-00-00', '0000-00-00'),
(50, 115, '2011-07-07 19:49:51', '0000-00-00', '0000-00-00'),
(51, 121, '2011-07-07 19:49:51', '0000-00-00', '0000-00-00'),
(51, 122, '2011-07-07 19:49:51', '0000-00-00', '0000-00-00'),
(51, 123, '2011-07-07 19:49:51', '0000-00-00', '0000-00-00'),
(51, 124, '2011-07-07 19:49:51', '0000-00-00', '0000-00-00'),
(52, 121, '2011-07-07 19:49:51', '0000-00-00', '0000-00-00'),
(52, 122, '2011-07-07 19:49:51', '0000-00-00', '0000-00-00'),
(52, 123, '2011-07-07 19:49:51', '0000-00-00', '0000-00-00'),
(52, 124, '2011-07-07 19:49:51', '0000-00-00', '0000-00-00'),
(53, 19, '2011-07-07 19:49:51', '0000-00-00', '0000-00-00'),
(53, 20, '2011-07-07 19:49:51', '0000-00-00', '0000-00-00'),
(53, 21, '2011-07-07 19:49:51', '0000-00-00', '0000-00-00'),
(53, 22, '2011-07-07 19:49:51', '0000-00-00', '0000-00-00'),
(53, 23, '2011-07-07 19:49:51', '0000-00-00', '0000-00-00'),
(53, 24, '2011-07-07 19:49:51', '0000-00-00', '0000-00-00'),
(53, 25, '2011-07-07 19:49:51', '0000-00-00', '0000-00-00'),
(53, 26, '2011-07-07 19:49:51', '0000-00-00', '0000-00-00'),
(53, 40, '2011-07-07 19:49:51', '0000-00-00', '0000-00-00'),
(53, 41, '2011-07-07 19:49:51', '0000-00-00', '0000-00-00'),
(53, 42, '2011-07-07 19:49:51', '0000-00-00', '0000-00-00'),
(53, 43, '2011-07-07 19:49:51', '0000-00-00', '0000-00-00'),
(53, 44, '2011-07-07 19:49:51', '0000-00-00', '0000-00-00'),
(53, 62, '2011-07-07 19:49:51', '0000-00-00', '0000-00-00'),
(53, 63, '2011-07-07 19:49:51', '0000-00-00', '0000-00-00'),
(53, 64, '2011-07-07 19:49:51', '0000-00-00', '0000-00-00'),
(53, 65, '2011-07-07 19:49:51', '0000-00-00', '0000-00-00'),
(53, 66, '2011-07-07 19:49:51', '0000-00-00', '0000-00-00'),
(53, 67, '2011-07-07 19:49:51', '0000-00-00', '0000-00-00'),
(53, 68, '2011-07-07 19:49:51', '0000-00-00', '0000-00-00'),
(53, 69, '2011-07-07 19:49:51', '0000-00-00', '0000-00-00'),
(53, 70, '2011-07-07 19:49:51', '0000-00-00', '0000-00-00'),
(53, 71, '2011-07-07 19:49:51', '0000-00-00', '0000-00-00'),
(53, 72, '2011-07-07 19:49:51', '0000-00-00', '0000-00-00'),
(53, 73, '2011-07-07 19:49:51', '0000-00-00', '0000-00-00'),
(53, 74, '2011-07-07 19:49:51', '0000-00-00', '0000-00-00'),
(53, 75, '2011-07-07 19:49:51', '0000-00-00', '0000-00-00'),
(53, 76, '2011-07-07 19:49:51', '0000-00-00', '0000-00-00'),
(53, 77, '2011-07-07 19:49:51', '0000-00-00', '0000-00-00'),
(53, 78, '2011-07-07 19:49:51', '0000-00-00', '0000-00-00'),
(53, 79, '2011-07-07 19:49:51', '0000-00-00', '0000-00-00'),
(53, 80, '2011-07-07 19:49:51', '0000-00-00', '0000-00-00'),
(53, 81, '2011-07-07 19:49:51', '0000-00-00', '0000-00-00'),
(53, 82, '2011-07-07 19:49:51', '0000-00-00', '0000-00-00'),
(53, 83, '2011-07-07 19:49:51', '0000-00-00', '0000-00-00'),
(53, 84, '2011-07-07 19:49:51', '0000-00-00', '0000-00-00'),
(53, 85, '2011-07-07 19:49:51', '0000-00-00', '0000-00-00'),
(53, 86, '2011-07-07 19:49:51', '0000-00-00', '0000-00-00'),
(53, 87, '2011-07-07 19:49:51', '0000-00-00', '0000-00-00'),
(53, 88, '2011-07-07 19:49:51', '0000-00-00', '0000-00-00'),
(53, 89, '2011-07-07 19:49:51', '0000-00-00', '0000-00-00'),
(53, 90, '2011-07-07 19:49:51', '0000-00-00', '0000-00-00'),
(53, 91, '2011-07-07 19:49:51', '0000-00-00', '0000-00-00'),
(53, 92, '2011-07-07 19:49:51', '0000-00-00', '0000-00-00'),
(53, 93, '2011-07-07 19:49:51', '0000-00-00', '0000-00-00'),
(53, 94, '2011-07-07 19:49:51', '0000-00-00', '0000-00-00'),
(53, 95, '2011-07-07 19:49:51', '0000-00-00', '0000-00-00'),
(54, 40, '2011-07-07 19:49:51', '0000-00-00', '0000-00-00'),
(54, 41, '2011-07-07 19:49:51', '0000-00-00', '0000-00-00'),
(54, 42, '2011-07-07 19:49:51', '0000-00-00', '0000-00-00'),
(54, 43, '2011-07-07 19:49:51', '0000-00-00', '0000-00-00'),
(54, 44, '2011-07-07 19:49:51', '0000-00-00', '0000-00-00'),
(56, 266, '2011-07-07 19:49:51', '0000-00-00', '0000-00-00'),
(56, 267, '2011-07-07 19:49:51', '0000-00-00', '0000-00-00'),
(56, 268, '2011-07-07 19:49:51', '0000-00-00', '0000-00-00'),
(56, 269, '2011-07-07 19:49:51', '0000-00-00', '0000-00-00'),
(56, 270, '2011-07-07 19:49:51', '0000-00-00', '0000-00-00'),
(56, 271, '2011-07-07 19:49:51', '0000-00-00', '0000-00-00'),
(56, 307, '2011-07-07 19:49:51', '0000-00-00', '0000-00-00'),
(56, 308, '2011-07-07 19:49:51', '0000-00-00', '0000-00-00'),
(56, 309, '2011-07-07 19:49:51', '0000-00-00', '0000-00-00'),
(56, 310, '2011-07-07 19:49:51', '0000-00-00', '0000-00-00'),
(56, 311, '2011-07-07 19:49:51', '0000-00-00', '0000-00-00'),
(56, 312, '2011-07-07 19:49:51', '0000-00-00', '0000-00-00'),
(56, 313, '2011-07-07 19:49:51', '0000-00-00', '0000-00-00'),
(56, 335, '2011-07-07 19:49:51', '0000-00-00', '0000-00-00'),
(56, 336, '2011-07-07 19:49:51', '0000-00-00', '0000-00-00'),
(56, 337, '2011-07-07 19:49:51', '0000-00-00', '0000-00-00'),
(56, 338, '2011-07-07 19:49:51', '0000-00-00', '0000-00-00'),
(56, 339, '2011-07-07 19:49:51', '0000-00-00', '0000-00-00'),
(56, 340, '2011-07-07 19:49:51', '0000-00-00', '0000-00-00'),
(56, 341, '2011-07-07 19:49:51', '0000-00-00', '0000-00-00'),
(57, 287, '2011-07-07 19:49:51', '0000-00-00', '0000-00-00'),
(57, 288, '2011-07-07 19:49:51', '0000-00-00', '0000-00-00'),
(58, 204, '2011-07-07 19:49:51', '0000-00-00', '0000-00-00'),
(58, 205, '2011-07-07 19:49:51', '0000-00-00', '0000-00-00'),
(58, 206, '2011-07-07 19:49:51', '0000-00-00', '0000-00-00'),
(58, 207, '2011-07-07 19:49:51', '0000-00-00', '0000-00-00'),
(58, 208, '2011-07-07 19:49:51', '0000-00-00', '0000-00-00'),
(58, 209, '2011-07-07 19:49:51', '0000-00-00', '0000-00-00'),
(58, 216, '2011-07-07 19:49:51', '0000-00-00', '0000-00-00'),
(58, 217, '2011-07-07 19:49:51', '0000-00-00', '0000-00-00'),
(58, 218, '2011-07-07 19:49:51', '0000-00-00', '0000-00-00'),
(58, 219, '2011-07-07 19:49:51', '0000-00-00', '0000-00-00'),
(58, 220, '2011-07-07 19:49:51', '0000-00-00', '0000-00-00'),
(58, 221, '2011-07-07 19:49:51', '0000-00-00', '0000-00-00'),
(58, 287, '2011-07-07 19:49:51', '0000-00-00', '0000-00-00'),
(58, 288, '2011-07-07 19:49:51', '0000-00-00', '0000-00-00'),
(59, 204, '2011-07-07 19:49:51', '0000-00-00', '0000-00-00'),
(59, 205, '2011-07-07 19:49:51', '0000-00-00', '0000-00-00'),
(59, 206, '2011-07-07 19:49:51', '0000-00-00', '0000-00-00'),
(59, 207, '2011-07-07 19:49:51', '0000-00-00', '0000-00-00'),
(59, 208, '2011-07-07 19:49:51', '0000-00-00', '0000-00-00'),
(59, 209, '2011-07-07 19:49:51', '0000-00-00', '0000-00-00'),
(60, 105, '2011-07-07 19:49:51', '0000-00-00', '0000-00-00'),
(60, 106, '2011-07-07 19:49:51', '0000-00-00', '0000-00-00'),
(60, 107, '2011-07-07 19:49:51', '0000-00-00', '0000-00-00'),
(60, 108, '2011-07-07 19:49:51', '0000-00-00', '0000-00-00'),
(60, 112, '2011-07-07 19:49:51', '0000-00-00', '0000-00-00'),
(60, 113, '2011-07-07 19:49:51', '0000-00-00', '0000-00-00'),
(60, 114, '2011-07-07 19:49:51', '0000-00-00', '0000-00-00'),
(60, 115, '2011-07-07 19:49:51', '0000-00-00', '0000-00-00'),
(61, 281, '2011-07-07 19:49:51', '0000-00-00', '0000-00-00'),
(61, 282, '2011-07-07 19:49:51', '0000-00-00', '0000-00-00'),
(62, 281, '2011-07-07 19:49:51', '0000-00-00', '0000-00-00'),
(62, 282, '2011-07-07 19:49:51', '0000-00-00', '0000-00-00'),
(63, 266, '2011-07-07 19:49:51', '0000-00-00', '0000-00-00'),
(63, 267, '2011-07-07 19:49:51', '0000-00-00', '0000-00-00'),
(63, 268, '2011-07-07 19:49:51', '0000-00-00', '0000-00-00'),
(63, 269, '2011-07-07 19:49:51', '0000-00-00', '0000-00-00'),
(63, 270, '2011-07-07 19:49:51', '0000-00-00', '0000-00-00'),
(63, 271, '2011-07-07 19:49:51', '0000-00-00', '0000-00-00'),
(63, 281, '2011-07-07 19:49:51', '0000-00-00', '0000-00-00'),
(63, 282, '2011-07-07 19:49:51', '0000-00-00', '0000-00-00'),
(63, 307, '2011-07-07 19:49:51', '0000-00-00', '0000-00-00'),
(63, 308, '2011-07-07 19:49:51', '0000-00-00', '0000-00-00'),
(63, 309, '2011-07-07 19:49:51', '0000-00-00', '0000-00-00'),
(63, 310, '2011-07-07 19:49:51', '0000-00-00', '0000-00-00'),
(63, 311, '2011-07-07 19:49:51', '0000-00-00', '0000-00-00'),
(63, 312, '2011-07-07 19:49:51', '0000-00-00', '0000-00-00'),
(63, 313, '2011-07-07 19:49:51', '0000-00-00', '0000-00-00'),
(63, 335, '2011-07-07 19:49:51', '0000-00-00', '0000-00-00'),
(63, 336, '2011-07-07 19:49:51', '0000-00-00', '0000-00-00'),
(63, 337, '2011-07-07 19:49:51', '0000-00-00', '0000-00-00'),
(63, 338, '2011-07-07 19:49:51', '0000-00-00', '0000-00-00'),
(63, 339, '2011-07-07 19:49:51', '0000-00-00', '0000-00-00'),
(63, 340, '2011-07-07 19:49:51', '0000-00-00', '0000-00-00'),
(63, 341, '2011-07-07 19:49:51', '0000-00-00', '0000-00-00'),
(64, 19, '2011-07-07 19:49:51', '0000-00-00', '0000-00-00'),
(64, 20, '2011-07-07 19:49:51', '0000-00-00', '0000-00-00'),
(64, 21, '2011-07-07 19:49:51', '0000-00-00', '0000-00-00'),
(64, 22, '2011-07-07 19:49:51', '0000-00-00', '0000-00-00'),
(64, 23, '2011-07-07 19:49:51', '0000-00-00', '0000-00-00'),
(64, 24, '2011-07-07 19:49:51', '0000-00-00', '0000-00-00'),
(64, 25, '2011-07-07 19:49:51', '0000-00-00', '0000-00-00'),
(64, 26, '2011-07-07 19:49:51', '0000-00-00', '0000-00-00'),
(64, 27, '2011-07-07 19:49:51', '0000-00-00', '0000-00-00'),
(64, 28, '2011-07-07 19:49:51', '0000-00-00', '0000-00-00'),
(64, 29, '2011-07-07 19:49:51', '0000-00-00', '0000-00-00'),
(64, 30, '2011-07-07 19:49:51', '0000-00-00', '0000-00-00'),
(64, 31, '2011-07-07 19:49:51', '0000-00-00', '0000-00-00'),
(64, 32, '2011-07-07 19:49:51', '0000-00-00', '0000-00-00'),
(64, 105, '2011-07-07 19:49:51', '0000-00-00', '0000-00-00'),
(64, 106, '2011-07-07 19:49:51', '0000-00-00', '0000-00-00'),
(64, 107, '2011-07-07 19:49:51', '0000-00-00', '0000-00-00'),
(64, 108, '2011-07-07 19:49:51', '0000-00-00', '0000-00-00'),
(66, 27, '2011-07-07 19:49:51', '0000-00-00', '0000-00-00'),
(66, 28, '2011-07-07 19:49:51', '0000-00-00', '0000-00-00'),
(66, 29, '2011-07-07 19:49:51', '0000-00-00', '0000-00-00'),
(66, 30, '2011-07-07 19:49:51', '0000-00-00', '0000-00-00'),
(66, 31, '2011-07-07 19:49:51', '0000-00-00', '0000-00-00'),
(66, 32, '2011-07-07 19:49:51', '0000-00-00', '0000-00-00'),
(66, 50, '2011-07-07 19:49:51', '0000-00-00', '0000-00-00'),
(66, 51, '2011-07-07 19:49:51', '0000-00-00', '0000-00-00'),
(66, 52, '2011-07-07 19:49:51', '0000-00-00', '0000-00-00'),
(66, 53, '2011-07-07 19:49:51', '0000-00-00', '0000-00-00'),
(66, 54, '2011-07-07 19:49:51', '0000-00-00', '0000-00-00'),
(66, 55, '2011-07-07 19:49:51', '0000-00-00', '0000-00-00'),
(66, 56, '2011-07-07 19:49:51', '0000-00-00', '0000-00-00'),
(66, 57, '2011-07-07 19:49:51', '0000-00-00', '0000-00-00'),
(66, 101, '2011-07-07 19:49:51', '0000-00-00', '0000-00-00'),
(66, 102, '2011-07-07 19:49:51', '0000-00-00', '0000-00-00'),
(66, 103, '2011-07-07 19:49:51', '0000-00-00', '0000-00-00'),
(66, 104, '2011-07-07 19:49:51', '0000-00-00', '0000-00-00'),
(67, 105, '2011-07-07 19:49:51', '0000-00-00', '0000-00-00'),
(67, 106, '2011-07-07 19:49:51', '0000-00-00', '0000-00-00'),
(67, 107, '2011-07-07 19:49:51', '0000-00-00', '0000-00-00'),
(67, 108, '2011-07-07 19:49:51', '0000-00-00', '0000-00-00'),
(67, 112, '2011-07-07 19:49:51', '0000-00-00', '0000-00-00'),
(67, 113, '2011-07-07 19:49:51', '0000-00-00', '0000-00-00'),
(67, 114, '2011-07-07 19:49:51', '0000-00-00', '0000-00-00'),
(67, 115, '2011-07-07 19:49:51', '0000-00-00', '0000-00-00'),
(68, 121, '2011-07-07 19:49:51', '0000-00-00', '0000-00-00'),
(68, 122, '2011-07-07 19:49:51', '0000-00-00', '0000-00-00'),
(68, 123, '2011-07-07 19:49:51', '0000-00-00', '0000-00-00'),
(68, 124, '2011-07-07 19:49:51', '0000-00-00', '0000-00-00'),
(69, 121, '2011-07-07 19:49:51', '0000-00-00', '0000-00-00'),
(69, 122, '2011-07-07 19:49:51', '0000-00-00', '0000-00-00'),
(69, 123, '2011-07-07 19:49:51', '0000-00-00', '0000-00-00'),
(69, 124, '2011-07-07 19:49:51', '0000-00-00', '0000-00-00'),
(70, 19, '2011-07-07 19:49:51', '0000-00-00', '0000-00-00'),
(70, 20, '2011-07-07 19:49:51', '0000-00-00', '0000-00-00'),
(70, 21, '2011-07-07 19:49:51', '0000-00-00', '0000-00-00'),
(70, 22, '2011-07-07 19:49:51', '0000-00-00', '0000-00-00'),
(70, 23, '2011-07-07 19:49:51', '0000-00-00', '0000-00-00'),
(70, 24, '2011-07-07 19:49:51', '0000-00-00', '0000-00-00'),
(70, 25, '2011-07-07 19:49:51', '0000-00-00', '0000-00-00'),
(70, 26, '2011-07-07 19:49:51', '0000-00-00', '0000-00-00'),
(70, 40, '2011-07-07 19:49:51', '0000-00-00', '0000-00-00'),
(70, 41, '2011-07-07 19:49:51', '0000-00-00', '0000-00-00'),
(70, 42, '2011-07-07 19:49:51', '0000-00-00', '0000-00-00'),
(70, 43, '2011-07-07 19:49:51', '0000-00-00', '0000-00-00'),
(70, 44, '2011-07-07 19:49:51', '0000-00-00', '0000-00-00'),
(70, 66, '2011-07-07 19:49:51', '0000-00-00', '0000-00-00'),
(70, 67, '2011-07-07 19:49:51', '0000-00-00', '0000-00-00'),
(70, 68, '2011-07-07 19:49:51', '0000-00-00', '0000-00-00'),
(70, 69, '2011-07-07 19:49:51', '0000-00-00', '0000-00-00'),
(70, 70, '2011-07-07 19:49:51', '0000-00-00', '0000-00-00'),
(70, 71, '2011-07-07 19:49:51', '0000-00-00', '0000-00-00'),
(70, 72, '2011-07-07 19:49:51', '0000-00-00', '0000-00-00'),
(70, 73, '2011-07-07 19:49:51', '0000-00-00', '0000-00-00'),
(70, 74, '2011-07-07 19:49:51', '0000-00-00', '0000-00-00'),
(70, 75, '2011-07-07 19:49:51', '0000-00-00', '0000-00-00'),
(70, 76, '2011-07-07 19:49:51', '0000-00-00', '0000-00-00'),
(70, 77, '2011-07-07 19:49:51', '0000-00-00', '0000-00-00'),
(70, 78, '2011-07-07 19:49:51', '0000-00-00', '0000-00-00'),
(70, 79, '2011-07-07 19:49:51', '0000-00-00', '0000-00-00'),
(70, 80, '2011-07-07 19:49:51', '0000-00-00', '0000-00-00'),
(70, 81, '2011-07-07 19:49:51', '0000-00-00', '0000-00-00'),
(70, 82, '2011-07-07 19:49:51', '0000-00-00', '0000-00-00'),
(70, 83, '2011-07-07 19:49:51', '0000-00-00', '0000-00-00'),
(70, 84, '2011-07-07 19:49:51', '0000-00-00', '0000-00-00'),
(70, 85, '2011-07-07 19:49:51', '0000-00-00', '0000-00-00'),
(70, 86, '2011-07-07 19:49:51', '0000-00-00', '0000-00-00'),
(70, 87, '2011-07-07 19:49:51', '0000-00-00', '0000-00-00'),
(70, 88, '2011-07-07 19:49:51', '0000-00-00', '0000-00-00'),
(70, 89, '2011-07-07 19:49:51', '0000-00-00', '0000-00-00'),
(70, 90, '2011-07-07 19:49:51', '0000-00-00', '0000-00-00'),
(70, 91, '2011-07-07 19:49:51', '0000-00-00', '0000-00-00'),
(70, 92, '2011-07-07 19:49:51', '0000-00-00', '0000-00-00'),
(70, 93, '2011-07-07 19:49:51', '0000-00-00', '0000-00-00'),
(70, 94, '2011-07-07 19:49:51', '0000-00-00', '0000-00-00');
INSERT INTO `security_actionrisques` (`idReco`, `id_actionrisques`, `date_debut`, `date_modif`, `date_cloture`) VALUES
(70, 95, '2011-07-07 19:49:51', '0000-00-00', '0000-00-00'),
(71, 40, '2011-07-07 19:49:51', '0000-00-00', '0000-00-00'),
(71, 41, '2011-07-07 19:49:51', '0000-00-00', '0000-00-00'),
(71, 42, '2011-07-07 19:49:51', '0000-00-00', '0000-00-00'),
(71, 43, '2011-07-07 19:49:51', '0000-00-00', '0000-00-00'),
(71, 44, '2011-07-07 19:49:51', '0000-00-00', '0000-00-00'),
(72, 266, '2011-07-07 19:49:51', '0000-00-00', '0000-00-00'),
(72, 267, '2011-07-07 19:49:51', '0000-00-00', '0000-00-00'),
(72, 268, '2011-07-07 19:49:51', '0000-00-00', '0000-00-00'),
(72, 269, '2011-07-07 19:49:51', '0000-00-00', '0000-00-00'),
(72, 270, '2011-07-07 19:49:51', '0000-00-00', '0000-00-00'),
(72, 271, '2011-07-07 19:49:51', '0000-00-00', '0000-00-00'),
(72, 307, '2011-07-07 19:49:51', '0000-00-00', '0000-00-00'),
(72, 308, '2011-07-07 19:49:51', '0000-00-00', '0000-00-00'),
(72, 309, '2011-07-07 19:49:51', '0000-00-00', '0000-00-00'),
(72, 310, '2011-07-07 19:49:51', '0000-00-00', '0000-00-00'),
(72, 311, '2011-07-07 19:49:51', '0000-00-00', '0000-00-00'),
(72, 312, '2011-07-07 19:49:51', '0000-00-00', '0000-00-00'),
(72, 313, '2011-07-07 19:49:51', '0000-00-00', '0000-00-00'),
(72, 335, '2011-07-07 19:49:51', '0000-00-00', '0000-00-00'),
(72, 336, '2011-07-07 19:49:51', '0000-00-00', '0000-00-00'),
(72, 337, '2011-07-07 19:49:51', '0000-00-00', '0000-00-00'),
(72, 338, '2011-07-07 19:49:51', '0000-00-00', '0000-00-00'),
(72, 339, '2011-07-07 19:49:51', '0000-00-00', '0000-00-00'),
(72, 340, '2011-07-07 19:49:51', '0000-00-00', '0000-00-00'),
(72, 341, '2011-07-07 19:49:51', '0000-00-00', '0000-00-00'),
(73, 266, '2011-07-07 19:49:51', '0000-00-00', '0000-00-00'),
(73, 267, '2011-07-07 19:49:51', '0000-00-00', '0000-00-00'),
(73, 268, '2011-07-07 19:49:51', '0000-00-00', '0000-00-00'),
(73, 269, '2011-07-07 19:49:51', '0000-00-00', '0000-00-00'),
(73, 270, '2011-07-07 19:49:51', '0000-00-00', '0000-00-00'),
(73, 271, '2011-07-07 19:49:51', '0000-00-00', '0000-00-00'),
(73, 307, '2011-07-07 19:49:51', '0000-00-00', '0000-00-00'),
(73, 308, '2011-07-07 19:49:51', '0000-00-00', '0000-00-00'),
(73, 309, '2011-07-07 19:49:51', '0000-00-00', '0000-00-00'),
(73, 310, '2011-07-07 19:49:51', '0000-00-00', '0000-00-00'),
(73, 311, '2011-07-07 19:49:51', '0000-00-00', '0000-00-00'),
(73, 312, '2011-07-07 19:49:51', '0000-00-00', '0000-00-00'),
(73, 313, '2011-07-07 19:49:51', '0000-00-00', '0000-00-00'),
(73, 335, '2011-07-07 19:49:51', '0000-00-00', '0000-00-00'),
(73, 336, '2011-07-07 19:49:51', '0000-00-00', '0000-00-00'),
(73, 337, '2011-07-07 19:49:51', '0000-00-00', '0000-00-00'),
(73, 338, '2011-07-07 19:49:51', '0000-00-00', '0000-00-00'),
(73, 339, '2011-07-07 19:49:51', '0000-00-00', '0000-00-00'),
(73, 340, '2011-07-07 19:49:51', '0000-00-00', '0000-00-00'),
(73, 341, '2011-07-07 19:49:51', '0000-00-00', '0000-00-00'),
(74, 266, '2011-07-07 19:49:51', '0000-00-00', '0000-00-00'),
(74, 267, '2011-07-07 19:49:51', '0000-00-00', '0000-00-00'),
(74, 268, '2011-07-07 19:49:51', '0000-00-00', '0000-00-00'),
(74, 269, '2011-07-07 19:49:51', '0000-00-00', '0000-00-00'),
(74, 270, '2011-07-07 19:49:51', '0000-00-00', '0000-00-00'),
(74, 271, '2011-07-07 19:49:51', '0000-00-00', '0000-00-00'),
(74, 307, '2011-07-07 19:49:51', '0000-00-00', '0000-00-00'),
(74, 308, '2011-07-07 19:49:51', '0000-00-00', '0000-00-00'),
(74, 309, '2011-07-07 19:49:51', '0000-00-00', '0000-00-00'),
(74, 310, '2011-07-07 19:49:51', '0000-00-00', '0000-00-00'),
(74, 311, '2011-07-07 19:49:51', '0000-00-00', '0000-00-00'),
(74, 312, '2011-07-07 19:49:51', '0000-00-00', '0000-00-00'),
(74, 313, '2011-07-07 19:49:51', '0000-00-00', '0000-00-00'),
(74, 335, '2011-07-07 19:49:51', '0000-00-00', '0000-00-00'),
(74, 336, '2011-07-07 19:49:51', '0000-00-00', '0000-00-00'),
(74, 337, '2011-07-07 19:49:51', '0000-00-00', '0000-00-00'),
(74, 338, '2011-07-07 19:49:51', '0000-00-00', '0000-00-00'),
(74, 339, '2011-07-07 19:49:51', '0000-00-00', '0000-00-00'),
(74, 340, '2011-07-07 19:49:51', '0000-00-00', '0000-00-00'),
(74, 341, '2011-07-07 19:49:51', '0000-00-00', '0000-00-00'),
(75, 266, '2011-07-07 19:49:51', '0000-00-00', '0000-00-00'),
(75, 267, '2011-07-07 19:49:51', '0000-00-00', '0000-00-00'),
(75, 268, '2011-07-07 19:49:51', '0000-00-00', '0000-00-00'),
(75, 269, '2011-07-07 19:49:51', '0000-00-00', '0000-00-00'),
(75, 270, '2011-07-07 19:49:51', '0000-00-00', '0000-00-00'),
(75, 271, '2011-07-07 19:49:51', '0000-00-00', '0000-00-00'),
(75, 307, '2011-07-07 19:49:51', '0000-00-00', '0000-00-00'),
(75, 308, '2011-07-07 19:49:51', '0000-00-00', '0000-00-00'),
(75, 309, '2011-07-07 19:49:51', '0000-00-00', '0000-00-00'),
(75, 310, '2011-07-07 19:49:51', '0000-00-00', '0000-00-00'),
(75, 311, '2011-07-07 19:49:51', '0000-00-00', '0000-00-00'),
(75, 312, '2011-07-07 19:49:51', '0000-00-00', '0000-00-00'),
(75, 313, '2011-07-07 19:49:51', '0000-00-00', '0000-00-00'),
(75, 335, '2011-07-07 19:49:51', '0000-00-00', '0000-00-00'),
(75, 336, '2011-07-07 19:49:51', '0000-00-00', '0000-00-00'),
(75, 337, '2011-07-07 19:49:51', '0000-00-00', '0000-00-00'),
(75, 338, '2011-07-07 19:49:51', '0000-00-00', '0000-00-00'),
(75, 339, '2011-07-07 19:49:51', '0000-00-00', '0000-00-00'),
(75, 340, '2011-07-07 19:49:51', '0000-00-00', '0000-00-00'),
(75, 341, '2011-07-07 19:49:51', '0000-00-00', '0000-00-00'),
(76, 408, '2011-07-07 19:49:51', '0000-00-00', '0000-00-00'),
(76, 409, '2011-07-07 19:49:51', '0000-00-00', '0000-00-00'),
(76, 410, '2011-07-07 19:49:51', '0000-00-00', '0000-00-00'),
(76, 411, '2011-07-07 19:49:51', '0000-00-00', '0000-00-00'),
(77, 307, '2011-07-07 19:49:51', '0000-00-00', '0000-00-00'),
(77, 308, '2011-07-07 19:49:51', '0000-00-00', '0000-00-00'),
(77, 309, '2011-07-07 19:49:51', '0000-00-00', '0000-00-00'),
(77, 310, '2011-07-07 19:49:51', '0000-00-00', '0000-00-00'),
(77, 311, '2011-07-07 19:49:51', '0000-00-00', '0000-00-00'),
(77, 312, '2011-07-07 19:49:51', '0000-00-00', '0000-00-00'),
(77, 313, '2011-07-07 19:49:51', '0000-00-00', '0000-00-00'),
(78, 266, '2011-07-07 19:49:51', '0000-00-00', '0000-00-00'),
(78, 267, '2011-07-07 19:49:51', '0000-00-00', '0000-00-00'),
(78, 268, '2011-07-07 19:49:51', '0000-00-00', '0000-00-00'),
(78, 269, '2011-07-07 19:49:51', '0000-00-00', '0000-00-00'),
(78, 270, '2011-07-07 19:49:51', '0000-00-00', '0000-00-00'),
(78, 271, '2011-07-07 19:49:51', '0000-00-00', '0000-00-00'),
(78, 307, '2011-07-07 19:49:51', '0000-00-00', '0000-00-00'),
(78, 308, '2011-07-07 19:49:51', '0000-00-00', '0000-00-00'),
(78, 309, '2011-07-07 19:49:51', '0000-00-00', '0000-00-00'),
(78, 310, '2011-07-07 19:49:51', '0000-00-00', '0000-00-00'),
(78, 311, '2011-07-07 19:49:51', '0000-00-00', '0000-00-00'),
(78, 312, '2011-07-07 19:49:51', '0000-00-00', '0000-00-00'),
(78, 313, '2011-07-07 19:49:51', '0000-00-00', '0000-00-00'),
(78, 335, '2011-07-07 19:49:51', '0000-00-00', '0000-00-00'),
(78, 336, '2011-07-07 19:49:51', '0000-00-00', '0000-00-00'),
(78, 337, '2011-07-07 19:49:51', '0000-00-00', '0000-00-00'),
(78, 338, '2011-07-07 19:49:51', '0000-00-00', '0000-00-00'),
(78, 339, '2011-07-07 19:49:51', '0000-00-00', '0000-00-00'),
(78, 340, '2011-07-07 19:49:51', '0000-00-00', '0000-00-00'),
(78, 341, '2011-07-07 19:49:51', '0000-00-00', '0000-00-00'),
(78, 408, '2011-07-07 19:49:51', '0000-00-00', '0000-00-00'),
(78, 409, '2011-07-07 19:49:51', '0000-00-00', '0000-00-00'),
(78, 410, '2011-07-07 19:49:51', '0000-00-00', '0000-00-00'),
(78, 411, '2011-07-07 19:49:51', '0000-00-00', '0000-00-00'),
(79, 404, '2011-07-07 19:49:51', '0000-00-00', '0000-00-00'),
(79, 405, '2011-07-07 19:49:51', '0000-00-00', '0000-00-00'),
(79, 406, '2011-07-07 19:49:51', '0000-00-00', '0000-00-00'),
(79, 407, '2011-07-07 19:49:51', '0000-00-00', '0000-00-00'),
(79, 408, '2011-07-07 19:49:51', '0000-00-00', '0000-00-00'),
(79, 409, '2011-07-07 19:49:51', '0000-00-00', '0000-00-00'),
(79, 410, '2011-07-07 19:49:51', '0000-00-00', '0000-00-00'),
(79, 411, '2011-07-07 19:49:51', '0000-00-00', '0000-00-00'),
(80, 262, '2011-07-07 19:49:51', '0000-00-00', '0000-00-00'),
(80, 263, '2011-07-07 19:49:51', '0000-00-00', '0000-00-00'),
(80, 264, '2011-07-07 19:49:51', '0000-00-00', '0000-00-00'),
(80, 265, '2011-07-07 19:49:51', '0000-00-00', '0000-00-00'),
(81, 210, '2011-07-07 19:49:51', '0000-00-00', '0000-00-00'),
(81, 211, '2011-07-07 19:49:51', '0000-00-00', '0000-00-00'),
(81, 212, '2011-07-07 19:49:51', '0000-00-00', '0000-00-00'),
(81, 213, '2011-07-07 19:49:51', '0000-00-00', '0000-00-00'),
(81, 214, '2011-07-07 19:49:51', '0000-00-00', '0000-00-00'),
(81, 215, '2011-07-07 19:49:51', '0000-00-00', '0000-00-00'),
(81, 277, '2011-07-07 19:49:51', '0000-00-00', '0000-00-00'),
(81, 278, '2011-07-07 19:49:51', '0000-00-00', '0000-00-00'),
(81, 279, '2011-07-07 19:49:51', '0000-00-00', '0000-00-00'),
(81, 280, '2011-07-07 19:49:51', '0000-00-00', '0000-00-00'),
(82, 210, '2011-07-07 19:49:51', '0000-00-00', '0000-00-00'),
(82, 211, '2011-07-07 19:49:51', '0000-00-00', '0000-00-00'),
(82, 212, '2011-07-07 19:49:51', '0000-00-00', '0000-00-00'),
(82, 213, '2011-07-07 19:49:51', '0000-00-00', '0000-00-00'),
(82, 214, '2011-07-07 19:49:51', '0000-00-00', '0000-00-00'),
(82, 215, '2011-07-07 19:49:51', '0000-00-00', '0000-00-00'),
(83, 210, '2011-07-07 19:49:51', '0000-00-00', '0000-00-00'),
(83, 211, '2011-07-07 19:49:51', '0000-00-00', '0000-00-00'),
(83, 212, '2011-07-07 19:49:51', '0000-00-00', '0000-00-00'),
(83, 213, '2011-07-07 19:49:51', '0000-00-00', '0000-00-00'),
(83, 214, '2011-07-07 19:49:51', '0000-00-00', '0000-00-00'),
(83, 215, '2011-07-07 19:49:51', '0000-00-00', '0000-00-00'),
(83, 260, '2011-07-07 19:49:51', '0000-00-00', '0000-00-00'),
(83, 261, '2011-07-07 19:49:51', '0000-00-00', '0000-00-00'),
(83, 283, '2011-07-07 19:49:51', '0000-00-00', '0000-00-00'),
(83, 284, '2011-07-07 19:49:51', '0000-00-00', '0000-00-00'),
(84, 210, '2011-07-07 19:49:51', '0000-00-00', '0000-00-00'),
(84, 211, '2011-07-07 19:49:51', '0000-00-00', '0000-00-00'),
(84, 212, '2011-07-07 19:49:51', '0000-00-00', '0000-00-00'),
(84, 213, '2011-07-07 19:49:51', '0000-00-00', '0000-00-00'),
(84, 214, '2011-07-07 19:49:52', '0000-00-00', '0000-00-00'),
(84, 215, '2011-07-07 19:49:52', '0000-00-00', '0000-00-00'),
(84, 260, '2011-07-07 19:49:52', '0000-00-00', '0000-00-00'),
(84, 261, '2011-07-07 19:49:52', '0000-00-00', '0000-00-00'),
(85, 105, '2011-07-07 19:49:52', '0000-00-00', '0000-00-00'),
(85, 106, '2011-07-07 19:49:52', '0000-00-00', '0000-00-00'),
(85, 107, '2011-07-07 19:49:52', '0000-00-00', '0000-00-00'),
(85, 108, '2011-07-07 19:49:52', '0000-00-00', '0000-00-00'),
(85, 112, '2011-07-07 19:49:52', '0000-00-00', '0000-00-00'),
(85, 113, '2011-07-07 19:49:52', '0000-00-00', '0000-00-00'),
(85, 114, '2011-07-07 19:49:52', '0000-00-00', '0000-00-00'),
(85, 115, '2011-07-07 19:49:52', '0000-00-00', '0000-00-00'),
(85, 266, '2011-07-07 19:49:52', '0000-00-00', '0000-00-00'),
(85, 267, '2011-07-07 19:49:52', '0000-00-00', '0000-00-00'),
(85, 268, '2011-07-07 19:49:52', '0000-00-00', '0000-00-00'),
(85, 269, '2011-07-07 19:49:52', '0000-00-00', '0000-00-00'),
(85, 270, '2011-07-07 19:49:52', '0000-00-00', '0000-00-00'),
(85, 271, '2011-07-07 19:49:52', '0000-00-00', '0000-00-00'),
(85, 281, '2011-07-07 19:49:52', '0000-00-00', '0000-00-00'),
(85, 282, '2011-07-07 19:49:52', '0000-00-00', '0000-00-00'),
(85, 307, '2011-07-07 19:49:52', '0000-00-00', '0000-00-00'),
(85, 308, '2011-07-07 19:49:52', '0000-00-00', '0000-00-00'),
(85, 309, '2011-07-07 19:49:52', '0000-00-00', '0000-00-00'),
(85, 310, '2011-07-07 19:49:52', '0000-00-00', '0000-00-00'),
(85, 311, '2011-07-07 19:49:52', '0000-00-00', '0000-00-00'),
(85, 312, '2011-07-07 19:49:52', '0000-00-00', '0000-00-00'),
(85, 313, '2011-07-07 19:49:52', '0000-00-00', '0000-00-00'),
(85, 335, '2011-07-07 19:49:52', '0000-00-00', '0000-00-00'),
(85, 336, '2011-07-07 19:49:52', '0000-00-00', '0000-00-00'),
(85, 337, '2011-07-07 19:49:52', '0000-00-00', '0000-00-00'),
(85, 338, '2011-07-07 19:49:52', '0000-00-00', '0000-00-00'),
(85, 339, '2011-07-07 19:49:52', '0000-00-00', '0000-00-00'),
(85, 340, '2011-07-07 19:49:52', '0000-00-00', '0000-00-00'),
(85, 341, '2011-07-07 19:49:52', '0000-00-00', '0000-00-00'),
(85, 404, '2011-07-07 19:49:52', '0000-00-00', '0000-00-00'),
(85, 405, '2011-07-07 19:49:52', '0000-00-00', '0000-00-00'),
(85, 406, '2011-07-07 19:49:52', '0000-00-00', '0000-00-00'),
(85, 407, '2011-07-07 19:49:52', '0000-00-00', '0000-00-00'),
(86, 281, '2011-07-07 19:49:52', '0000-00-00', '0000-00-00'),
(86, 282, '2011-07-07 19:49:52', '0000-00-00', '0000-00-00'),
(86, 404, '2011-07-07 19:49:52', '0000-00-00', '0000-00-00'),
(86, 405, '2011-07-07 19:49:52', '0000-00-00', '0000-00-00'),
(86, 406, '2011-07-07 19:49:52', '0000-00-00', '0000-00-00'),
(86, 407, '2011-07-07 19:49:52', '0000-00-00', '0000-00-00'),
(86, 408, '2011-07-07 19:49:52', '0000-00-00', '0000-00-00'),
(86, 409, '2011-07-07 19:49:52', '0000-00-00', '0000-00-00'),
(86, 410, '2011-07-07 19:49:52', '0000-00-00', '0000-00-00'),
(86, 411, '2011-07-07 19:49:52', '0000-00-00', '0000-00-00'),
(87, 281, '2011-07-07 19:49:52', '0000-00-00', '0000-00-00'),
(87, 282, '2011-07-07 19:49:52', '0000-00-00', '0000-00-00'),
(87, 404, '2011-07-07 19:49:52', '0000-00-00', '0000-00-00'),
(87, 405, '2011-07-07 19:49:52', '0000-00-00', '0000-00-00'),
(87, 406, '2011-07-07 19:49:52', '0000-00-00', '0000-00-00'),
(87, 407, '2011-07-07 19:49:52', '0000-00-00', '0000-00-00'),
(87, 408, '2011-07-07 19:49:52', '0000-00-00', '0000-00-00'),
(87, 409, '2011-07-07 19:49:52', '0000-00-00', '0000-00-00'),
(87, 410, '2011-07-07 19:49:52', '0000-00-00', '0000-00-00'),
(87, 411, '2011-07-07 19:49:52', '0000-00-00', '0000-00-00'),
(88, 281, '2011-07-07 19:49:52', '0000-00-00', '0000-00-00'),
(88, 282, '2011-07-07 19:49:52', '0000-00-00', '0000-00-00'),
(89, 281, '2011-07-07 19:49:52', '0000-00-00', '0000-00-00'),
(89, 282, '2011-07-07 19:49:52', '0000-00-00', '0000-00-00'),
(90, 101, '2011-07-07 19:49:52', '0000-00-00', '0000-00-00'),
(90, 102, '2011-07-07 19:49:52', '0000-00-00', '0000-00-00'),
(90, 103, '2011-07-07 19:49:52', '0000-00-00', '0000-00-00'),
(90, 104, '2011-07-07 19:49:52', '0000-00-00', '0000-00-00'),
(91, 281, '2011-07-07 19:49:52', '0000-00-00', '0000-00-00'),
(91, 282, '2011-07-07 19:49:52', '0000-00-00', '0000-00-00'),
(91, 307, '2011-07-07 19:49:52', '0000-00-00', '0000-00-00'),
(91, 308, '2011-07-07 19:49:52', '0000-00-00', '0000-00-00'),
(91, 309, '2011-07-07 19:49:52', '0000-00-00', '0000-00-00'),
(91, 310, '2011-07-07 19:49:52', '0000-00-00', '0000-00-00'),
(91, 311, '2011-07-07 19:49:52', '0000-00-00', '0000-00-00'),
(91, 312, '2011-07-07 19:49:52', '0000-00-00', '0000-00-00'),
(91, 313, '2011-07-07 19:49:52', '0000-00-00', '0000-00-00'),
(91, 335, '2011-07-07 19:49:52', '0000-00-00', '0000-00-00'),
(91, 336, '2011-07-07 19:49:52', '0000-00-00', '0000-00-00'),
(91, 337, '2011-07-07 19:49:52', '0000-00-00', '0000-00-00'),
(91, 338, '2011-07-07 19:49:52', '0000-00-00', '0000-00-00'),
(91, 339, '2011-07-07 19:49:52', '0000-00-00', '0000-00-00'),
(91, 340, '2011-07-07 19:49:52', '0000-00-00', '0000-00-00'),
(91, 341, '2011-07-07 19:49:52', '0000-00-00', '0000-00-00'),
(96, 281, '2011-07-07 19:49:52', '0000-00-00', '0000-00-00'),
(96, 282, '2011-07-07 19:49:52', '0000-00-00', '0000-00-00'),
(97, 314, '2011-07-07 19:49:52', '0000-00-00', '0000-00-00'),
(97, 315, '2011-07-07 19:49:52', '0000-00-00', '0000-00-00'),
(97, 316, '2011-07-07 19:49:52', '0000-00-00', '0000-00-00'),
(97, 342, '2011-07-07 19:49:52', '0000-00-00', '0000-00-00'),
(97, 343, '2011-07-07 19:49:52', '0000-00-00', '0000-00-00'),
(97, 344, '2011-07-07 19:49:52', '0000-00-00', '0000-00-00'),
(98, 121, '2011-07-07 19:49:52', '0000-00-00', '0000-00-00'),
(98, 122, '2011-07-07 19:49:52', '0000-00-00', '0000-00-00'),
(98, 123, '2011-07-07 19:49:52', '0000-00-00', '0000-00-00'),
(98, 124, '2011-07-07 19:49:52', '0000-00-00', '0000-00-00'),
(98, 210, '2011-07-07 19:49:52', '0000-00-00', '0000-00-00'),
(98, 211, '2011-07-07 19:49:52', '0000-00-00', '0000-00-00'),
(98, 212, '2011-07-07 19:49:52', '0000-00-00', '0000-00-00'),
(98, 213, '2011-07-07 19:49:52', '0000-00-00', '0000-00-00'),
(98, 214, '2011-07-07 19:49:52', '0000-00-00', '0000-00-00'),
(98, 215, '2011-07-07 19:49:52', '0000-00-00', '0000-00-00'),
(98, 281, '2011-07-07 19:49:52', '0000-00-00', '0000-00-00'),
(98, 282, '2011-07-07 19:49:52', '0000-00-00', '0000-00-00'),
(99, 121, '2011-07-07 19:49:52', '0000-00-00', '0000-00-00'),
(99, 122, '2011-07-07 19:49:52', '0000-00-00', '0000-00-00'),
(99, 123, '2011-07-07 19:49:52', '0000-00-00', '0000-00-00'),
(99, 124, '2011-07-07 19:49:52', '0000-00-00', '0000-00-00'),
(99, 210, '2011-07-07 19:49:52', '0000-00-00', '0000-00-00'),
(99, 211, '2011-07-07 19:49:52', '0000-00-00', '0000-00-00'),
(99, 212, '2011-07-07 19:49:52', '0000-00-00', '0000-00-00'),
(99, 213, '2011-07-07 19:49:52', '0000-00-00', '0000-00-00'),
(99, 214, '2011-07-07 19:49:52', '0000-00-00', '0000-00-00'),
(99, 215, '2011-07-07 19:49:52', '0000-00-00', '0000-00-00'),
(99, 266, '2011-07-07 19:49:52', '0000-00-00', '0000-00-00'),
(99, 267, '2011-07-07 19:49:52', '0000-00-00', '0000-00-00'),
(99, 268, '2011-07-07 19:49:52', '0000-00-00', '0000-00-00'),
(99, 269, '2011-07-07 19:49:52', '0000-00-00', '0000-00-00'),
(99, 270, '2011-07-07 19:49:52', '0000-00-00', '0000-00-00'),
(99, 271, '2011-07-07 19:49:52', '0000-00-00', '0000-00-00'),
(99, 281, '2011-07-07 19:49:52', '0000-00-00', '0000-00-00'),
(99, 282, '2011-07-07 19:49:52', '0000-00-00', '0000-00-00'),
(99, 307, '2011-07-07 19:49:52', '0000-00-00', '0000-00-00'),
(99, 308, '2011-07-07 19:49:52', '0000-00-00', '0000-00-00'),
(99, 309, '2011-07-07 19:49:52', '0000-00-00', '0000-00-00'),
(99, 310, '2011-07-07 19:49:52', '0000-00-00', '0000-00-00'),
(99, 311, '2011-07-07 19:49:52', '0000-00-00', '0000-00-00'),
(99, 312, '2011-07-07 19:49:52', '0000-00-00', '0000-00-00'),
(99, 313, '2011-07-07 19:49:52', '0000-00-00', '0000-00-00'),
(99, 335, '2011-07-07 19:49:52', '0000-00-00', '0000-00-00'),
(99, 336, '2011-07-07 19:49:52', '0000-00-00', '0000-00-00'),
(99, 337, '2011-07-07 19:49:52', '0000-00-00', '0000-00-00'),
(99, 338, '2011-07-07 19:49:52', '0000-00-00', '0000-00-00'),
(99, 339, '2011-07-07 19:49:52', '0000-00-00', '0000-00-00'),
(99, 340, '2011-07-07 19:49:52', '0000-00-00', '0000-00-00'),
(99, 341, '2011-07-07 19:49:52', '0000-00-00', '0000-00-00'),
(100, 121, '2011-07-07 19:49:52', '0000-00-00', '0000-00-00'),
(100, 122, '2011-07-07 19:49:52', '0000-00-00', '0000-00-00'),
(100, 123, '2011-07-07 19:49:52', '0000-00-00', '0000-00-00'),
(100, 124, '2011-07-07 19:49:52', '0000-00-00', '0000-00-00'),
(100, 281, '2011-07-07 19:49:52', '0000-00-00', '0000-00-00'),
(100, 282, '2011-07-07 19:49:52', '0000-00-00', '0000-00-00'),
(101, 281, '2011-07-07 19:49:52', '0000-00-00', '0000-00-00'),
(101, 282, '2011-07-07 19:49:52', '0000-00-00', '0000-00-00'),
(104, 157, '2011-07-07 19:49:52', '0000-00-00', '0000-00-00'),
(104, 158, '2011-07-07 19:49:52', '0000-00-00', '0000-00-00'),
(104, 159, '2011-07-07 19:49:52', '0000-00-00', '0000-00-00'),
(104, 160, '2011-07-07 19:49:52', '0000-00-00', '0000-00-00'),
(104, 161, '2011-07-07 19:49:52', '0000-00-00', '0000-00-00'),
(104, 252, '2011-07-07 19:49:52', '0000-00-00', '0000-00-00'),
(104, 253, '2011-07-07 19:49:52', '0000-00-00', '0000-00-00'),
(104, 254, '2011-07-07 19:49:52', '0000-00-00', '0000-00-00'),
(104, 255, '2011-07-07 19:49:52', '0000-00-00', '0000-00-00'),
(104, 256, '2011-07-07 19:49:52', '0000-00-00', '0000-00-00'),
(104, 257, '2011-07-07 19:49:52', '0000-00-00', '0000-00-00'),
(104, 272, '2011-07-07 19:49:52', '0000-00-00', '0000-00-00'),
(104, 273, '2011-07-07 19:49:52', '0000-00-00', '0000-00-00'),
(104, 274, '2011-07-07 19:49:52', '0000-00-00', '0000-00-00'),
(104, 275, '2011-07-07 19:49:52', '0000-00-00', '0000-00-00'),
(104, 276, '2011-07-07 19:49:52', '0000-00-00', '0000-00-00'),
(105, 157, '2011-07-07 19:49:52', '0000-00-00', '0000-00-00'),
(105, 158, '2011-07-07 19:49:52', '0000-00-00', '0000-00-00'),
(105, 159, '2011-07-07 19:49:52', '0000-00-00', '0000-00-00'),
(105, 160, '2011-07-07 19:49:52', '0000-00-00', '0000-00-00'),
(105, 161, '2011-07-07 19:49:52', '0000-00-00', '0000-00-00'),
(105, 252, '2011-07-07 19:49:52', '0000-00-00', '0000-00-00'),
(105, 253, '2011-07-07 19:49:52', '0000-00-00', '0000-00-00'),
(105, 254, '2011-07-07 19:49:52', '0000-00-00', '0000-00-00'),
(105, 255, '2011-07-07 19:49:52', '0000-00-00', '0000-00-00'),
(105, 256, '2011-07-07 19:49:52', '0000-00-00', '0000-00-00'),
(105, 257, '2011-07-07 19:49:52', '0000-00-00', '0000-00-00'),
(105, 272, '2011-07-07 19:49:52', '0000-00-00', '0000-00-00'),
(105, 273, '2011-07-07 19:49:52', '0000-00-00', '0000-00-00'),
(105, 274, '2011-07-07 19:49:52', '0000-00-00', '0000-00-00'),
(105, 275, '2011-07-07 19:49:52', '0000-00-00', '0000-00-00'),
(105, 276, '2011-07-07 19:49:52', '0000-00-00', '0000-00-00'),
(105, 317, '2011-07-07 19:49:52', '0000-00-00', '0000-00-00'),
(105, 318, '2011-07-07 19:49:52', '0000-00-00', '0000-00-00'),
(105, 319, '2011-07-07 19:49:52', '0000-00-00', '0000-00-00'),
(105, 320, '2011-07-07 19:49:52', '0000-00-00', '0000-00-00'),
(105, 321, '2011-07-07 19:49:52', '0000-00-00', '0000-00-00'),
(106, 157, '2011-07-07 19:49:52', '0000-00-00', '0000-00-00'),
(106, 158, '2011-07-07 19:49:52', '0000-00-00', '0000-00-00'),
(106, 159, '2011-07-07 19:49:52', '0000-00-00', '0000-00-00'),
(106, 160, '2011-07-07 19:49:52', '0000-00-00', '0000-00-00'),
(106, 161, '2011-07-07 19:49:52', '0000-00-00', '0000-00-00'),
(106, 228, '2011-07-07 19:49:52', '0000-00-00', '0000-00-00'),
(106, 229, '2011-07-07 19:49:52', '0000-00-00', '0000-00-00'),
(106, 230, '2011-07-07 19:49:52', '0000-00-00', '0000-00-00'),
(106, 231, '2011-07-07 19:49:52', '0000-00-00', '0000-00-00'),
(106, 232, '2011-07-07 19:49:52', '0000-00-00', '0000-00-00'),
(106, 233, '2011-07-07 19:49:52', '0000-00-00', '0000-00-00'),
(106, 246, '2011-07-07 19:49:52', '0000-00-00', '0000-00-00'),
(106, 247, '2011-07-07 19:49:52', '0000-00-00', '0000-00-00'),
(106, 248, '2011-07-07 19:49:52', '0000-00-00', '0000-00-00'),
(106, 249, '2011-07-07 19:49:52', '0000-00-00', '0000-00-00'),
(106, 250, '2011-07-07 19:49:52', '0000-00-00', '0000-00-00'),
(106, 251, '2011-07-07 19:49:52', '0000-00-00', '0000-00-00'),
(106, 266, '2011-07-07 19:49:52', '0000-00-00', '0000-00-00'),
(106, 267, '2011-07-07 19:49:52', '0000-00-00', '0000-00-00'),
(106, 268, '2011-07-07 19:49:52', '0000-00-00', '0000-00-00'),
(106, 269, '2011-07-07 19:49:52', '0000-00-00', '0000-00-00'),
(106, 270, '2011-07-07 19:49:52', '0000-00-00', '0000-00-00'),
(106, 271, '2011-07-07 19:49:52', '0000-00-00', '0000-00-00'),
(106, 307, '2011-07-07 19:49:52', '0000-00-00', '0000-00-00'),
(106, 308, '2011-07-07 19:49:52', '0000-00-00', '0000-00-00'),
(106, 309, '2011-07-07 19:49:52', '0000-00-00', '0000-00-00'),
(106, 310, '2011-07-07 19:49:52', '0000-00-00', '0000-00-00'),
(106, 311, '2011-07-07 19:49:52', '0000-00-00', '0000-00-00'),
(106, 312, '2011-07-07 19:49:52', '0000-00-00', '0000-00-00'),
(106, 313, '2011-07-07 19:49:52', '0000-00-00', '0000-00-00'),
(106, 335, '2011-07-07 19:49:52', '0000-00-00', '0000-00-00'),
(106, 336, '2011-07-07 19:49:52', '0000-00-00', '0000-00-00'),
(106, 337, '2011-07-07 19:49:52', '0000-00-00', '0000-00-00'),
(106, 338, '2011-07-07 19:49:52', '0000-00-00', '0000-00-00'),
(106, 339, '2011-07-07 19:49:52', '0000-00-00', '0000-00-00'),
(106, 340, '2011-07-07 19:49:52', '0000-00-00', '0000-00-00'),
(106, 341, '2011-07-07 19:49:52', '0000-00-00', '0000-00-00'),
(106, 345, '2011-07-07 19:49:52', '0000-00-00', '0000-00-00'),
(106, 346, '2011-07-07 19:49:52', '0000-00-00', '0000-00-00'),
(106, 347, '2011-07-07 19:49:52', '0000-00-00', '0000-00-00'),
(106, 348, '2011-07-07 19:49:52', '0000-00-00', '0000-00-00'),
(107, 157, '2011-07-07 19:49:52', '0000-00-00', '0000-00-00'),
(107, 158, '2011-07-07 19:49:52', '0000-00-00', '0000-00-00'),
(107, 159, '2011-07-07 19:49:52', '0000-00-00', '0000-00-00'),
(107, 160, '2011-07-07 19:49:52', '0000-00-00', '0000-00-00'),
(107, 161, '2011-07-07 19:49:52', '0000-00-00', '0000-00-00'),
(107, 228, '2011-07-07 19:49:52', '0000-00-00', '0000-00-00'),
(107, 229, '2011-07-07 19:49:52', '0000-00-00', '0000-00-00'),
(107, 230, '2011-07-07 19:49:52', '0000-00-00', '0000-00-00'),
(107, 231, '2011-07-07 19:49:52', '0000-00-00', '0000-00-00'),
(107, 232, '2011-07-07 19:49:52', '0000-00-00', '0000-00-00'),
(107, 233, '2011-07-07 19:49:52', '0000-00-00', '0000-00-00'),
(107, 246, '2011-07-07 19:49:52', '0000-00-00', '0000-00-00'),
(107, 247, '2011-07-07 19:49:52', '0000-00-00', '0000-00-00'),
(107, 248, '2011-07-07 19:49:52', '0000-00-00', '0000-00-00'),
(107, 249, '2011-07-07 19:49:52', '0000-00-00', '0000-00-00'),
(107, 250, '2011-07-07 19:49:52', '0000-00-00', '0000-00-00'),
(107, 251, '2011-07-07 19:49:52', '0000-00-00', '0000-00-00'),
(107, 266, '2011-07-07 19:49:52', '0000-00-00', '0000-00-00'),
(107, 267, '2011-07-07 19:49:52', '0000-00-00', '0000-00-00'),
(107, 268, '2011-07-07 19:49:52', '0000-00-00', '0000-00-00'),
(107, 269, '2011-07-07 19:49:52', '0000-00-00', '0000-00-00'),
(107, 270, '2011-07-07 19:49:52', '0000-00-00', '0000-00-00'),
(107, 271, '2011-07-07 19:49:52', '0000-00-00', '0000-00-00'),
(107, 307, '2011-07-07 19:49:52', '0000-00-00', '0000-00-00'),
(107, 308, '2011-07-07 19:49:52', '0000-00-00', '0000-00-00'),
(107, 309, '2011-07-07 19:49:52', '0000-00-00', '0000-00-00'),
(107, 310, '2011-07-07 19:49:52', '0000-00-00', '0000-00-00'),
(107, 311, '2011-07-07 19:49:52', '0000-00-00', '0000-00-00'),
(107, 312, '2011-07-07 19:49:52', '0000-00-00', '0000-00-00'),
(107, 313, '2011-07-07 19:49:52', '0000-00-00', '0000-00-00'),
(107, 335, '2011-07-07 19:49:52', '0000-00-00', '0000-00-00'),
(107, 336, '2011-07-07 19:49:52', '0000-00-00', '0000-00-00'),
(107, 337, '2011-07-07 19:49:52', '0000-00-00', '0000-00-00'),
(107, 338, '2011-07-07 19:49:52', '0000-00-00', '0000-00-00'),
(107, 339, '2011-07-07 19:49:52', '0000-00-00', '0000-00-00'),
(107, 340, '2011-07-07 19:49:52', '0000-00-00', '0000-00-00'),
(107, 341, '2011-07-07 19:49:52', '0000-00-00', '0000-00-00'),
(107, 345, '2011-07-07 19:49:52', '0000-00-00', '0000-00-00'),
(107, 346, '2011-07-07 19:49:52', '0000-00-00', '0000-00-00'),
(107, 347, '2011-07-07 19:49:52', '0000-00-00', '0000-00-00'),
(107, 348, '2011-07-07 19:49:52', '0000-00-00', '0000-00-00'),
(108, 305, '2011-07-07 19:49:52', '0000-00-00', '0000-00-00'),
(108, 306, '2011-07-07 19:49:52', '0000-00-00', '0000-00-00'),
(109, 109, '2011-07-07 19:49:52', '0000-00-00', '0000-00-00'),
(109, 110, '2011-07-07 19:49:52', '0000-00-00', '0000-00-00'),
(109, 111, '2011-07-07 19:49:52', '0000-00-00', '0000-00-00'),
(109, 307, '2011-07-07 19:49:52', '0000-00-00', '0000-00-00'),
(109, 308, '2011-07-07 19:49:52', '0000-00-00', '0000-00-00'),
(109, 309, '2011-07-07 19:49:52', '0000-00-00', '0000-00-00'),
(109, 310, '2011-07-07 19:49:52', '0000-00-00', '0000-00-00'),
(109, 311, '2011-07-07 19:49:52', '0000-00-00', '0000-00-00'),
(109, 312, '2011-07-07 19:49:52', '0000-00-00', '0000-00-00'),
(109, 313, '2011-07-07 19:49:52', '0000-00-00', '0000-00-00'),
(109, 317, '2011-07-07 19:49:52', '0000-00-00', '0000-00-00'),
(109, 318, '2011-07-07 19:49:52', '0000-00-00', '0000-00-00'),
(109, 319, '2011-07-07 19:49:52', '0000-00-00', '0000-00-00'),
(109, 320, '2011-07-07 19:49:52', '0000-00-00', '0000-00-00'),
(109, 321, '2011-07-07 19:49:52', '0000-00-00', '0000-00-00'),
(110, 109, '2011-07-07 19:49:52', '0000-00-00', '0000-00-00'),
(110, 110, '2011-07-07 19:49:52', '0000-00-00', '0000-00-00'),
(110, 111, '2011-07-07 19:49:52', '0000-00-00', '0000-00-00'),
(110, 152, '2011-07-07 19:49:52', '0000-00-00', '0000-00-00'),
(110, 153, '2011-07-07 19:49:52', '0000-00-00', '0000-00-00'),
(110, 154, '2011-07-07 19:49:52', '0000-00-00', '0000-00-00'),
(110, 155, '2011-07-07 19:49:52', '0000-00-00', '0000-00-00'),
(110, 156, '2011-07-07 19:49:52', '0000-00-00', '0000-00-00'),
(110, 157, '2011-07-07 19:49:52', '0000-00-00', '0000-00-00'),
(110, 158, '2011-07-07 19:49:52', '0000-00-00', '0000-00-00'),
(110, 159, '2011-07-07 19:49:52', '0000-00-00', '0000-00-00'),
(110, 160, '2011-07-07 19:49:52', '0000-00-00', '0000-00-00'),
(110, 161, '2011-07-07 19:49:52', '0000-00-00', '0000-00-00'),
(110, 173, '2011-07-07 19:49:52', '0000-00-00', '0000-00-00'),
(110, 174, '2011-07-07 19:49:52', '0000-00-00', '0000-00-00'),
(110, 175, '2011-07-07 19:49:52', '0000-00-00', '0000-00-00'),
(110, 176, '2011-07-07 19:49:52', '0000-00-00', '0000-00-00'),
(110, 177, '2011-07-07 19:49:52', '0000-00-00', '0000-00-00'),
(110, 356, '2011-07-07 19:49:52', '0000-00-00', '0000-00-00'),
(110, 357, '2011-07-07 19:49:52', '0000-00-00', '0000-00-00'),
(110, 358, '2011-07-07 19:49:52', '0000-00-00', '0000-00-00'),
(110, 359, '2011-07-07 19:49:52', '0000-00-00', '0000-00-00'),
(110, 360, '2011-07-07 19:49:52', '0000-00-00', '0000-00-00'),
(110, 361, '2011-07-07 19:49:52', '0000-00-00', '0000-00-00'),
(110, 367, '2011-07-07 19:49:52', '0000-00-00', '0000-00-00'),
(110, 368, '2011-07-07 19:49:52', '0000-00-00', '0000-00-00'),
(110, 369, '2011-07-07 19:49:52', '0000-00-00', '0000-00-00'),
(110, 370, '2011-07-07 19:49:52', '0000-00-00', '0000-00-00'),
(110, 371, '2011-07-07 19:49:52', '0000-00-00', '0000-00-00'),
(111, 19, '2011-07-07 19:49:52', '0000-00-00', '0000-00-00'),
(111, 20, '2011-07-07 19:49:52', '0000-00-00', '0000-00-00'),
(111, 21, '2011-07-07 19:49:52', '0000-00-00', '0000-00-00'),
(111, 22, '2011-07-07 19:49:52', '0000-00-00', '0000-00-00'),
(111, 23, '2011-07-07 19:49:52', '0000-00-00', '0000-00-00'),
(111, 24, '2011-07-07 19:49:52', '0000-00-00', '0000-00-00'),
(111, 25, '2011-07-07 19:49:52', '0000-00-00', '0000-00-00'),
(111, 26, '2011-07-07 19:49:52', '0000-00-00', '0000-00-00'),
(111, 27, '2011-07-07 19:49:52', '0000-00-00', '0000-00-00'),
(111, 28, '2011-07-07 19:49:52', '0000-00-00', '0000-00-00'),
(111, 29, '2011-07-07 19:49:52', '0000-00-00', '0000-00-00'),
(111, 30, '2011-07-07 19:49:52', '0000-00-00', '0000-00-00'),
(111, 31, '2011-07-07 19:49:52', '0000-00-00', '0000-00-00'),
(111, 32, '2011-07-07 19:49:52', '0000-00-00', '0000-00-00'),
(111, 105, '2011-07-07 19:49:52', '0000-00-00', '0000-00-00'),
(111, 106, '2011-07-07 19:49:52', '0000-00-00', '0000-00-00'),
(111, 107, '2011-07-07 19:49:52', '0000-00-00', '0000-00-00'),
(111, 108, '2011-07-07 19:49:52', '0000-00-00', '0000-00-00'),
(114, 356, '2011-07-07 19:49:52', '0000-00-00', '0000-00-00'),
(114, 357, '2011-07-07 19:49:52', '0000-00-00', '0000-00-00'),
(114, 358, '2011-07-07 19:49:52', '0000-00-00', '0000-00-00'),
(114, 359, '2011-07-07 19:49:52', '0000-00-00', '0000-00-00'),
(114, 360, '2011-07-07 19:49:52', '0000-00-00', '0000-00-00'),
(114, 361, '2011-07-07 19:49:52', '0000-00-00', '0000-00-00'),
(114, 367, '2011-07-07 19:49:52', '0000-00-00', '0000-00-00'),
(114, 368, '2011-07-07 19:49:52', '0000-00-00', '0000-00-00'),
(114, 369, '2011-07-07 19:49:52', '0000-00-00', '0000-00-00'),
(114, 370, '2011-07-07 19:49:52', '0000-00-00', '0000-00-00'),
(114, 371, '2011-07-07 19:49:52', '0000-00-00', '0000-00-00'),
(115, 62, '2011-07-07 19:49:52', '0000-00-00', '0000-00-00'),
(115, 63, '2011-07-07 19:49:52', '0000-00-00', '0000-00-00'),
(115, 64, '2011-07-07 19:49:52', '0000-00-00', '0000-00-00'),
(115, 65, '2011-07-07 19:49:52', '0000-00-00', '0000-00-00'),
(116, 37, '2011-07-07 19:49:52', '0000-00-00', '0000-00-00'),
(116, 38, '2011-07-07 19:49:52', '0000-00-00', '0000-00-00'),
(116, 39, '2011-07-07 19:49:52', '0000-00-00', '0000-00-00'),
(116, 96, '2011-07-07 19:49:52', '0000-00-00', '0000-00-00'),
(116, 97, '2011-07-07 19:49:52', '0000-00-00', '0000-00-00'),
(116, 98, '2011-07-07 19:49:52', '0000-00-00', '0000-00-00'),
(116, 99, '2011-07-07 19:49:52', '0000-00-00', '0000-00-00'),
(116, 100, '2011-07-07 19:49:52', '0000-00-00', '0000-00-00'),
(116, 372, '2011-07-07 19:49:52', '0000-00-00', '0000-00-00'),
(116, 373, '2011-07-07 19:49:52', '0000-00-00', '0000-00-00'),
(116, 374, '2011-07-07 19:49:52', '0000-00-00', '0000-00-00'),
(116, 375, '2011-07-07 19:49:52', '0000-00-00', '0000-00-00'),
(116, 376, '2011-07-07 19:49:52', '0000-00-00', '0000-00-00'),
(116, 377, '2011-07-07 19:49:52', '0000-00-00', '0000-00-00'),
(117, 101, '2011-07-07 19:49:52', '0000-00-00', '0000-00-00'),
(117, 102, '2011-07-07 19:49:52', '0000-00-00', '0000-00-00'),
(117, 103, '2011-07-07 19:49:52', '0000-00-00', '0000-00-00'),
(117, 104, '2011-07-07 19:49:52', '0000-00-00', '0000-00-00'),
(117, 317, '2011-07-07 19:49:52', '0000-00-00', '0000-00-00'),
(117, 318, '2011-07-07 19:49:52', '0000-00-00', '0000-00-00'),
(117, 319, '2011-07-07 19:49:52', '0000-00-00', '0000-00-00'),
(117, 320, '2011-07-07 19:49:52', '0000-00-00', '0000-00-00'),
(117, 321, '2011-07-07 19:49:52', '0000-00-00', '0000-00-00'),
(117, 345, '2011-07-07 19:49:52', '0000-00-00', '0000-00-00'),
(117, 346, '2011-07-07 19:49:52', '0000-00-00', '0000-00-00'),
(117, 347, '2011-07-07 19:49:52', '0000-00-00', '0000-00-00'),
(117, 348, '2011-07-07 19:49:52', '0000-00-00', '0000-00-00'),
(118, 322, '2011-07-07 19:49:52', '0000-00-00', '0000-00-00'),
(118, 323, '2011-07-07 19:49:52', '0000-00-00', '0000-00-00'),
(119, 307, '2011-07-07 19:49:52', '0000-00-00', '0000-00-00'),
(119, 308, '2011-07-07 19:49:52', '0000-00-00', '0000-00-00'),
(119, 309, '2011-07-07 19:49:52', '0000-00-00', '0000-00-00'),
(119, 310, '2011-07-07 19:49:52', '0000-00-00', '0000-00-00'),
(119, 311, '2011-07-07 19:49:52', '0000-00-00', '0000-00-00'),
(119, 312, '2011-07-07 19:49:52', '0000-00-00', '0000-00-00'),
(119, 313, '2011-07-07 19:49:52', '0000-00-00', '0000-00-00'),
(119, 335, '2011-07-07 19:49:52', '0000-00-00', '0000-00-00'),
(119, 336, '2011-07-07 19:49:52', '0000-00-00', '0000-00-00'),
(119, 337, '2011-07-07 19:49:52', '0000-00-00', '0000-00-00'),
(119, 338, '2011-07-07 19:49:52', '0000-00-00', '0000-00-00'),
(119, 339, '2011-07-07 19:49:52', '0000-00-00', '0000-00-00'),
(119, 340, '2011-07-07 19:49:52', '0000-00-00', '0000-00-00'),
(119, 341, '2011-07-07 19:49:52', '0000-00-00', '0000-00-00'),
(120, 289, '2011-07-07 19:49:52', '0000-00-00', '0000-00-00'),
(120, 290, '2011-07-07 19:49:52', '0000-00-00', '0000-00-00'),
(120, 291, '2011-07-07 19:49:52', '0000-00-00', '0000-00-00'),
(120, 292, '2011-07-07 19:49:52', '0000-00-00', '0000-00-00'),
(120, 293, '2011-07-07 19:49:52', '0000-00-00', '0000-00-00'),
(123, 317, '2011-07-07 19:49:52', '0000-00-00', '0000-00-00'),
(123, 318, '2011-07-07 19:49:52', '0000-00-00', '0000-00-00'),
(123, 319, '2011-07-07 19:49:52', '0000-00-00', '0000-00-00'),
(123, 320, '2011-07-07 19:49:52', '0000-00-00', '0000-00-00'),
(123, 321, '2011-07-07 19:49:52', '0000-00-00', '0000-00-00'),
(123, 345, '2011-07-07 19:49:52', '0000-00-00', '0000-00-00'),
(123, 346, '2011-07-07 19:49:52', '0000-00-00', '0000-00-00'),
(123, 347, '2011-07-07 19:49:52', '0000-00-00', '0000-00-00'),
(123, 348, '2011-07-07 19:49:52', '0000-00-00', '0000-00-00'),
(124, 152, '2011-07-07 19:49:52', '0000-00-00', '0000-00-00'),
(124, 153, '2011-07-07 19:49:52', '0000-00-00', '0000-00-00'),
(124, 154, '2011-07-07 19:49:52', '0000-00-00', '0000-00-00'),
(124, 155, '2011-07-07 19:49:52', '0000-00-00', '0000-00-00'),
(124, 156, '2011-07-07 19:49:52', '0000-00-00', '0000-00-00'),
(124, 157, '2011-07-07 19:49:52', '0000-00-00', '0000-00-00'),
(124, 158, '2011-07-07 19:49:52', '0000-00-00', '0000-00-00'),
(124, 159, '2011-07-07 19:49:52', '0000-00-00', '0000-00-00'),
(124, 160, '2011-07-07 19:49:52', '0000-00-00', '0000-00-00'),
(124, 161, '2011-07-07 19:49:52', '0000-00-00', '0000-00-00'),
(124, 173, '2011-07-07 19:49:52', '0000-00-00', '0000-00-00'),
(124, 174, '2011-07-07 19:49:52', '0000-00-00', '0000-00-00'),
(124, 175, '2011-07-07 19:49:52', '0000-00-00', '0000-00-00'),
(124, 176, '2011-07-07 19:49:52', '0000-00-00', '0000-00-00'),
(124, 177, '2011-07-07 19:49:52', '0000-00-00', '0000-00-00'),
(124, 356, '2011-07-07 19:49:52', '0000-00-00', '0000-00-00'),
(124, 357, '2011-07-07 19:49:52', '0000-00-00', '0000-00-00'),
(124, 358, '2011-07-07 19:49:52', '0000-00-00', '0000-00-00'),
(124, 359, '2011-07-07 19:49:52', '0000-00-00', '0000-00-00'),
(124, 360, '2011-07-07 19:49:52', '0000-00-00', '0000-00-00'),
(124, 361, '2011-07-07 19:49:52', '0000-00-00', '0000-00-00'),
(125, 152, '2011-07-07 19:49:52', '0000-00-00', '0000-00-00'),
(125, 153, '2011-07-07 19:49:52', '0000-00-00', '0000-00-00'),
(125, 154, '2011-07-07 19:49:52', '0000-00-00', '0000-00-00'),
(125, 155, '2011-07-07 19:49:52', '0000-00-00', '0000-00-00'),
(125, 156, '2011-07-07 19:49:52', '0000-00-00', '0000-00-00'),
(125, 157, '2011-07-07 19:49:52', '0000-00-00', '0000-00-00'),
(125, 158, '2011-07-07 19:49:52', '0000-00-00', '0000-00-00'),
(125, 159, '2011-07-07 19:49:52', '0000-00-00', '0000-00-00'),
(125, 160, '2011-07-07 19:49:52', '0000-00-00', '0000-00-00'),
(125, 161, '2011-07-07 19:49:52', '0000-00-00', '0000-00-00'),
(125, 173, '2011-07-07 19:49:52', '0000-00-00', '0000-00-00'),
(125, 174, '2011-07-07 19:49:52', '0000-00-00', '0000-00-00'),
(125, 175, '2011-07-07 19:49:52', '0000-00-00', '0000-00-00'),
(125, 176, '2011-07-07 19:49:52', '0000-00-00', '0000-00-00'),
(125, 177, '2011-07-07 19:49:52', '0000-00-00', '0000-00-00'),
(125, 356, '2011-07-07 19:49:52', '0000-00-00', '0000-00-00'),
(125, 357, '2011-07-07 19:49:52', '0000-00-00', '0000-00-00'),
(125, 358, '2011-07-07 19:49:52', '0000-00-00', '0000-00-00'),
(125, 359, '2011-07-07 19:49:52', '0000-00-00', '0000-00-00'),
(125, 360, '2011-07-07 19:49:52', '0000-00-00', '0000-00-00'),
(125, 361, '2011-07-07 19:49:52', '0000-00-00', '0000-00-00'),
(126, 345, '2011-07-07 19:49:52', '0000-00-00', '0000-00-00'),
(126, 346, '2011-07-07 19:49:52', '0000-00-00', '0000-00-00'),
(126, 347, '2011-07-07 19:49:52', '0000-00-00', '0000-00-00'),
(126, 348, '2011-07-07 19:49:52', '0000-00-00', '0000-00-00'),
(126, 412, '2011-07-07 19:49:52', '0000-00-00', '0000-00-00'),
(126, 413, '2011-07-07 19:49:52', '0000-00-00', '0000-00-00'),
(126, 414, '2011-07-07 19:49:52', '0000-00-00', '0000-00-00'),
(126, 415, '2011-07-07 19:49:52', '0000-00-00', '0000-00-00'),
(127, 412, '2011-07-07 19:49:52', '0000-00-00', '0000-00-00'),
(127, 413, '2011-07-07 19:49:52', '0000-00-00', '0000-00-00'),
(127, 414, '2011-07-07 19:49:52', '0000-00-00', '0000-00-00'),
(127, 415, '2011-07-07 19:49:52', '0000-00-00', '0000-00-00'),
(128, 367, '2011-07-07 19:49:52', '0000-00-00', '0000-00-00'),
(128, 368, '2011-07-07 19:49:52', '0000-00-00', '0000-00-00'),
(128, 369, '2011-07-07 19:49:52', '0000-00-00', '0000-00-00'),
(128, 370, '2011-07-07 19:49:52', '0000-00-00', '0000-00-00'),
(128, 371, '2011-07-07 19:49:52', '0000-00-00', '0000-00-00'),
(128, 401, '2011-07-07 19:49:52', '0000-00-00', '0000-00-00'),
(128, 402, '2011-07-07 19:49:52', '0000-00-00', '0000-00-00'),
(128, 403, '2011-07-07 19:49:52', '0000-00-00', '0000-00-00'),
(129, 234, '2011-07-07 19:49:52', '0000-00-00', '0000-00-00'),
(129, 235, '2011-07-07 19:49:52', '0000-00-00', '0000-00-00'),
(129, 236, '2011-07-07 19:49:52', '0000-00-00', '0000-00-00'),
(129, 237, '2011-07-07 19:49:52', '0000-00-00', '0000-00-00'),
(129, 238, '2011-07-07 19:49:52', '0000-00-00', '0000-00-00'),
(129, 239, '2011-07-07 19:49:52', '0000-00-00', '0000-00-00'),
(130, 134, '2011-07-07 19:49:52', '0000-00-00', '0000-00-00'),
(130, 135, '2011-07-07 19:49:52', '0000-00-00', '0000-00-00'),
(130, 136, '2011-07-07 19:49:52', '0000-00-00', '0000-00-00'),
(130, 332, '2011-07-07 19:49:52', '0000-00-00', '0000-00-00'),
(130, 333, '2011-07-07 19:49:52', '0000-00-00', '0000-00-00'),
(130, 334, '2011-07-07 19:49:52', '0000-00-00', '0000-00-00'),
(131, 332, '2011-07-07 19:49:52', '0000-00-00', '0000-00-00'),
(131, 333, '2011-07-07 19:49:52', '0000-00-00', '0000-00-00'),
(131, 334, '2011-07-07 19:49:52', '0000-00-00', '0000-00-00'),
(132, 367, '2011-07-07 19:49:52', '0000-00-00', '0000-00-00'),
(132, 368, '2011-07-07 19:49:52', '0000-00-00', '0000-00-00'),
(132, 369, '2011-07-07 19:49:52', '0000-00-00', '0000-00-00'),
(132, 370, '2011-07-07 19:49:52', '0000-00-00', '0000-00-00'),
(132, 371, '2011-07-07 19:49:52', '0000-00-00', '0000-00-00'),
(132, 378, '2011-07-07 19:49:52', '0000-00-00', '0000-00-00'),
(132, 379, '2011-07-07 19:49:52', '0000-00-00', '0000-00-00'),
(132, 380, '2011-07-07 19:49:52', '0000-00-00', '0000-00-00'),
(132, 381, '2011-07-07 19:49:52', '0000-00-00', '0000-00-00'),
(132, 382, '2011-07-07 19:49:52', '0000-00-00', '0000-00-00'),
(132, 383, '2011-07-07 19:49:52', '0000-00-00', '0000-00-00'),
(133, 324, '2011-07-07 19:49:52', '0000-00-00', '0000-00-00'),
(133, 325, '2011-07-07 19:49:52', '0000-00-00', '0000-00-00'),
(133, 326, '2011-07-07 19:49:52', '0000-00-00', '0000-00-00'),
(133, 327, '2011-07-07 19:49:52', '0000-00-00', '0000-00-00'),
(135, 27, '2011-07-07 19:49:52', '0000-00-00', '0000-00-00'),
(135, 28, '2011-07-07 19:49:52', '0000-00-00', '0000-00-00'),
(135, 29, '2011-07-07 19:49:52', '0000-00-00', '0000-00-00'),
(135, 30, '2011-07-07 19:49:52', '0000-00-00', '0000-00-00'),
(135, 31, '2011-07-07 19:49:52', '0000-00-00', '0000-00-00'),
(135, 32, '2011-07-07 19:49:52', '0000-00-00', '0000-00-00'),
(135, 50, '2011-07-07 19:49:52', '0000-00-00', '0000-00-00'),
(135, 51, '2011-07-07 19:49:52', '0000-00-00', '0000-00-00'),
(135, 52, '2011-07-07 19:49:52', '0000-00-00', '0000-00-00'),
(135, 53, '2011-07-07 19:49:52', '0000-00-00', '0000-00-00'),
(135, 54, '2011-07-07 19:49:52', '0000-00-00', '0000-00-00'),
(135, 55, '2011-07-07 19:49:52', '0000-00-00', '0000-00-00'),
(135, 56, '2011-07-07 19:49:52', '0000-00-00', '0000-00-00'),
(135, 57, '2011-07-07 19:49:52', '0000-00-00', '0000-00-00'),
(135, 101, '2011-07-07 19:49:52', '0000-00-00', '0000-00-00'),
(135, 102, '2011-07-07 19:49:52', '0000-00-00', '0000-00-00'),
(135, 103, '2011-07-07 19:49:52', '0000-00-00', '0000-00-00'),
(135, 104, '2011-07-07 19:49:52', '0000-00-00', '0000-00-00'),
(136, 37, '2011-07-07 19:49:52', '0000-00-00', '0000-00-00'),
(136, 38, '2011-07-07 19:49:52', '0000-00-00', '0000-00-00'),
(136, 39, '2011-07-07 19:49:52', '0000-00-00', '0000-00-00'),
(137, 105, '2011-07-07 19:49:52', '0000-00-00', '0000-00-00'),
(137, 106, '2011-07-07 19:49:52', '0000-00-00', '0000-00-00'),
(137, 107, '2011-07-07 19:49:52', '0000-00-00', '0000-00-00'),
(137, 108, '2011-07-07 19:49:52', '0000-00-00', '0000-00-00'),
(137, 188, '2011-07-07 19:49:52', '0000-00-00', '0000-00-00'),
(137, 189, '2011-07-07 19:49:52', '0000-00-00', '0000-00-00'),
(137, 190, '2011-07-07 19:49:52', '0000-00-00', '0000-00-00'),
(137, 191, '2011-07-07 19:49:52', '0000-00-00', '0000-00-00'),
(137, 192, '2011-07-07 19:49:52', '0000-00-00', '0000-00-00'),
(137, 193, '2011-07-07 19:49:52', '0000-00-00', '0000-00-00'),
(138, 96, '2011-07-07 19:49:52', '0000-00-00', '0000-00-00'),
(138, 97, '2011-07-07 19:49:52', '0000-00-00', '0000-00-00'),
(138, 98, '2011-07-07 19:49:52', '0000-00-00', '0000-00-00'),
(138, 99, '2011-07-07 19:49:52', '0000-00-00', '0000-00-00'),
(138, 100, '2011-07-07 19:49:52', '0000-00-00', '0000-00-00'),
(138, 116, '2011-07-07 19:49:52', '0000-00-00', '0000-00-00'),
(138, 117, '2011-07-07 19:49:52', '0000-00-00', '0000-00-00'),
(138, 118, '2011-07-07 19:49:52', '0000-00-00', '0000-00-00'),
(138, 119, '2011-07-07 19:49:52', '0000-00-00', '0000-00-00'),
(138, 120, '2011-07-07 19:49:52', '0000-00-00', '0000-00-00'),
(138, 121, '2011-07-07 19:49:52', '0000-00-00', '0000-00-00'),
(138, 122, '2011-07-07 19:49:52', '0000-00-00', '0000-00-00'),
(138, 123, '2011-07-07 19:49:52', '0000-00-00', '0000-00-00'),
(138, 124, '2011-07-07 19:49:52', '0000-00-00', '0000-00-00'),
(138, 125, '2011-07-07 19:49:52', '0000-00-00', '0000-00-00'),
(138, 126, '2011-07-07 19:49:52', '0000-00-00', '0000-00-00'),
(138, 127, '2011-07-07 19:49:52', '0000-00-00', '0000-00-00'),
(138, 128, '2011-07-07 19:49:52', '0000-00-00', '0000-00-00'),
(138, 129, '2011-07-07 19:49:52', '0000-00-00', '0000-00-00'),
(138, 130, '2011-07-07 19:49:52', '0000-00-00', '0000-00-00'),
(138, 131, '2011-07-07 19:49:52', '0000-00-00', '0000-00-00'),
(138, 132, '2011-07-07 19:49:52', '0000-00-00', '0000-00-00'),
(138, 133, '2011-07-07 19:49:52', '0000-00-00', '0000-00-00'),
(139, 188, '2011-07-07 19:49:52', '0000-00-00', '0000-00-00'),
(139, 189, '2011-07-07 19:49:52', '0000-00-00', '0000-00-00'),
(139, 190, '2011-07-07 19:49:52', '0000-00-00', '0000-00-00'),
(139, 191, '2011-07-07 19:49:52', '0000-00-00', '0000-00-00'),
(139, 192, '2011-07-07 19:49:52', '0000-00-00', '0000-00-00'),
(139, 193, '2011-07-07 19:49:52', '0000-00-00', '0000-00-00'),
(139, 194, '2011-07-07 19:49:52', '0000-00-00', '0000-00-00'),
(139, 195, '2011-07-07 19:49:52', '0000-00-00', '0000-00-00'),
(139, 196, '2011-07-07 19:49:52', '0000-00-00', '0000-00-00'),
(139, 197, '2011-07-07 19:49:52', '0000-00-00', '0000-00-00'),
(139, 198, '2011-07-07 19:49:52', '0000-00-00', '0000-00-00'),
(139, 199, '2011-07-07 19:49:52', '0000-00-00', '0000-00-00'),
(139, 200, '2011-07-07 19:49:52', '0000-00-00', '0000-00-00'),
(139, 201, '2011-07-07 19:49:52', '0000-00-00', '0000-00-00'),
(139, 202, '2011-07-07 19:49:52', '0000-00-00', '0000-00-00'),
(139, 203, '2011-07-07 19:49:52', '0000-00-00', '0000-00-00'),
(139, 356, '2011-07-07 19:49:52', '0000-00-00', '0000-00-00'),
(139, 357, '2011-07-07 19:49:52', '0000-00-00', '0000-00-00'),
(139, 358, '2011-07-07 19:49:52', '0000-00-00', '0000-00-00'),
(139, 359, '2011-07-07 19:49:52', '0000-00-00', '0000-00-00'),
(139, 360, '2011-07-07 19:49:52', '0000-00-00', '0000-00-00'),
(139, 361, '2011-07-07 19:49:52', '0000-00-00', '0000-00-00'),
(139, 367, '2011-07-07 19:49:52', '0000-00-00', '0000-00-00'),
(139, 368, '2011-07-07 19:49:52', '0000-00-00', '0000-00-00'),
(139, 369, '2011-07-07 19:49:52', '0000-00-00', '0000-00-00'),
(139, 370, '2011-07-07 19:49:52', '0000-00-00', '0000-00-00'),
(139, 371, '2011-07-07 19:49:52', '0000-00-00', '0000-00-00'),
(139, 372, '2011-07-07 19:49:52', '0000-00-00', '0000-00-00'),
(139, 373, '2011-07-07 19:49:52', '0000-00-00', '0000-00-00'),
(139, 374, '2011-07-07 19:49:52', '0000-00-00', '0000-00-00'),
(139, 375, '2011-07-07 19:49:52', '0000-00-00', '0000-00-00'),
(139, 376, '2011-07-07 19:49:52', '0000-00-00', '0000-00-00'),
(139, 377, '2011-07-07 19:49:52', '0000-00-00', '0000-00-00'),
(140, 19, '2011-07-07 19:49:52', '0000-00-00', '0000-00-00'),
(140, 20, '2011-07-07 19:49:52', '0000-00-00', '0000-00-00'),
(140, 21, '2011-07-07 19:49:52', '0000-00-00', '0000-00-00'),
(140, 22, '2011-07-07 19:49:52', '0000-00-00', '0000-00-00'),
(140, 23, '2011-07-07 19:49:52', '0000-00-00', '0000-00-00'),
(140, 24, '2011-07-07 19:49:52', '0000-00-00', '0000-00-00'),
(140, 25, '2011-07-07 19:49:52', '0000-00-00', '0000-00-00'),
(140, 26, '2011-07-07 19:49:52', '0000-00-00', '0000-00-00'),
(140, 33, '2011-07-07 19:49:52', '0000-00-00', '0000-00-00'),
(140, 34, '2011-07-07 19:49:52', '0000-00-00', '0000-00-00'),
(140, 35, '2011-07-07 19:49:52', '0000-00-00', '0000-00-00'),
(140, 36, '2011-07-07 19:49:52', '0000-00-00', '0000-00-00'),
(140, 40, '2011-07-07 19:49:52', '0000-00-00', '0000-00-00'),
(140, 41, '2011-07-07 19:49:52', '0000-00-00', '0000-00-00'),
(140, 42, '2011-07-07 19:49:52', '0000-00-00', '0000-00-00'),
(140, 43, '2011-07-07 19:49:52', '0000-00-00', '0000-00-00'),
(140, 44, '2011-07-07 19:49:52', '0000-00-00', '0000-00-00'),
(140, 62, '2011-07-07 19:49:52', '0000-00-00', '0000-00-00'),
(140, 63, '2011-07-07 19:49:52', '0000-00-00', '0000-00-00'),
(140, 64, '2011-07-07 19:49:52', '0000-00-00', '0000-00-00'),
(140, 65, '2011-07-07 19:49:52', '0000-00-00', '0000-00-00'),
(140, 66, '2011-07-07 19:49:52', '0000-00-00', '0000-00-00'),
(140, 67, '2011-07-07 19:49:52', '0000-00-00', '0000-00-00'),
(140, 68, '2011-07-07 19:49:52', '0000-00-00', '0000-00-00'),
(140, 69, '2011-07-07 19:49:52', '0000-00-00', '0000-00-00'),
(140, 70, '2011-07-07 19:49:52', '0000-00-00', '0000-00-00'),
(140, 71, '2011-07-07 19:49:52', '0000-00-00', '0000-00-00'),
(140, 72, '2011-07-07 19:49:52', '0000-00-00', '0000-00-00'),
(140, 73, '2011-07-07 19:49:52', '0000-00-00', '0000-00-00'),
(140, 74, '2011-07-07 19:49:52', '0000-00-00', '0000-00-00'),
(140, 75, '2011-07-07 19:49:52', '0000-00-00', '0000-00-00'),
(140, 76, '2011-07-07 19:49:52', '0000-00-00', '0000-00-00'),
(140, 77, '2011-07-07 19:49:52', '0000-00-00', '0000-00-00'),
(140, 78, '2011-07-07 19:49:52', '0000-00-00', '0000-00-00'),
(140, 79, '2011-07-07 19:49:52', '0000-00-00', '0000-00-00'),
(140, 80, '2011-07-07 19:49:52', '0000-00-00', '0000-00-00'),
(140, 81, '2011-07-07 19:49:52', '0000-00-00', '0000-00-00'),
(140, 82, '2011-07-07 19:49:52', '0000-00-00', '0000-00-00'),
(140, 83, '2011-07-07 19:49:52', '0000-00-00', '0000-00-00'),
(140, 84, '2011-07-07 19:49:52', '0000-00-00', '0000-00-00'),
(140, 85, '2011-07-07 19:49:52', '0000-00-00', '0000-00-00'),
(140, 86, '2011-07-07 19:49:52', '0000-00-00', '0000-00-00'),
(140, 87, '2011-07-07 19:49:52', '0000-00-00', '0000-00-00'),
(140, 88, '2011-07-07 19:49:52', '0000-00-00', '0000-00-00'),
(140, 89, '2011-07-07 19:49:52', '0000-00-00', '0000-00-00'),
(140, 90, '2011-07-07 19:49:52', '0000-00-00', '0000-00-00'),
(140, 91, '2011-07-07 19:49:52', '0000-00-00', '0000-00-00'),
(140, 92, '2011-07-07 19:49:52', '0000-00-00', '0000-00-00'),
(140, 93, '2011-07-07 19:49:52', '0000-00-00', '0000-00-00'),
(140, 94, '2011-07-07 19:49:52', '0000-00-00', '0000-00-00'),
(140, 95, '2011-07-07 19:49:52', '0000-00-00', '0000-00-00'),
(141, 112, '2011-07-07 19:49:52', '0000-00-00', '0000-00-00'),
(141, 113, '2011-07-07 19:49:52', '0000-00-00', '0000-00-00'),
(141, 114, '2011-07-07 19:49:52', '0000-00-00', '0000-00-00'),
(141, 115, '2011-07-07 19:49:52', '0000-00-00', '0000-00-00'),
(141, 362, '2011-07-07 19:49:52', '0000-00-00', '0000-00-00'),
(141, 363, '2011-07-07 19:49:52', '0000-00-00', '0000-00-00'),
(141, 364, '2011-07-07 19:49:52', '0000-00-00', '0000-00-00'),
(141, 365, '2011-07-07 19:49:52', '0000-00-00', '0000-00-00'),
(141, 366, '2011-07-07 19:49:52', '0000-00-00', '0000-00-00'),
(142, 40, '2011-07-07 19:49:52', '0000-00-00', '0000-00-00'),
(142, 41, '2011-07-07 19:49:52', '0000-00-00', '0000-00-00'),
(142, 42, '2011-07-07 19:49:52', '0000-00-00', '0000-00-00'),
(142, 43, '2011-07-07 19:49:52', '0000-00-00', '0000-00-00'),
(142, 44, '2011-07-07 19:49:52', '0000-00-00', '0000-00-00'),
(143, 134, '2011-07-07 19:49:52', '0000-00-00', '0000-00-00'),
(143, 135, '2011-07-07 19:49:52', '0000-00-00', '0000-00-00'),
(143, 136, '2011-07-07 19:49:52', '0000-00-00', '0000-00-00'),
(144, 105, '2011-07-07 19:49:52', '0000-00-00', '0000-00-00'),
(144, 106, '2011-07-07 19:49:52', '0000-00-00', '0000-00-00'),
(144, 107, '2011-07-07 19:49:52', '0000-00-00', '0000-00-00'),
(144, 108, '2011-07-07 19:49:52', '0000-00-00', '0000-00-00'),
(144, 109, '2011-07-07 19:49:52', '0000-00-00', '0000-00-00'),
(144, 110, '2011-07-07 19:49:52', '0000-00-00', '0000-00-00'),
(144, 111, '2011-07-07 19:49:52', '0000-00-00', '0000-00-00'),
(144, 266, '2011-07-07 19:49:52', '0000-00-00', '0000-00-00'),
(144, 267, '2011-07-07 19:49:52', '0000-00-00', '0000-00-00'),
(144, 268, '2011-07-07 19:49:52', '0000-00-00', '0000-00-00'),
(144, 269, '2011-07-07 19:49:52', '0000-00-00', '0000-00-00'),
(144, 270, '2011-07-07 19:49:52', '0000-00-00', '0000-00-00'),
(144, 271, '2011-07-07 19:49:52', '0000-00-00', '0000-00-00'),
(144, 272, '2011-07-07 19:49:52', '0000-00-00', '0000-00-00'),
(144, 273, '2011-07-07 19:49:52', '0000-00-00', '0000-00-00'),
(144, 274, '2011-07-07 19:49:52', '0000-00-00', '0000-00-00'),
(144, 275, '2011-07-07 19:49:52', '0000-00-00', '0000-00-00');
INSERT INTO `security_actionrisques` (`idReco`, `id_actionrisques`, `date_debut`, `date_modif`, `date_cloture`) VALUES
(144, 276, '2011-07-07 19:49:52', '0000-00-00', '0000-00-00'),
(144, 307, '2011-07-07 19:49:52', '0000-00-00', '0000-00-00'),
(144, 308, '2011-07-07 19:49:52', '0000-00-00', '0000-00-00'),
(144, 309, '2011-07-07 19:49:52', '0000-00-00', '0000-00-00'),
(144, 310, '2011-07-07 19:49:52', '0000-00-00', '0000-00-00'),
(144, 311, '2011-07-07 19:49:52', '0000-00-00', '0000-00-00'),
(144, 312, '2011-07-07 19:49:52', '0000-00-00', '0000-00-00'),
(144, 313, '2011-07-07 19:49:52', '0000-00-00', '0000-00-00'),
(144, 345, '2011-07-07 19:49:52', '0000-00-00', '0000-00-00'),
(144, 346, '2011-07-07 19:49:52', '0000-00-00', '0000-00-00'),
(144, 347, '2011-07-07 19:49:52', '0000-00-00', '0000-00-00'),
(144, 348, '2011-07-07 19:49:52', '0000-00-00', '0000-00-00'),
(145, 109, '2011-07-07 19:49:52', '0000-00-00', '0000-00-00'),
(145, 110, '2011-07-07 19:49:52', '0000-00-00', '0000-00-00'),
(145, 111, '2011-07-07 19:49:52', '0000-00-00', '0000-00-00'),
(145, 188, '2011-07-07 19:49:52', '0000-00-00', '0000-00-00'),
(145, 189, '2011-07-07 19:49:52', '0000-00-00', '0000-00-00'),
(145, 190, '2011-07-07 19:49:52', '0000-00-00', '0000-00-00'),
(145, 191, '2011-07-07 19:49:52', '0000-00-00', '0000-00-00'),
(145, 192, '2011-07-07 19:49:52', '0000-00-00', '0000-00-00'),
(145, 193, '2011-07-07 19:49:52', '0000-00-00', '0000-00-00'),
(145, 307, '2011-07-07 19:49:52', '0000-00-00', '0000-00-00'),
(145, 308, '2011-07-07 19:49:52', '0000-00-00', '0000-00-00'),
(145, 309, '2011-07-07 19:49:52', '0000-00-00', '0000-00-00'),
(145, 310, '2011-07-07 19:49:52', '0000-00-00', '0000-00-00'),
(145, 311, '2011-07-07 19:49:52', '0000-00-00', '0000-00-00'),
(145, 312, '2011-07-07 19:49:52', '0000-00-00', '0000-00-00'),
(145, 313, '2011-07-07 19:49:52', '0000-00-00', '0000-00-00'),
(145, 317, '2011-07-07 19:49:52', '0000-00-00', '0000-00-00'),
(145, 318, '2011-07-07 19:49:52', '0000-00-00', '0000-00-00'),
(145, 319, '2011-07-07 19:49:52', '0000-00-00', '0000-00-00'),
(145, 320, '2011-07-07 19:49:52', '0000-00-00', '0000-00-00'),
(145, 321, '2011-07-07 19:49:52', '0000-00-00', '0000-00-00'),
(145, 335, '2011-07-07 19:49:52', '0000-00-00', '0000-00-00'),
(145, 336, '2011-07-07 19:49:52', '0000-00-00', '0000-00-00'),
(145, 337, '2011-07-07 19:49:52', '0000-00-00', '0000-00-00'),
(145, 338, '2011-07-07 19:49:52', '0000-00-00', '0000-00-00'),
(145, 339, '2011-07-07 19:49:52', '0000-00-00', '0000-00-00'),
(145, 340, '2011-07-07 19:49:52', '0000-00-00', '0000-00-00'),
(145, 341, '2011-07-07 19:49:52', '0000-00-00', '0000-00-00'),
(145, 356, '2011-07-07 19:49:52', '0000-00-00', '0000-00-00'),
(145, 357, '2011-07-07 19:49:52', '0000-00-00', '0000-00-00'),
(145, 358, '2011-07-07 19:49:52', '0000-00-00', '0000-00-00'),
(145, 359, '2011-07-07 19:49:52', '0000-00-00', '0000-00-00'),
(145, 360, '2011-07-07 19:49:52', '0000-00-00', '0000-00-00'),
(145, 361, '2011-07-07 19:49:52', '0000-00-00', '0000-00-00'),
(145, 367, '2011-07-07 19:49:52', '0000-00-00', '0000-00-00'),
(145, 368, '2011-07-07 19:49:52', '0000-00-00', '0000-00-00'),
(145, 369, '2011-07-07 19:49:52', '0000-00-00', '0000-00-00'),
(145, 370, '2011-07-07 19:49:52', '0000-00-00', '0000-00-00'),
(145, 371, '2011-07-07 19:49:52', '0000-00-00', '0000-00-00'),
(146, 109, '2011-07-07 19:49:52', '0000-00-00', '0000-00-00'),
(146, 110, '2011-07-07 19:49:52', '0000-00-00', '0000-00-00'),
(146, 111, '2011-07-07 19:49:52', '0000-00-00', '0000-00-00'),
(146, 372, '2011-07-07 19:49:52', '0000-00-00', '0000-00-00'),
(146, 373, '2011-07-07 19:49:52', '0000-00-00', '0000-00-00'),
(146, 374, '2011-07-07 19:49:52', '0000-00-00', '0000-00-00'),
(146, 375, '2011-07-07 19:49:52', '0000-00-00', '0000-00-00'),
(146, 376, '2011-07-07 19:49:52', '0000-00-00', '0000-00-00'),
(146, 377, '2011-07-07 19:49:52', '0000-00-00', '0000-00-00'),
(147, 121, '2011-07-07 19:49:52', '0000-00-00', '0000-00-00'),
(147, 122, '2011-07-07 19:49:52', '0000-00-00', '0000-00-00'),
(147, 123, '2011-07-07 19:49:52', '0000-00-00', '0000-00-00'),
(147, 124, '2011-07-07 19:49:52', '0000-00-00', '0000-00-00'),
(147, 252, '2011-07-07 19:49:52', '0000-00-00', '0000-00-00'),
(147, 253, '2011-07-07 19:49:52', '0000-00-00', '0000-00-00'),
(147, 254, '2011-07-07 19:49:52', '0000-00-00', '0000-00-00'),
(147, 255, '2011-07-07 19:49:52', '0000-00-00', '0000-00-00'),
(147, 256, '2011-07-07 19:49:52', '0000-00-00', '0000-00-00'),
(147, 257, '2011-07-07 19:49:52', '0000-00-00', '0000-00-00'),
(147, 272, '2011-07-07 19:49:52', '0000-00-00', '0000-00-00'),
(147, 273, '2011-07-07 19:49:52', '0000-00-00', '0000-00-00'),
(147, 274, '2011-07-07 19:49:52', '0000-00-00', '0000-00-00'),
(147, 275, '2011-07-07 19:49:52', '0000-00-00', '0000-00-00'),
(147, 276, '2011-07-07 19:49:52', '0000-00-00', '0000-00-00'),
(148, 121, '2011-07-07 19:49:52', '0000-00-00', '0000-00-00'),
(148, 122, '2011-07-07 19:49:52', '0000-00-00', '0000-00-00'),
(148, 123, '2011-07-07 19:49:52', '0000-00-00', '0000-00-00'),
(148, 124, '2011-07-07 19:49:52', '0000-00-00', '0000-00-00'),
(148, 228, '2011-07-07 19:49:52', '0000-00-00', '0000-00-00'),
(148, 229, '2011-07-07 19:49:52', '0000-00-00', '0000-00-00'),
(148, 230, '2011-07-07 19:49:52', '0000-00-00', '0000-00-00'),
(148, 231, '2011-07-07 19:49:52', '0000-00-00', '0000-00-00'),
(148, 232, '2011-07-07 19:49:52', '0000-00-00', '0000-00-00'),
(148, 233, '2011-07-07 19:49:52', '0000-00-00', '0000-00-00'),
(148, 246, '2011-07-07 19:49:52', '0000-00-00', '0000-00-00'),
(148, 247, '2011-07-07 19:49:52', '0000-00-00', '0000-00-00'),
(148, 248, '2011-07-07 19:49:52', '0000-00-00', '0000-00-00'),
(148, 249, '2011-07-07 19:49:52', '0000-00-00', '0000-00-00'),
(148, 250, '2011-07-07 19:49:52', '0000-00-00', '0000-00-00'),
(148, 251, '2011-07-07 19:49:52', '0000-00-00', '0000-00-00'),
(148, 266, '2011-07-07 19:49:52', '0000-00-00', '0000-00-00'),
(148, 267, '2011-07-07 19:49:52', '0000-00-00', '0000-00-00'),
(148, 268, '2011-07-07 19:49:52', '0000-00-00', '0000-00-00'),
(148, 269, '2011-07-07 19:49:52', '0000-00-00', '0000-00-00'),
(148, 270, '2011-07-07 19:49:52', '0000-00-00', '0000-00-00'),
(148, 271, '2011-07-07 19:49:52', '0000-00-00', '0000-00-00'),
(148, 307, '2011-07-07 19:49:52', '0000-00-00', '0000-00-00'),
(148, 308, '2011-07-07 19:49:52', '0000-00-00', '0000-00-00'),
(148, 309, '2011-07-07 19:49:52', '0000-00-00', '0000-00-00'),
(148, 310, '2011-07-07 19:49:52', '0000-00-00', '0000-00-00'),
(148, 311, '2011-07-07 19:49:52', '0000-00-00', '0000-00-00'),
(148, 312, '2011-07-07 19:49:52', '0000-00-00', '0000-00-00'),
(148, 313, '2011-07-07 19:49:52', '0000-00-00', '0000-00-00'),
(148, 335, '2011-07-07 19:49:52', '0000-00-00', '0000-00-00'),
(148, 336, '2011-07-07 19:49:52', '0000-00-00', '0000-00-00'),
(148, 337, '2011-07-07 19:49:52', '0000-00-00', '0000-00-00'),
(148, 338, '2011-07-07 19:49:52', '0000-00-00', '0000-00-00'),
(148, 339, '2011-07-07 19:49:52', '0000-00-00', '0000-00-00'),
(148, 340, '2011-07-07 19:49:52', '0000-00-00', '0000-00-00'),
(148, 341, '2011-07-07 19:49:52', '0000-00-00', '0000-00-00'),
(148, 345, '2011-07-07 19:49:52', '0000-00-00', '0000-00-00'),
(148, 346, '2011-07-07 19:49:52', '0000-00-00', '0000-00-00'),
(148, 347, '2011-07-07 19:49:52', '0000-00-00', '0000-00-00'),
(148, 348, '2011-07-07 19:49:52', '0000-00-00', '0000-00-00'),
(149, 116, '2011-07-07 19:49:52', '0000-00-00', '0000-00-00'),
(149, 117, '2011-07-07 19:49:52', '0000-00-00', '0000-00-00'),
(149, 118, '2011-07-07 19:49:52', '0000-00-00', '0000-00-00'),
(149, 119, '2011-07-07 19:49:52', '0000-00-00', '0000-00-00'),
(149, 120, '2011-07-07 19:49:52', '0000-00-00', '0000-00-00'),
(149, 121, '2011-07-07 19:49:52', '0000-00-00', '0000-00-00'),
(149, 122, '2011-07-07 19:49:52', '0000-00-00', '0000-00-00'),
(149, 123, '2011-07-07 19:49:52', '0000-00-00', '0000-00-00'),
(149, 124, '2011-07-07 19:49:52', '0000-00-00', '0000-00-00'),
(149, 152, '2011-07-07 19:49:52', '0000-00-00', '0000-00-00'),
(149, 153, '2011-07-07 19:49:52', '0000-00-00', '0000-00-00'),
(149, 154, '2011-07-07 19:49:52', '0000-00-00', '0000-00-00'),
(149, 155, '2011-07-07 19:49:52', '0000-00-00', '0000-00-00'),
(149, 156, '2011-07-07 19:49:52', '0000-00-00', '0000-00-00'),
(149, 173, '2011-07-07 19:49:52', '0000-00-00', '0000-00-00'),
(149, 174, '2011-07-07 19:49:52', '0000-00-00', '0000-00-00'),
(149, 175, '2011-07-07 19:49:52', '0000-00-00', '0000-00-00'),
(149, 176, '2011-07-07 19:49:52', '0000-00-00', '0000-00-00'),
(149, 177, '2011-07-07 19:49:52', '0000-00-00', '0000-00-00'),
(149, 305, '2011-07-07 19:49:52', '0000-00-00', '0000-00-00'),
(149, 306, '2011-07-07 19:49:52', '0000-00-00', '0000-00-00'),
(152, 252, '2011-07-07 19:49:52', '0000-00-00', '0000-00-00'),
(152, 253, '2011-07-07 19:49:52', '0000-00-00', '0000-00-00'),
(152, 254, '2011-07-07 19:49:52', '0000-00-00', '0000-00-00'),
(152, 255, '2011-07-07 19:49:52', '0000-00-00', '0000-00-00'),
(152, 256, '2011-07-07 19:49:52', '0000-00-00', '0000-00-00'),
(152, 257, '2011-07-07 19:49:52', '0000-00-00', '0000-00-00'),
(152, 272, '2011-07-07 19:49:52', '0000-00-00', '0000-00-00'),
(152, 273, '2011-07-07 19:49:52', '0000-00-00', '0000-00-00'),
(152, 274, '2011-07-07 19:49:52', '0000-00-00', '0000-00-00'),
(152, 275, '2011-07-07 19:49:52', '0000-00-00', '0000-00-00'),
(152, 276, '2011-07-07 19:49:52', '0000-00-00', '0000-00-00'),
(153, 252, '2011-07-07 19:49:52', '0000-00-00', '0000-00-00'),
(153, 253, '2011-07-07 19:49:52', '0000-00-00', '0000-00-00'),
(153, 254, '2011-07-07 19:49:52', '0000-00-00', '0000-00-00'),
(153, 255, '2011-07-07 19:49:52', '0000-00-00', '0000-00-00'),
(153, 256, '2011-07-07 19:49:52', '0000-00-00', '0000-00-00'),
(153, 257, '2011-07-07 19:49:52', '0000-00-00', '0000-00-00'),
(153, 272, '2011-07-07 19:49:52', '0000-00-00', '0000-00-00'),
(153, 273, '2011-07-07 19:49:52', '0000-00-00', '0000-00-00'),
(153, 274, '2011-07-07 19:49:52', '0000-00-00', '0000-00-00'),
(153, 275, '2011-07-07 19:49:52', '0000-00-00', '0000-00-00'),
(153, 276, '2011-07-07 19:49:52', '0000-00-00', '0000-00-00'),
(153, 317, '2011-07-07 19:49:52', '0000-00-00', '0000-00-00'),
(153, 318, '2011-07-07 19:49:52', '0000-00-00', '0000-00-00'),
(153, 319, '2011-07-07 19:49:52', '0000-00-00', '0000-00-00'),
(153, 320, '2011-07-07 19:49:52', '0000-00-00', '0000-00-00'),
(153, 321, '2011-07-07 19:49:52', '0000-00-00', '0000-00-00'),
(154, 228, '2011-07-07 19:49:52', '0000-00-00', '0000-00-00'),
(154, 229, '2011-07-07 19:49:52', '0000-00-00', '0000-00-00'),
(154, 230, '2011-07-07 19:49:52', '0000-00-00', '0000-00-00'),
(154, 231, '2011-07-07 19:49:52', '0000-00-00', '0000-00-00'),
(154, 232, '2011-07-07 19:49:52', '0000-00-00', '0000-00-00'),
(154, 233, '2011-07-07 19:49:52', '0000-00-00', '0000-00-00'),
(154, 246, '2011-07-07 19:49:52', '0000-00-00', '0000-00-00'),
(154, 247, '2011-07-07 19:49:52', '0000-00-00', '0000-00-00'),
(154, 248, '2011-07-07 19:49:52', '0000-00-00', '0000-00-00'),
(154, 249, '2011-07-07 19:49:52', '0000-00-00', '0000-00-00'),
(154, 250, '2011-07-07 19:49:52', '0000-00-00', '0000-00-00'),
(154, 251, '2011-07-07 19:49:52', '0000-00-00', '0000-00-00'),
(154, 266, '2011-07-07 19:49:52', '0000-00-00', '0000-00-00'),
(154, 267, '2011-07-07 19:49:52', '0000-00-00', '0000-00-00'),
(154, 268, '2011-07-07 19:49:52', '0000-00-00', '0000-00-00'),
(154, 269, '2011-07-07 19:49:52', '0000-00-00', '0000-00-00'),
(154, 270, '2011-07-07 19:49:52', '0000-00-00', '0000-00-00'),
(154, 271, '2011-07-07 19:49:52', '0000-00-00', '0000-00-00'),
(154, 307, '2011-07-07 19:49:52', '0000-00-00', '0000-00-00'),
(154, 308, '2011-07-07 19:49:52', '0000-00-00', '0000-00-00'),
(154, 309, '2011-07-07 19:49:52', '0000-00-00', '0000-00-00'),
(154, 310, '2011-07-07 19:49:52', '0000-00-00', '0000-00-00'),
(154, 311, '2011-07-07 19:49:52', '0000-00-00', '0000-00-00'),
(154, 312, '2011-07-07 19:49:52', '0000-00-00', '0000-00-00'),
(154, 313, '2011-07-07 19:49:52', '0000-00-00', '0000-00-00'),
(155, 228, '2011-07-07 19:49:52', '0000-00-00', '0000-00-00'),
(155, 229, '2011-07-07 19:49:52', '0000-00-00', '0000-00-00'),
(155, 230, '2011-07-07 19:49:52', '0000-00-00', '0000-00-00'),
(155, 231, '2011-07-07 19:49:52', '0000-00-00', '0000-00-00'),
(155, 232, '2011-07-07 19:49:52', '0000-00-00', '0000-00-00'),
(155, 233, '2011-07-07 19:49:52', '0000-00-00', '0000-00-00'),
(155, 246, '2011-07-07 19:49:52', '0000-00-00', '0000-00-00'),
(155, 247, '2011-07-07 19:49:52', '0000-00-00', '0000-00-00'),
(155, 248, '2011-07-07 19:49:52', '0000-00-00', '0000-00-00'),
(155, 249, '2011-07-07 19:49:52', '0000-00-00', '0000-00-00'),
(155, 250, '2011-07-07 19:49:52', '0000-00-00', '0000-00-00'),
(155, 251, '2011-07-07 19:49:52', '0000-00-00', '0000-00-00'),
(155, 266, '2011-07-07 19:49:52', '0000-00-00', '0000-00-00'),
(155, 267, '2011-07-07 19:49:52', '0000-00-00', '0000-00-00'),
(155, 268, '2011-07-07 19:49:52', '0000-00-00', '0000-00-00'),
(155, 269, '2011-07-07 19:49:52', '0000-00-00', '0000-00-00'),
(155, 270, '2011-07-07 19:49:52', '0000-00-00', '0000-00-00'),
(155, 271, '2011-07-07 19:49:52', '0000-00-00', '0000-00-00'),
(155, 307, '2011-07-07 19:49:52', '0000-00-00', '0000-00-00'),
(155, 308, '2011-07-07 19:49:52', '0000-00-00', '0000-00-00'),
(155, 309, '2011-07-07 19:49:52', '0000-00-00', '0000-00-00'),
(155, 310, '2011-07-07 19:49:52', '0000-00-00', '0000-00-00'),
(155, 311, '2011-07-07 19:49:52', '0000-00-00', '0000-00-00'),
(155, 312, '2011-07-07 19:49:52', '0000-00-00', '0000-00-00'),
(155, 313, '2011-07-07 19:49:52', '0000-00-00', '0000-00-00'),
(156, 234, '2011-07-07 19:49:52', '0000-00-00', '0000-00-00'),
(156, 235, '2011-07-07 19:49:52', '0000-00-00', '0000-00-00'),
(156, 236, '2011-07-07 19:49:52', '0000-00-00', '0000-00-00'),
(156, 237, '2011-07-07 19:49:52', '0000-00-00', '0000-00-00'),
(156, 238, '2011-07-07 19:49:52', '0000-00-00', '0000-00-00'),
(156, 239, '2011-07-07 19:49:52', '0000-00-00', '0000-00-00'),
(156, 240, '2011-07-07 19:49:52', '0000-00-00', '0000-00-00'),
(156, 241, '2011-07-07 19:49:52', '0000-00-00', '0000-00-00'),
(156, 242, '2011-07-07 19:49:52', '0000-00-00', '0000-00-00'),
(156, 243, '2011-07-07 19:49:52', '0000-00-00', '0000-00-00'),
(156, 244, '2011-07-07 19:49:52', '0000-00-00', '0000-00-00'),
(156, 245, '2011-07-07 19:49:52', '0000-00-00', '0000-00-00'),
(156, 246, '2011-07-07 19:49:52', '0000-00-00', '0000-00-00'),
(156, 247, '2011-07-07 19:49:52', '0000-00-00', '0000-00-00'),
(156, 248, '2011-07-07 19:49:52', '0000-00-00', '0000-00-00'),
(156, 249, '2011-07-07 19:49:52', '0000-00-00', '0000-00-00'),
(156, 250, '2011-07-07 19:49:52', '0000-00-00', '0000-00-00'),
(156, 251, '2011-07-07 19:49:52', '0000-00-00', '0000-00-00'),
(157, 204, '2011-07-07 19:49:52', '0000-00-00', '0000-00-00'),
(157, 205, '2011-07-07 19:49:52', '0000-00-00', '0000-00-00'),
(157, 206, '2011-07-07 19:49:52', '0000-00-00', '0000-00-00'),
(157, 207, '2011-07-07 19:49:52', '0000-00-00', '0000-00-00'),
(157, 208, '2011-07-07 19:49:52', '0000-00-00', '0000-00-00'),
(157, 209, '2011-07-07 19:49:52', '0000-00-00', '0000-00-00'),
(157, 210, '2011-07-07 19:49:52', '0000-00-00', '0000-00-00'),
(157, 211, '2011-07-07 19:49:52', '0000-00-00', '0000-00-00'),
(157, 212, '2011-07-07 19:49:52', '0000-00-00', '0000-00-00'),
(157, 213, '2011-07-07 19:49:52', '0000-00-00', '0000-00-00'),
(157, 214, '2011-07-07 19:49:52', '0000-00-00', '0000-00-00'),
(157, 215, '2011-07-07 19:49:52', '0000-00-00', '0000-00-00'),
(158, 198, '2011-07-07 19:49:52', '0000-00-00', '0000-00-00'),
(158, 199, '2011-07-07 19:49:52', '0000-00-00', '0000-00-00'),
(158, 200, '2011-07-07 19:49:52', '0000-00-00', '0000-00-00'),
(158, 201, '2011-07-07 19:49:52', '0000-00-00', '0000-00-00'),
(158, 202, '2011-07-07 19:49:52', '0000-00-00', '0000-00-00'),
(158, 203, '2011-07-07 19:49:52', '0000-00-00', '0000-00-00'),
(158, 222, '2011-07-07 19:49:52', '0000-00-00', '0000-00-00'),
(158, 223, '2011-07-07 19:49:52', '0000-00-00', '0000-00-00'),
(158, 224, '2011-07-07 19:49:52', '0000-00-00', '0000-00-00'),
(158, 225, '2011-07-07 19:49:52', '0000-00-00', '0000-00-00'),
(158, 226, '2011-07-07 19:49:52', '0000-00-00', '0000-00-00'),
(158, 227, '2011-07-07 19:49:52', '0000-00-00', '0000-00-00'),
(159, 152, '2011-07-07 19:49:52', '0000-00-00', '0000-00-00'),
(159, 153, '2011-07-07 19:49:52', '0000-00-00', '0000-00-00'),
(159, 154, '2011-07-07 19:49:52', '0000-00-00', '0000-00-00'),
(159, 155, '2011-07-07 19:49:52', '0000-00-00', '0000-00-00'),
(159, 156, '2011-07-07 19:49:52', '0000-00-00', '0000-00-00'),
(159, 157, '2011-07-07 19:49:52', '0000-00-00', '0000-00-00'),
(159, 158, '2011-07-07 19:49:52', '0000-00-00', '0000-00-00'),
(159, 159, '2011-07-07 19:49:52', '0000-00-00', '0000-00-00'),
(159, 160, '2011-07-07 19:49:52', '0000-00-00', '0000-00-00'),
(159, 161, '2011-07-07 19:49:52', '0000-00-00', '0000-00-00'),
(159, 173, '2011-07-07 19:49:52', '0000-00-00', '0000-00-00'),
(159, 174, '2011-07-07 19:49:52', '0000-00-00', '0000-00-00'),
(159, 175, '2011-07-07 19:49:52', '0000-00-00', '0000-00-00'),
(159, 176, '2011-07-07 19:49:52', '0000-00-00', '0000-00-00'),
(159, 177, '2011-07-07 19:49:52', '0000-00-00', '0000-00-00'),
(159, 198, '2011-07-07 19:49:52', '0000-00-00', '0000-00-00'),
(159, 199, '2011-07-07 19:49:52', '0000-00-00', '0000-00-00'),
(159, 200, '2011-07-07 19:49:52', '0000-00-00', '0000-00-00'),
(159, 201, '2011-07-07 19:49:52', '0000-00-00', '0000-00-00'),
(159, 202, '2011-07-07 19:49:52', '0000-00-00', '0000-00-00'),
(159, 203, '2011-07-07 19:49:52', '0000-00-00', '0000-00-00'),
(159, 204, '2011-07-07 19:49:52', '0000-00-00', '0000-00-00'),
(159, 205, '2011-07-07 19:49:52', '0000-00-00', '0000-00-00'),
(159, 206, '2011-07-07 19:49:52', '0000-00-00', '0000-00-00'),
(159, 207, '2011-07-07 19:49:52', '0000-00-00', '0000-00-00'),
(159, 208, '2011-07-07 19:49:52', '0000-00-00', '0000-00-00'),
(159, 209, '2011-07-07 19:49:52', '0000-00-00', '0000-00-00'),
(159, 210, '2011-07-07 19:49:52', '0000-00-00', '0000-00-00'),
(159, 211, '2011-07-07 19:49:52', '0000-00-00', '0000-00-00'),
(159, 212, '2011-07-07 19:49:52', '0000-00-00', '0000-00-00'),
(159, 213, '2011-07-07 19:49:52', '0000-00-00', '0000-00-00'),
(159, 214, '2011-07-07 19:49:52', '0000-00-00', '0000-00-00'),
(159, 215, '2011-07-07 19:49:52', '0000-00-00', '0000-00-00'),
(159, 222, '2011-07-07 19:49:52', '0000-00-00', '0000-00-00'),
(159, 223, '2011-07-07 19:49:52', '0000-00-00', '0000-00-00'),
(159, 224, '2011-07-07 19:49:52', '0000-00-00', '0000-00-00'),
(159, 225, '2011-07-07 19:49:52', '0000-00-00', '0000-00-00'),
(159, 226, '2011-07-07 19:49:52', '0000-00-00', '0000-00-00'),
(159, 227, '2011-07-07 19:49:52', '0000-00-00', '0000-00-00'),
(159, 228, '2011-07-07 19:49:52', '0000-00-00', '0000-00-00'),
(159, 229, '2011-07-07 19:49:52', '0000-00-00', '0000-00-00'),
(159, 230, '2011-07-07 19:49:52', '0000-00-00', '0000-00-00'),
(159, 231, '2011-07-07 19:49:52', '0000-00-00', '0000-00-00'),
(159, 232, '2011-07-07 19:49:52', '0000-00-00', '0000-00-00'),
(159, 233, '2011-07-07 19:49:52', '0000-00-00', '0000-00-00'),
(159, 234, '2011-07-07 19:49:52', '0000-00-00', '0000-00-00'),
(159, 235, '2011-07-07 19:49:52', '0000-00-00', '0000-00-00'),
(159, 236, '2011-07-07 19:49:52', '0000-00-00', '0000-00-00'),
(159, 237, '2011-07-07 19:49:52', '0000-00-00', '0000-00-00'),
(159, 238, '2011-07-07 19:49:52', '0000-00-00', '0000-00-00'),
(159, 239, '2011-07-07 19:49:52', '0000-00-00', '0000-00-00'),
(159, 240, '2011-07-07 19:49:52', '0000-00-00', '0000-00-00'),
(159, 241, '2011-07-07 19:49:52', '0000-00-00', '0000-00-00'),
(159, 242, '2011-07-07 19:49:52', '0000-00-00', '0000-00-00'),
(159, 243, '2011-07-07 19:49:52', '0000-00-00', '0000-00-00'),
(159, 244, '2011-07-07 19:49:52', '0000-00-00', '0000-00-00'),
(159, 245, '2011-07-07 19:49:52', '0000-00-00', '0000-00-00'),
(159, 246, '2011-07-07 19:49:52', '0000-00-00', '0000-00-00'),
(159, 247, '2011-07-07 19:49:52', '0000-00-00', '0000-00-00'),
(159, 248, '2011-07-07 19:49:52', '0000-00-00', '0000-00-00'),
(159, 249, '2011-07-07 19:49:52', '0000-00-00', '0000-00-00'),
(159, 250, '2011-07-07 19:49:52', '0000-00-00', '0000-00-00'),
(159, 251, '2011-07-07 19:49:52', '0000-00-00', '0000-00-00'),
(159, 252, '2011-07-07 19:49:53', '0000-00-00', '0000-00-00'),
(159, 253, '2011-07-07 19:49:53', '0000-00-00', '0000-00-00'),
(159, 254, '2011-07-07 19:49:53', '0000-00-00', '0000-00-00'),
(159, 255, '2011-07-07 19:49:53', '0000-00-00', '0000-00-00'),
(159, 256, '2011-07-07 19:49:53', '0000-00-00', '0000-00-00'),
(159, 257, '2011-07-07 19:49:53', '0000-00-00', '0000-00-00'),
(160, 204, '2011-07-07 19:49:53', '0000-00-00', '0000-00-00'),
(160, 205, '2011-07-07 19:49:53', '0000-00-00', '0000-00-00'),
(160, 206, '2011-07-07 19:49:53', '0000-00-00', '0000-00-00'),
(160, 207, '2011-07-07 19:49:53', '0000-00-00', '0000-00-00'),
(160, 208, '2011-07-07 19:49:53', '0000-00-00', '0000-00-00'),
(160, 209, '2011-07-07 19:49:53', '0000-00-00', '0000-00-00'),
(160, 210, '2011-07-07 19:49:53', '0000-00-00', '0000-00-00'),
(160, 211, '2011-07-07 19:49:53', '0000-00-00', '0000-00-00'),
(160, 212, '2011-07-07 19:49:53', '0000-00-00', '0000-00-00'),
(160, 213, '2011-07-07 19:49:53', '0000-00-00', '0000-00-00'),
(160, 214, '2011-07-07 19:49:53', '0000-00-00', '0000-00-00'),
(160, 215, '2011-07-07 19:49:53', '0000-00-00', '0000-00-00'),
(160, 216, '2011-07-07 19:49:53', '0000-00-00', '0000-00-00'),
(160, 217, '2011-07-07 19:49:53', '0000-00-00', '0000-00-00'),
(160, 218, '2011-07-07 19:49:53', '0000-00-00', '0000-00-00'),
(160, 219, '2011-07-07 19:49:53', '0000-00-00', '0000-00-00'),
(160, 220, '2011-07-07 19:49:53', '0000-00-00', '0000-00-00'),
(160, 221, '2011-07-07 19:49:53', '0000-00-00', '0000-00-00'),
(160, 277, '2011-07-07 19:49:53', '0000-00-00', '0000-00-00'),
(160, 278, '2011-07-07 19:49:53', '0000-00-00', '0000-00-00'),
(160, 279, '2011-07-07 19:49:53', '0000-00-00', '0000-00-00'),
(160, 280, '2011-07-07 19:49:53', '0000-00-00', '0000-00-00'),
(160, 281, '2011-07-07 19:49:53', '0000-00-00', '0000-00-00'),
(160, 282, '2011-07-07 19:49:53', '0000-00-00', '0000-00-00'),
(161, 234, '2011-07-07 19:49:53', '0000-00-00', '0000-00-00'),
(161, 235, '2011-07-07 19:49:53', '0000-00-00', '0000-00-00'),
(161, 236, '2011-07-07 19:49:53', '0000-00-00', '0000-00-00'),
(161, 237, '2011-07-07 19:49:53', '0000-00-00', '0000-00-00'),
(161, 238, '2011-07-07 19:49:53', '0000-00-00', '0000-00-00'),
(161, 239, '2011-07-07 19:49:53', '0000-00-00', '0000-00-00'),
(161, 240, '2011-07-07 19:49:53', '0000-00-00', '0000-00-00'),
(161, 241, '2011-07-07 19:49:53', '0000-00-00', '0000-00-00'),
(161, 242, '2011-07-07 19:49:53', '0000-00-00', '0000-00-00'),
(161, 243, '2011-07-07 19:49:53', '0000-00-00', '0000-00-00'),
(161, 244, '2011-07-07 19:49:53', '0000-00-00', '0000-00-00'),
(161, 245, '2011-07-07 19:49:53', '0000-00-00', '0000-00-00'),
(161, 246, '2011-07-07 19:49:53', '0000-00-00', '0000-00-00'),
(161, 247, '2011-07-07 19:49:53', '0000-00-00', '0000-00-00'),
(161, 248, '2011-07-07 19:49:53', '0000-00-00', '0000-00-00'),
(161, 249, '2011-07-07 19:49:53', '0000-00-00', '0000-00-00'),
(161, 250, '2011-07-07 19:49:53', '0000-00-00', '0000-00-00'),
(161, 251, '2011-07-07 19:49:53', '0000-00-00', '0000-00-00'),
(161, 328, '2011-07-07 19:49:53', '0000-00-00', '0000-00-00'),
(161, 329, '2011-07-07 19:49:53', '0000-00-00', '0000-00-00'),
(161, 330, '2011-07-07 19:49:53', '0000-00-00', '0000-00-00'),
(161, 331, '2011-07-07 19:49:53', '0000-00-00', '0000-00-00'),
(161, 332, '2011-07-07 19:49:53', '0000-00-00', '0000-00-00'),
(161, 333, '2011-07-07 19:49:53', '0000-00-00', '0000-00-00'),
(161, 334, '2011-07-07 19:49:53', '0000-00-00', '0000-00-00'),
(162, 285, '2011-07-07 19:49:53', '0000-00-00', '0000-00-00'),
(162, 286, '2011-07-07 19:49:53', '0000-00-00', '0000-00-00'),
(163, 378, '2011-07-07 19:49:53', '0000-00-00', '0000-00-00'),
(163, 379, '2011-07-07 19:49:53', '0000-00-00', '0000-00-00'),
(163, 380, '2011-07-07 19:49:53', '0000-00-00', '0000-00-00'),
(163, 381, '2011-07-07 19:49:53', '0000-00-00', '0000-00-00'),
(163, 382, '2011-07-07 19:49:53', '0000-00-00', '0000-00-00'),
(163, 383, '2011-07-07 19:49:53', '0000-00-00', '0000-00-00'),
(164, 188, '2011-07-07 19:49:53', '0000-00-00', '0000-00-00'),
(164, 189, '2011-07-07 19:49:53', '0000-00-00', '0000-00-00'),
(164, 190, '2011-07-07 19:49:53', '0000-00-00', '0000-00-00'),
(164, 191, '2011-07-07 19:49:53', '0000-00-00', '0000-00-00'),
(164, 192, '2011-07-07 19:49:53', '0000-00-00', '0000-00-00'),
(164, 193, '2011-07-07 19:49:53', '0000-00-00', '0000-00-00'),
(164, 194, '2011-07-07 19:49:53', '0000-00-00', '0000-00-00'),
(164, 195, '2011-07-07 19:49:53', '0000-00-00', '0000-00-00'),
(164, 196, '2011-07-07 19:49:53', '0000-00-00', '0000-00-00'),
(164, 197, '2011-07-07 19:49:53', '0000-00-00', '0000-00-00'),
(164, 378, '2011-07-07 19:49:53', '0000-00-00', '0000-00-00'),
(164, 379, '2011-07-07 19:49:53', '0000-00-00', '0000-00-00'),
(164, 380, '2011-07-07 19:49:53', '0000-00-00', '0000-00-00'),
(164, 381, '2011-07-07 19:49:53', '0000-00-00', '0000-00-00'),
(164, 382, '2011-07-07 19:49:53', '0000-00-00', '0000-00-00'),
(164, 383, '2011-07-07 19:49:53', '0000-00-00', '0000-00-00'),
(164, 398, '2011-07-07 19:49:53', '0000-00-00', '0000-00-00'),
(164, 399, '2011-07-07 19:49:53', '0000-00-00', '0000-00-00'),
(164, 400, '2011-07-07 19:49:53', '0000-00-00', '0000-00-00'),
(164, 401, '2011-07-07 19:49:53', '0000-00-00', '0000-00-00'),
(164, 402, '2011-07-07 19:49:53', '0000-00-00', '0000-00-00'),
(164, 403, '2011-07-07 19:49:53', '0000-00-00', '0000-00-00'),
(165, 188, '2011-07-07 19:49:53', '0000-00-00', '0000-00-00'),
(165, 189, '2011-07-07 19:49:53', '0000-00-00', '0000-00-00'),
(165, 190, '2011-07-07 19:49:53', '0000-00-00', '0000-00-00'),
(165, 191, '2011-07-07 19:49:53', '0000-00-00', '0000-00-00'),
(165, 192, '2011-07-07 19:49:53', '0000-00-00', '0000-00-00'),
(165, 193, '2011-07-07 19:49:53', '0000-00-00', '0000-00-00'),
(165, 194, '2011-07-07 19:49:53', '0000-00-00', '0000-00-00'),
(165, 195, '2011-07-07 19:49:53', '0000-00-00', '0000-00-00'),
(165, 196, '2011-07-07 19:49:53', '0000-00-00', '0000-00-00'),
(165, 197, '2011-07-07 19:49:53', '0000-00-00', '0000-00-00'),
(167, 19, '2011-07-07 19:49:53', '0000-00-00', '0000-00-00'),
(167, 20, '2011-07-07 19:49:53', '0000-00-00', '0000-00-00'),
(167, 21, '2011-07-07 19:49:53', '0000-00-00', '0000-00-00'),
(167, 22, '2011-07-07 19:49:53', '0000-00-00', '0000-00-00'),
(167, 23, '2011-07-07 19:49:53', '0000-00-00', '0000-00-00'),
(167, 24, '2011-07-07 19:49:53', '0000-00-00', '0000-00-00'),
(167, 25, '2011-07-07 19:49:53', '0000-00-00', '0000-00-00'),
(167, 26, '2011-07-07 19:49:53', '0000-00-00', '0000-00-00'),
(167, 27, '2011-07-07 19:49:53', '0000-00-00', '0000-00-00'),
(167, 28, '2011-07-07 19:49:53', '0000-00-00', '0000-00-00'),
(167, 29, '2011-07-07 19:49:53', '0000-00-00', '0000-00-00'),
(167, 30, '2011-07-07 19:49:53', '0000-00-00', '0000-00-00'),
(167, 31, '2011-07-07 19:49:53', '0000-00-00', '0000-00-00'),
(167, 32, '2011-07-07 19:49:53', '0000-00-00', '0000-00-00'),
(168, 19, '2011-07-07 19:49:53', '0000-00-00', '0000-00-00'),
(168, 20, '2011-07-07 19:49:53', '0000-00-00', '0000-00-00'),
(168, 21, '2011-07-07 19:49:53', '0000-00-00', '0000-00-00'),
(168, 22, '2011-07-07 19:49:53', '0000-00-00', '0000-00-00'),
(168, 23, '2011-07-07 19:49:53', '0000-00-00', '0000-00-00'),
(168, 24, '2011-07-07 19:49:53', '0000-00-00', '0000-00-00'),
(168, 25, '2011-07-07 19:49:53', '0000-00-00', '0000-00-00'),
(168, 26, '2011-07-07 19:49:53', '0000-00-00', '0000-00-00'),
(168, 33, '2011-07-07 19:49:53', '0000-00-00', '0000-00-00'),
(168, 34, '2011-07-07 19:49:53', '0000-00-00', '0000-00-00'),
(168, 35, '2011-07-07 19:49:53', '0000-00-00', '0000-00-00'),
(168, 36, '2011-07-07 19:49:53', '0000-00-00', '0000-00-00'),
(168, 40, '2011-07-07 19:49:53', '0000-00-00', '0000-00-00'),
(168, 41, '2011-07-07 19:49:53', '0000-00-00', '0000-00-00'),
(168, 42, '2011-07-07 19:49:53', '0000-00-00', '0000-00-00'),
(168, 43, '2011-07-07 19:49:53', '0000-00-00', '0000-00-00'),
(168, 44, '2011-07-07 19:49:53', '0000-00-00', '0000-00-00'),
(168, 62, '2011-07-07 19:49:53', '0000-00-00', '0000-00-00'),
(168, 63, '2011-07-07 19:49:53', '0000-00-00', '0000-00-00'),
(168, 64, '2011-07-07 19:49:53', '0000-00-00', '0000-00-00'),
(168, 65, '2011-07-07 19:49:53', '0000-00-00', '0000-00-00'),
(168, 66, '2011-07-07 19:49:53', '0000-00-00', '0000-00-00'),
(168, 67, '2011-07-07 19:49:53', '0000-00-00', '0000-00-00'),
(168, 68, '2011-07-07 19:49:53', '0000-00-00', '0000-00-00'),
(168, 69, '2011-07-07 19:49:53', '0000-00-00', '0000-00-00'),
(168, 70, '2011-07-07 19:49:53', '0000-00-00', '0000-00-00'),
(168, 71, '2011-07-07 19:49:53', '0000-00-00', '0000-00-00'),
(168, 72, '2011-07-07 19:49:53', '0000-00-00', '0000-00-00'),
(168, 73, '2011-07-07 19:49:53', '0000-00-00', '0000-00-00'),
(168, 74, '2011-07-07 19:49:53', '0000-00-00', '0000-00-00'),
(168, 75, '2011-07-07 19:49:53', '0000-00-00', '0000-00-00'),
(168, 76, '2011-07-07 19:49:53', '0000-00-00', '0000-00-00'),
(168, 77, '2011-07-07 19:49:53', '0000-00-00', '0000-00-00'),
(168, 78, '2011-07-07 19:49:53', '0000-00-00', '0000-00-00'),
(168, 79, '2011-07-07 19:49:53', '0000-00-00', '0000-00-00'),
(168, 80, '2011-07-07 19:49:53', '0000-00-00', '0000-00-00'),
(168, 81, '2011-07-07 19:49:53', '0000-00-00', '0000-00-00'),
(168, 82, '2011-07-07 19:49:53', '0000-00-00', '0000-00-00'),
(168, 83, '2011-07-07 19:49:53', '0000-00-00', '0000-00-00'),
(168, 84, '2011-07-07 19:49:53', '0000-00-00', '0000-00-00'),
(168, 85, '2011-07-07 19:49:53', '0000-00-00', '0000-00-00'),
(168, 86, '2011-07-07 19:49:53', '0000-00-00', '0000-00-00'),
(168, 87, '2011-07-07 19:49:53', '0000-00-00', '0000-00-00'),
(168, 88, '2011-07-07 19:49:53', '0000-00-00', '0000-00-00'),
(168, 89, '2011-07-07 19:49:53', '0000-00-00', '0000-00-00'),
(168, 90, '2011-07-07 19:49:53', '0000-00-00', '0000-00-00'),
(168, 91, '2011-07-07 19:49:53', '0000-00-00', '0000-00-00'),
(168, 92, '2011-07-07 19:49:53', '0000-00-00', '0000-00-00'),
(168, 93, '2011-07-07 19:49:53', '0000-00-00', '0000-00-00'),
(168, 94, '2011-07-07 19:49:53', '0000-00-00', '0000-00-00'),
(168, 95, '2011-07-07 19:49:53', '0000-00-00', '0000-00-00'),
(169, 45, '2011-07-07 19:49:53', '0000-00-00', '0000-00-00'),
(169, 46, '2011-07-07 19:49:53', '0000-00-00', '0000-00-00'),
(169, 47, '2011-07-07 19:49:53', '0000-00-00', '0000-00-00'),
(169, 48, '2011-07-07 19:49:53', '0000-00-00', '0000-00-00'),
(169, 49, '2011-07-07 19:49:53', '0000-00-00', '0000-00-00'),
(170, 398, '2011-07-07 19:49:53', '0000-00-00', '0000-00-00'),
(170, 399, '2011-07-07 19:49:53', '0000-00-00', '0000-00-00'),
(170, 400, '2011-07-07 19:49:53', '0000-00-00', '0000-00-00'),
(171, 258, '2011-07-07 19:49:53', '0000-00-00', '0000-00-00'),
(171, 259, '2011-07-07 19:49:53', '0000-00-00', '0000-00-00'),
(172, 216, '2011-07-07 19:49:53', '0000-00-00', '0000-00-00'),
(172, 217, '2011-07-07 19:49:53', '0000-00-00', '0000-00-00'),
(172, 218, '2011-07-07 19:49:53', '0000-00-00', '0000-00-00'),
(172, 219, '2011-07-07 19:49:53', '0000-00-00', '0000-00-00'),
(172, 220, '2011-07-07 19:49:53', '0000-00-00', '0000-00-00'),
(172, 221, '2011-07-07 19:49:53', '0000-00-00', '0000-00-00'),
(173, 216, '2011-07-07 19:49:53', '0000-00-00', '0000-00-00'),
(173, 217, '2011-07-07 19:49:53', '0000-00-00', '0000-00-00'),
(173, 218, '2011-07-07 19:49:53', '0000-00-00', '0000-00-00'),
(173, 219, '2011-07-07 19:49:53', '0000-00-00', '0000-00-00'),
(173, 220, '2011-07-07 19:49:53', '0000-00-00', '0000-00-00'),
(173, 221, '2011-07-07 19:49:53', '0000-00-00', '0000-00-00'),
(174, 266, '2011-07-07 19:49:53', '0000-00-00', '0000-00-00'),
(174, 267, '2011-07-07 19:49:53', '0000-00-00', '0000-00-00'),
(174, 268, '2011-07-07 19:49:53', '0000-00-00', '0000-00-00'),
(174, 269, '2011-07-07 19:49:53', '0000-00-00', '0000-00-00'),
(174, 270, '2011-07-07 19:49:53', '0000-00-00', '0000-00-00'),
(174, 271, '2011-07-07 19:49:53', '0000-00-00', '0000-00-00'),
(174, 272, '2011-07-07 19:49:53', '0000-00-00', '0000-00-00'),
(174, 273, '2011-07-07 19:49:53', '0000-00-00', '0000-00-00'),
(174, 274, '2011-07-07 19:49:53', '0000-00-00', '0000-00-00'),
(174, 275, '2011-07-07 19:49:53', '0000-00-00', '0000-00-00'),
(174, 276, '2011-07-07 19:49:53', '0000-00-00', '0000-00-00'),
(174, 307, '2011-07-07 19:49:53', '0000-00-00', '0000-00-00'),
(174, 308, '2011-07-07 19:49:53', '0000-00-00', '0000-00-00'),
(174, 309, '2011-07-07 19:49:53', '0000-00-00', '0000-00-00'),
(174, 310, '2011-07-07 19:49:53', '0000-00-00', '0000-00-00'),
(174, 311, '2011-07-07 19:49:53', '0000-00-00', '0000-00-00'),
(174, 312, '2011-07-07 19:49:53', '0000-00-00', '0000-00-00'),
(174, 313, '2011-07-07 19:49:53', '0000-00-00', '0000-00-00'),
(179, 37, '2011-07-07 19:49:53', '0000-00-00', '0000-00-00'),
(179, 38, '2011-07-07 19:49:53', '0000-00-00', '0000-00-00'),
(179, 39, '2011-07-07 19:49:53', '0000-00-00', '0000-00-00'),
(181, 142, '2011-07-07 19:49:53', '0000-00-00', '0000-00-00'),
(181, 143, '2011-07-07 19:49:53', '0000-00-00', '0000-00-00'),
(181, 144, '2011-07-07 19:49:53', '0000-00-00', '0000-00-00'),
(181, 145, '2011-07-07 19:49:53', '0000-00-00', '0000-00-00'),
(181, 146, '2011-07-07 19:49:53', '0000-00-00', '0000-00-00'),
(181, 162, '2011-07-07 19:49:53', '0000-00-00', '0000-00-00'),
(181, 163, '2011-07-07 19:49:53', '0000-00-00', '0000-00-00'),
(181, 164, '2011-07-07 19:49:53', '0000-00-00', '0000-00-00'),
(181, 165, '2011-07-07 19:49:53', '0000-00-00', '0000-00-00'),
(181, 166, '2011-07-07 19:49:53', '0000-00-00', '0000-00-00'),
(181, 167, '2011-07-07 19:49:53', '0000-00-00', '0000-00-00'),
(181, 317, '2011-07-07 19:49:53', '0000-00-00', '0000-00-00'),
(181, 318, '2011-07-07 19:49:53', '0000-00-00', '0000-00-00'),
(181, 319, '2011-07-07 19:49:53', '0000-00-00', '0000-00-00'),
(181, 320, '2011-07-07 19:49:53', '0000-00-00', '0000-00-00'),
(181, 321, '2011-07-07 19:49:53', '0000-00-00', '0000-00-00'),
(182, 354, '2011-07-07 19:49:53', '0000-00-00', '0000-00-00'),
(182, 355, '2011-07-07 19:49:53', '0000-00-00', '0000-00-00'),
(185, 96, '2011-07-07 19:49:53', '0000-00-00', '0000-00-00'),
(185, 97, '2011-07-07 19:49:53', '0000-00-00', '0000-00-00'),
(185, 98, '2011-07-07 19:49:53', '0000-00-00', '0000-00-00'),
(185, 99, '2011-07-07 19:49:53', '0000-00-00', '0000-00-00'),
(185, 100, '2011-07-07 19:49:53', '0000-00-00', '0000-00-00'),
(185, 147, '2011-07-07 19:49:53', '0000-00-00', '0000-00-00'),
(185, 148, '2011-07-07 19:49:53', '0000-00-00', '0000-00-00'),
(185, 149, '2011-07-07 19:49:53', '0000-00-00', '0000-00-00'),
(185, 150, '2011-07-07 19:49:53', '0000-00-00', '0000-00-00'),
(185, 151, '2011-07-07 19:49:53', '0000-00-00', '0000-00-00'),
(185, 168, '2011-07-07 19:49:53', '0000-00-00', '0000-00-00'),
(185, 169, '2011-07-07 19:49:53', '0000-00-00', '0000-00-00'),
(185, 170, '2011-07-07 19:49:53', '0000-00-00', '0000-00-00'),
(185, 171, '2011-07-07 19:49:53', '0000-00-00', '0000-00-00'),
(185, 172, '2011-07-07 19:49:53', '0000-00-00', '0000-00-00'),
(185, 194, '2011-07-07 19:49:53', '0000-00-00', '0000-00-00'),
(185, 195, '2011-07-07 19:49:53', '0000-00-00', '0000-00-00'),
(185, 196, '2011-07-07 19:49:53', '0000-00-00', '0000-00-00'),
(185, 197, '2011-07-07 19:49:53', '0000-00-00', '0000-00-00'),
(186, 194, '2011-07-07 19:49:53', '0000-00-00', '0000-00-00'),
(186, 195, '2011-07-07 19:49:53', '0000-00-00', '0000-00-00'),
(186, 196, '2011-07-07 19:49:53', '0000-00-00', '0000-00-00'),
(186, 197, '2011-07-07 19:49:53', '0000-00-00', '0000-00-00'),
(187, 294, '2011-07-07 19:49:53', '0000-00-00', '0000-00-00'),
(187, 295, '2011-07-07 19:49:53', '0000-00-00', '0000-00-00'),
(187, 296, '2011-07-07 19:49:53', '0000-00-00', '0000-00-00'),
(187, 297, '2011-07-07 19:49:53', '0000-00-00', '0000-00-00'),
(187, 298, '2011-07-07 19:49:53', '0000-00-00', '0000-00-00'),
(187, 349, '2011-07-07 19:49:53', '0000-00-00', '0000-00-00'),
(187, 350, '2011-07-07 19:49:53', '0000-00-00', '0000-00-00'),
(187, 351, '2011-07-07 19:49:53', '0000-00-00', '0000-00-00'),
(188, 294, '2011-07-07 19:49:53', '0000-00-00', '0000-00-00'),
(188, 295, '2011-07-07 19:49:53', '0000-00-00', '0000-00-00'),
(188, 296, '2011-07-07 19:49:53', '0000-00-00', '0000-00-00'),
(188, 297, '2011-07-07 19:49:53', '0000-00-00', '0000-00-00'),
(188, 298, '2011-07-07 19:49:53', '0000-00-00', '0000-00-00'),
(188, 349, '2011-07-07 19:49:53', '0000-00-00', '0000-00-00'),
(188, 350, '2011-07-07 19:49:53', '0000-00-00', '0000-00-00'),
(188, 351, '2011-07-07 19:49:53', '0000-00-00', '0000-00-00'),
(189, 294, '2011-07-07 19:49:53', '0000-00-00', '0000-00-00'),
(189, 295, '2011-07-07 19:49:53', '0000-00-00', '0000-00-00'),
(189, 296, '2011-07-07 19:49:53', '0000-00-00', '0000-00-00'),
(189, 297, '2011-07-07 19:49:53', '0000-00-00', '0000-00-00'),
(189, 298, '2011-07-07 19:49:53', '0000-00-00', '0000-00-00'),
(189, 349, '2011-07-07 19:49:53', '0000-00-00', '0000-00-00'),
(189, 350, '2011-07-07 19:49:53', '0000-00-00', '0000-00-00'),
(189, 351, '2011-07-07 19:49:53', '0000-00-00', '0000-00-00'),
(190, 294, '2011-07-07 19:49:53', '0000-00-00', '0000-00-00'),
(190, 295, '2011-07-07 19:49:53', '0000-00-00', '0000-00-00'),
(190, 296, '2011-07-07 19:49:53', '0000-00-00', '0000-00-00'),
(190, 297, '2011-07-07 19:49:53', '0000-00-00', '0000-00-00'),
(190, 298, '2011-07-07 19:49:53', '0000-00-00', '0000-00-00'),
(190, 349, '2011-07-07 19:49:53', '0000-00-00', '0000-00-00'),
(190, 350, '2011-07-07 19:49:53', '0000-00-00', '0000-00-00'),
(190, 351, '2011-07-07 19:49:53', '0000-00-00', '0000-00-00'),
(190, 389, '2011-07-07 19:49:53', '0000-00-00', '0000-00-00'),
(190, 390, '2011-07-07 19:49:53', '0000-00-00', '0000-00-00'),
(190, 391, '2011-07-07 19:49:53', '0000-00-00', '0000-00-00'),
(190, 392, '2011-07-07 19:49:53', '0000-00-00', '0000-00-00'),
(192, 396, '2011-07-07 19:49:53', '0000-00-00', '0000-00-00'),
(192, 397, '2011-07-07 19:49:53', '0000-00-00', '0000-00-00'),
(193, 294, '2011-07-07 19:49:53', '0000-00-00', '0000-00-00'),
(193, 295, '2011-07-07 19:49:53', '0000-00-00', '0000-00-00'),
(193, 296, '2011-07-07 19:49:53', '0000-00-00', '0000-00-00'),
(193, 297, '2011-07-07 19:49:53', '0000-00-00', '0000-00-00'),
(193, 298, '2011-07-07 19:49:53', '0000-00-00', '0000-00-00'),
(193, 389, '2011-07-07 19:49:53', '0000-00-00', '0000-00-00'),
(193, 390, '2011-07-07 19:49:53', '0000-00-00', '0000-00-00'),
(193, 391, '2011-07-07 19:49:53', '0000-00-00', '0000-00-00'),
(193, 392, '2011-07-07 19:49:53', '0000-00-00', '0000-00-00'),
(194, 294, '2011-07-07 19:49:53', '0000-00-00', '0000-00-00'),
(194, 295, '2011-07-07 19:49:53', '0000-00-00', '0000-00-00'),
(194, 296, '2011-07-07 19:49:53', '0000-00-00', '0000-00-00'),
(194, 297, '2011-07-07 19:49:53', '0000-00-00', '0000-00-00'),
(194, 298, '2011-07-07 19:49:53', '0000-00-00', '0000-00-00'),
(195, 299, '2011-07-07 19:49:53', '0000-00-00', '0000-00-00'),
(195, 300, '2011-07-07 19:49:53', '0000-00-00', '0000-00-00'),
(196, 301, '2011-07-07 19:49:53', '0000-00-00', '0000-00-00'),
(196, 302, '2011-07-07 19:49:53', '0000-00-00', '0000-00-00'),
(197, 303, '2011-07-07 19:49:53', '0000-00-00', '0000-00-00'),
(197, 304, '2011-07-07 19:49:53', '0000-00-00', '0000-00-00'),
(199, 178, '2011-07-07 19:49:53', '0000-00-00', '0000-00-00'),
(199, 179, '2011-07-07 19:49:53', '0000-00-00', '0000-00-00'),
(199, 180, '2011-07-07 19:49:53', '0000-00-00', '0000-00-00'),
(199, 181, '2011-07-07 19:49:53', '0000-00-00', '0000-00-00'),
(199, 182, '2011-07-07 19:49:53', '0000-00-00', '0000-00-00'),
(199, 349, '2011-07-07 19:49:53', '0000-00-00', '0000-00-00'),
(199, 350, '2011-07-07 19:49:53', '0000-00-00', '0000-00-00'),
(199, 351, '2011-07-07 19:49:53', '0000-00-00', '0000-00-00'),
(200, 335, '2011-07-07 19:49:53', '0000-00-00', '0000-00-00'),
(200, 336, '2011-07-07 19:49:53', '0000-00-00', '0000-00-00'),
(200, 337, '2011-07-07 19:49:53', '0000-00-00', '0000-00-00'),
(200, 338, '2011-07-07 19:49:53', '0000-00-00', '0000-00-00'),
(200, 339, '2011-07-07 19:49:53', '0000-00-00', '0000-00-00'),
(200, 340, '2011-07-07 19:49:53', '0000-00-00', '0000-00-00'),
(200, 341, '2011-07-07 19:49:53', '0000-00-00', '0000-00-00'),
(200, 342, '2011-07-07 19:49:53', '0000-00-00', '0000-00-00'),
(200, 343, '2011-07-07 19:49:53', '0000-00-00', '0000-00-00'),
(200, 344, '2011-07-07 19:49:53', '0000-00-00', '0000-00-00'),
(200, 345, '2011-07-07 19:49:53', '0000-00-00', '0000-00-00'),
(200, 346, '2011-07-07 19:49:53', '0000-00-00', '0000-00-00'),
(200, 347, '2011-07-07 19:49:53', '0000-00-00', '0000-00-00'),
(200, 348, '2011-07-07 19:49:53', '0000-00-00', '0000-00-00'),
(200, 349, '2011-07-07 19:49:53', '0000-00-00', '0000-00-00'),
(200, 350, '2011-07-07 19:49:53', '0000-00-00', '0000-00-00'),
(200, 351, '2011-07-07 19:49:53', '0000-00-00', '0000-00-00'),
(200, 352, '2011-07-07 19:49:53', '0000-00-00', '0000-00-00'),
(200, 353, '2011-07-07 19:49:53', '0000-00-00', '0000-00-00'),
(201, 352, '2011-07-07 19:49:53', '0000-00-00', '0000-00-00'),
(201, 353, '2011-07-07 19:49:53', '0000-00-00', '0000-00-00'),
(202, 178, '2011-07-07 19:49:53', '0000-00-00', '0000-00-00'),
(202, 179, '2011-07-07 19:49:53', '0000-00-00', '0000-00-00'),
(202, 180, '2011-07-07 19:49:53', '0000-00-00', '0000-00-00'),
(202, 181, '2011-07-07 19:49:53', '0000-00-00', '0000-00-00'),
(202, 182, '2011-07-07 19:49:53', '0000-00-00', '0000-00-00'),
(205, 27, '2011-07-07 19:49:53', '0000-00-00', '0000-00-00'),
(205, 28, '2011-07-07 19:49:53', '0000-00-00', '0000-00-00'),
(205, 29, '2011-07-07 19:49:53', '0000-00-00', '0000-00-00'),
(205, 30, '2011-07-07 19:49:53', '0000-00-00', '0000-00-00'),
(205, 31, '2011-07-07 19:49:53', '0000-00-00', '0000-00-00'),
(205, 32, '2011-07-07 19:49:53', '0000-00-00', '0000-00-00'),
(206, 37, '2011-07-07 19:49:53', '0000-00-00', '0000-00-00'),
(206, 38, '2011-07-07 19:49:53', '0000-00-00', '0000-00-00'),
(206, 39, '2011-07-07 19:49:53', '0000-00-00', '0000-00-00'),
(207, 137, '2011-07-07 19:49:53', '0000-00-00', '0000-00-00'),
(207, 138, '2011-07-07 19:49:53', '0000-00-00', '0000-00-00'),
(207, 139, '2011-07-07 19:49:53', '0000-00-00', '0000-00-00'),
(207, 140, '2011-07-07 19:49:53', '0000-00-00', '0000-00-00'),
(207, 141, '2011-07-07 19:49:53', '0000-00-00', '0000-00-00'),
(208, 178, '2011-07-07 19:49:53', '0000-00-00', '0000-00-00'),
(208, 179, '2011-07-07 19:49:53', '0000-00-00', '0000-00-00'),
(208, 180, '2011-07-07 19:49:53', '0000-00-00', '0000-00-00'),
(208, 181, '2011-07-07 19:49:53', '0000-00-00', '0000-00-00'),
(208, 182, '2011-07-07 19:49:53', '0000-00-00', '0000-00-00'),
(208, 183, '2011-07-07 19:49:53', '0000-00-00', '0000-00-00'),
(208, 184, '2011-07-07 19:49:53', '0000-00-00', '0000-00-00'),
(208, 185, '2011-07-07 19:49:53', '0000-00-00', '0000-00-00'),
(208, 186, '2011-07-07 19:49:53', '0000-00-00', '0000-00-00'),
(208, 187, '2011-07-07 19:49:53', '0000-00-00', '0000-00-00'),
(208, 362, '2011-07-07 19:49:53', '0000-00-00', '0000-00-00'),
(208, 363, '2011-07-07 19:49:53', '0000-00-00', '0000-00-00'),
(208, 364, '2011-07-07 19:49:53', '0000-00-00', '0000-00-00'),
(208, 365, '2011-07-07 19:49:53', '0000-00-00', '0000-00-00'),
(208, 366, '2011-07-07 19:49:53', '0000-00-00', '0000-00-00'),
(209, 178, '2011-07-07 19:49:53', '0000-00-00', '0000-00-00'),
(209, 179, '2011-07-07 19:49:53', '0000-00-00', '0000-00-00'),
(209, 180, '2011-07-07 19:49:53', '0000-00-00', '0000-00-00'),
(209, 181, '2011-07-07 19:49:53', '0000-00-00', '0000-00-00'),
(209, 182, '2011-07-07 19:49:53', '0000-00-00', '0000-00-00'),
(209, 362, '2011-07-07 19:49:53', '0000-00-00', '0000-00-00'),
(209, 363, '2011-07-07 19:49:53', '0000-00-00', '0000-00-00'),
(209, 364, '2011-07-07 19:49:53', '0000-00-00', '0000-00-00'),
(209, 365, '2011-07-07 19:49:53', '0000-00-00', '0000-00-00'),
(209, 366, '2011-07-07 19:49:53', '0000-00-00', '0000-00-00'),
(209, 389, '2011-07-07 19:49:53', '0000-00-00', '0000-00-00'),
(209, 390, '2011-07-07 19:49:53', '0000-00-00', '0000-00-00'),
(209, 391, '2011-07-07 19:49:53', '0000-00-00', '0000-00-00'),
(209, 392, '2011-07-07 19:49:53', '0000-00-00', '0000-00-00'),
(209, 393, '2011-07-07 19:49:53', '0000-00-00', '0000-00-00'),
(209, 394, '2011-07-07 19:49:53', '0000-00-00', '0000-00-00'),
(209, 395, '2011-07-07 19:49:53', '0000-00-00', '0000-00-00'),
(210, 112, '2011-07-07 19:49:53', '0000-00-00', '0000-00-00'),
(210, 113, '2011-07-07 19:49:53', '0000-00-00', '0000-00-00'),
(210, 114, '2011-07-07 19:49:53', '0000-00-00', '0000-00-00'),
(210, 115, '2011-07-07 19:49:53', '0000-00-00', '0000-00-00'),
(210, 137, '2011-07-07 19:49:53', '0000-00-00', '0000-00-00'),
(210, 138, '2011-07-07 19:49:53', '0000-00-00', '0000-00-00'),
(210, 139, '2011-07-07 19:49:53', '0000-00-00', '0000-00-00'),
(210, 140, '2011-07-07 19:49:53', '0000-00-00', '0000-00-00'),
(210, 141, '2011-07-07 19:49:53', '0000-00-00', '0000-00-00'),
(210, 362, '2011-07-07 19:49:53', '0000-00-00', '0000-00-00'),
(210, 363, '2011-07-07 19:49:53', '0000-00-00', '0000-00-00'),
(210, 364, '2011-07-07 19:49:53', '0000-00-00', '0000-00-00'),
(210, 365, '2011-07-07 19:49:53', '0000-00-00', '0000-00-00'),
(210, 366, '2011-07-07 19:49:53', '0000-00-00', '0000-00-00'),
(211, 33, '2011-07-07 19:49:53', '0000-00-00', '0000-00-00'),
(211, 34, '2011-07-07 19:49:53', '0000-00-00', '0000-00-00'),
(211, 35, '2011-07-07 19:49:53', '0000-00-00', '0000-00-00'),
(211, 36, '2011-07-07 19:49:53', '0000-00-00', '0000-00-00'),
(211, 62, '2011-07-07 19:49:53', '0000-00-00', '0000-00-00'),
(211, 63, '2011-07-07 19:49:53', '0000-00-00', '0000-00-00'),
(211, 64, '2011-07-07 19:49:53', '0000-00-00', '0000-00-00'),
(211, 65, '2011-07-07 19:49:53', '0000-00-00', '0000-00-00'),
(213, 404, '2011-07-07 19:49:53', '0000-00-00', '0000-00-00'),
(213, 405, '2011-07-07 19:49:53', '0000-00-00', '0000-00-00'),
(213, 406, '2011-07-07 19:49:53', '0000-00-00', '0000-00-00'),
(213, 407, '2011-07-07 19:49:53', '0000-00-00', '0000-00-00'),
(214, 412, '2011-07-07 19:49:53', '0000-00-00', '0000-00-00'),
(214, 413, '2011-07-07 19:49:53', '0000-00-00', '0000-00-00'),
(214, 414, '2011-07-07 19:49:53', '0000-00-00', '0000-00-00'),
(214, 415, '2011-07-07 19:49:53', '0000-00-00', '0000-00-00');

-- --------------------------------------------------------

--
-- Structure de la table `security_org_prj_reco`
--

CREATE TABLE `security_org_prj_reco` (
  `idOrga` varchar(250) NOT NULL,
  `idPrj` mediumint(8) NOT NULL,
  `idReco` mediumint(8) NOT NULL,
  `comment` mediumtext NOT NULL,
  `TypRes_Iden` varchar(11) NOT NULL,
  `dt_crea` datetime NOT NULL,
  `dt_modif` datetime NOT NULL,
  `dt_clot` datetime NOT NULL,
  `idUserModif` int(11) NOT NULL
) ENGINE=InnoDB DEFAULT CHARSET=utf8;

-- --------------------------------------------------------

--
-- Structure de la table `sent_notifications`
--

CREATE TABLE `sent_notifications` (
  `id` int(11) NOT NULL,
  `id_inc` int(11) NOT NULL,
  `id_tache` int(11) NOT NULL,
  `type` varchar(10) NOT NULL,
  `num_vacation` int(11) NOT NULL,
  `num_action` int(11) NOT NULL,
  `date_time` datetime NOT NULL,
  `recipient` varchar(250) NOT NULL,
  `recipientIsResorAcc` int(11) NOT NULL,
  `backupNotified` int(11) NOT NULL,
  `object` mediumtext NOT NULL,
  `content` mediumtext NOT NULL,
  `date_viewed` timestamp NULL DEFAULT NULL
) ENGINE=InnoDB DEFAULT CHARSET=utf8;

--
-- Déchargement des données de la table `sent_notifications`
--

INSERT INTO `sent_notifications` (`id`, `id_inc`, `id_tache`, `type`, `num_vacation`, `num_action`, `date_time`, `recipient`, `recipientIsResorAcc`, `backupNotified`, `object`, `content`, `date_viewed`) VALUES
(1, 3, 0, 'email', 0, 0, '2019-09-24 14:32:30', '175', 0, 0, '', '(\'Confidential\') kindly move to  DR Site/Albaraka Building/1st floor/1st floor - DR Room within  2 hour(s)', NULL),
(2, 3, 0, 'email', 0, 0, '2019-09-24 14:32:31', '178', 0, 0, '', '(\'Confidential\') kindly move to  DR Site/Albaraka Building/1st floor/1st floor - DR Room within  2 hour(s)', NULL),
(4, 6, 81, 'email', 0, 0, '2020-01-31 07:42:04', '174', 1, 0, 'Incident no. 2020002. Nature of incident:  ATM Application - Description: jjgjgjgj - Severity: Financial - event criticality :  ', 'From : jyounes@kmir.fr <br> Task code;  - Task description ,<br><br><br>Roles : <br>ADMIN Bcp : Exécution (R) <br><br>Changer statut de la tache  : <br><br>  http://127.0.0.1/updateTaskStatus.php?id_inc=6&tache=tache_81&emailId=13', NULL),
(5, 7, 81, 'email', 0, 0, '2020-01-31 07:45:51', '174', 1, 0, '( Simulation )  Incident no. 2020003. Nature of incident:  ATM Application - Description: nouveau test - Severity: Other - event criticality :  ', 'From : jyounes@kmir.fr <br> Task code;  - Task description ,<br><br><br>Roles : <br>ADMIN Bcp : Exécution (R) <br><br>Changer statut de la tache  : <br><br>  http://127.0.0.1/updateTaskStatus.php?id_inc=7&tache=tache_81&emailId=14', NULL),
(6, 25, 0, 'email', 0, 0, '2021-06-17 10:51:27', '325', 0, 0, ' test no spam', ' (\'Confidential\') ', NULL),
(7, 26, 0, 'email', 0, 0, '2021-06-21 13:26:23', '174', 0, 0, ' test ', ' (\'Confidential\') test', NULL),
(8, 26, 0, 'email', 0, 0, '2021-06-21 13:32:50', '174', 0, 0, ' test ', ' (\'Confidential\') test', NULL),
(9, 26, 0, 'email', 0, 0, '2021-06-21 13:39:25', '174', 0, 0, ' test kmir.fr', ' (\'Confidential\') test', NULL),
(12, 27, 104, 'email', 0, 0, '2021-06-21 13:58:02', '325', 1, 0, 'Incident no. 2021008. Nature of incident:  Application ATM (Arretée) - Description: test incident - Severity: Business (process impacted) - event criticality :  [M14_Event_Criticality]', 'From : jyounes@kmir.fr <br> Task code; c11 - Task description ,<br><br><br>Roles : <br>.MAURADE .sylvana : Responsible <br><br>Change Task Status : <br><br>  http://127.0.0.1/updateTaskStatus.php?id_inc=27&tache=tache_104&emailId=38', NULL),
(13, 27, 104, 'email', 0, 0, '2021-06-21 14:05:55', '325', 1, 0, 'Incident no. 2021008. Nature of incident:  Application ATM (Arretée) - Description: test incident - Severity: Business (process impacted) - event criticality :  [M14_Event_Criticality]', 'From : jyounes@kmir.fr <br> Task code; c11 - Task description ,<br><br><br>Roles : <br>.MAURADE .sylvana : Responsible <br><br>Change Task Status : <br><br>  http://127.0.0.1/updateTaskStatus.php?id_inc=27&tache=tache_104&emailId=39', NULL),
(14, 27, 0, 'email', 0, 0, '2021-06-21 23:04:18', '174', 0, 0, ' test de nuiit', ' (\'Confidential\') nuit', NULL),
(15, 27, 0, 'email', 1, 1, '2021-06-21 23:10:50', '174', 0, 0, ' test mail action n', ' (\'Confidential\') test mail acctionn', NULL),
(16, 27, 105, 'email', 0, 0, '2021-06-21 23:13:59', '174', 1, 0, 'Incident no. 2021008. Nature of incident:  Application ATM (Arretée) - Description: test incident - Severity: Business (process impacted) - event criticality :  [M14_Event_Criticality]', 'From : jyounes@kmir.fr <br> Task code; c12 - Task description ,<br><br><br>Roles : <br>ADMIN Bcp : Responsible <br><br>Change Task Status : <br><br>  http://127.0.0.1/updateTaskStatus.php?id_inc=27&tache=tache_105&emailId=40', NULL),
(17, 27, 105, 'email', 0, 0, '2021-06-21 23:16:26', '174', 1, 0, 'Incident no. 2021008. Nature of incident:  Application ATM (Arretée) - Description: test incident - Severity: Business (process impacted) - event criticality :  [M14_Event_Criticality]', 'From : jyounes@kmir.fr <br> Task code; c12 - Task description ,<br><br><br>Roles : <br>ADMIN Bcp : Responsible <br><br>Change Task Status : <br><br>  http://127.0.0.1/updateTaskStatus.php?id_inc=27&tache=tache_105&emailId=41', NULL),
(18, 27, 105, 'email', 0, 0, '2021-06-24 09:26:59', '174', 1, 0, 'Incident no. 2021008. Nature of incident:  Application ATM (Arretée) - Description: test incident - Severity: Business (process impacted) - event criticality :  [M14_Event_Criticality]', 'From : jyounes@kmir.fr <br> Task code;  - Task description ,<br><br><br>Roles : <br>ADMIN Bcp : Exécution (R) <br><br>Changer statut de la tache  : <br><br>  http://127.0.0.1/updateTaskStatus.php?id_inc=27&tache=tache_105&emailId=42', NULL),
(19, 26, 0, 'email', 0, 0, '2021-06-24 14:39:44', '174', 0, 0, ' email', ' (\'Confidentiel\') email', NULL),
(20, 26, 76, 'email', 0, 0, '2021-06-24 15:12:42', '174', 1, 0, 'Incident no. 2021007. Nature of incident:  .Maroc (Down) - Description: test free - Severity: Financial - event criticality :  ', 'From : jyounes@kmir.fr \n Task code;  - Task description ,\n\n\nRoles : \nADMIN Bcp : Exécution (R) \n\nChanger statut de la tache  : \n\n  http://127.0.0.1/updateTaskStatus.php?id_inc=26&tache=tache_76&emailId=43', NULL),
(21, 26, 76, 'email', 0, 0, '2021-06-24 15:13:48', '174', 1, 0, 'Incident no. 2021007. Nature of incident:  .Maroc (Down) - Description: test free - Severity: Financial - event criticality :  ', 'From : jyounes@kmir.fr \n Task code;  - Task description ,\n\n\nRoles : \nADMIN Bcp : Exécution (R) \n\nChanger statut de la tache  : \n\n  http://127.0.0.1/updateTaskStatus.php?id_inc=26&tache=tache_76&emailId=44', NULL),
(22, 28, 88, 'email', 0, 0, '2021-07-01 07:46:42', '174', 1, 0, 'Incident no. 2021009. Nature of incident:  A4 Papers (Down) - Description: testé caractères spéciaux - Severity: Other - event criticality :  ', 'From : jyounes@kmir.fr \n Task code;  - Task description ,\n\n\nRoles : \nADMIN Bcp : Exécution (R) \n\nChanger statut de la tache  : \n\n  http://127.0.0.1/updateTaskStatus.php?id_inc=28&tache=tache_88&emailId=45', NULL),
(23, 16, 0, 'email', 1, 1, '2021-07-01 08:44:52', '306', 0, 0, ' test', ' (\'Confidentiel\') test', NULL),
(24, 16, 0, 'email', 1, 1, '2021-07-01 08:44:52', '174', 0, 0, ' test', ' (\'Confidentiel\') test', NULL),
(25, 16, 0, 'email', 1, 1, '2021-07-01 11:03:57', '174', 0, 0, ' test', ' (\'Confidentiel\') test', NULL),
(28, 29, 104, 'email', 0, 0, '2021-07-01 11:38:22', '174', 1, 0, 'Incident no. 2021010. Nature of incident:  A4 Papers (Down) - Description: testé avec pièce jointe - Severity: IT down > 1 hour - event criticality :  Event. peu critique', 'From : jyounes@kmir.fr <br> Task code;  - Task description ,\n<br>\nRoles : <br>ADMIN Bcp : Exécution (R) <br><br>Changer statut de la tache  : <br><br>  http://127.0.0.1/updateTaskStatus.php?id_inc=29&tache=tache_104&emailId=48', NULL),
(29, 30, 104, 'email', 0, 0, '2021-07-01 13:04:52', '174', 1, 0, 'incident no 2021011   ABG Excel Sheet (Down)', 'From : jyounes@kmir.fr <br> tache   \n<br>\nRoles : <br>ADMIN Bcp : Exécution (R) <br><br>Changer statut de la tache  : <br><br>  http://127.0.0.1/updateTaskStatus.php?id_inc=30&tache=tache_104&emailId=49', NULL),
(30, 30, 104, 'email', 0, 0, '2021-07-01 13:06:17', '174', 1, 0, 'incident no 2021011   ABG Excel Sheet (Down)', 'From : jyounes@kmir.fr <br> tache   \n<br>\nRoles : <br>ADMIN Bcp : Exécution (R) <br><br>Changer statut de la tache  : <br><br>  http://127.0.0.1/updateTaskStatus.php?id_inc=30&tache=tache_104&emailId=50', NULL),
(31, 30, 104, 'email', 0, 0, '2021-07-01 14:02:27', '174', 1, 0, 'incident no 2021011   ABG Excel Sheet (Down)', 'From : jyounes@kmir.fr <br> tache   . Statut  \n<br>\nRoles : <br>ADMIN Bcp : Exécution (R) <br><br>Changer statut de la tache  : <br><br>  http://127.0.0.1/updateTaskStatus.php?id_inc=30&tache=tache_104&emailId=51', NULL),
(33, 31, 104, 'email', 0, 0, '2021-07-01 15:28:29', '174', 1, 0, 'Incident no. 2021012. Nature of incident:  Application ATM (Arretée) - Description: test contenu mail ishgngh fggffhgfh fhhgfhghf ghgfhgf - Severity: Network down - event criticality :  Event. peu critique', 'From : jyounes@kmir.fr <br> Task code; c11 - Task description ,\n<br>\nRoles : <br>ADMIN Bcp : Exécution (R) <br><br>Changer statut de la tache  : <br><br>  http://127.0.0.1/updateTaskStatus.php?id_inc=31&tache=tache_104&emailId=53', NULL),
(34, 31, 104, 'email', 0, 0, '2021-07-01 15:36:29', '174', 1, 0, 'Incident no. 2021012. Nature of incident:  Application ATM (Arretée) - Description: test contenu mail ishgngh fggffhgfh fhhgfhghf ghgfhgf - Severity: Network down - event criticality :  Event. peu critique', 'From : jyounes@kmir.fr <br> Task code; c11 - Task description ,\n<br>\nRoles : <br>ADMIN Bcp : Exécution (R) <br><br>Changer statut de la tache  : <br><br>  http://127.0.0.1/updateTaskStatus.php?id_inc=31&tache=tache_104&emailId=54', NULL),
(35, 31, 104, 'email', 0, 0, '2021-07-01 15:37:29', '174', 1, 0, 'Incident no. 2021012. Nature of incident:  Application ATM (Arretée) - Description: test contenu mail ishgngh fggffhgfh fhhgfhghf ghgfhgf - Severity: Network down - event criticality :  Event. peu critique', 'From : jyounes@kmir.fr <br> Task code; c11 - Task description ,\n<br>\nRoles : <br>ADMIN Bcp : Exécution (R) <br><br>Changer statut de la tache  : <br><br>  http://127.0.0.1/updateTaskStatus.php?id_inc=31&tache=tache_104&emailId=55', NULL),
(36, 31, 104, 'email', 0, 0, '2021-07-01 15:49:39', '174', 1, 0, 'Incident no. 2021012. Nature of incident:  Application ATM (Arretée) - Description: test contenu mail ishgngh fggffhgfh fhhgfhghf ghgfhgf - Severity: Network down - event criticality :  Event. peu critique', 'From : jyounes@kmir.fr <br> Task code; c11 - Task description ,\n<br>\nRoles : <br>ADMIN Bcp : Exécution (R) <br><br>Changer statut de la tache  : <br><br>  http://127.0.0.1/updateTaskStatus.php?id_inc=31&tache=tache_104&emailId=56', NULL),
(37, 31, 104, 'email', 0, 0, '2021-07-01 15:51:14', '174', 1, 0, 'Incident no. 2021012. Nature of incident:  Application ATM (Arretée) - Description: test contenu mail ishgngh fggffhgfh fhhgfhghf ghgfhgf - Severity: Network down - event criticality :  Event. peu critique', 'From : jyounes@kmir.fr <br> Task code; c11 - Task description ,\n<br>\nRoles : <br>ADMIN Bcp : Exécution (R) <br><br>Changer statut de la tache  : <br><br>  http://127.0.0.1/updateTaskStatus.php?id_inc=31&tache=tache_104&emailId=57', NULL),
(38, 32, 0, 'email', 0, 0, '2021-07-12 07:51:17', '174', 0, 0, ' test lundi', ' (\'Confidentiel\') test lundi     ', NULL),
(39, 32, 104, 'email', 0, 0, '2021-07-12 07:53:03', '174', 1, 0, 'Incident no 2021013   .Maroc (Down)', 'From : jyounes@kmir.fr <br> tache : c11 - . <br />Statut :  Ouvert\n<br>\nRoles : <br>ADMIN Bcp : Exécution (R) <br><br>Changer statut de la tache  : <br><br>  http://127.0.0.1/updateTaskStatus.php?id_inc=32&tache=tache_104&emailId=58', NULL),
(40, 32, 104, 'email', 0, 0, '2021-07-12 09:49:55', '174', 1, 0, 'Incident no 2021013   .Maroc (Down)', 'From : jyounes@kmir.fr <br> tache : c11 - . <br />Statut :  En Cours\n<br>\nRoles : <br>ADMIN Bcp : Exécution (R) <br><br>Changer statut de la tache  : <br><br>  http://127.0.0.1/updateTaskStatus.php?id_inc=32&tache=tache_104&emailId=59', NULL),
(45, 32, 0, 'email', 0, 0, '2021-07-12 11:06:05', '174', 0, 0, ' c\'est un email personnel', ' (\'Confidentiel\') c\'est le contenu du message personnel', NULL),
(48, 32, 104, 'email', 0, 0, '2021-07-15 10:55:02', '174', 1, 0, 'Incident no 2021013   .Maroc (Down)', 'From : jyounes@kmir.fr <br> tache : c11 - test c11<br />Description :  description de la tache c11.. <br />Statut :  Terminée\n<br>\nRoles : <br>ADMIN Bcp : Exécution (R) <br><br>Changer statut de la tache  : <br><br>  http://127.0.0.1/updateTaskStatus.php?id_inc=32&tache=tache_104&emailId=66', NULL),
(49, 33, 104, 'email', 0, 0, '2021-08-18 09:20:17', '174', 1, 0, 'Incident no 2021014   .Maroc (Down)', 'From : jyounes@kmir.fr <br> tache : c11 - test c11<br />Description :  description de la tache c11.. <br />Statut :  Ouvert\n<br>\nRoles : <br>ADMIN Bcp : Exécution (R) <br><br>Changer statut de la tache  : <br><br>  http://127.0.0.1/updateTaskStatus.php?id_inc=33&tache=tache_104&emailId=67', NULL),
(50, 33, 104, 'email', 0, 0, '2021-08-18 09:21:48', '174', 1, 0, 'Incident no 2021014   .Maroc (Down)', 'From : jyounes@kmir.fr <br> tache : c11 - test c11<br />Description :  description de la tache c11.. <br />Statut :  En Cours\n<br>\nRoles : <br>ADMIN Bcp : Exécution (R) <br><br>Changer statut de la tache  : <br><br>  http://127.0.0.1/updateTaskStatus.php?id_inc=33&tache=tache_104&emailId=68', NULL),
(51, 33, 0, 'email', 0, 0, '2021-08-18 09:26:30', '174', 0, 0, ' tretzzt', ' (\'Confidentiel\') trerer', NULL),
(52, 33, 0, 'email', 1, 1, '2021-08-18 09:41:47', '174', 0, 0, ' notification incident', ' (\'Confidentiel\')  notification incident', NULL),
(53, 33, 0, 'email', 1, 1, '2021-08-18 09:53:30', '174', 0, 0, ' c\'est un email de l\'action', ' (\'Confidentiel\') contenu du message action', NULL),
(54, 33, 0, 'email', 0, 0, '2021-08-18 10:10:33', '174', 0, 0, ' notification perso ', ' (\'Confidentiel\') notification email perso', NULL),
(56, 34, 104, 'email', 0, 0, '2021-09-01 23:00:47', '174', 1, 0, 'Incident no 2021015   .Maroc (Down)', 'From : jyounes@kmir.fr <br> tache : c11 - test c11<br />Description :  description de la tache c11.. <br />Statut :  Ouvert\n<br>\nRoles : <br>ADMIN Bcp : Exécution (R) <br><br>Changer le statut de la tache  : <br><br>  http://127.0.0.1/updateTaskStatus.php?id_inc=34&tache=tache_104&emailId=70', NULL),
(72, 39, 0, 'email', 0, 0, '2022-09-27 08:53:51', '174', 0, 0, ' test bandeau', ' (\'Confidentiel\') test testssss', NULL),
(73, 39, 0, 'email', 0, 0, '2022-09-27 08:54:11', '174', 0, 0, ' test bandeau', ' (\'Confidentiel\') test testssss', NULL),
(74, 39, 0, 'email', 0, 0, '2022-09-27 08:56:13', '174', 0, 0, ' test bandeau', ' (\'Confidentiel\') tesssss', NULL),
(75, 39, 0, 'email', 0, 0, '2022-09-27 08:59:36', '174', 0, 0, ' autre notification', ' (\'Confidentiel\') test autre', NULL),
(76, 39, 0, 'email', 0, 0, '2022-09-27 09:02:46', '174', 0, 0, ' 2eme notif', ' (\'Confidentiel\') eme notif', NULL),
(82, 41, 104, 'email', 0, 0, '2023-06-08 09:17:08', '174', 1, 0, '( Simulation )  Incident no 2023001   .Dégâts des eaux', 'From : jyounes@kmir.fr <br> tache : c11 - test c11<br />Description :  . <br />Statut :  Ouvert\n<br>\nRoles : <br>ADMIN Bcp : Exécution (R) <br><br>Changer le statut de la tache  : <br><br>  http://127.0.0.1/updateTaskStatus.php?id_inc=41&tache=tache_104&emailId=123', NULL),
(83, 41, 0, 'email', 0, 0, '2023-06-08 09:19:20', '174', 0, 0, ' sqhhdqh', ' (\'Confidentiel\') iisqqhqshq', NULL),
(84, 41, 0, 'email', 0, 0, '2023-06-08 09:20:12', '174', 0, 0, ' sqhhdqh', ' (\'Confidentiel\') iisqqhqshq', NULL),
(89, 42, 49, 'email', 0, 0, '2023-06-08 12:04:02', '174', 1, 0, 'Incident no 2023002   .Fraude Interne', 'From : jyounes@kmir.fr <br> tache : EMP - Emergency Management Procedures<br />Description :  a.	Alternate location Readiness<br>i.	DR Site invocation<br>ii.	Other location  <br>b.	In the event of a natural disaster or explosion<br>c.	In the event of a fire <br>d.	In the event of a network services provider outage<br>e.	In the event of a flood or water damage<br>f.	In the event of internal security issue (roads closed)<br>g.	In the event of a pandemic disaster<br>h.     In the event of cybersecurity. <br />Statut :  Ouvert\n<br>\nRoles : <br>ADMIN Bcp : Validation (A) <br>.YURANA .yu : Exécution (R) <br><br>Changer le statut de la tache  : <br><br>  http://127.0.0.1/updateTaskStatus.php?id_inc=42&tache=tache_49&emailId=128&isAcc=yes', NULL),
(90, 44, 32, 'email', 0, 0, '2023-06-15 10:55:46', '178', 1, 0, 'Incident no 2023004   .Grève locale', 'From : jyounes@kmir.fr <br> tache : 5.2.1 - From iseries mount the Tape Required C05<br />Description :  From iseries mount the Tape Required C05. <br />Statut :  Ouvert\n<br>\nRoles : <br>BO Heb : Responsible <br><br>Change Task Status : <br><br>  http://127.0.0.1/updateTaskStatus.php?id_inc=44&tache=tache_32&emailId=129', NULL),
(91, 53, 0, 'email', 1, 1, '2023-06-22 08:16:46', '174', 0, 0, ' message 1', ' (\'Confidentiel\')  1', NULL),
(92, 53, 0, 'email', 1, 1, '2023-06-22 08:17:04', '174', 0, 0, ' message 1', ' (\'Confidentiel\')  1', NULL),
(93, 54, 0, 'email', 1, 1, '2023-06-22 08:47:22', '174', 0, 0, ' jhvjhv', ' (\'Confidentiel\') jb j ', NULL),
(94, 54, 0, 'email', 0, 0, '2023-07-05 23:30:56', '174', 0, 0, ' OBJET EMAIL', ' (\'Confidentiel\') contenu du message 2023014', NULL),
(95, 54, 0, 'email', 0, 0, '2023-07-05 23:34:59', '174', 0, 0, ' fklhnlfds  fdslkndsf dsmljkdsf  fdsmjf  sdfmlkjdsf  fdsùpsdq  fin', ' (\'Confidentiel\') dlfkjfdlf\npmdspdsf dpjpdsf  dspmjdsf  szdùlkjdf  zsdùmklfd  sdmjsdf ùdf; fdsfùsd  sdùldf  sdnds s\ndfsmljds  ùspklj  sd%KML  sdmml \n\ndlkdfsoifds  dsljlsdf   fdsljoljfds   dfsljlfdsj  eza$pe   edmljdezf  fdlkfds  fsdlkhdfs  sdlkfn dfslksqd llkd   dsqffsq  lndsf  fdsqlkjsq  qslkhsq  qslkhsqd  ', NULL),
(96, 62, 0, 'email', 1, 1, '2023-07-19 08:32:19', '174', 0, 0, ' ', ' (\'Confidentiel\') ', NULL),
(97, 62, 0, 'email', 1, 1, '2023-07-19 08:32:19', '178', 0, 0, ' ', ' (\'Confidentiel\') ', NULL),
(98, 62, 0, 'email', 1, 1, '2023-07-19 08:32:28', '174', 0, 0, ' ', ' (\'Confidentiel\') ', NULL),
(99, 62, 0, 'email', 1, 1, '2023-07-19 08:32:28', '178', 0, 0, ' ', ' (\'Confidentiel\') ', NULL),
(100, 58, 0, 'email', 1, 2, '2023-07-19 10:02:46', '174', 0, 0, ' test participants', ' (\'Confidentiel\') test participants', NULL),
(101, 62, 0, 'email', 1, 1, '2023-07-19 14:39:11', '174', 0, 0, '', '(\'Confidentiel\') kindly move to   within   <br />Veuillez vous déplacer au site   dans   ', NULL),
(102, 62, 0, 'email', 1, 1, '2023-07-19 14:41:05', '174', 0, 0, '', '(\'Confidentiel\') kindly move to   within   <br />Veuillez vous déplacer au site   dans   ', NULL),
(103, 62, 0, 'email', 1, 1, '2023-07-19 14:42:19', '174', 0, 0, ' ', ' (\'Confidentiel\') ', NULL),
(104, 62, 0, 'email', 1, 1, '2023-07-19 14:42:19', '174', 0, 0, ' ', ' (\'Confidentiel\') ', NULL),
(105, 62, 0, 'email', 1, 1, '2023-07-19 14:42:54', '174', 0, 0, ' test des 3 ensemble', ' (\'Confidentiel\')  tester les 3 ensemble', NULL),
(106, 62, 0, 'email', 1, 1, '2023-07-19 14:42:54', '174', 0, 0, ' test des 3 ensemble', ' (\'Confidentiel\')  tester les 3 ensemble', NULL),
(107, 62, 0, 'email', 1, 1, '2023-07-19 14:51:28', '174', 0, 0, '  test des 3 ensemble 2', ' (\'Confidentiel\')  test des 3 ensemble 22', NULL),
(108, 62, 0, 'email', 1, 1, '2023-07-19 15:01:40', '174', 0, 0, '  test des 3 ensemble 3', ' (\'Confidentiel\')  test des 3 ensemble 33', NULL),
(109, 62, 0, 'email', 1, 1, '2023-07-19 15:03:25', '230', 0, 0, '  test des 3 ensemble 3 bis', ' (\'Confidentiel\')  test des 3 ensemble 33 bis', NULL),
(110, 62, 0, 'email', 1, 1, '2023-07-19 15:03:25', '174', 0, 0, '  test des 3 ensemble 3 bis', ' (\'Confidentiel\')  test des 3 ensemble 33 bis', NULL),
(111, 62, 0, 'email', 1, 1, '2023-07-20 08:31:41', '174', 0, 0, ' test les 3', ' (\'Confidentiel\') tester les 3', NULL),
(112, 62, 0, 'email', 1, 1, '2023-07-20 08:31:49', '174', 0, 0, ' test les 3', ' (\'Confidentiel\') tester les 3', NULL),
(113, 62, 0, 'email', 1, 1, '2023-07-20 08:32:50', '174', 0, 0, ' test les 3', ' (\'Confidentiel\') tester les 3', NULL),
(114, 62, 0, 'email', 1, 1, '2023-07-20 08:32:50', '230', 0, 0, ' test les 3', ' (\'Confidentiel\') tester les 3', NULL),
(115, 62, 0, 'email', 1, 1, '2023-07-20 08:32:51', '178', 0, 0, ' test les 3', ' (\'Confidentiel\') tester les 3', NULL),
(116, 62, 0, 'email', 0, 0, '2023-07-20 08:43:26', '178', 0, 0, ' test direct', ' (\'Confidentiel\') test direct', NULL),
(117, 62, 0, 'email', 0, 0, '2023-07-20 08:43:27', '230', 0, 0, ' test direct', ' (\'Confidentiel\') test direct', NULL),
(118, 62, 0, 'email', 0, 0, '2023-07-20 08:43:27', '174', 0, 0, ' test direct', ' (\'Confidentiel\') test direct', NULL),
(119, 62, 0, 'email', 0, 0, '2023-07-20 08:43:36', '178', 0, 0, ' test direct', ' (\'Confidentiel\') test direct', NULL),
(120, 62, 0, 'email', 0, 0, '2023-07-20 08:43:36', '230', 0, 0, ' test direct', ' (\'Confidentiel\') test direct', NULL),
(121, 62, 0, 'email', 0, 0, '2023-07-20 08:43:36', '174', 0, 0, ' test direct', ' (\'Confidentiel\') test direct', NULL),
(122, 62, 0, 'email', 1, 1, '2023-07-20 08:46:33', '174', 0, 0, ' ', ' (\'Confidentiel\') ', NULL),
(123, 62, 0, 'email', 1, 1, '2023-07-20 08:46:33', '178', 0, 0, ' ', ' (\'Confidentiel\') ', NULL),
(124, 62, 0, 'email', 1, 1, '2023-07-20 08:46:40', '174', 0, 0, ' ', ' (\'Confidentiel\') ', NULL),
(125, 62, 0, 'email', 1, 1, '2023-07-20 08:46:40', '178', 0, 0, ' ', ' (\'Confidentiel\') ', NULL),
(126, 62, 0, 'email', 1, 1, '2023-07-20 08:48:03', '174', 0, 0, ' test direct', ' (\'Confidentiel\') 123456789', NULL),
(127, 62, 0, 'email', 1, 1, '2023-07-20 08:51:15', '174', 0, 0, ' ', ' (\'Confidentiel\') ', NULL),
(128, 62, 0, 'email', 1, 1, '2023-07-20 08:51:16', '230', 0, 0, ' ', ' (\'Confidentiel\') ', NULL),
(129, 62, 0, 'email', 1, 1, '2023-07-20 08:51:16', '178', 0, 0, ' ', ' (\'Confidentiel\') ', NULL),
(130, 62, 0, 'email', 1, 1, '2023-07-20 08:52:12', '174', 0, 0, ' ', ' (\'Confidentiel\') ', NULL),
(131, 62, 0, 'email', 1, 1, '2023-07-20 08:52:12', '230', 0, 0, ' ', ' (\'Confidentiel\') ', NULL),
(132, 62, 0, 'email', 1, 1, '2023-07-20 08:52:12', '178', 0, 0, ' ', ' (\'Confidentiel\') ', NULL),
(133, 62, 0, 'email', 1, 1, '2023-07-20 08:52:12', '185', 0, 0, ' ', ' (\'Confidentiel\') ', NULL),
(134, 62, 0, 'email', 1, 1, '2023-07-20 08:55:51', '174', 0, 0, ' test final', ' (\'Confidentiel\') test final final', NULL),
(135, 62, 0, 'email', 1, 1, '2023-07-20 08:55:51', '230', 0, 0, ' test final', ' (\'Confidentiel\') test final final', NULL),
(136, 62, 0, 'email', 1, 1, '2023-07-20 08:55:51', '178', 0, 0, ' test final', ' (\'Confidentiel\') test final final', NULL),
(137, 62, 0, 'email', 1, 1, '2023-07-20 08:58:00', '174', 0, 0, ' test test final final ', ' (\'Confidentiel\')  test test final final ', NULL),
(138, 62, 0, 'email', 1, 1, '2023-07-20 08:58:00', '230', 0, 0, ' test test final final ', ' (\'Confidentiel\')  test test final final ', NULL),
(139, 62, 0, 'email', 1, 1, '2023-07-20 08:58:00', '178', 0, 0, ' test test final final ', ' (\'Confidentiel\')  test test final final ', NULL),
(140, 62, 0, 'email', 1, 1, '2023-07-20 08:58:12', '174', 0, 0, ' test test final final ', ' (\'Confidentiel\')  test test final final ', NULL),
(141, 62, 0, 'email', 1, 1, '2023-07-20 08:58:13', '230', 0, 0, ' test test final final ', ' (\'Confidentiel\')  test test final final ', NULL),
(142, 62, 0, 'email', 1, 1, '2023-07-20 08:58:13', '178', 0, 0, ' test test final final ', ' (\'Confidentiel\')  test test final final ', NULL),
(143, 62, 0, 'email', 0, 0, '2023-07-20 09:02:52', '174', 0, 0, ' test global', ' (\'Confidentiel\') test global', NULL),
(144, 62, 0, 'email', 0, 0, '2023-07-20 09:02:52', '230', 0, 0, ' test global', ' (\'Confidentiel\') test global', NULL),
(145, 62, 0, 'email', 0, 0, '2023-07-20 09:02:53', '174', 0, 0, ' test global', ' (\'Confidentiel\') test global', NULL),
(146, 62, 0, 'email', 0, 0, '2023-07-20 09:03:06', '174', 0, 0, ' test global', ' (\'Confidentiel\') test global', NULL),
(147, 62, 0, 'email', 0, 0, '2023-07-20 09:03:06', '230', 0, 0, ' test global', ' (\'Confidentiel\') test global', NULL),
(148, 62, 0, 'email', 0, 0, '2023-07-20 09:03:06', '174', 0, 0, ' test global', ' (\'Confidentiel\') test global', NULL),
(149, 62, 0, 'email', 0, 0, '2023-07-20 09:04:54', '230', 0, 0, ' test global', ' (\'Confidentiel\') test global', NULL),
(150, 62, 0, 'email', 0, 0, '2023-07-20 09:05:37', '230', 0, 0, ' test global', ' (\'Confidentiel\') test global', NULL),
(151, 62, 0, 'email', 0, 0, '2023-07-20 09:05:37', '174', 0, 0, ' test global', ' (\'Confidentiel\') test global', NULL),
(152, 62, 0, 'email', 0, 0, '2023-07-20 09:05:37', '178', 0, 0, ' test global', ' (\'Confidentiel\') test global', NULL),
(153, 62, 0, 'email', 0, 0, '2023-07-20 09:07:38', '230', 0, 0, ' test global', ' (\'Confidentiel\') test global', NULL),
(154, 62, 0, 'email', 0, 0, '2023-07-20 09:07:39', '174', 0, 0, ' test global', ' (\'Confidentiel\') test global', NULL),
(155, 62, 0, 'email', 0, 0, '2023-07-20 09:07:39', '174', 0, 0, ' test global', ' (\'Confidentiel\') test global', NULL),
(156, 62, 0, 'email', 1, 1, '2023-07-20 09:09:42', '174', 0, 0, ' ', ' (\'Confidentiel\') ', NULL),
(157, 62, 0, 'email', 1, 1, '2023-07-20 09:09:42', '230', 0, 0, ' ', ' (\'Confidentiel\') ', NULL),
(158, 62, 0, 'email', 1, 1, '2023-07-20 09:09:42', '178', 0, 0, ' ', ' (\'Confidentiel\') ', NULL),
(159, 62, 0, 'email', 1, 1, '2023-07-20 09:10:47', '174', 0, 0, ' tetetete', ' (\'Confidentiel\') jzhzuhzeuh', NULL),
(160, 62, 0, 'email', 1, 1, '2023-07-20 09:10:47', '230', 0, 0, ' tetetete', ' (\'Confidentiel\') jzhzuhzeuh', NULL),
(161, 62, 0, 'email', 1, 1, '2023-07-20 09:10:48', '178', 0, 0, ' tetetete', ' (\'Confidentiel\') jzhzuhzeuh', NULL),
(162, 62, 0, 'email', 1, 1, '2023-07-20 09:11:44', '174', 0, 0, ' dvsfdspdsfjpdsfplojds', ' (\'Confidentiel\') kdfskdsfjdfjfdsjdfs', NULL),
(163, 62, 0, 'email', 1, 1, '2023-07-20 09:11:44', '230', 0, 0, ' dvsfdspdsfjpdsfplojds', ' (\'Confidentiel\') kdfskdsfjdfjfdsjdfs', NULL),
(164, 62, 0, 'email', 1, 1, '2023-07-20 09:11:44', '178', 0, 0, ' dvsfdspdsfjpdsfplojds', ' (\'Confidentiel\') kdfskdsfjdfjfdsjdfs', NULL),
(165, 62, 0, 'email', 0, 0, '2023-07-20 09:12:46', '174', 0, 0, ' sdqkjbdsqkbdsq', ' (\'Confidentiel\') ldsfgbndls', NULL),
(166, 62, 0, 'email', 0, 0, '2023-07-20 09:12:46', '230', 0, 0, ' sdqkjbdsqkbdsq', ' (\'Confidentiel\') ldsfgbndls', NULL),
(167, 62, 0, 'email', 0, 0, '2023-07-20 09:12:46', '178', 0, 0, ' sdqkjbdsqkbdsq', ' (\'Confidentiel\') ldsfgbndls', NULL),
(168, 63, 0, 'push', 0, 0, '2023-10-27 08:34:14', '174', 0, 0, ' cyber attack', ' (\'Confidentiel\') cyber attack', '2023-10-27 06:34:19'),
(169, 63, 0, 'email', 0, 0, '2023-10-27 08:34:14', '174', 0, 0, ' cyber attack', ' (\'Confidentiel\') cyber attack', NULL),
(170, 62, 0, 'push', 1, 1, '2023-10-27 09:19:58', '174', 0, 0, ' test push ', ' (\'Confidentiel\') test push', '2023-10-27 07:20:03'),
(171, 62, 0, 'email', 1, 1, '2023-10-27 09:19:59', '174', 0, 0, ' test push ', ' (\'Confidentiel\') test push', NULL),
(172, 62, 0, 'push', 1, 1, '2023-10-27 09:21:13', '174', 0, 0, ' test push objet sommaire', ' (\'Confidentiel\') test push contenu message', '2023-10-27 07:21:21'),
(173, 62, 0, 'email', 1, 1, '2023-10-27 09:21:14', '174', 0, 0, ' test push objet sommaire', ' (\'Confidentiel\') test push contenu message', NULL),
(174, 63, 0, 'push', 0, 0, '2023-10-27 09:24:39', '174', 0, 0, ' objet sommaire', ' (\'Confidentiel\') contenu de message', '2023-10-27 07:24:43'),
(175, 63, 0, 'email', 0, 0, '2023-10-27 09:24:40', '174', 0, 0, ' objet sommaire', ' (\'Confidentiel\') contenu de message', NULL),
(177, 65, 199, 'push', 0, 0, '2023-10-27 10:47:18', '174', 1, 0, 'Cyber Attaque', 'From : jyounes@kmir.fr <br> Alerte <br />Cyber Attaque\n<br>\nRoles : <br>ADMIN Bcp : Exécution (R) <br><br>Changer le statut de la tache  : <br><br>  http://127.0.0.1/updateTaskStatus.php?id_inc=65&tache=tache_199&emailId=132', '2023-10-27 08:47:29'),
(178, 65, 199, 'push', 0, 0, '2023-10-27 16:52:12', '174', 1, 0, 'Cyber Attaque', 'From : jyounes@kmir.fr <br> Alerte <br />Cyber Attaque\n<br>\nRoles : <br>ADMIN Bcp : Exécution (R) <br><br>Changer le statut de la tache  : <br><br>  http://127.0.0.1/updateTaskStatus.php?id_inc=65&tache=tache_199&emailId=133', '2023-10-27 14:52:18'),
(179, 65, 0, 'push', 0, 0, '2023-10-27 16:54:42', '174', 0, 0, ' test push', ' (\'Confidentiel\') test push', '2023-10-27 14:54:50'),
(180, 65, 0, 'email', 0, 0, '2023-10-27 16:54:43', '174', 0, 0, ' test push', ' (\'Confidentiel\') test push', NULL),
(181, 66, 199, 'push', 0, 0, '2024-02-06 10:29:32', '174', 1, 0, 'Incident no. 2024001. Nature of incident:  test - Description: hhjhjh - Severity: IT arrêté - event criticality :  Event. modéré', 'Task code; cyber01 - Task description ,', NULL),
(182, 66, 199, 'email', 0, 0, '2024-02-06 10:29:33', '174', 1, 0, 'Incident no. 2024001. Nature of incident:  test - Description: hhjhjh - Severity: IT arrêté - event criticality :  Event. modéré', 'De : jyounes@kmir.fr <br> Task code; cyber01 - Task description ,\n<br>\nRoles : <br>ADMIN Bcp : Exécution (R) <br><br>Changer le statut de la tache  : <br><br>  http://localhost/updateTaskStatus.php?id_inc=66&tache=tache_199&emailId=139', NULL),
(183, 66, 199, 'push', 0, 0, '2024-02-06 10:38:28', '174', 1, 0, 'Incident no. 2024001. Nature of incident:  test - Description: hhjhjh - Severity: IT arrêté - event criticality :  Event. modéré', 'Task code; cyber01 - Task description ,', NULL),
(184, 66, 199, 'email', 0, 0, '2024-02-06 10:38:28', '174', 1, 0, 'Incident no. 2024001. Nature of incident:  test - Description: hhjhjh - Severity: IT arrêté - event criticality :  Event. modéré', 'De : jyounes@kmir.fr <br> Task code; cyber01 - Task description ,\n<br>\nRoles : <br>ADMIN Bcp : Exécution (R) <br><br>Changer le statut de la tache  : <br><br>  http://localhost/updateTaskStatus.php?id_inc=66&tache=tache_199&emailId=140', NULL),
(185, 66, 199, 'push', 0, 0, '2024-02-06 11:00:16', '174', 1, 0, 'Incident no. 2024001. Nature of incident:  test - Description: hhjhjh - Severity: IT arrêté - event criticality :  Event. modéré', 'Task code; cyber01 - Task description ,', NULL),
(186, 66, 199, 'email', 0, 0, '2024-02-06 11:00:17', '174', 1, 0, 'Incident no. 2024001. Nature of incident:  test - Description: hhjhjh - Severity: IT arrêté - event criticality :  Event. modéré', 'De : jyounes@kmir.fr <br> Task code; cyber01 - Task description ,\n<br>\nRoles : <br>ADMIN Bcp : Exécution (R) <br><br>Changer le statut de la tache  : <br><br>  http://localhost/updateTaskStatus.php?id_inc=66&tache=tache_199&emailId=141', NULL),
(250, 67, 0, 'push', 0, 0, '2024-06-24 09:52:34', '174', 0, 0, ' ;vfd xds; xd', ' (\'Confidentiel\') fvbdl, bdfgkl ', NULL),
(251, 67, 0, 'email', 0, 0, '2024-06-24 09:52:35', '174', 0, 0, ' ;vfd xds; xd', ' (\'Confidentiel\') fvbdl, bdfgkl ', NULL),
(252, 2000039, 204, 'push', 0, 0, '2024-06-24 09:53:21', '174', 1, 0, 'Incident no. . Nature of incident:  - Description:  - Severity:  - event criticality :  ', 'Task code; pci-01 - Task description ,- Identifier les processus métier critiques<br>- Evaluer les impacts financiers, oper., règlementaires, etc. des interruptions.<br>- Prioriser les systèmes et applications en fonction de leur importance pour l\'entreprise', '2024-06-24 07:53:40'),
(253, 2000039, 204, 'email', 0, 0, '2024-06-24 09:53:22', '174', 1, 0, '( Simulation )  Incident no. . Nature of incident:  - Description:  - Severity:  - event criticality :  ', 'Task code; pci-01 - Task description ,- Identifier les processus métier critiques<br>- Evaluer les impacts financiers, oper., règlementaires, etc. des interruptions.<br>- Prioriser les systèmes et applications en fonction de leur importance pour l\'entreprise\n<br>\nRoles : <br>ADMIN Bcp : Exécution (R) <br>.YURANA .yu : Validation (A) <br><br>Changer le statut de la tache  : <br><br>  http://localhost/updateTaskStatus.php?id_inc=2000039&tache=tache_204&emailId=165', NULL),
(254, 2000039, 204, 'push', 0, 0, '2024-06-24 09:53:22', '230', 1, 0, 'Incident no. . Nature of incident:  - Description:  - Severity:  - event criticality :  ', 'Task code; pci-01 - Task description ,- Identifier les processus métier critiques<br>- Evaluer les impacts financiers, oper., règlementaires, etc. des interruptions.<br>- Prioriser les systèmes et applications en fonction de leur importance pour l\'entreprise', NULL),
(255, 2000039, 204, 'email', 0, 0, '2024-06-24 09:53:22', '230', 1, 0, '( Simulation )  Incident no. . Nature of incident:  - Description:  - Severity:  - event criticality :  ', 'Task code; pci-01 - Task description ,- Identifier les processus métier critiques<br>- Evaluer les impacts financiers, oper., règlementaires, etc. des interruptions.<br>- Prioriser les systèmes et applications en fonction de leur importance pour l\'entreprise\n<br>\nRoles : <br>ADMIN Bcp : Exécution (R) <br>.YURANA .yu : Validation (A) <br><br>Changer le statut de la tache  : <br><br>  http://localhost/updateTaskStatus.php?id_inc=2000039&tache=tache_204&emailId=165&isAcc=yes', NULL),
(256, 2000039, 204, 'push', 0, 0, '2024-06-24 10:00:42', '174', 1, 0, 'Incident no. . Nature of incident:  - Description:  - Severity:  - event criticality :  ', 'Task code; pci-01 - Task description ,- Identifier les processus métier critiques<br>- Evaluer les impacts financiers, oper., règlementaires, etc. des interruptions.<br>- Prioriser les systèmes et applications en fonction de leur importance pour l\'entreprise', NULL),
(257, 2000039, 204, 'email', 0, 0, '2024-06-24 10:00:43', '174', 1, 0, '( Simulation )  Incident no. . Nature of incident:  - Description:  - Severity:  - event criticality :  ', 'Task code; pci-01 - Task description ,- Identifier les processus métier critiques<br>- Evaluer les impacts financiers, oper., règlementaires, etc. des interruptions.<br>- Prioriser les systèmes et applications en fonction de leur importance pour l\'entreprise\n<br>\nRoles : <br>ADMIN Bcp : Exécution (R) <br>.YURANA .yu : Validation (A) <br><br>Changer le statut de la tache  : <br><br>  http://localhost/updateTaskStatus.php?id_inc=2000039&tache=tache_204&emailId=166', NULL),
(258, 2000039, 204, 'push', 0, 0, '2024-06-24 10:00:43', '230', 1, 0, 'Incident no. . Nature of incident:  - Description:  - Severity:  - event criticality :  ', 'Task code; pci-01 - Task description ,- Identifier les processus métier critiques<br>- Evaluer les impacts financiers, oper., règlementaires, etc. des interruptions.<br>- Prioriser les systèmes et applications en fonction de leur importance pour l\'entreprise', NULL),
(259, 2000039, 204, 'email', 0, 0, '2024-06-24 10:00:43', '230', 1, 0, '( Simulation )  Incident no. . Nature of incident:  - Description:  - Severity:  - event criticality :  ', 'Task code; pci-01 - Task description ,- Identifier les processus métier critiques<br>- Evaluer les impacts financiers, oper., règlementaires, etc. des interruptions.<br>- Prioriser les systèmes et applications en fonction de leur importance pour l\'entreprise\n<br>\nRoles : <br>ADMIN Bcp : Exécution (R) <br>.YURANA .yu : Validation (A) <br><br>Changer le statut de la tache  : <br><br>  http://localhost/updateTaskStatus.php?id_inc=2000039&tache=tache_204&emailId=166&isAcc=yes', NULL),
(260, 2000039, 204, 'push', 0, 0, '2024-06-24 10:06:20', '174', 1, 0, 'Incident no   ', 'tache : pci-01 - Analyse des impacts sur les Activités (BIA)<br />Description :  - Identifier les processus métier critiques<br>- Evaluer les impacts financiers, oper., règlementaires, etc. des interruptions.<br>- Prioriser les systèmes et applications en fonction de leur importance pour l\'entreprise. <br />Statut :  Ouvert', NULL),
(261, 2000039, 204, 'email', 0, 0, '2024-06-24 10:06:21', '174', 1, 0, '( Simulation )  Incident no   ', 'tache : pci-01 - Analyse des impacts sur les Activités (BIA)<br />Description :  - Identifier les processus métier critiques<br>- Evaluer les impacts financiers, oper., règlementaires, etc. des interruptions.<br>- Prioriser les systèmes et applications en fonction de leur importance pour l\'entreprise. <br />Statut :  Ouvert\n<br>\nRoles : <br>ADMIN Bcp : Exécution (R) <br>.YURANA .yu : Validation (A) <br><br>Changer le statut de la tache  : <br><br>  http://localhost/updateTaskStatus.php?id_inc=2000039&tache=tache_204&emailId=167', NULL),
(262, 2000039, 204, 'push', 0, 0, '2024-06-24 10:06:21', '230', 1, 0, 'Incident no   ', 'tache : pci-01 - Analyse des impacts sur les Activités (BIA)<br />Description :  - Identifier les processus métier critiques<br>- Evaluer les impacts financiers, oper., règlementaires, etc. des interruptions.<br>- Prioriser les systèmes et applications en fonction de leur importance pour l\'entreprise. <br />Statut :  Ouvert', NULL),
(263, 2000039, 204, 'email', 0, 0, '2024-06-24 10:06:21', '230', 1, 0, '( Simulation )  Incident no   ', 'tache : pci-01 - Analyse des impacts sur les Activités (BIA)<br />Description :  - Identifier les processus métier critiques<br>- Evaluer les impacts financiers, oper., règlementaires, etc. des interruptions.<br>- Prioriser les systèmes et applications en fonction de leur importance pour l\'entreprise. <br />Statut :  Ouvert\n<br>\nRoles : <br>ADMIN Bcp : Exécution (R) <br>.YURANA .yu : Validation (A) <br><br>Changer le statut de la tache  : <br><br>  http://localhost/updateTaskStatus.php?id_inc=2000039&tache=tache_204&emailId=167&isAcc=yes', NULL),
(266, 2000039, 204, 'push', 0, 0, '2024-06-24 14:42:44', '174', 1, 0, 'Incident no   ', 'tache : pci-01 - Analyse des impacts sur les Activités (BIA)<br />Description :  - Identifier les processus métier critiques<br>- Evaluer les impacts financiers, oper., règlementaires, etc. des interruptions.<br>- Prioriser les systèmes et applications en fonction de leur importance pour l\'entreprise. <br />Statut :  En Cours', NULL),
(267, 2000039, 204, 'email', 0, 0, '2024-06-24 14:42:45', '174', 1, 0, '( Simulation )  Incident no   ', 'tache : pci-01 - Analyse des impacts sur les Activités (BIA)<br />Description :  - Identifier les processus métier critiques<br>- Evaluer les impacts financiers, oper., règlementaires, etc. des interruptions.<br>- Prioriser les systèmes et applications en fonction de leur importance pour l\'entreprise. <br />Statut :  En Cours\n<br>\nRoles : <br>ADMIN Bcp : Exécution (R) <br>.YURANA .yu : Validation (A) <br><br>Changer le statut de la tache  : <br><br>  http://localhost/updateTaskStatus.php?id_inc=2000039&tache=tache_204&emailId=169', NULL),
(268, 2000039, 204, 'push', 0, 0, '2024-06-24 14:42:45', '230', 1, 0, 'Incident no   ', 'tache : pci-01 - Analyse des impacts sur les Activités (BIA)<br />Description :  - Identifier les processus métier critiques<br>- Evaluer les impacts financiers, oper., règlementaires, etc. des interruptions.<br>- Prioriser les systèmes et applications en fonction de leur importance pour l\'entreprise. <br />Statut :  En Cours', NULL),
(269, 2000039, 204, 'email', 0, 0, '2024-06-24 14:42:45', '230', 1, 0, '( Simulation )  Incident no   ', 'tache : pci-01 - Analyse des impacts sur les Activités (BIA)<br />Description :  - Identifier les processus métier critiques<br>- Evaluer les impacts financiers, oper., règlementaires, etc. des interruptions.<br>- Prioriser les systèmes et applications en fonction de leur importance pour l\'entreprise. <br />Statut :  En Cours\n<br>\nRoles : <br>ADMIN Bcp : Exécution (R) <br>.YURANA .yu : Validation (A) <br><br>Changer le statut de la tache  : <br><br>  http://localhost/updateTaskStatus.php?id_inc=2000039&tache=tache_204&emailId=169&isAcc=yes', NULL),
(270, 2000039, 204, 'push', 0, 0, '2024-06-24 14:43:21', '174', 1, 0, 'Incident no   ', 'tache : pci-01 - Analyse des impacts sur les Activités (BIA)<br />Description :  - Identifier les processus métier critiques<br>- Evaluer les impacts financiers, oper., règlementaires, etc. des interruptions.<br>- Prioriser les systèmes et applications en fonction de leur importance pour l\'entreprise. <br />Statut :  Terminée', NULL),
(271, 2000039, 204, 'email', 0, 0, '2024-06-24 14:43:22', '174', 1, 0, '( Simulation )  Incident no   ', 'tache : pci-01 - Analyse des impacts sur les Activités (BIA)<br />Description :  - Identifier les processus métier critiques<br>- Evaluer les impacts financiers, oper., règlementaires, etc. des interruptions.<br>- Prioriser les systèmes et applications en fonction de leur importance pour l\'entreprise. <br />Statut :  Terminée\n<br>\nRoles : <br>ADMIN Bcp : Exécution (R) <br>.YURANA .yu : Validation (A) <br><br>Changer le statut de la tache  : <br><br>  http://localhost/updateTaskStatus.php?id_inc=2000039&tache=tache_204&emailId=170', NULL),
(272, 2000039, 204, 'push', 0, 0, '2024-06-24 14:43:22', '230', 1, 0, 'Incident no   ', 'tache : pci-01 - Analyse des impacts sur les Activités (BIA)<br />Description :  - Identifier les processus métier critiques<br>- Evaluer les impacts financiers, oper., règlementaires, etc. des interruptions.<br>- Prioriser les systèmes et applications en fonction de leur importance pour l\'entreprise. <br />Statut :  Terminée', NULL),
(273, 2000039, 204, 'email', 0, 0, '2024-06-24 14:43:22', '230', 1, 0, '( Simulation )  Incident no   ', 'tache : pci-01 - Analyse des impacts sur les Activités (BIA)<br />Description :  - Identifier les processus métier critiques<br>- Evaluer les impacts financiers, oper., règlementaires, etc. des interruptions.<br>- Prioriser les systèmes et applications en fonction de leur importance pour l\'entreprise. <br />Statut :  Terminée\n<br>\nRoles : <br>ADMIN Bcp : Exécution (R) <br>.YURANA .yu : Validation (A) <br><br>Changer le statut de la tache  : <br><br>  http://localhost/updateTaskStatus.php?id_inc=2000039&tache=tache_204&emailId=170&isAcc=yes', NULL),
(274, 2000039, 204, 'push', 0, 0, '2024-06-24 14:43:45', '174', 1, 0, 'Incident no   ', 'tache : pci-01 - Analyse des impacts sur les Activités (BIA)<br />Description :  - Identifier les processus métier critiques<br>- Evaluer les impacts financiers, oper., règlementaires, etc. des interruptions.<br>- Prioriser les systèmes et applications en fonction de leur importance pour l\'entreprise. <br />Statut :  Validée', NULL),
(275, 2000039, 204, 'email', 0, 0, '2024-06-24 14:43:45', '174', 1, 0, '( Simulation )  Incident no   ', 'tache : pci-01 - Analyse des impacts sur les Activités (BIA)<br />Description :  - Identifier les processus métier critiques<br>- Evaluer les impacts financiers, oper., règlementaires, etc. des interruptions.<br>- Prioriser les systèmes et applications en fonction de leur importance pour l\'entreprise. <br />Statut :  Validée\n<br>\nRoles : <br>ADMIN Bcp : Exécution (R) <br>.YURANA .yu : Validation (A) <br><br>Changer le statut de la tache  : <br><br>  http://localhost/updateTaskStatus.php?id_inc=2000039&tache=tache_204&emailId=171', NULL),
(276, 2000039, 204, 'push', 0, 0, '2024-06-24 14:43:45', '230', 1, 0, 'Incident no   ', 'tache : pci-01 - Analyse des impacts sur les Activités (BIA)<br />Description :  - Identifier les processus métier critiques<br>- Evaluer les impacts financiers, oper., règlementaires, etc. des interruptions.<br>- Prioriser les systèmes et applications en fonction de leur importance pour l\'entreprise. <br />Statut :  Validée', NULL),
(277, 2000039, 204, 'email', 0, 0, '2024-06-24 14:43:46', '230', 1, 0, '( Simulation )  Incident no   ', 'tache : pci-01 - Analyse des impacts sur les Activités (BIA)<br />Description :  - Identifier les processus métier critiques<br>- Evaluer les impacts financiers, oper., règlementaires, etc. des interruptions.<br>- Prioriser les systèmes et applications en fonction de leur importance pour l\'entreprise. <br />Statut :  Validée\n<br>\nRoles : <br>ADMIN Bcp : Exécution (R) <br>.YURANA .yu : Validation (A) <br><br>Changer le statut de la tache  : <br><br>  http://localhost/updateTaskStatus.php?id_inc=2000039&tache=tache_204&emailId=171&isAcc=yes', NULL),
(278, 2000039, 205, 'push', 0, 0, '2024-06-24 14:43:46', '230', 1, 0, 'Incident no   ', 'tache : pci-02 - Evaluation des risques<br />Description :  - identifier les menaces potentielles (cyberattaques, pannes matérielles, catastrophes naturelles, indisponibilité d\'un site, etc. )\r\n- évaluer la probabilité et l\'impact de chaque menace sur les systèmes informatiques.. <br />Statut :  Ouvert', NULL),
(279, 2000039, 205, 'email', 0, 0, '2024-06-24 14:43:46', '230', 1, 0, '( Simulation )  Incident no   ', 'tache : pci-02 - Evaluation des risques<br />Description :  - identifier les menaces potentielles (cyberattaques, pannes matérielles, catastrophes naturelles, indisponibilité d\'un site, etc. )\r\n- évaluer la probabilité et l\'impact de chaque menace sur les systèmes informatiques.. <br />Statut :  Ouvert\n<br>\nRoles : <br>.YURANA .yu : Exécution (R) <br><br>Changer le statut de la tache  : <br><br>  http://localhost/updateTaskStatus.php?id_inc=2000039&tache=tache_205&emailId=172', NULL);

-- --------------------------------------------------------

--
-- Structure de la table `seuil`
--

CREATE TABLE `seuil` (
  `id_seuil` mediumint(8) NOT NULL DEFAULT '0',
  `seuil_code` varchar(8) NOT NULL DEFAULT '',
  `seuil_libelle` varchar(40) NOT NULL DEFAULT '',
  `seuil_description` varchar(250) NOT NULL DEFAULT ''
) ENGINE=InnoDB DEFAULT CHARSET=utf8;

--
-- Déchargement des données de la table `seuil`
--

INSERT INTO `seuil` (`id_seuil`, `seuil_code`, `seuil_libelle`, `seuil_description`) VALUES
(1, 'IMPFIN1', '< 5 %', ''),
(2, 'IMPFIN2', '< 5 et 20 % >', ''),
(3, 'IMPFIN3', '> 20 %', ''),
(4, 'IMPTECN1', '< 2 hours', ''),
(5, 'IMPTECN2', '< 2 hours and 1 day >', ''),
(6, 'IMPTECN3', '> 1 day', ''),
(7, 'POTCALN1', '< Once per year', ''),
(8, 'POTCALN2', '< Once per semester', ''),
(9, 'POTCALN3', '> Once per semester', '');

-- --------------------------------------------------------

--
-- Structure de la table `site`
--

CREATE TABLE `site` (
  `idSite` mediumint(8) UNSIGNED NOT NULL,
  `Site_Code` varchar(30) NOT NULL DEFAULT '',
  `Site_Lib` varchar(30) NOT NULL DEFAULT '',
  `Site_desc` mediumtext NOT NULL,
  `Site_Adresse` mediumtext NOT NULL,
  `Site_CP` varchar(20) NOT NULL DEFAULT '',
  `Site_Ville` varchar(30) NOT NULL DEFAULT '',
  `Site_Tel` varchar(50) NOT NULL,
  `Site_Fax` varchar(50) NOT NULL,
  `Site_Email` varchar(250) NOT NULL,
  `Typ_Iden` varchar(8) NOT NULL DEFAULT 'SPE',
  `idPays` mediumint(8) NOT NULL,
  `idHs` mediumint(8) NOT NULL,
  `Date_Debut` datetime NOT NULL DEFAULT '0000-00-00 00:00:00',
  `Date_Modif` date NOT NULL DEFAULT '0000-00-00',
  `Date_Fin` datetime NOT NULL DEFAULT '0000-00-00 00:00:00',
  `Affecte` binary(1) NOT NULL DEFAULT '\0'
) ENGINE=InnoDB DEFAULT CHARSET=utf8;

--
-- Déchargement des données de la table `site`
--

INSERT INTO `site` (`idSite`, `Site_Code`, `Site_Lib`, `Site_desc`, `Site_Adresse`, `Site_CP`, `Site_Ville`, `Site_Tel`, `Site_Fax`, `Site_Email`, `Typ_Iden`, `idPays`, `idHs`, `Date_Debut`, `Date_Modif`, `Date_Fin`, `Affecte`) VALUES
(1, 'HO', 'Head Office BBL', 'Head Office BBL', 'Beirut Area - BACA Center', '', 'Beirut', '01748061', '01748061', '', 'SPE', 88, 1, '2022-09-16 13:18:21', '0000-00-00', '0000-00-00 00:00:00', 0x74),
(2, 'BRVIP', 'VIP Branch', 'VIP Branch<br />Main Branch', 'Beirut -  BACA Center', '', 'Beirut', '01748968', '01748968', '', 'SPE', 88, 1, '2022-09-16 13:15:55', '0000-00-00', '0000-00-00 00:00:00', 0x74),
(3, 'DRSite', 'DR Site', 'Disaster Recovery Site', 'Amazon', '', 'Chrabieh', '05814005', '05814005', '', 'SPE', 88, 1, '2022-09-16 13:16:52', '0000-00-00', '0000-00-00 00:00:00', 0x74),
(4, 'BRTR', 'Tripoli Branch', 'Tripoli Branch', 'Tripoli - AlTall', '', 'Tripoli', '06447911', '06447861', '', 'SPE', 88, 1, '2022-09-16 13:15:34', '0000-00-00', '2024-06-13 11:32:36', 0x74),
(4, 'BRTR', 'Tripoli Branch', 'Tripoli Branch', 'Tripoli - AlTall', '', 'Tripoli', '06447911', '06447861', '', 'SPE', 88, 1, '2024-06-13 11:32:36', '0000-00-00', '2024-06-13 11:37:04', 0x74),
(4, 'BRTR', 'Tripoli Branch', 'Tripoli Branch', 'Tripoli - AlTall', '', 'Tripoli', '06447911', '06447861', '', 'SPE', 88, 1, '2024-06-13 11:37:04', '0000-00-00', '2024-06-13 11:37:31', 0x66),
(4, 'BRTR', 'Tripoli Branch', 'Tripoli Branch', 'Tripoli - AlTall', '', 'Tripoli', '06447911', '06447861', '', 'SPE', 88, 1, '2024-06-13 11:37:31', '0000-00-00', '2024-06-13 11:37:36', 0x66),
(4, 'BRTR', 'Tripoli Branch', 'Tripoli Branch', 'Tripoli - AlTall', '', 'Tripoli', '06447911', '06447861', '', 'SPE', 88, 1, '2024-06-13 11:37:36', '0000-00-00', '0000-00-00 00:00:00', 0x74),
(5, 'BRCH', 'ABC Branch', 'ABC Branch', 'Beqaa - ABC - Haddad Building', '', 'ABC- ABC', '08546151', '08546153', '', 'SPE', 52, 1, '2023-02-02 10:34:42', '0000-00-00', '0000-00-00 00:00:00', 0x74),
(6, 'BRSA', 'Saida Branch', 'Saida Branch', 'Saida - Houssam Eldine Hariri Street - Golden Tower Building', '', 'Saida', '07754477', '07754488', '', 'SPE', 88, 1, '2017-11-03 12:50:44', '0000-00-00', '0000-00-00 00:00:00', 0x74),
(8, 'BRTJ', 'Tarik Jadida Branch', 'Tarik Jadida Branch', 'Beirut -', '99990', 'Beirut', '01309791', '01309791', '', 'SPE', 88, 1, '2022-09-16 13:15:04', '0000-00-00', '0000-00-00 00:00:00', 0x74),
(9, 'BRIS', 'Istiklal Branch', 'Istiklal Branch', 'Beirut - Istiklal Street', '', 'Beirut', '01742601', '01742604', '', 'SPE', 88, 1, '2022-09-16 13:13:34', '0000-00-00', '0000-00-00 00:00:00', 0x74),
(11, '.Siege', '.OF - Siège social', '', '44 rue Ba   Cedex 15', '75001', 'Paris', '', '', '', 'SPE', 52, 1, '2022-09-16 13:12:51', '0000-00-00', '0000-00-00 00:00:00', 0x74),
(12, '.DTparis', '.Paris', '', '83, rue de Patay', '75013', 'paris', '', '', '', 'SPE', 52, 1, '2020-01-17 12:29:58', '0000-00-00', '0000-00-00 00:00:00', 0x74),
(13, '.DTbesan', '.Besançon', '', '', '', '', '', '', '', 'SPE', 52, 1, '2020-05-18 10:12:21', '0000-00-00', '0000-00-00 00:00:00', 0x74),
(14, '.DTlim', '.Limoges', '', '', '', '', '', '', '', 'SPE', 52, 1, '2022-09-16 15:11:59', '0000-00-00', '0000-00-00 00:00:00', 0x74),
(15, '.DTMR', '.Montrouge', '', '', '', '', '', '', '', 'SPE', 52, 1, '2020-01-17 12:32:21', '0000-00-00', '0000-00-00 00:00:00', 0x74),
(16, '.DTBor', '.Bordeaux', '', '', '', '', '', '', '', 'SPE', 52, 1, '2022-09-16 15:12:06', '0000-00-00', '0000-00-00 00:00:00', 0x74),
(17, '.DTly', '.Lyon', '', '', '', '', '', '', '', 'SPE', 52, 1, '2020-01-17 12:33:56', '0000-00-00', '0000-00-00 00:00:00', 0x74),
(18, '.DTca', '.Caen', '', '', '', '', '', '', '', 'SPE', 52, 1, '2022-09-16 15:12:03', '0000-00-00', '0000-00-00 00:00:00', 0x74),
(19, '.REMA', '.Maroc', '', '', '', '', '', '', '', 'SPE', 106, 1, '2020-01-17 20:29:24', '0000-00-00', '0000-00-00 00:00:00', 0x74),
(21, 'jyo', 'Jyobat', '', '', '', '', '', '', '', 'SPE', 52, 1, '2023-06-05 09:52:13', '0000-00-00', '0000-00-00 00:00:00', 0x74);

-- --------------------------------------------------------

--
-- Structure de la table `siterepli`
--

CREATE TABLE `siterepli` (
  `idSite` mediumint(8) UNSIGNED NOT NULL,
  `Site_Code` varchar(30) NOT NULL DEFAULT '',
  `Site_Lib` varchar(30) NOT NULL DEFAULT '',
  `Site_Adresse` mediumtext NOT NULL,
  `Site_CP` varchar(20) NOT NULL DEFAULT '',
  `Site_Ville` varchar(30) NOT NULL DEFAULT '',
  `Date_Debut` date NOT NULL DEFAULT '0000-00-00',
  `Date_Modif` date NOT NULL DEFAULT '0000-00-00',
  `Date_Fin` date NOT NULL DEFAULT '0000-00-00',
  `Affecte` binary(1) NOT NULL DEFAULT '\0'
) ENGINE=InnoDB DEFAULT CHARSET=utf8;

-- --------------------------------------------------------

--
-- Structure de la table `site_locationtype`
--

CREATE TABLE `site_locationtype` (
  `idSite` mediumint(8) NOT NULL DEFAULT '0',
  `idLt` mediumint(8) NOT NULL DEFAULT '0',
  `Date_Debut` datetime NOT NULL DEFAULT '0000-00-00 00:00:00',
  `Date_Modif` date NOT NULL DEFAULT '0000-00-00',
  `Date_Fin` datetime NOT NULL DEFAULT '0000-00-00 00:00:00'
) ENGINE=InnoDB DEFAULT CHARSET=utf8;

--
-- Déchargement des données de la table `site_locationtype`
--

INSERT INTO `site_locationtype` (`idSite`, `idLt`, `Date_Debut`, `Date_Modif`, `Date_Fin`) VALUES
(1, 6, '2014-10-28 14:50:31', '2022-09-16', '0000-00-00 00:00:00'),
(2, 3, '2014-10-28 14:52:45', '2016-03-11', '2016-03-16 11:32:22'),
(2, 6, '2016-03-16 10:32:22', '2022-09-16', '0000-00-00 00:00:00'),
(3, 3, '2014-10-28 15:12:31', '2015-06-04', '2016-11-09 15:07:13'),
(3, 5, '2014-10-28 15:11:35', '2022-09-16', '0000-00-00 00:00:00'),
(4, 3, '2014-10-29 10:13:11', '2024-06-13', '0000-00-00 00:00:00'),
(5, 3, '2014-10-29 10:14:59', '2023-02-02', '0000-00-00 00:00:00'),
(6, 3, '2015-05-20 13:15:21', '2017-11-03', '0000-00-00 00:00:00'),
(8, 3, '2015-05-20 13:17:14', '2022-09-16', '0000-00-00 00:00:00'),
(9, 3, '2016-03-11 07:01:03', '2022-09-16', '0000-00-00 00:00:00'),
(11, 6, '2020-01-07 13:59:24', '2022-09-16', '0000-00-00 00:00:00'),
(12, 3, '2020-01-07 14:03:08', '2020-01-07', '2020-01-17 12:28:49'),
(12, 7, '2020-01-17 12:28:49', '2020-01-17', '0000-00-00 00:00:00'),
(13, 3, '2020-01-17 12:26:38', '2020-05-18', '0000-00-00 00:00:00'),
(14, 7, '2020-01-17 12:31:29', '0000-00-00', '0000-00-00 00:00:00'),
(15, 7, '2020-01-17 12:32:21', '0000-00-00', '0000-00-00 00:00:00'),
(16, 7, '2020-01-17 12:33:22', '0000-00-00', '0000-00-00 00:00:00'),
(17, 7, '2020-01-17 12:33:56', '0000-00-00', '0000-00-00 00:00:00'),
(18, 7, '2020-01-17 12:34:30', '0000-00-00', '0000-00-00 00:00:00'),
(19, 7, '2020-01-17 20:29:24', '0000-00-00', '0000-00-00 00:00:00'),
(21, 9, '2023-06-05 09:52:13', '0000-00-00', '0000-00-00 00:00:00');

-- --------------------------------------------------------

--
-- Structure de la table `site_locationtyperisk`
--

CREATE TABLE `site_locationtyperisk` (
  `idSite` mediumint(8) NOT NULL DEFAULT '0',
  `idLtr` mediumint(8) NOT NULL DEFAULT '0',
  `Date_Debut` datetime NOT NULL DEFAULT '0000-00-00 00:00:00',
  `Date_Modif` date NOT NULL DEFAULT '0000-00-00',
  `Date_Fin` datetime NOT NULL DEFAULT '0000-00-00 00:00:00'
) ENGINE=InnoDB DEFAULT CHARSET=utf8;

--
-- Déchargement des données de la table `site_locationtyperisk`
--

INSERT INTO `site_locationtyperisk` (`idSite`, `idLtr`, `Date_Debut`, `Date_Modif`, `Date_Fin`) VALUES
(1, 6, '2014-10-28 14:50:31', '2022-09-16', '0000-00-00 00:00:00'),
(2, 5, '2014-10-28 14:52:45', '2022-09-16', '0000-00-00 00:00:00'),
(3, 1, '2014-10-28 15:11:35', '2015-06-04', '2016-11-09 15:07:13'),
(3, 6, '2016-11-09 15:07:13', '2022-09-16', '0000-00-00 00:00:00'),
(4, 6, '2014-10-29 10:13:11', '2024-06-13', '0000-00-00 00:00:00'),
(5, 6, '2014-10-29 10:14:59', '2023-02-02', '0000-00-00 00:00:00'),
(6, 6, '2015-05-20 13:15:21', '2017-11-03', '0000-00-00 00:00:00'),
(8, 6, '2015-05-20 13:17:14', '2022-09-16', '0000-00-00 00:00:00'),
(9, 5, '2016-03-11 07:01:03', '2022-09-16', '0000-00-00 00:00:00'),
(11, 6, '2020-01-07 13:59:24', '2022-09-16', '0000-00-00 00:00:00'),
(12, 6, '2020-01-07 14:03:08', '2020-01-17', '0000-00-00 00:00:00'),
(13, 6, '2020-01-17 12:26:38', '2020-05-18', '0000-00-00 00:00:00'),
(14, 6, '2020-01-17 12:31:30', '0000-00-00', '0000-00-00 00:00:00'),
(15, 6, '2020-01-17 12:32:21', '0000-00-00', '0000-00-00 00:00:00'),
(16, 6, '2020-01-17 12:33:22', '0000-00-00', '0000-00-00 00:00:00'),
(17, 6, '2020-01-17 12:33:56', '0000-00-00', '0000-00-00 00:00:00'),
(18, 6, '2020-01-17 12:34:30', '0000-00-00', '0000-00-00 00:00:00'),
(19, 6, '2020-01-17 20:29:24', '0000-00-00', '0000-00-00 00:00:00'),
(21, 6, '2023-06-05 09:52:13', '0000-00-00', '0000-00-00 00:00:00');

-- --------------------------------------------------------

--
-- Structure de la table `societes`
--

CREATE TABLE `societes` (
  `Soc_Iden` mediumint(8) NOT NULL,
  `Soc_Cod` varchar(10) DEFAULT NULL,
  `Soc_Rai_Soc` varchar(20) DEFAULT NULL,
  `Soc_Int_Com` varchar(20) DEFAULT NULL,
  `Soc_Int_Fon` varchar(20) DEFAULT NULL,
  `Soc_Int_Tec` varchar(20) DEFAULT NULL,
  `Res_Iden` int(11) DEFAULT NULL,
  `AnnCri_Iden` int(11) DEFAULT NULL,
  `Soc_Conf_Res` binary(1) NOT NULL DEFAULT 'f',
  `Soc_Conf_Adm` binary(1) NOT NULL DEFAULT 'f',
  `Soc_Conf_Date` datetime NOT NULL DEFAULT '0000-00-00 00:00:00',
  `Soc_Typ_Lg_Min` int(11) NOT NULL,
  `Soc_Typ_Lg_Max` int(11) NOT NULL,
  `Soc_Typ_Lg_Fix` int(11) NOT NULL,
  `Soc_Typ_Cas_Min` int(11) NOT NULL,
  `Soc_Typ_Cas_Min_etat` varchar(4) NOT NULL,
  `Soc_Typ_Cas_Maj` int(11) NOT NULL,
  `Soc_Typ_Cas_Maj_etat` varchar(4) NOT NULL,
  `Soc_Typ_Cas_Chif` int(11) NOT NULL,
  `Soc_Typ_Cas_Chif_etat` varchar(4) NOT NULL,
  `Soc_Typ_Cas_Car` int(11) NOT NULL,
  `Soc_Typ_Cas_Car_etat` varchar(4) NOT NULL,
  `Soc_Typ_Date` datetime NOT NULL DEFAULT '0000-00-00 00:00:00',
  `Soc_Vie_Day` int(3) NOT NULL,
  `Soc_Vie_Date` datetime NOT NULL DEFAULT '0000-00-00 00:00:00',
  `Soc_Reu_Day` int(3) NOT NULL,
  `Soc_Reu_Date` datetime NOT NULL DEFAULT '0000-00-00 00:00:00',
  `Soc_nb_save` mediumint(1) NOT NULL,
  `Soc_Cpt_Ité_Nb` int(3) NOT NULL,
  `Soc_Cpt_Nb_Date` datetime NOT NULL DEFAULT '0000-00-00 00:00:00',
  `Soc_Cpt_Inac_Day` int(3) NOT NULL,
  `Soc_Cpt_Inac_Date` datetime NOT NULL DEFAULT '0000-00-00 00:00:00',
  `Soc_timeOut` mediumint(3) NOT NULL,
  `Soc_timeOut_Date` datetime NOT NULL,
  `lock_site_etat` binary(1) NOT NULL DEFAULT 't',
  `lock_site_user` mediumint(8) DEFAULT NULL,
  `lock_site_date` datetime NOT NULL DEFAULT '0000-00-00 00:00:00',
  `Language` varchar(3) NOT NULL DEFAULT 'en',
  `authenticationType` varchar(35) NOT NULL DEFAULT 'Local',
  `DomainController` varchar(50) NOT NULL,
  `DefaultAuthentication` varchar(15) NOT NULL DEFAULT 'Local',
  `DomainUN` mediumtext NOT NULL,
  `DomainPass` varbinary(250) NOT NULL,
  `DomainRoot` mediumtext NOT NULL,
  `DomainFilter` mediumtext NOT NULL,
  `overright_name_from_ldap` int(11) NOT NULL DEFAULT '1',
  `bia_display` varchar(25) NOT NULL DEFAULT 'byRessource',
  `notification_type` int(11) DEFAULT '1',
  `notification_timer` int(11) NOT NULL,
  `notification_timer_unit` int(10) NOT NULL COMMENT '1 minutes, 2 hours, 3 days',
  `SMS_GATEWAY` varchar(50) CHARACTER SET utf8 COLLATE utf8_general_ci NOT NULL,
  `SMS_UN` varchar(100) CHARACTER SET utf8 COLLATE utf8_general_ci NOT NULL,
  `SMS_PASS` varbinary(250) NOT NULL,
  `SMS_HOST` varchar(100) NOT NULL,
  `SMS_PORT` smallint(6) NOT NULL,
  `SMS_DATA_NAME` varchar(50) NOT NULL,
  `SMS_DATA_USER` varchar(50) NOT NULL,
  `SMS_DATA_PASSWORD` varbinary(250) NOT NULL,
  `SMS_DATA_DRIVER` varchar(50) NOT NULL,
  `SMS_MOBILNO_SEPARATOR` varchar(10) NOT NULL DEFAULT ',',
  `control_status` varchar(3) NOT NULL DEFAULT 'yes'
) ENGINE=InnoDB DEFAULT CHARSET=utf8;

--
-- Déchargement des données de la table `societes`
--

INSERT INTO `societes` (`Soc_Iden`, `Soc_Cod`, `Soc_Rai_Soc`, `Soc_Int_Com`, `Soc_Int_Fon`, `Soc_Int_Tec`, `Res_Iden`, `AnnCri_Iden`, `Soc_Conf_Res`, `Soc_Conf_Adm`, `Soc_Conf_Date`, `Soc_Typ_Lg_Min`, `Soc_Typ_Lg_Max`, `Soc_Typ_Lg_Fix`, `Soc_Typ_Cas_Min`, `Soc_Typ_Cas_Min_etat`, `Soc_Typ_Cas_Maj`, `Soc_Typ_Cas_Maj_etat`, `Soc_Typ_Cas_Chif`, `Soc_Typ_Cas_Chif_etat`, `Soc_Typ_Cas_Car`, `Soc_Typ_Cas_Car_etat`, `Soc_Typ_Date`, `Soc_Vie_Day`, `Soc_Vie_Date`, `Soc_Reu_Day`, `Soc_Reu_Date`, `Soc_nb_save`, `Soc_Cpt_Ité_Nb`, `Soc_Cpt_Nb_Date`, `Soc_Cpt_Inac_Day`, `Soc_Cpt_Inac_Date`, `Soc_timeOut`, `Soc_timeOut_Date`, `lock_site_etat`, `lock_site_user`, `lock_site_date`, `Language`, `authenticationType`, `DomainController`, `DefaultAuthentication`, `DomainUN`, `DomainPass`, `DomainRoot`, `DomainFilter`, `overright_name_from_ldap`, `bia_display`, `notification_type`, `notification_timer`, `notification_timer_unit`, `SMS_GATEWAY`, `SMS_UN`, `SMS_PASS`, `SMS_HOST`, `SMS_PORT`, `SMS_DATA_NAME`, `SMS_DATA_USER`, `SMS_DATA_PASSWORD`, `SMS_DATA_DRIVER`, `SMS_MOBILNO_SEPARATOR`, `control_status`) VALUES
(1, 'DftBank', 'DftBank', NULL, NULL, '', NULL, NULL, 0x66, 0x66, '0000-00-00 00:00:00', 0, 0, 0, 0, '', 0, '', 0, '', 0, '', '2010-07-06 10:50:39', 0, '0000-00-00 00:00:00', 0, '0000-00-00 00:00:00', 0, 0, '0000-00-00 00:00:00', 0, '0000-00-00 00:00:00', 15, '0000-00-00 00:00:00', 0x74, 0, '0000-00-00 00:00:00', 'fr', 'Domain', '192.168.100.200', 'Local', 'internetup@bbl.com', 0xd32f752d2ab96bd2fa3020f9df9eff27, 'DC=bbl,DC=com', '', 1, 'byProcess', 1, 0, 0, '', '', 0x484337b3d79ff345726bb25d27ffd998, '', 0, '', '', 0x484337b3d79ff345726bb25d27ffd998, '', ',', 'yes'),
(2, 'E', 'Entreprise', 'Yann', 'Yann', 'Yann', NULL, NULL, 0x66, 0x66, '0000-00-00 00:00:00', 0, 0, 0, 0, '', 0, '', 0, '', 0, '', '0000-00-00 00:00:00', 0, '0000-00-00 00:00:00', 0, '0000-00-00 00:00:00', 0, 0, '0000-00-00 00:00:00', 0, '0000-00-00 00:00:00', 0, '0000-00-00 00:00:00', 0x74, NULL, '0000-00-00 00:00:00', 'en', 'Local', '', 'Local', '', 0x484337b3d79ff345726bb25d27ffd998, '', '', 1, 'byRessource', 1, 0, 0, '', '', 0x484337b3d79ff345726bb25d27ffd998, '', 0, '', '', 0x484337b3d79ff345726bb25d27ffd998, '', ',', 'yes');

-- --------------------------------------------------------

--
-- Structure de la table `status`
--

CREATE TABLE `status` (
  `id` int(11) NOT NULL,
  `libelle` varchar(255) NOT NULL
) ENGINE=InnoDB DEFAULT CHARSET=utf8;

--
-- Déchargement des données de la table `status`
--

INSERT INTO `status` (`id`, `libelle`) VALUES
(1, 'Suspendu'),
(2, 'Supprimé'),
(3, 'Actif'),
(4, 'Terminée');

-- --------------------------------------------------------

--
-- Structure de la table `strategie`
--

CREATE TABLE `strategie` (
  `id` int(11) NOT NULL,
  `libelle` varchar(255) NOT NULL
) ENGINE=InnoDB DEFAULT CHARSET=utf8;

--
-- Déchargement des données de la table `strategie`
--

INSERT INTO `strategie` (`id`, `libelle`) VALUES
(1, 'Eviter le risque'),
(2, 'Transférer le risque'),
(3, 'Limiter le risque '),
(4, 'Accepter le risque '),
(5, 'Réduire la probabilité');

-- --------------------------------------------------------

--
-- Structure de la table `tache`
--

CREATE TABLE `tache` (
  `idTache` mediumint(8) UNSIGNED NOT NULL,
  `codeTache` varchar(10) NOT NULL,
  `libTache` varchar(50) NOT NULL,
  `descriptionTache` mediumtext NOT NULL,
  `idTachePere` mediumint(8) NOT NULL DEFAULT '0',
  `idAction` mediumint(8) NOT NULL DEFAULT '0',
  `etat` varchar(1) NOT NULL DEFAULT '1',
  `id_typesuivi` mediumint(8) NOT NULL
) ENGINE=InnoDB DEFAULT CHARSET=utf8;

--
-- Déchargement des données de la table `tache`
--

INSERT INTO `tache` (`idTache`, `codeTache`, `libTache`, `descriptionTache`, `idTachePere`, `idAction`, `etat`, `id_typesuivi`) VALUES
(14, 'EqDR-01', 'stop mimix', '', 0, 0, '1', 6),
(15, 'EqDR-02', 'Change Routing of DR AS400', 'a- Add TPC/IP Host Table Entry (ADDTCPHTE)\r\nb- Remove default route 192.168.250.101 (WRKTCP Option 2Change)\r\nc- Add default gateway 192.168.100.14 ( replacing IP in b)\r\nd- End IP 192.168.250.90 and 192.168.250.92 (Use option 10 End)\r\ne- Start IP 192.168.100.195 (WRKTCPI option 9 start)', 0, 0, '1', 6),
(39, 'ERI01', 'Detecting an Emergency Event', 'Upon observation of a potentially serious situation at HO or branch or vicinity:\r\nIf needed, call the External Emergency Services (Civil Defense, Fire Department, Red Cross…) using Table 7aiii, and try to gather the following information:\r\n•	Location of the event\r\n•	Type of disaster (fire, flood, explosion…)\r\n•	Injuries or loss of life\r\n•	Summary of current noticeable damage (minimal, heavy, total destruction)\r\n•	Possible safe location to meet (at site, closest place to site…) \r\n\r\nii.	During  business hours \r\n•	Ensure that personnel on site apply the emergency and evacuation procedures (if appropriate)\r\n•	Notify as many of the Crisis Management Team using Table7d and the contact list in Table 7cii.\r\n•	Perform a head count to ensure no one is missing \r\n\r\niii.	Out of office hours\r\n•	Notify as many of the Crisis Management Team using Table7d and the contact list in Table 7cii and provide the above information.\r\n•	If no Crisis Management Member could be reached move to the BCP Emergency Team list and try to contact them, as per the Calling Tree described.\r\n•	Crisis Management Team Members, agree on the location to meet ASAP.\r\n', 0, 0, '1', 10),
(40, 'ERI02', 'Qualifying the Emergency', 'Once the Crisis Management Team members are alerted, and meet:\r\n•	Based on the first information gathered, the Crisis management Team tries to assess the size and extent of the damage, and its probable impact on the business \r\n•	Using the below section, decide if the BCP should be invoked or if a disaster should be declared or not.\r\n•	From the memo in Table 7d, they nominate the members of the Emergency Response Team, who will perform the detailed assessment of the situation.  \r\n•	Prepare a notification memo that may contain the following (check Form 8b):\r\no	Nature of the emergency\r\no	Loss of life or injuries\r\no	Preliminary damage estimates\r\no	Preliminary response and recovery details\r\no	Where and when to assemble for briefing or further response instructions\r\n•	Ensure that employees are notified of the situation based on the Contact Call Tree.\r\n', 0, 0, '1', 10),
(41, 'ERI03', 'Invoking the plan', 'i.	In general, when the event leads to:\r\n•	Potential threat to human safety\r\n•	Potential threat to buildings or equipment\r\n•	Potential need to involve emergency services\r\n•	\r\nii.	IT or technology related event\r\n•	Critical IT systems are down for more than 5 hours\r\n•	 HO site is down for more than 5 hours\r\n•	Total loss of communications\r\n•	Total loss of power\r\n•	Flooding of the premises\r\n•	Loss of the building\r\n•	Any problem at any system or network facility that would cause either the above conditions to be present or there is certain indication that either of the conditions are about to occur.\r\n', 0, 0, '1', 10),
(42, 'ERI04', 'Disaster Declaration', 'i.	Preliminary Damage Assessment\r\nEach particular emergency imposes varying assessment procedures. \r\nNevertheless, the Emergency Response Team should consider in general the following points and fill up Form 8di:\r\n•	Origin of the emergency\r\n•	Potential for additional disruption or damage or casualties\r\n•	Area affected by the emergency\r\n•	Number of Human losses and casualties\r\n•	Status of the physical infrastructure \r\n•	Inventory and functional status of the critical equipment\r\n•	Items that can be recovered through the Disaster Recovery \r\n•	Business processes affected\r\n•	Business processes recoverable\r\n•	Items to be replaced\r\n•	Estimated time to restore normal services if disaster procedures were not in place\r\n\r\nIn addition, if possible, the BIA and Critical and Essential Functions need to be reviewed, in order to detect  \r\n•	Interdependency of equipment affected with functions\r\n•	Functions affected directly\r\n•	Functions affected through their interdependency to other affected functions\r\n\r\nii.	Identification of Potential Disaster Status (list of Criteria)\r\nBased on the information specified above, the Crisis Management Team evaluates the situation and classifies the emergency as follows:\r\n\r\nImpact from the event affects normal business operations\r\n\r\nL1- Minor Continuity event:\r\nSite operating normally  and\r\n-	Incident limited to disruption of  a specific critical  function\r\n-	No effect on other critical processes\r\n-	Incident can be managed through normal operating procedures\r\n-	Business process is interrupted but can be restored within 3 to 4 hours \r\n-	Incident expected to be closed within a day\r\n-	No additional resources are required\r\n\r\nL2- Momentous Continuity Event:\r\n\r\nSite still operating normally in its majority, except in affected area, but\r\n-	Incident affecting more than one critical function\r\n-	Incident disrupting critical functions for more than one day\r\n-	Incident can be managed through written recovery procedures (manually or other)\r\n-	Critical Business processes will be restored within 72 hours\r\n-	No additional resources are required, just extra hours to make up for unprocessed work within a week\r\n-	Incident will be totally closed with no damage after one week\r\n\r\nL3- Significant Continuity Event:\r\n\r\nPossible situation:\r\n-	Inaccessible areas in site\r\n-	critical equipments  down \r\n-	infrastructure (power, telecomm…) affected \r\n-	casualties or life threatening situation\r\nresulting in :\r\n-	Significant disruption of multiple critical  processes for 3 to two weeks\r\n-	Affecting the business of the bank and the image and relation with clients\r\n-	Lack of resources and equipments\r\n-	Need for activating DR site\r\n-	relocation of staff to DR site or other branches\r\n\r\nL4- Major Continuity Event:\r\n\r\nSimilar to Level 3 but for a period extending beyond the two weeks, or affecting more than one location, and impact of affected critical processes is greater. \r\n\r\n\r\niii.	Disaster Declaration/ Non Declaration\r\n			Whenever the event is rated between Level 3 and above then a disaster is to be declared and the BCP is to be invoked.\r\n\r\niv.	Handling Media\r\n			The GM is the only person entitled to declare the disaster to the media. He releases information to the public, and handles interviews and press releases. The statement should answer the following questions:\r\n•	What happened?\r\n•	How did it happen?\r\n•	What are we going to do about?\r\n\r\n', 0, 0, '1', 10),
(43, 'ERi05', 'Involvement of Emergency Services', 'Where there is danger to human life or serious damage to property and asses, the public emergency services should be involved. \r\nThey will put their efforts on rescuing human life, and minimizing the impact of the event on premises and assets. \r\n\r\nRepresentatives from the Emergency Response Team should coordinate with these authorities. Once the emergency situation is under control, the emergency services will hand over the situation to the representatives of the Emergency Response Team.\r\n', 0, 0, '1', 10),
(44, 'ERI06', 'Notification', 'i.	Mobilizing the Recovery Team\r\nOnce the disaster is declared the Disaster Recovery team should be alerted to assemble at the site or in a nearby safe location.\r\n\r\nUsing the assessment report, its members will decide if vendors, providers and maintenance parties should be called. They will write a disaster activation planning which will include the following:\r\n•	List of systems and services that need to be restored\r\n•	Their interdependencies and the sequence of restoration\r\n•	Time estimations for each restoration\r\n•	Plan for communication between teams\r\n\r\nUse Table 7d for members of the Recovery Site Team.\r\n \r\nii.	Handling Personnel Families Notification\r\nIn case the emergency resulted in injuries and hospitalization of personnel, their immediate family members should be notified.\r\nThe DGM, Assistant to GM-Operations, the HR Manager or the Assistant to the HR Manager will be the ones who will execute this task.   \r\n', 0, 0, '1', 10),
(45, 'ERI07', 'Assessing Potential Business Impact', 'While the damage assessment so far focused mainly on the impact on people and physical infrastructure, the next step is to assess the impact of the damage on the business process.\r\n\r\nThe Crisis Management Team nominates the Business Recovery Team, who will fill up  Form 8g  entitled Damage Assessment Form  (key business process affected, description of problem, extent of damage, recoverable through recovery procedures) after performing the following tasks :\r\n•	Review each business area, and make a list of those that have been affected by the disaster. \r\n•	Within the Business area, and using the Essential and Critical Functions list, which has been derived from the BIA (Table 6b), investigate to detect the key processes impacted by the emergency. \r\n•	For the impacted process review the recovery process that has been defined by the business unit in question in Table 7bi.\r\n•	In parallel, check the availability of the system that the process uses.\r\n•	Try to apply the recovery procedures as they are described (Table 7bi).\r\n•	In case of failure in the recovery procedure, escalate to the Crisis Management Team, in order to find a new way to ensure the availability and the continuity of the process. \r\n\r\nThe assessment should also try to evaluate the financial impact by evaluating: \r\n•	Loss of financial documents\r\n•	Loss of revenue\r\n•	Theft of check books, credit cards,\r\n•	Loss of Cash\r\nIn addition the immediate financial status and needs should be addressed, such as:\r\n•	The Cash Flow Position\r\n•	Temporary borrowing capabilities\r\n•	Upcoming payments for taxes, social security…\r\n•	Availability of cash to pay for suppliers and services  required post disaster\r\n', 0, 0, '1', 10),
(46, 'ERI08', 'Relocation Decision', 'Depending on the type of emergency and the damage it has caused, there might be a need to relocate some or all of the bank’s business in the affected area.\r\nThere are several possible scenarios and thus several solutions.\r\nDuring a relocation, the staff is supposed to be able to perform his most critical functions. In this regards, and  \r\nPlease refer to Table 8h for these scenarios\r\n\r\nExample of what table could be\r\nIn case Cola or Hara Branches had some local emergency (in their premises); their staff can relocate to Istiqlal Branch or HO Sanayeh Branch.\r\n A branch server will be made ready for them in addition to a minimum number of WS as detailed in their BIA.\r\n\r\nBBL’s Management has established the following options   \r\ni.	HO Relocation Decision (DR site or other)\r\n•	To DR Site\r\n•	To Istiqlal Branch:  \r\n\r\nii.	Branch Relocation Decision \r\n•	To another branch\r\n•	To new location\r\n', 0, 0, '1', 10),
(47, 'ERI09', 'Project Management  Activities', 'During the disaster recovery, the restoration will spread throughout multiple activities that need to be coordinated and followed up, taking into consideration the cost of every delay. \r\nFor this reason, the Crisis management Team needs to allocate a project manager who will coordinate with the Recovery Site Team and will tackle the following: \r\ni.	Assessing and planning for the restoration tasks\r\nii.	Allocating resources to perform the restoration tasks\r\n•	Internal\r\n•	3rd Party\r\niii.	Ensure Funding for Recovery Phase\r\niv.	Coordinating Relocation \r\n', 0, 0, '1', 10),
(48, 'ERI10', 'Traces and Logs', 'Emergency or disaster situations can be confusing. Much of the information passed on by telephone is critical to our recovery. Important information could be lost unless all telephone calls are recorded accurately in a logbook.\r\n\r\ni.	Maintaining Event Log during DR Phase\r\nIt is crucial to record all activities conducted during the recovery process, to ensure that the following information is recorded:\r\n- The time and date that the teams begin and end operations.\r\n- Who is contributing to the recovery, what is his role\r\n- Shift changes, etc.\r\n- All critical information provided from following:\r\n-	Telephone Log\r\n-	', 0, 0, '1', 10),
(49, 'EMP', 'Emergency Management Procedures', 'a.	Alternate location Readiness\r\ni.	DR Site invocation\r\nii.	Other location  \r\nb.	In the event of a natural disaster or explosion\r\nc.	In the event of a fire \r\nd.	In the event of a network services provider outage\r\ne.	In the event of a flood or water damage\r\nf.	In the event of internal security issue (roads closed)\r\ng.	In the event of a pandemic disaster\r\nh.     In the event of cybersecurity', 0, 0, '1', 11),
(50, 'MBRP01', 'Mobiliser l\'Équipe de Restauration de l\'Entreprise', '', 0, 0, '1', 12),
(51, 'MBRP02', 'Évaluer l\'Importance des Dégâts sur l\'Entreprise', 'Évaluer l\'Importance des Dégâts et l\'Impact sur l\'Entreprise\r\n', 0, 0, '1', 12),
(52, 'MBRP03', 'Préparer un Plan de Récupération Spécifique', 'The recovery phase is like a construction site whereby activities of different nature are taking place. \r\nIn this regard, and since time management and efficient work are key issues, a plan should be written, which, depending on the impact assessment derived above, would comprise various business activities which cover some of the following:\r\n•	Power and Other Utilities\r\n•	Premises, Fixtures and Furniture (Facility Recovery Management)\r\n•	Communications System\r\n•	IT Systems (H/w and S/w)\r\n•	Production Equipment\r\n•	Other Equipment\r\n•	Warehouse and Stock\r\n•	Trading Sales and Customer Services\r\n•	Human Resources\r\n•	Information and Documentation\r\n•	Office Supplies\r\n•	Operations and Administration\r\n', 0, 0, '1', 12),
(53, 'MBRP04', 'Surveiller les Progrès et Informer Tout le Monde', 'Please refer to the part Traces and Logs in task ERI09 in procedure ERI of this document for the type of information to gather and report to produce.\r\n', 0, 0, '1', 12),
(54, 'MBRP05', 'Restaurer les Opérations de l\'Entreprise ', 'Restaurer les Opérations de l\'Entreprise à leur Fonctionnement Normal\r\n', 0, 0, '1', 12),
(55, 'MBRP06', 'Préparer le Rapport de la Phase de Récupération', 'Préparer le Rapport de la Phase de Récupération de l\'Entreprise', 0, 0, '1', 12),
(56, 'TBRP01', 'Planning the Tests', '', 0, 0, '1', 13),
(57, 'TBRP0101', 'Objective and Scope of Tests', 'The objective of this part is to undertake a thorough and rigorous testing of the business recovery procedures that were set, through simulation of disruptive events. The results of these tests will be measured and evaluated in order to enhance and streamline those processes.\r\nThe scope is to carry out tests on all aspects of the plan, with the contribution of as many actors from the bank as possible. The tests will also include recovery of all the aspects covered in the Business Recovery Activities including the IT system recovery.\r\n', 56, 0, '1', 13),
(58, 'TBRP0102', 'Setting Test Environment', 'The environment where tests will be undertaken should be as realistic as possible. Thus effective conditions for the scenarios should be created to simulate an actual disruptive event. However care must be taken to protect the normal live business process, so tests will be carried out outside normal business hours.\r\nThe type of tests expected should consider the following scenarios:   \r\n-	Environmental Disasters\r\n-	Organized and deliberate disruption\r\n-	Loss of Utilities and Services\r\n-	Equipment or System Failure\r\n-	Serious Information Security Incidents\r\n-	Other Emergency situations\r\n', 56, 0, '1', 13),
(59, 'TBRP0103', 'Prepare Test Data', 'Use of live data in testing is prohibited. But test environment should contain data representing normal business transactions, and include as many of the critical business processes as possible. \r\nFor every test to be run, a test sheet (Form 11a iii) containing the following should be filled:\r\n-	Unique reference for the test identifying the business process being recorded\r\n-	The simulated condition used\r\n-	The persons involved in the testing\r\n-	Date the test was carried out.  \r\n', 56, 0, '1', 13),
(60, 'TBRP0104', 'Who will conduct the tests', 'In order to ensure consistency of the testing throughout the bank, members of the BCP team (nominated at the beginning of the project) will be nominated and will coordinate the testing process within their business unit. Most of the business processes listed in the BIA should be tested starting with the critical and essential ones, and their respective recovery procedures should be applied.  ', 56, 0, '1', 13),
(61, 'TBRP0105', 'Prepare Feedback Questionnaire', 'As soon as the test will be finished, it is vital to receive a feedback from the persons who have participated.\r\nForm 11av will be filled by all participating employees who will write down their comments and observations the weak points in the test', 56, 0, '1', 13),
(62, 'TBRP0106', 'Prepare Budget for Testing Phase', '', 56, 0, '1', 13),
(63, 'TBRP0107', 'Training Core Testing Team of Business Units', 'Training Core Testing Team of Business Units', 56, 0, '1', 13),
(64, 'TBRP02', 'Conducting the Tests', 'i.	Test each Part of Business Recovery Process\r\nii.	Test accuracy of Employee and Vendor and other Contact Numbers\r\niii.	Assess Test Results\r\n\r\n', 0, 0, '1', 13),
(65, 'PUPDATE', 'Keeping the Plan Up to Date', 'These plans are intended to be living documents. They should reflect the latest information available. Recovery Coordinators and Team Leaders are responsible for reviewing and updating their plans on a semiannual basis.\r\nWith every completed update, new copies of the plan will be sent to the recipient list and posted on the shared folder accessible by everybody. The accepted practice is to print and distribute only the page or pages have been changed rather than the entire plan.\r\n\r\n\r\nSemiannual Plan Review\r\n(Updates due January 1 and July 1)\r\n-	Sections identifying the persons assigned in the leadership positions.\r\n-	Recovery Team Alert List which provides contact information for all personnel assigned to the team. This list is prone to change since team members may leave or join the team, names may change due to marriage and contact information may change. \r\n-	Critical Functions List which identifies the critical functions that apply to the team. \r\n-	Recovery Steps identifying the strategies for recovery of critical functions and meeting the current business objectives and accurately reflect the best possible solution.\r\n-	Vendor and Customer Lists identifying the contact information for critical vendors and customers.\r\n-	Work area Requirements identifying critical resources required to support the recovery at the work area site. \r\n-	Off Site stored Materials identifying critical records or resources stored off site. \r\n', 0, 0, '1', 15),
(69, 'Oracle', 'Oracle Recovery', 'Detailed Procedure in Appendix', 0, 0, '1', 17),
(71, 'Swift', 'Swift Recovery', 'Detailed Procedure in Appendix', 0, 0, '1', 19),
(74, 'CCIS', 'CCIS Recovery', 'Detailed Procedure in Appendix', 0, 0, '1', 22),
(76, 'ATM', 'ATM Recovery', '', 0, 0, '1', 26),
(78, 'CISCORASA', 'Cisco Routers and ASA Recovery', 'Detailed Procedure in Appendix', 0, 0, '1', 24),
(79, 'CiSCOSwitc', 'Cisco Switches Recovery', 'Detailed Procedure in Appendix', 0, 0, '1', 25),
(81, 'c1', 'test atm application', '', 0, 0, '1', 9),
(82, 'ACTDYN', 'Dynamic Task', '', 14, 0, '1', 0),
(83, 'V1A1', 'Action - Business Action', '', 82, 1, '1', 0),
(84, 'V1A2', 'Conference Call - Executive Conference Call', '', 82, 2, '1', 0),
(85, 'V1A1', 'Action - IT action', '', 82, 4, '1', 0),
(86, 'ACTDYN', 'Dynamic Task', '', 81, 0, '1', 0),
(87, 'V1A1', 'Action - Business Action', '', 86, 5, '1', 0),
(88, 'BA', 'test BugA', 'test à jyo', 0, 0, '1', 2),
(89, 'V1A1', 'Conference Call - Opérational Conference Call -', '', 86, 6, '1', 0),
(90, 'ACTDYN', 'Tâche dynamique', '', 88, 0, '1', 0),
(91, 'V1A1', 'Action - Business Action', '', 90, 7, '1', 0),
(102, 'inc01', 'Alert IT department', '', 0, 0, '1', 29),
(103, 'c2', 'test c2', '', 0, 0, '1', 9),
(104, 'c11', 'test c11', '', 81, 0, '1', 9),
(105, 'c12', 'test c12', '', 81, 0, '1', 9),
(106, 'ACTDYN', 'Dynamic Task', '', 104, 0, '1', 0),
(107, 'V1A1', 'Action - IT action', '', 106, 8, '1', 0),
(108, 'V1A1', 'Action - IT action', '', 90, 9, '1', 0),
(109, 'V1A1', 'Action - Business Action', '', 106, 10, '1', 0),
(110, 'V1A1', 'Action - Business Action', '', 106, 11, '1', 0),
(143, 'c21', 'c21', '', 103, 0, '1', 9),
(144, 'c22', 'c22', '', 103, 0, '1', 9),
(155, 'ba01', 'ba01', '', 88, 0, '1', 2),
(156, 'ba02', 'ba02', '', 88, 0, '1', 2),
(163, 'ACTDYN', 'Tâche dynamique', '', 136, 0, '1', 0),
(164, 'V1A1', 'Action - Close Crisis', '', 163, 12, '1', 0),
(165, 'ACTDYN', 'Tâche dynamique', '', 76, 0, '1', 0),
(166, 'V1A1', 'Action - Business Action', '', 165, 13, '1', 0),
(167, 'V1A2', 'Conference Call - IT Conference Call', '', 165, 14, '1', 0),
(168, 'ACTDYN', 'Tâche dynamique', '', 0, 0, '1', 0),
(169, 'V1A1', 'Action - Business Action', '', 168, 15, '1', 0),
(170, 'V1A1', 'Action - Business Action', '', 168, 16, '1', 0),
(171, 'V1A2', 'Conference Call - IT Conference Call', '', 168, 17, '1', 0),
(172, 'V1A3', 'Action - Close BCP', '', 168, 19, '1', 0),
(173, 'V1A3', 'Action - Close BCP', '', 168, 20, '1', 0),
(174, 'V1A1', 'Conference Call - Communication Conference Call', '', 168, 21, '1', 0),
(175, 'V1A1', 'Action - IT action', '', 168, 22, '1', 0),
(176, 'V1A2', 'Conference Call - Executive Conference Call', '', 168, 23, '1', 0),
(177, 'V1A1', 'Action - Communication Action', '', 168, 24, '1', 0),
(178, 'V1A2', 'Conference Call - Executive Conference Call', '', 168, 25, '1', 0),
(179, 'V1A1', 'Action - Business Action', '', 168, 26, '1', 0),
(180, 'V1A2', 'Conference Call - IT Conference Call', 'complémentaire', 168, 27, '1', 0),
(181, 'ACTDYN', 'Tâche dynamique', '', 4, 0, '1', 0),
(182, 'V1A1', 'Action - Close Crisis', '', 181, 28, '1', 0),
(183, 'V1A3', 'Conference Call - Logistics Conference Call', '', 168, 29, '1', 0),
(184, 'V1A2', 'Meeting - Logistics Meeting', '', 181, 30, '1', 0),
(185, 'V1A1', 'Action - Business Action', '', 168, 31, '1', 0),
(186, 'V1A1', 'Action - Close BCP', '', 168, 32, '1', 0),
(187, 'V1A2', 'Conference Call - IT Conference Call', '', 168, 33, '1', 0),
(188, 'V1A2', 'Action - Close Crisis', '', 168, 34, '1', 0),
(189, 'V1A3', 'Conference Call - Executive Conference Call', '', 168, 35, '1', 0),
(190, 'V1A1', 'Conference Call - Logistics Conference Call', '', 168, 36, '1', 0),
(191, 'V1A2', 'Conference Call - Executive Conference Call', '', 168, 37, '1', 0),
(192, 'V1A3', 'Action - Business Action', '', 168, 38, '1', 0),
(193, 'ACTDYN', 'Tâche dynamique', '', 5, 0, '1', 0),
(194, 'V1A1', 'Action - Close BCP', '', 193, 39, '1', 0),
(195, 'V1A1', 'Conference Call - IT Conference Call', '', 168, 40, '1', 0),
(196, 'V1A1', 'Action - Close BCP', '', 168, 41, '1', 0),
(197, 'V1A1', 'Conference Call - IT Conference Call', '', 181, 42, '1', 0),
(198, 'V1A2', 'Meeting - IT Meeting', '', 168, 44, '1', 0),
(200, 'BB ', 'BB', '', 0, 0, '1', 2),
(204, 'pci-01', 'Analyse des impacts sur les Activités (BIA)', '- Identifier les processus métier critiques<br>- Evaluer les impacts financiers, oper., règlementaires, etc. des interruptions.<br>- Prioriser les systèmes et applications en fonction de leur importance pour l\'entreprise', 0, 0, '1', 39),
(205, 'pci-02', 'Evaluation des risques', '- identifier les menaces potentielles (cyberattaques, pannes matérielles, catastrophes naturelles, indisponibilité d\'un site, etc. )\r\n- évaluer la probabilité et l\'impact de chaque menace sur les systèmes informatiques.', 0, 0, '1', 39),
(206, 'pci-03', 'Définition des stratégies de continuité', '- choisir les solutions de reprise (sauvegardes, redondance, sites de secours, etc.)\r\n- déterminer les objectifs de reprise (RPO, Recovery Point Objective) et les délais de reprise (RTO - Recovery Time Objective)', 0, 0, '1', 39),
(207, 'pci-04', 'Développement du Plan de Continuité', '- Documenter les procédures et les processus à suivre en cas de sinistre\r\n- Définir les rôles et responsabilités des équipes impliquées\r\n- Préparer des scripts de communication pour informer les parties prenantes (employés, clients, partenaires)', 0, 0, '1', 39),
(208, 'pci-05', 'Implémentation des solutions techniques', '- Mettre en place des systèmes de sauvegarde et de restauration\r\n- Configurer des environnements de reprise (sites secondaires, cloud, etc...)\r\n- Assurer la redondance des réseaux et des infrastructures critiques', 0, 0, '1', 39),
(209, 'pci-06', 'Formation et sensibilisation', '- Former les employés aux procédures de reprise ( tests de restauration, basculement vers le site de secours, etc...)\r\n- Conduire des sessions de sensibilisation pour garantir que tout le personnel comprend l\'importance de Pla de Continuité', 0, 0, '1', 39),
(210, 'pci-07', 'Tests et exercices de simulation', '- Effectuer des tests réguliers des procédures de reprise (test de restauration, basculement vers le site de secours, etc....) \r\n- Organiser des exercices de simulation pour tester la réactivité des équipes et identifier les améliorations nécessaires', 0, 0, '1', 39),
(211, 'pci-08', 'Maintenance et amélioration continue', '- Réviser régulièrement du Plan pour l\'adapter aux changements dans l\'infrastructure informatique et les processus métier\r\n- Intégrer les leçons apprises des tests et des incidents réels pour améliorer le plan\r\n', 0, 0, '1', 39),
(212, 'pci-09', 'Documentation et communication', '- Maintenir une documentation à jour de toutes les procédures et le modifications du Plan\r\n- Communiquer régulièrement avec les parties prenantes sur l\'état et le évolutions du plan', 0, 0, '1', 39),
(497, 'cyb01', 'Premières réflexes', '', 0, 0, '1', 40),
(498, 'cyb01-01', 'Alerter le support informatique', 'kdsh', 497, 0, '1', 40),
(499, 'cyb01-02', 'Isoler les systèmes attaqués', '', 497, 0, '1', 40),
(500, 'cyb01-03', 'Constituer la cellule de crise', 'la cellule de crise doit piloter les actions des différentes composantes concernées (technique, RH, financière, communication, juridique...)', 497, 0, '1', 40),
(501, 'cyb02', 'Piloter la crise', '', 0, 0, '1', 40),
(502, 'cyb02-01', 'Activer le PCA - PRA', 'Mettre en place des solutions de secours', 501, 0, '1', 40),
(503, 'cyb02-02', 'Déclarer le sinistre auprès de l\'assureur', '', 501, 0, '1', 40),
(504, 'cyb02-03', 'Alerter la ou les banque(s) ', 'pour s\'assurer que les données ne sont pas impactées.', 501, 0, '1', 40),
(505, 'cyb02-04', 'Déposer plainte', '', 501, 0, '1', 40),
(506, 'cyb02-05', 'Identifier l\'origine des l\'attaque ', 'Identifier l\'origine des l\'attaque et de son étendue.', 501, 0, '1', 40),
(507, 'cyb02-06', 'Notifier l\'incident à la CNIL ', 'Notifiez l’incident à la CNIL dans les 72 h si des données personnelles ont pu être consultées, modifiées ou détruites par les cybercriminels.', 501, 0, '1', 40),
(508, 'cyb02-07', 'Gérer la communication', 'Gérer la communication interne et externe pour informer avec le juste niveau de transparence vos administrés, clients, collaborateurs, partenaires, fournisseurs, médias…', 501, 0, '1', 40),
(509, 'cyb03', 'Sortir de la crise', '', 0, 0, '1', 40),
(510, 'cyb03-01', 'Remettre en service le système attaqué', 'Faites une remise en service progressive et contrôlée après vous être assuré que le système attaqué a été corrigé de ses vulnérabilités et en en surveillant son fonctionnement pour pouvoir détecter toute nouvelle attaque.', 509, 0, '1', 40),
(511, 'cyb03-02', 'Capitaliser', 'Tirez les enseignements de l’attaque et définissez les plans d’action et d’investissements techniques, organisationnels, contractuels, financiers, humains à réaliser pour pouvoir éviter ou a minima pouvoir mieux gérer la prochaine crise.', 509, 0, '1', 40),
(512, 'V1A1', 'Action - Legal action', '', 168, 45, '1', 0);

-- --------------------------------------------------------

--
-- Structure de la table `tache_apourdeclencheur`
--

CREATE TABLE `tache_apourdeclencheur` (
  `idTache` mediumint(9) NOT NULL,
  `idDeclencheur` mediumint(9) NOT NULL
) ENGINE=InnoDB DEFAULT CHARSET=utf8;

--
-- Déchargement des données de la table `tache_apourdeclencheur`
--

INSERT INTO `tache_apourdeclencheur` (`idTache`, `idDeclencheur`) VALUES
(14, 465),
(74, 217),
(78, 217),
(79, 217),
(81, 465),
(88, 465),
(102, 465),
(501, 497),
(509, 501);

-- --------------------------------------------------------

--
-- Structure de la table `tache_apourdeclencheurhorizontal`
--

CREATE TABLE `tache_apourdeclencheurhorizontal` (
  `idTache` mediumint(9) NOT NULL,
  `idDeclencheurH` mediumint(9) NOT NULL
) ENGINE=InnoDB DEFAULT CHARSET=utf8;

--
-- Déchargement des données de la table `tache_apourdeclencheurhorizontal`
--

INSERT INTO `tache_apourdeclencheurhorizontal` (`idTache`, `idDeclencheurH`) VALUES
(15, 14),
(40, 39),
(41, 40),
(42, 41),
(43, 42),
(44, 43),
(45, 44),
(46, 45),
(47, 46),
(48, 47),
(51, 50),
(52, 51),
(53, 52),
(54, 53),
(55, 54),
(58, 57),
(59, 58),
(60, 59),
(61, 60),
(62, 61),
(63, 62),
(64, 56),
(105, 104),
(144, 105),
(152, 151),
(156, 155),
(200, 88),
(205, 204),
(206, 205),
(207, 206),
(208, 207),
(209, 208),
(210, 209),
(211, 210),
(212, 211),
(499, 498),
(500, 499),
(501, 500);

-- --------------------------------------------------------

--
-- Structure de la table `tache_typetache`
--

CREATE TABLE `tache_typetache` (
  `idTache` mediumint(8) NOT NULL DEFAULT '0',
  `idTypeTache` mediumint(8) NOT NULL DEFAULT '0',
  `dateDebut` datetime NOT NULL DEFAULT '0000-00-00 00:00:00',
  `dateFin` datetime NOT NULL DEFAULT '0000-00-00 00:00:00'
) ENGINE=InnoDB DEFAULT CHARSET=utf8;

--
-- Déchargement des données de la table `tache_typetache`
--

INSERT INTO `tache_typetache` (`idTache`, `idTypeTache`, `dateDebut`, `dateFin`) VALUES
(14, 1, '0000-00-00 00:00:00', '0000-00-00 00:00:00'),
(15, 1, '0000-00-00 00:00:00', '0000-00-00 00:00:00'),
(39, 1, '0000-00-00 00:00:00', '0000-00-00 00:00:00'),
(40, 1, '0000-00-00 00:00:00', '0000-00-00 00:00:00'),
(41, 1, '0000-00-00 00:00:00', '0000-00-00 00:00:00'),
(42, 1, '0000-00-00 00:00:00', '0000-00-00 00:00:00'),
(43, 1, '0000-00-00 00:00:00', '0000-00-00 00:00:00'),
(44, 1, '0000-00-00 00:00:00', '0000-00-00 00:00:00'),
(45, 1, '0000-00-00 00:00:00', '0000-00-00 00:00:00'),
(46, 1, '0000-00-00 00:00:00', '0000-00-00 00:00:00'),
(47, 1, '0000-00-00 00:00:00', '0000-00-00 00:00:00'),
(48, 1, '0000-00-00 00:00:00', '0000-00-00 00:00:00'),
(49, 1, '0000-00-00 00:00:00', '0000-00-00 00:00:00'),
(50, 1, '0000-00-00 00:00:00', '0000-00-00 00:00:00'),
(51, 1, '0000-00-00 00:00:00', '0000-00-00 00:00:00'),
(52, 1, '0000-00-00 00:00:00', '0000-00-00 00:00:00'),
(53, 1, '0000-00-00 00:00:00', '0000-00-00 00:00:00'),
(54, 1, '0000-00-00 00:00:00', '0000-00-00 00:00:00'),
(55, 1, '0000-00-00 00:00:00', '0000-00-00 00:00:00'),
(56, 1, '0000-00-00 00:00:00', '0000-00-00 00:00:00'),
(57, 1, '0000-00-00 00:00:00', '0000-00-00 00:00:00'),
(58, 1, '0000-00-00 00:00:00', '0000-00-00 00:00:00'),
(59, 1, '0000-00-00 00:00:00', '0000-00-00 00:00:00'),
(60, 1, '0000-00-00 00:00:00', '0000-00-00 00:00:00'),
(61, 1, '0000-00-00 00:00:00', '0000-00-00 00:00:00'),
(62, 1, '0000-00-00 00:00:00', '0000-00-00 00:00:00'),
(63, 1, '0000-00-00 00:00:00', '0000-00-00 00:00:00'),
(64, 1, '0000-00-00 00:00:00', '0000-00-00 00:00:00'),
(65, 1, '0000-00-00 00:00:00', '0000-00-00 00:00:00'),
(69, 1, '0000-00-00 00:00:00', '0000-00-00 00:00:00'),
(71, 1, '0000-00-00 00:00:00', '0000-00-00 00:00:00'),
(74, 1, '0000-00-00 00:00:00', '0000-00-00 00:00:00'),
(76, 1, '0000-00-00 00:00:00', '0000-00-00 00:00:00'),
(78, 1, '0000-00-00 00:00:00', '0000-00-00 00:00:00'),
(79, 1, '0000-00-00 00:00:00', '0000-00-00 00:00:00'),
(81, 1, '0000-00-00 00:00:00', '0000-00-00 00:00:00'),
(82, 2, '0000-00-00 00:00:00', '0000-00-00 00:00:00'),
(86, 2, '0000-00-00 00:00:00', '0000-00-00 00:00:00'),
(88, 1, '0000-00-00 00:00:00', '0000-00-00 00:00:00'),
(90, 2, '0000-00-00 00:00:00', '0000-00-00 00:00:00'),
(102, 1, '0000-00-00 00:00:00', '0000-00-00 00:00:00'),
(103, 1, '0000-00-00 00:00:00', '0000-00-00 00:00:00'),
(104, 1, '0000-00-00 00:00:00', '0000-00-00 00:00:00'),
(105, 1, '0000-00-00 00:00:00', '0000-00-00 00:00:00'),
(106, 2, '0000-00-00 00:00:00', '0000-00-00 00:00:00'),
(143, 1, '0000-00-00 00:00:00', '0000-00-00 00:00:00'),
(144, 1, '0000-00-00 00:00:00', '0000-00-00 00:00:00'),
(155, 1, '0000-00-00 00:00:00', '0000-00-00 00:00:00'),
(156, 1, '0000-00-00 00:00:00', '0000-00-00 00:00:00'),
(163, 2, '0000-00-00 00:00:00', '0000-00-00 00:00:00'),
(165, 2, '0000-00-00 00:00:00', '0000-00-00 00:00:00'),
(168, 2, '0000-00-00 00:00:00', '0000-00-00 00:00:00'),
(181, 2, '0000-00-00 00:00:00', '0000-00-00 00:00:00'),
(193, 2, '0000-00-00 00:00:00', '0000-00-00 00:00:00'),
(200, 1, '0000-00-00 00:00:00', '0000-00-00 00:00:00'),
(204, 1, '0000-00-00 00:00:00', '0000-00-00 00:00:00'),
(205, 1, '0000-00-00 00:00:00', '0000-00-00 00:00:00'),
(206, 1, '0000-00-00 00:00:00', '0000-00-00 00:00:00'),
(207, 1, '0000-00-00 00:00:00', '0000-00-00 00:00:00'),
(208, 1, '0000-00-00 00:00:00', '0000-00-00 00:00:00'),
(209, 1, '0000-00-00 00:00:00', '0000-00-00 00:00:00'),
(210, 1, '0000-00-00 00:00:00', '0000-00-00 00:00:00'),
(211, 1, '0000-00-00 00:00:00', '0000-00-00 00:00:00'),
(212, 1, '0000-00-00 00:00:00', '0000-00-00 00:00:00'),
(213, 1, '0000-00-00 00:00:00', '0000-00-00 00:00:00'),
(497, 1, '0000-00-00 00:00:00', '0000-00-00 00:00:00'),
(498, 1, '0000-00-00 00:00:00', '0000-00-00 00:00:00'),
(499, 1, '0000-00-00 00:00:00', '0000-00-00 00:00:00'),
(500, 1, '0000-00-00 00:00:00', '0000-00-00 00:00:00'),
(501, 1, '0000-00-00 00:00:00', '0000-00-00 00:00:00'),
(502, 1, '0000-00-00 00:00:00', '0000-00-00 00:00:00'),
(503, 1, '0000-00-00 00:00:00', '0000-00-00 00:00:00'),
(504, 1, '0000-00-00 00:00:00', '0000-00-00 00:00:00'),
(505, 1, '0000-00-00 00:00:00', '0000-00-00 00:00:00'),
(506, 1, '0000-00-00 00:00:00', '0000-00-00 00:00:00'),
(507, 1, '0000-00-00 00:00:00', '0000-00-00 00:00:00'),
(508, 1, '0000-00-00 00:00:00', '0000-00-00 00:00:00'),
(509, 1, '0000-00-00 00:00:00', '0000-00-00 00:00:00'),
(510, 1, '0000-00-00 00:00:00', '0000-00-00 00:00:00'),
(511, 1, '0000-00-00 00:00:00', '0000-00-00 00:00:00');

-- --------------------------------------------------------

--
-- Structure de la table `template`
--

CREATE TABLE `template` (
  `idtemplate` mediumint(8) UNSIGNED NOT NULL,
  `template_Code` varchar(35) NOT NULL,
  `template_Lib` varchar(40) NOT NULL,
  `template_Desc` mediumtext NOT NULL,
  `base_file` varchar(250) NOT NULL,
  `file` varchar(250) NOT NULL,
  `Typ_Iden` varchar(8) NOT NULL,
  `template_Date_Debut` datetime NOT NULL DEFAULT '0000-00-00 00:00:00',
  `template_Date_Fin` datetime NOT NULL DEFAULT '0000-00-00 00:00:00',
  `template_Date_Modif` date NOT NULL DEFAULT '0000-00-00',
  `Affecte` binary(1) NOT NULL
) ENGINE=InnoDB DEFAULT CHARSET=utf8;

--
-- Déchargement des données de la table `template`
--

INSERT INTO `template` (`idtemplate`, `template_Code`, `template_Lib`, `template_Desc`, `base_file`, `file`, `Typ_Iden`, `template_Date_Debut`, `template_Date_Fin`, `template_Date_Modif`, `Affecte`) VALUES
(2, 'BCP-Test-Template', 'BCP-Test-Template', '', '', 'BCP-Test-Template.docx', 'STD', '2021-04-05 12:46:45', '0000-00-00 00:00:00', '0000-00-00', 0x74),
(5, 'BCPCRISE', 'BCPCRISE', 'jhjh', 'BCP-DRP-TestTemplate.docx', 'BCPCRISE.pdf', 'SPE', '2021-04-12 07:56:56', '0000-00-00 00:00:00', '0000-00-00', 0x74),
(7, 'BCPCRISE commer', 'BCPCRISE commer', '', 'BCPCRISE.pdf', 'BCPCRISE commer.pdf', 'SPE', '2021-04-13 13:56:00', '0000-00-00 00:00:00', '0000-00-00', 0x74),
(8, 'BCPCRISEFIN', 'BCPCRISE Finance', '', 'BCPCRISE.pdf', 'BCPCRISE Finance.pdf', 'SPE', '2021-04-13 13:57:15', '0000-00-00 00:00:00', '0000-00-00', 0x74),
(9, 'Crisis Mgt Plan-comm-Template', 'Crisis Mgt Plan-comm-Template', '', '', 'Crisis Mgt Plan-comm-Template.docx', 'STD', '2021-04-05 12:46:45', '0000-00-00 00:00:00', '0000-00-00', 0x74);

-- --------------------------------------------------------

--
-- Structure de la table `test_procedure_orgas`
--

CREATE TABLE `test_procedure_orgas` (
  `idProc` int(11) NOT NULL,
  `idOrga` varchar(250) NOT NULL
) ENGINE=InnoDB DEFAULT CHARSET=utf8;

--
-- Déchargement des données de la table `test_procedure_orgas`
--

INSERT INTO `test_procedure_orgas` (`idProc`, `idOrga`) VALUES
(39, '1//1//');

-- --------------------------------------------------------

--
-- Structure de la table `tracking_act_annuaire`
--

CREATE TABLE `tracking_act_annuaire` (
  `idAnnuaire` mediumint(8) NOT NULL,
  `TypRes_Iden` varchar(11) NOT NULL,
  `dateDebut` datetime NOT NULL DEFAULT '0000-00-00 00:00:00',
  `dateFin` datetime NOT NULL DEFAULT '0000-00-00 00:00:00'
) ENGINE=InnoDB DEFAULT CHARSET=utf8;

--
-- Déchargement des données de la table `tracking_act_annuaire`
--

INSERT INTO `tracking_act_annuaire` (`idAnnuaire`, `TypRes_Iden`, `dateDebut`, `dateFin`) VALUES
(138, 'ACT', '2009-01-01 00:00:00', '0000-00-00 00:00:00'),
(139, 'ACT', '2009-01-01 00:00:00', '0000-00-00 00:00:00'),
(140, 'ACT', '2009-01-01 00:00:00', '0000-00-00 00:00:00'),
(174, 'ACT', '2009-01-01 00:00:00', '2024-06-20 06:52:58'),
(175, 'ACT', '2014-10-28 15:43:10', '2016-11-05 18:31:03'),
(176, 'ACT', '2014-10-28 16:01:44', '0000-00-00 00:00:00'),
(177, 'ACT', '2014-10-28 16:05:11', '2017-07-21 14:25:12'),
(178, 'ACT', '2014-10-28 16:10:06', '0000-00-00 00:00:00'),
(179, 'ACT', '2014-10-29 10:28:15', '0000-00-00 00:00:00'),
(180, 'ACT', '2014-10-29 15:00:20', '0000-00-00 00:00:00'),
(181, 'ACT', '2014-10-29 15:02:34', '0000-00-00 00:00:00'),
(182, 'ACT', '2014-10-29 15:55:23', '2022-11-07 15:45:57'),
(183, 'ACT', '2014-10-29 16:14:17', '2022-09-16 15:11:10'),
(184, 'ACT', '2014-10-30 08:23:53', '2017-05-20 15:20:15'),
(185, 'ACT', '2014-10-30 08:27:44', '0000-00-00 00:00:00'),
(186, 'ACT', '2014-10-30 08:31:35', '0000-00-00 00:00:00'),
(187, 'ACT', '2014-11-03 10:31:35', '0000-00-00 00:00:00'),
(188, 'ACT', '2015-02-18 12:00:44', '0000-00-00 00:00:00'),
(189, 'ACT', '2015-03-19 13:38:26', '0000-00-00 00:00:00'),
(190, 'ACT', '2015-04-28 11:04:54', '2019-01-03 09:42:45'),
(191, 'ACT', '2015-05-20 13:22:12', '0000-00-00 00:00:00'),
(192, 'ACT', '2015-05-20 13:31:23', '0000-00-00 00:00:00'),
(193, 'ACT', '2015-05-20 13:32:59', '0000-00-00 00:00:00'),
(194, 'ACT', '2015-05-20 16:15:05', '2019-01-03 09:56:54'),
(195, 'ACT', '2015-05-20 16:16:45', '0000-00-00 00:00:00'),
(196, 'ACT', '2015-05-20 16:22:07', '2017-05-20 15:19:57'),
(197, 'ACT', '2015-05-20 16:27:17', '0000-00-00 00:00:00'),
(198, 'ACT', '2015-05-20 16:28:51', '2022-11-09 14:06:12'),
(199, 'ACT', '2015-05-20 16:31:26', '0000-00-00 00:00:00'),
(200, 'ACT', '2015-05-20 16:33:36', '0000-00-00 00:00:00'),
(201, 'ACT', '2015-05-20 16:35:11', '2022-09-16 14:23:16'),
(202, 'ACT', '2015-05-20 16:39:43', '0000-00-00 00:00:00'),
(203, 'ACT', '2015-05-20 16:42:00', '2022-09-16 15:03:53'),
(204, 'ACT', '2015-05-20 16:51:57', '0000-00-00 00:00:00'),
(205, 'ACT', '2015-05-20 16:55:48', '0000-00-00 00:00:00'),
(206, 'ACT', '2015-05-20 16:59:44', '0000-00-00 00:00:00'),
(207, 'ACT', '2015-05-20 17:16:10', '2016-11-09 10:07:53'),
(208, 'ACT', '2015-05-21 16:27:31', '0000-00-00 00:00:00'),
(209, 'ACT', '2015-05-21 16:29:14', '0000-00-00 00:00:00'),
(210, 'ACT', '2015-05-21 16:32:20', '0000-00-00 00:00:00'),
(211, 'ACT', '2015-05-21 16:34:04', '0000-00-00 00:00:00'),
(212, 'ACT', '2015-05-21 16:35:42', '2022-09-16 14:23:12'),
(213, 'ACT', '2015-05-21 16:39:16', '0000-00-00 00:00:00'),
(214, 'ACT', '2015-05-21 16:40:35', '0000-00-00 00:00:00'),
(215, 'ACT', '2015-05-21 16:43:36', '2022-09-16 15:07:13'),
(216, 'ACT', '2015-05-21 16:48:36', '2022-09-16 14:23:21'),
(217, 'ACT', '2015-05-21 16:50:56', '0000-00-00 00:00:00'),
(218, 'ACT', '2015-05-21 16:53:45', '0000-00-00 00:00:00'),
(219, 'ACT', '2015-05-21 17:03:10', '2017-07-12 15:36:18'),
(220, 'ACT', '2015-05-21 17:05:17', '2017-05-03 10:27:12'),
(221, 'ACT', '2015-05-22 08:51:24', '0000-00-00 00:00:00'),
(222, 'ACT', '2015-05-22 08:53:08', '2022-09-16 13:34:59'),
(223, 'ACT', '2015-05-22 08:54:33', '2022-09-16 15:08:11'),
(224, 'ACT', '2015-05-30 16:01:50', '2022-11-04 09:15:57'),
(225, 'ACT', '2015-05-30 20:28:01', '2022-09-16 14:23:08'),
(226, 'ACT', '2015-05-30 20:31:49', '2018-07-10 13:05:26'),
(227, 'ACT', '2015-05-30 20:33:33', '2022-09-16 13:35:27'),
(228, 'ACT', '2015-05-30 20:35:34', '2017-05-20 15:27:40'),
(229, 'ACT', '2015-05-30 20:36:58', '0000-00-00 00:00:00'),
(230, 'ACT', '2015-05-30 20:42:16', '2022-11-09 11:44:31'),
(231, 'ACT', '2015-06-01 08:53:44', '0000-00-00 00:00:00'),
(232, 'ACT', '2015-06-01 08:55:14', '0000-00-00 00:00:00'),
(233, 'ACT', '2015-06-01 09:03:01', '2018-08-09 12:18:50'),
(234, 'ACT', '2015-06-01 09:04:14', '0000-00-00 00:00:00'),
(235, 'ACT', '2015-06-01 09:05:43', '2017-10-02 17:31:40'),
(236, 'ACT', '2015-06-01 09:06:59', '2022-11-09 11:48:59'),
(237, 'ACT', '2015-06-01 09:16:21', '0000-00-00 00:00:00'),
(238, 'ACT', '2015-06-01 09:22:22', '2018-09-19 09:54:13'),
(239, 'ACT', '2015-06-01 09:28:00', '2016-11-09 10:16:24'),
(240, 'ACT', '2015-06-01 09:35:55', '2016-11-09 09:37:53'),
(241, 'ACT', '2015-06-01 09:37:20', '2016-07-19 17:59:44'),
(242, 'ACT', '2015-06-01 09:41:07', '0000-00-00 00:00:00'),
(243, 'ACT', '2015-06-01 09:43:21', '2022-09-16 15:07:00'),
(244, 'ACT', '2015-06-01 10:30:05', '0000-00-00 00:00:00'),
(245, 'ACT', '2015-06-01 10:31:11', '0000-00-00 00:00:00'),
(246, 'ACT', '2015-06-01 10:32:36', '0000-00-00 00:00:00'),
(247, 'ACT', '2015-06-01 10:35:10', '0000-00-00 00:00:00'),
(248, 'ACT', '2015-06-01 10:36:52', '0000-00-00 00:00:00'),
(249, 'ACT', '2015-06-01 10:37:54', '0000-00-00 00:00:00'),
(250, 'ACT', '2015-06-01 10:40:27', '0000-00-00 00:00:00'),
(251, 'ACT', '2015-06-01 10:42:00', '2017-07-01 11:35:43'),
(252, 'ACT', '2015-06-01 10:48:23', '0000-00-00 00:00:00'),
(253, 'ACT', '2015-06-01 10:54:53', '2016-11-09 10:25:40'),
(254, 'ACT', '2015-06-01 10:57:33', '0000-00-00 00:00:00'),
(255, 'ACT', '2015-06-01 11:03:41', '2022-09-16 15:05:06'),
(256, 'ACT', '2015-06-01 11:04:59', '0000-00-00 00:00:00'),
(257, 'ACT', '2015-06-01 11:06:50', '0000-00-00 00:00:00'),
(258, 'ACT', '2015-06-01 11:14:02', '0000-00-00 00:00:00'),
(259, 'ACT', '2015-06-04 18:37:53', '2016-11-09 10:21:04'),
(260, 'ACT', '2015-06-04 18:39:47', '0000-00-00 00:00:00'),
(261, 'ACT', '2015-09-28 11:18:02', '0000-00-00 00:00:00'),
(262, 'ACT', '2016-03-16 16:50:57', '0000-00-00 00:00:00'),
(263, 'ACT', '2016-03-16 16:52:58', '0000-00-00 00:00:00'),
(241, 'NAC', '2016-07-19 17:59:44', '2016-09-22 12:47:46'),
(241, 'ACT', '2016-09-22 12:47:46', '2016-11-05 18:40:03'),
(296, 'NAC', '2016-11-05 16:47:29', '2016-11-09 09:03:35'),
(268, 'NAC', '2016-11-05 16:49:55', '2016-11-09 09:02:31'),
(302, 'NAC', '2016-11-05 16:52:51', '2016-11-09 09:32:36'),
(278, 'NAC', '2016-11-05 18:30:17', '2016-11-09 09:24:09'),
(175, 'NAC', '2016-11-05 18:31:03', '2016-11-09 09:32:18'),
(281, 'NAC', '2016-11-05 18:37:12', '2016-11-09 09:28:04'),
(306, 'NAC', '2016-11-05 18:38:17', '2016-11-09 09:32:46'),
(241, 'NAC', '2016-11-05 18:40:03', '2016-11-09 09:00:19'),
(305, 'NAC', '2016-11-05 18:44:06', '2016-11-09 09:50:55'),
(269, 'NAC', '2016-11-05 18:49:04', '2016-11-09 09:02:09'),
(297, 'NAC', '2016-11-05 19:03:18', '2016-11-09 09:19:30'),
(304, 'NAC', '2016-11-05 19:11:43', '0000-00-00 00:00:00'),
(290, 'NAC', '2016-11-07 09:56:53', '2016-11-09 09:31:37'),
(284, 'NAC', '2016-11-07 10:03:55', '2016-11-09 09:33:47'),
(286, 'NAC', '2016-11-07 17:41:27', '2016-11-09 09:34:07'),
(293, 'NAC', '2016-11-07 17:46:20', '2016-11-09 09:33:06'),
(275, 'NAC', '2016-11-07 17:47:55', '2016-11-09 09:28:14'),
(308, 'NAC', '2016-11-07 17:49:47', '2016-11-09 09:46:42'),
(288, 'NAC', '2016-11-07 18:02:29', '2016-11-09 09:46:31'),
(294, 'NAC', '2016-11-07 18:06:53', '2016-11-09 09:34:18'),
(289, 'NAC', '2016-11-07 18:23:18', '2016-11-09 09:34:43'),
(264, 'NAC', '2016-11-07 18:28:56', '2016-11-09 09:35:11'),
(285, 'NAC', '2016-11-07 18:38:09', '2016-11-09 09:35:32'),
(277, 'NAC', '2016-11-07 18:45:56', '2016-11-09 09:18:59'),
(307, 'NAC', '2016-11-07 18:48:26', '2016-11-09 09:35:50'),
(287, 'NAC', '2016-11-07 18:51:07', '2016-11-09 09:30:40'),
(315, 'NAC', '2016-11-07 18:53:59', '2016-11-09 09:36:23'),
(241, 'ACT', '2016-11-09 09:00:19', '0000-00-00 00:00:00'),
(269, 'ACT', '2016-11-09 09:02:09', '0000-00-00 00:00:00'),
(268, 'ACT', '2016-11-09 09:02:31', '2022-09-16 14:23:32'),
(296, 'ACT', '2016-11-09 09:03:35', '2022-11-04 09:16:42'),
(276, 'ACT', '2016-11-09 09:05:04', '0000-00-00 00:00:00'),
(277, 'ACT', '2016-11-09 09:18:59', '0000-00-00 00:00:00'),
(297, 'ACT', '2016-11-09 09:19:30', '2022-11-09 12:25:48'),
(272, 'ACT', '2016-11-09 09:23:10', '0000-00-00 00:00:00'),
(278, 'ACT', '2016-11-09 09:24:09', '2022-09-16 13:23:55'),
(280, 'ACT', '2016-11-09 09:26:32', '0000-00-00 00:00:00'),
(281, 'ACT', '2016-11-09 09:28:04', '2022-09-16 13:27:08'),
(275, 'ACT', '2016-11-09 09:28:14', '0000-00-00 00:00:00'),
(270, 'ACT', '2016-11-09 09:29:46', '0000-00-00 00:00:00'),
(287, 'ACT', '2016-11-09 09:30:40', '0000-00-00 00:00:00'),
(290, 'ACT', '2016-11-09 09:31:37', '2022-09-16 14:23:25'),
(175, 'ACT', '2016-11-09 09:32:18', '0000-00-00 00:00:00'),
(302, 'ACT', '2016-11-09 09:32:36', '2022-09-16 15:06:39'),
(306, 'ACT', '2016-11-09 09:32:46', '2018-11-12 16:56:33'),
(293, 'ACT', '2016-11-09 09:33:06', '0000-00-00 00:00:00'),
(284, 'ACT', '2016-11-09 09:33:47', '2017-04-01 10:32:11'),
(286, 'ACT', '2016-11-09 09:34:07', '2025-01-22 07:14:41'),
(294, 'ACT', '2016-11-09 09:34:18', '2017-11-25 12:12:46'),
(289, 'ACT', '2016-11-09 09:34:43', '0000-00-00 00:00:00'),
(264, 'ACT', '2016-11-09 09:35:11', '0000-00-00 00:00:00'),
(285, 'ACT', '2016-11-09 09:35:32', '0000-00-00 00:00:00'),
(282, 'NAC', '2016-11-09 09:35:39', '2016-11-09 09:40:47'),
(307, 'ACT', '2016-11-09 09:35:50', '0000-00-00 00:00:00'),
(315, 'ACT', '2016-11-09 09:36:23', '0000-00-00 00:00:00'),
(240, 'NAC', '2016-11-09 09:37:53', '0000-00-00 00:00:00'),
(282, 'ACT', '2016-11-09 09:40:47', '2022-09-16 13:34:41'),
(311, 'ACT', '2016-11-09 09:45:59', '2022-09-16 13:35:22'),
(288, 'ACT', '2016-11-09 09:46:31', '0000-00-00 00:00:00'),
(308, 'ACT', '2016-11-09 09:46:42', '0000-00-00 00:00:00'),
(298, 'ACT', '2016-11-09 09:49:05', '2016-11-09 10:28:21'),
(305, 'ACT', '2016-11-09 09:50:55', '2018-11-28 11:06:55'),
(313, 'ACT', '2016-11-09 09:53:27', '0000-00-00 00:00:00'),
(300, 'ACT', '2016-11-09 09:54:14', '0000-00-00 00:00:00'),
(314, 'ACT', '2016-11-09 09:57:58', '0000-00-00 00:00:00'),
(279, 'ACT', '2016-11-09 09:59:33', '0000-00-00 00:00:00'),
(291, 'ACT', '2016-11-09 10:01:48', '2022-09-16 15:07:30'),
(283, 'ACT', '2016-11-09 10:03:02', '0000-00-00 00:00:00'),
(273, 'ACT', '2016-11-09 10:04:40', '0000-00-00 00:00:00'),
(299, 'ACT', '2016-11-09 10:07:17', '2022-09-16 15:08:29'),
(207, 'NAC', '2016-11-09 10:07:53', '0000-00-00 00:00:00'),
(292, 'ACT', '2016-11-09 10:08:26', '0000-00-00 00:00:00'),
(274, 'ACT', '2016-11-09 10:09:36', '0000-00-00 00:00:00'),
(265, 'ACT', '2016-11-09 10:12:43', '2018-06-04 09:45:54'),
(239, 'NAC', '2016-11-09 10:16:24', '0000-00-00 00:00:00'),
(309, 'ACT', '2016-11-09 10:16:29', '2022-09-16 15:04:20'),
(259, 'NAC', '2016-11-09 10:21:04', '0000-00-00 00:00:00'),
(310, 'ACT', '2016-11-09 10:22:52', '0000-00-00 00:00:00'),
(253, 'NAC', '2016-11-09 10:25:40', '0000-00-00 00:00:00'),
(298, 'NAC', '2016-11-09 10:28:21', '0000-00-00 00:00:00'),
(316, 'ACT', '2016-11-09 12:54:23', '2017-11-01 12:49:37'),
(317, 'ACT', '2016-11-09 13:21:26', '0000-00-00 00:00:00'),
(318, 'ACT', '2017-01-26 14:10:07', '2022-11-09 12:26:30'),
(284, 'NAC', '2017-04-01 10:32:11', '0000-00-00 00:00:00'),
(220, 'NAC', '2017-05-03 10:27:12', '0000-00-00 00:00:00'),
(196, 'NAC', '2017-05-20 15:19:57', '0000-00-00 00:00:00'),
(184, 'NAC', '2017-05-20 15:20:15', '0000-00-00 00:00:00'),
(228, 'NAC', '2017-05-20 15:27:40', '0000-00-00 00:00:00'),
(251, 'NAC', '2017-07-01 11:35:43', '0000-00-00 00:00:00'),
(219, 'NAC', '2017-07-12 15:36:18', '0000-00-00 00:00:00'),
(177, 'NAC', '2017-07-21 14:25:12', '0000-00-00 00:00:00'),
(319, 'ACT', '2017-08-14 11:37:36', '0000-00-00 00:00:00'),
(320, 'ACT', '2017-10-02 11:37:47', '0000-00-00 00:00:00'),
(321, 'ACT', '2017-10-02 12:10:30', '2022-09-16 15:04:38'),
(322, 'ACT', '2017-10-02 13:18:25', '2022-11-09 11:48:25'),
(323, 'ACT', '2017-10-02 13:26:14', '2022-09-16 15:03:32'),
(324, 'ACT', '2017-10-02 13:28:52', '2022-09-16 15:10:38'),
(325, 'ACT', '2017-10-02 13:31:48', '2022-09-16 15:02:34'),
(326, 'ACT', '2017-10-02 13:34:22', '2022-09-16 15:04:45'),
(327, 'ACT', '2017-10-02 13:37:08', '2022-09-16 15:06:22'),
(328, 'ACT', '2017-10-02 13:39:02', '2022-09-16 15:05:20'),
(235, 'NAC', '2017-10-02 17:31:40', '2017-11-25 12:13:37'),
(329, 'ACT', '2017-10-18 10:54:38', '2017-10-19 15:27:12'),
(329, 'NAC', '2017-10-19 15:27:12', '0000-00-00 00:00:00'),
(316, 'NAC', '2017-11-01 12:49:37', '0000-00-00 00:00:00'),
(294, 'NAC', '2017-11-25 12:12:46', '0000-00-00 00:00:00'),
(235, 'ACT', '2017-11-25 12:13:37', '0000-00-00 00:00:00'),
(265, 'NAC', '2018-06-04 09:45:54', '0000-00-00 00:00:00'),
(226, 'NAC', '2018-07-10 13:05:27', '0000-00-00 00:00:00'),
(330, 'ACT', '2018-07-18 14:01:37', '0000-00-00 00:00:00'),
(331, 'ACT', '2018-08-02 14:24:15', '0000-00-00 00:00:00'),
(233, 'NAC', '2018-08-09 12:18:50', '0000-00-00 00:00:00'),
(332, 'ACT', '2018-09-11 09:13:08', '0000-00-00 00:00:00'),
(238, 'NAC', '2018-09-19 09:54:13', '0000-00-00 00:00:00'),
(333, 'ACT', '2018-11-05 11:22:40', '0000-00-00 00:00:00'),
(306, 'NAC', '2018-11-12 16:56:33', '2020-01-24 06:12:41'),
(305, 'NAC', '2018-11-28 11:06:55', '0000-00-00 00:00:00'),
(190, 'NAC', '2019-01-03 09:42:45', '0000-00-00 00:00:00'),
(334, 'ACT', '2019-01-03 09:55:47', '0000-00-00 00:00:00'),
(194, 'NAC', '2019-01-03 09:56:54', '0000-00-00 00:00:00'),
(335, 'ACT', '2019-02-21 16:33:07', '2022-09-16 15:03:12'),
(336, 'ACT', '2019-02-26 10:44:19', '0000-00-00 00:00:00'),
(337, 'ACT', '2019-05-18 11:44:08', '0000-00-00 00:00:00'),
(338, 'ACT', '2019-05-18 11:47:33', '0000-00-00 00:00:00'),
(306, 'ACT', '2020-01-24 06:12:41', '2020-08-17 08:55:31'),
(306, 'NAC', '2020-08-17 08:55:31', '2020-10-06 09:12:12'),
(306, 'ACT', '2020-10-06 09:12:12', '2022-09-16 14:59:17'),
(339, 'ACT', '2021-02-09 08:55:41', '2022-09-16 13:31:47'),
(278, 'NAC', '2022-09-16 13:23:55', '0000-00-00 00:00:00'),
(281, 'NAC', '2022-09-16 13:27:08', '0000-00-00 00:00:00'),
(339, 'NAC', '2022-09-16 13:31:47', '0000-00-00 00:00:00'),
(282, 'NAC', '2022-09-16 13:34:41', '0000-00-00 00:00:00'),
(222, 'NAC', '2022-09-16 13:34:59', '0000-00-00 00:00:00'),
(311, 'NAC', '2022-09-16 13:35:22', '0000-00-00 00:00:00'),
(227, 'NAC', '2022-09-16 13:35:27', '0000-00-00 00:00:00'),
(225, 'NAC', '2022-09-16 14:23:08', '2022-09-16 14:25:35'),
(212, 'NAC', '2022-09-16 14:23:12', '2022-09-16 14:25:27'),
(201, 'NAC', '2022-09-16 14:23:16', '2022-09-16 14:25:18'),
(216, 'NAC', '2022-09-16 14:23:21', '2022-09-16 14:25:06'),
(290, 'NAC', '2022-09-16 14:23:25', '2022-09-16 14:24:58'),
(268, 'NAC', '2022-09-16 14:23:32', '2022-09-16 14:24:51'),
(268, 'ACT', '2022-09-16 14:24:51', '0000-00-00 00:00:00'),
(290, 'ACT', '2022-09-16 14:24:58', '0000-00-00 00:00:00'),
(216, 'ACT', '2022-09-16 14:25:06', '0000-00-00 00:00:00'),
(201, 'ACT', '2022-09-16 14:25:18', '0000-00-00 00:00:00'),
(212, 'ACT', '2022-09-16 14:25:27', '0000-00-00 00:00:00'),
(225, 'ACT', '2022-09-16 14:25:35', '0000-00-00 00:00:00'),
(306, 'NAC', '2022-09-16 14:59:17', '0000-00-00 00:00:00'),
(325, 'NAC', '2022-09-16 15:02:34', '0000-00-00 00:00:00'),
(335, 'NAC', '2022-09-16 15:03:12', '0000-00-00 00:00:00'),
(323, 'NAC', '2022-09-16 15:03:32', '0000-00-00 00:00:00'),
(203, 'NAC', '2022-09-16 15:03:53', '0000-00-00 00:00:00'),
(309, 'NAC', '2022-09-16 15:04:20', '0000-00-00 00:00:00'),
(321, 'NAC', '2022-09-16 15:04:38', '0000-00-00 00:00:00'),
(326, 'NAC', '2022-09-16 15:04:45', '0000-00-00 00:00:00'),
(255, 'NAC', '2022-09-16 15:05:06', '0000-00-00 00:00:00'),
(328, 'NAC', '2022-09-16 15:05:20', '0000-00-00 00:00:00'),
(327, 'NAC', '2022-09-16 15:06:22', '0000-00-00 00:00:00'),
(302, 'NAC', '2022-09-16 15:06:39', '0000-00-00 00:00:00'),
(243, 'NAC', '2022-09-16 15:07:00', '0000-00-00 00:00:00'),
(215, 'NAC', '2022-09-16 15:07:13', '0000-00-00 00:00:00'),
(291, 'NAC', '2022-09-16 15:07:30', '0000-00-00 00:00:00'),
(223, 'NAC', '2022-09-16 15:08:11', '0000-00-00 00:00:00'),
(299, 'NAC', '2022-09-16 15:08:29', '0000-00-00 00:00:00'),
(324, 'NAC', '2022-09-16 15:10:38', '0000-00-00 00:00:00'),
(183, 'NAC', '2022-09-16 15:11:10', '0000-00-00 00:00:00'),
(224, 'NAC', '2022-11-04 09:15:57', '2022-11-04 09:16:10'),
(224, 'ACT', '2022-11-04 09:16:10', '2022-11-07 07:40:50'),
(296, 'NAC', '2022-11-04 09:16:42', '2022-11-04 09:16:58'),
(296, 'ACT', '2022-11-04 09:16:58', '0000-00-00 00:00:00'),
(224, 'NAC', '2022-11-07 07:40:50', '2022-11-07 07:41:23'),
(224, 'ACT', '2022-11-07 07:41:23', '0000-00-00 00:00:00'),
(340, 'ACT', '2022-11-07 07:49:45', '2024-06-13 13:28:24'),
(341, 'ACT', '2022-11-07 07:52:46', '2024-06-13 13:29:07'),
(182, 'NAC', '2022-11-07 15:45:57', '2022-11-07 15:46:17'),
(182, 'ACT', '2022-11-07 15:46:17', '2022-11-09 12:17:28'),
(230, 'NAC', '2022-11-09 11:44:31', '2022-11-09 11:44:47'),
(230, 'ACT', '2022-11-09 11:44:47', '2022-11-09 11:51:23'),
(322, 'NAC', '2022-11-09 11:48:25', '2022-11-10 08:54:54'),
(236, 'NAC', '2022-11-09 11:48:59', '0000-00-00 00:00:00'),
(230, 'NAC', '2022-11-09 11:51:23', '2022-11-09 11:55:24'),
(230, 'ACT', '2022-11-09 11:55:24', '2022-11-09 11:59:48'),
(230, 'NAC', '2022-11-09 11:59:48', '2022-11-09 12:00:01'),
(230, 'ACT', '2022-11-09 12:00:01', '2024-01-24 09:00:17'),
(182, 'NAC', '2022-11-09 12:17:28', '2022-11-09 12:17:40'),
(182, 'ACT', '2022-11-09 12:17:40', '2022-11-09 12:18:31'),
(182, 'NAC', '2022-11-09 12:18:31', '2022-11-09 12:19:04'),
(182, 'NAC', '2022-11-09 12:19:04', '0000-00-00 00:00:00'),
(297, 'NAC', '2022-11-09 12:25:48', '0000-00-00 00:00:00'),
(318, 'NAC', '2022-11-09 12:26:31', '0000-00-00 00:00:00'),
(198, 'NAC', '2022-11-09 14:06:12', '2022-11-09 14:06:20'),
(198, 'ACT', '2022-11-09 14:06:20', '2022-11-09 14:06:37'),
(198, 'NAC', '2022-11-09 14:06:37', '0000-00-00 00:00:00'),
(322, 'ACT', '2022-11-10 08:54:54', '2024-01-24 09:22:06'),
(343, 'ACT', '2024-01-09 08:55:52', '2024-06-13 13:29:26'),
(230, 'NAC', '2024-01-24 09:00:18', '2024-01-24 09:00:39'),
(230, 'ACT', '2024-01-24 09:00:39', '2024-01-24 09:02:23'),
(230, 'NAC', '2024-01-24 09:02:23', '2024-01-24 09:05:30'),
(230, 'NAC', '2024-01-24 09:05:30', '2024-01-24 09:05:40'),
(230, 'NAC', '2024-01-24 09:05:40', '2024-01-24 09:05:52'),
(230, 'NAC', '2024-01-24 09:05:52', '2024-01-24 09:07:47'),
(230, 'NAC', '2024-01-24 09:07:47', '2024-01-24 09:17:14'),
(230, 'NAC', '2024-01-24 09:17:14', '2024-01-24 09:17:32'),
(230, 'ACT', '2024-01-24 09:17:23', '2024-01-24 09:17:32'),
(230, 'ACT', '2024-01-24 09:17:27', '2024-01-24 09:17:32'),
(230, 'NAC', '2024-01-24 09:17:32', '2024-01-24 09:21:36'),
(230, 'ACT', '2024-01-24 09:20:26', '2024-01-24 09:21:36'),
(230, 'ACT', '2024-01-24 09:21:34', '2024-01-24 09:21:36'),
(230, 'NAC', '2024-01-24 09:21:36', '2024-01-24 09:21:55'),
(230, 'ACT', '2024-01-24 09:21:39', '2024-01-24 09:21:55'),
(230, 'NAC', '2024-01-24 09:21:55', '2024-01-31 11:48:48'),
(230, 'ACT', '2024-01-24 09:21:57', '2024-01-31 11:48:48'),
(322, 'NAC', '2024-01-24 09:22:07', '2024-06-13 13:27:15'),
(322, 'ACT', '2024-01-24 09:22:12', '2024-06-13 13:27:15'),
(230, 'ACT', '2024-01-31 11:48:49', '0000-00-00 00:00:00'),
(322, 'ACT', '2024-06-13 13:27:15', '0000-00-00 00:00:00'),
(340, 'NAC', '2024-06-13 13:28:24', '0000-00-00 00:00:00'),
(342, 'NAC', '2024-06-13 13:28:35', '0000-00-00 00:00:00'),
(341, 'NAC', '2024-06-13 13:29:07', '0000-00-00 00:00:00'),
(343, 'NAC', '2024-06-13 13:29:26', '0000-00-00 00:00:00'),
(174, 'NAC', '2024-06-20 06:52:58', '0000-00-00 00:00:00'),
(174, 'ACT', '2024-06-20 06:53:02', '0000-00-00 00:00:00'),
(286, 'NAC', '2025-01-22 07:14:41', '0000-00-00 00:00:00');

-- --------------------------------------------------------

--
-- Structure de la table `tracking_incident`
--

CREATE TABLE `tracking_incident` (
  `idTracking` mediumint(8) UNSIGNED NOT NULL,
  `idIncident` mediumint(8) NOT NULL,
  `idAnnuaire` mediumint(8) NOT NULL,
  `id_typeaction` mediumint(8) NOT NULL,
  `zone` mediumint(8) NOT NULL,
  `impact` varchar(250) NOT NULL,
  `avant` varbinary(2500) NOT NULL,
  `apres` varbinary(500) NOT NULL,
  `dateTrk` datetime NOT NULL
) ENGINE=InnoDB DEFAULT CHARSET=utf8;

--
-- Déchargement des données de la table `tracking_incident`
--

INSERT INTO `tracking_incident` (`idTracking`, `idIncident`, `idAnnuaire`, `id_typeaction`, `zone`, `impact`, `avant`, `apres`, `dateTrk`) VALUES
(387, 0, 174, 2, 8, 'Vacation  Action ', 0xe7fe48abcac6ab229b8495991ba8b36a87206ed6c67015a329a1124e4bd629ac, 0xe7fe48abcac6ab229b8495991ba8b36a9e37d58c0ef1ed5f520052d7cb46ccca, '2023-06-22 10:54:27'),
(388, 0, 174, 2, 8, 'Vacation  Action ', 0xe7fe48abcac6ab229b8495991ba8b36a9e37d58c0ef1ed5f520052d7cb46ccca, 0xe7fe48abcac6ab229b8495991ba8b36a09324c0a82cacea5a1395335897e5fa61bfc76fab13083e4eff57d2f902318b5, '2023-06-22 10:54:30'),
(683, 67, 174, 1, 9, 'Incident', 0x16b25cf94d3f566184487fa05541c41f, 0x16b25cf94d3f566184487fa05541c41f, '2024-06-24 09:52:14'),
(684, 67, 174, 1, 1, '', 0x16b25cf94d3f566184487fa05541c41f, 0xfee434b61fd6e89490b8fb06bc22dc9b559509e1fe3aaa4e4371805161ec3d909c883cdb4d56a4a85445ca36eef9521c755185cd71860f2420fa8907b8ca89e8cb65762ffae71fe015b84bc82c07322fd7e8210d7d0e5c6ca43258ad949612bdeede9896c4a7c87f17f9c0258eb916d3173174b6449fd24ef3d397262f7a847fe084da99628d2653176f7a382044d3f637ce3ad4e533e777ec920fbabf39408acbec267d1669ebd29f8600bfae314a53be955e923751f6884fbddbd9003ecebaf22d23f68496376e36939e33d86ce4c9ab7b570c2680887a0397924bae32f010033aa8747498256d889d47510ca149c822a9f5509327f3eb20ed3fa154154b23c7a41ba78223d92f609ee4244f2a1ad39b780d089b429f3492e38768f52b204c197bf8a763fb50031bb795b9aa0afe79d356850cfcab7e18a0c132ddfc03bdb7ffd32b767ea1f69edfc8c6dbf306f03d52687937a8fb94b25f605a5ebc47ba72dd3e00f0627f55bc2bf1ae3198d41a686ebe26cbc7c8d47014a227aa0d033511cef4ae05ed3a942b741cadc595a3bc7e716b836923bba99e2902cabcd5ab443f430e1e557f03f597153c937c835560dc70bb4995bfcb46b95b7a254a21244c813fc4d55d1046b8389115503d9d1a067d5847743df46407605079ebadb1872d20cebadb43136396f9dbca6ebabeb0d8d7f7f17c0d, '2024-06-24 09:52:14'),
(685, 67, 174, 1, 2, '', 0x16b25cf94d3f566184487fa05541c41f, 0x7bbe6c4dfe2d98fbdee7c76c9e9d29aad07154aab6ec99cfb9c29cf725d27f9dd3ee16fb43838b2ba94b8a844d439b2a2acc014e4904f0e41190a8a1de50d975, '2024-06-24 09:52:14'),
(686, 67, 174, 1, 3, '', 0x16b25cf94d3f566184487fa05541c41f, 0x41ce26b7a10b314f43aa84d38352f8f73bca8c893805033061a2e71bbdf2e64addaa578504b50988e1b38249010233d244605375180706caa29dafe56a15c50af3d9bb455c85a4f16b31b3967ff19b20997c5b695ab54dd05011476931c40de7441120d8e24762ab459548a5502821d03f14cd65160c6fcc14fe42d5ca1af4aa3c518a94eb6a1459ecdda3672baad69a29cbd37f951f7e77ba6a49df2fea1e2aa217fd7d19df105d0411ee45db188eee4bbc04bccc9262c583d703a8ab569f881f6f03ac9b801f0bbfe47f3dad6a5ee4ca1fac02d39ec8837e51269ad6a1984480f6009b25e5a961a10b227fdf12d4962e637189d9f48f80388a5414fd4fd62ded7683917766df2ab98e5cc978f801193d41bcbcd8ee858f8fde6c750d82221f80c3f8001f9d1d14f7c03cf3457a9ceb08bea86b37a80d47b4a1dfe592885a15f3c60790a50f7accccda2b5bf47c772dd6dff17f605d2b871008d99289d6186d4eb0c67becb3cbd4c278d63f54e3e08210df81aa11649b5d125dd415b6e4cb8ac277a0477d6ca1d234b74f0b2d56772329cbd37f951f7e77ba6a49df2fea1e2a3d6acdfbff8c7fb7375dd5ce9ca53229441120d8e24762ab459548a5502821d03f14cd65160c6fcc14fe42d5ca1af4aae5177accad066a38b15415ccc9b71f1229cbd37f951f7e77ba6a49df2fea1e2a74edff05, '2024-06-24 09:52:14'),
(687, 67, 174, 2, 2, '', 0x7bbe6c4dfe2d98fbdee7c76c9e9d29aad07154aab6ec99cfb9c29cf725d27f9dd3ee16fb43838b2ba94b8a844d439b2a2acc014e4904f0e41190a8a1de50d975, 0x7bbe6c4dfe2d98fbdee7c76c9e9d29aad07154aab6ec99cfb9c29cf725d27f9dd3ee16fb43838b2ba94b8a844d439b2a8f999c6eef35beedb38872627eea082a1bfc76fab13083e4eff57d2f902318b5, '2024-12-03 08:21:54'),
(688, 67, 174, 2, 1, '', 0x16b25cf94d3f566184487fa05541c41f, 0xfb5bf84f4a8f672c9b9a739a174d57002ef550eede3712e2f1c941718c01c32372cfb720002223b093cbfdc9e462cc720edabc2d84115581366c7b889070c6a2d35459fcd63b6d947ec28894a999f7959872e1428d8a7975070ab71486086a2680b60c330156995be29ddaaa527c677076740590b8aad29b0063ceb20cfbb6d5f670ab7cb2a9b469fb57f15af893d83e67a076160f6c0ae87f89cc6daf4ee53da73eb49ca45f2412935f635fa4393d9924912431778afac1a91af5850f61bd667a9f8787b61018bfd14be2f9c33d0d427afe9776d726c33711e0c8398098907762cd830c11dc5e17d9b796fd1159731d0e97532a70264d9a22c36c5907163214a182e9bae391686bcebbb708ee4395a560a1b43a4ea6d3b24efe16610b05e68d902fd58369fd58608efebc37c57fc3aeb9bc46af29018654cef921e28fd679419b6e841a820232f16210f06a4c94f24abdfddf3ff64f4c6ae5e8fc3e937677e68bf7672cc3818e970229bb1d93fa3451a9e4625d6490f773bf364528fd4498840d01a524d0f973f5b6bbae5b81ea852f70bb4995bfcb46b95b7a254a21244c817e44f2c6a5aec7c4c63c6a87eb4131234306e633da54871967abc0825b2e43fe16af5ac761930dcc664358ce328d6837fcbefdc0bf7768b626517a9a353fe490a9e4625d6490f773bf364528fd449884b83791b2, '2024-12-03 08:21:55'),
(689, 67, 174, 1, 5, 'Vacation 1 Action 1', 0x58b2ced1f0b026745f2f1833d08262169ff4fef3b48098cd1483a90ad2edccd9, 0x451b64bd50c0c58ba43d4d00211087385b1d1e74a49f6652a2f48847c89f002ada5c920787790e56efe33f8be84f800a67a74e6b315b8df53a23da9d29f04e055cf3d352f663f29c29a13ed74339db1719644e111bbe12376ced71527231299a93f09254d4e891b21f41405c8bb7be3f52c21fba72208caac30029953067d5b0ea378454da0b0a922a58f610b3ec6e53b0e64558e167fa42dee286757e90ecbbb813afdab4426697b47ef0fb56b2a9cf8465cf9d940cb238885bdca9f3421cd40192b048a367a6f020c7213bdc392bad009ecbf0cdf95e3dc724b151fc0e323c6a6a0de9f1ae367ddaf9591b2090edebbeb9202c851436de32f45ddf84fde0c5d525810644d7038c8e815be91c51c2ef724b00a1bda183fbffa957390cfcfc2a2435edb074331cbff5098f35fc40514aedfb794e8d26d3b74e606c05228df2cc14dffd7d8ce64dcec42fc3192ed2dd81f3f2b937f5df791e5f6f2e2cd5d74b72a74dfeef508f34fe332156bef04658e8b726933bd0d8321300494396be492601ad3e275234a24384531c580810a6d48cc4cb29f6edb5079e7247702bf2a8806ee54b9c4e351a31795ced65cd080c9aecd06c377fdb2b7153a3e88a5ffaec3860cba258fa3dc6ce0d04d7eb8169f7c3202c49fcce8298a3d87793d435d4625a52cf34c7ba65fbafbf67b1180ac2816df32671f221, '2024-12-03 08:26:01'),
(690, 67, 174, 2, 8, 'Vacation 1 Action 1', 0xe7fe48abcac6ab229b8495991ba8b36a87206ed6c67015a329a1124e4bd629ac, 0xe7fe48abcac6ab229b8495991ba8b36a9e37d58c0ef1ed5f520052d7cb46ccca, '2024-12-03 08:29:44'),
(691, 67, 174, 2, 5, 'Vacation 1 Action 1', 0x58b2ced1f0b026745f2f1833d08262162dbf76f08444699609727196b0010869, 0x451b64bd50c0c58ba43d4d00211087385b1d1e74a49f6652a2f48847c89f002ada5c920787790e56efe33f8be84f800a67a74e6b315b8df53a23da9d29f04e058a18fdcc76f60afe885099d1fdde7865755d2630f34bfcc9c915e39bcb6e85198eba262f67b9023548b8a82cf4a79485121bb7bbfc7f8f57d1dd33d9290a2b4e77857f532068d76458520cfab7b8a69b9e8f3aed0c69aa46fc1be0ad195ba9f3877e8cbd6162a2e078cc75770b8fd3420e1188f942a6677039f2fcfbf8d0bea0f2849689ecc12958b57f6eb60cdf4576e5ce84ce49b7716d2dbbb0ef06581045551b127722a0e13022ae783833d79fed923bd661d1328226927bbbc5770b8115f019327e6f9ff76706965d5a15c8139762b636dfbeb899f25544688708f497769bb96aef2847a756755e47039bd1fb6d9ad60be4a6a51006bc0332cfc54983a6d5f6d6ca725137b099041265166377d71ce179bc63c1942332bf6cd6efdb7bdc9489a4879dfef465efd37dbda087f4dc352475352710e44d43dd7d4fabb12763a770211e23aafd73d907d392f71c6d6635ee45004fe273186ea4c8666fee7b3fcda040295ec368be92dc07ecfe63d537cc202de868f26f934e9772ebdfb6537db767cee5fc546bad5dbbdd7964a08da2d0c41b34979920fc8f3fef807f8dcaccbdf19ae73958b62b22e9064acd6216821657064a, '2025-01-07 17:51:11'),
(692, 67, 174, 2, 5, 'Vacation 1 Action 1', 0x58b2ced1f0b026745f2f1833d0826216672ca4e9d335b6f210cd6e700c93d4be, 0x451b64bd50c0c58ba43d4d00211087385b1d1e74a49f6652a2f48847c89f002ada5c920787790e56efe33f8be84f800a67a74e6b315b8df53a23da9d29f04e058a18fdcc76f60afe885099d1fdde7865755d2630f34bfcc9c915e39bcb6e85198eba262f67b9023548b8a82cf4a79485121bb7bbfc7f8f57d1dd33d9290a2b4e77857f532068d76458520cfab7b8a69b9e8f3aed0c69aa46fc1be0ad195ba9f3877e8cbd6162a2e078cc75770b8fd3420e1188f942a6677039f2fcfbf8d0bea0f2849689ecc12958b57f6eb60cdf4576e5ce84ce49b7716d2dbbb0ef06581045551b127722a0e13022ae783833d79fed923bd661d1328226927bbbc5770b8115f019327e6f9ff76706965d5a15c8139762b636dfbeb899f25544688708f497769bb96aef2847a756755e47039bd1fb6d9ad60be4a6a51006bc0332cfc54983a6d5f6d6ca725137b099041265166377d71ce179bc63c1942332bf6cd6efdb7bdc9489a4879dfef465efd37dbda087f4dc352475352710e44d43dd7d4fabb12763a770211e23aafd73d907d392f71c6d6635ee45004fe273186ea4c8666fee7b3fcda040295ec368be92dc07ecfe63d537cc202de868f26f934e9772ebdfb6537db767cee5fc546bad5dbbdd7964a08da2d0c41b34979920fc8f3fef807f8dcaccbdf19ae73958b62b22e9064acd6216821657064a, '2025-01-08 10:18:17'),
(693, 67, 174, 2, 5, 'Vacation 1 Action 1', 0x58b2ced1f0b026745f2f1833d0826216e98a8fe619acbebc8639a9d6ad805f5c, 0x451b64bd50c0c58ba43d4d00211087385b1d1e74a49f6652a2f48847c89f002ada5c920787790e56efe33f8be84f800a67a74e6b315b8df53a23da9d29f04e058a18fdcc76f60afe885099d1fdde7865755d2630f34bfcc9c915e39bcb6e85198eba262f67b9023548b8a82cf4a79485121bb7bbfc7f8f57d1dd33d9290a2b4e77857f532068d76458520cfab7b8a69b9e8f3aed0c69aa46fc1be0ad195ba9f3877e8cbd6162a2e078cc75770b8fd3420e1188f942a6677039f2fcfbf8d0bea0f2849689ecc12958b57f6eb60cdf4576e5ce84ce49b7716d2dbbb0ef06581045551b127722a0e13022ae783833d79fed923bd661d1328226927bbbc5770b8115f019327e6f9ff76706965d5a15c8139762b636dfbeb899f25544688708f497769bb96aef2847a756755e47039bd1fb6d9ad60be4a6a51006bc0332cfc54983a6d5f6d6ca725137b099041265166377d71ce179bc63c1942332bf6cd6efdb7bdc9489a4879dfef465efd37dbda087f4dc352475352710e44d43dd7d4fabb12763a770211e23aafd73d907d392f71c6d6635ee45004fe273186ea4c8666fee7b3fcda040295ec368be92dc07ecfe63d537cc202de868f26f934e9772ebdfb6537db767cee5fc546bad5dbbdd7964a08da2d0c41b34979920fc8f3fef807f8dcaccbdf19ae73958b62b22e9064acd6216821657064a, '2025-01-08 10:27:37'),
(694, 67, 174, 2, 5, 'Vacation 1 Action 1', 0x58b2ced1f0b026745f2f1833d082621662d3f239a98800979f66688248f14e8a, 0x451b64bd50c0c58ba43d4d00211087385b1d1e74a49f6652a2f48847c89f002ada5c920787790e56efe33f8be84f800a67a74e6b315b8df53a23da9d29f04e058a18fdcc76f60afe885099d1fdde7865755d2630f34bfcc9c915e39bcb6e85198eba262f67b9023548b8a82cf4a79485121bb7bbfc7f8f57d1dd33d9290a2b4e77857f532068d76458520cfab7b8a69b9e8f3aed0c69aa46fc1be0ad195ba9f3877e8cbd6162a2e078cc75770b8fd3420e1188f942a6677039f2fcfbf8d0bea0f2849689ecc12958b57f6eb60cdf4576e5ce84ce49b7716d2dbbb0ef06581045551b127722a0e13022ae783833d79fed923bd661d1328226927bbbc5770b8115f019327e6f9ff76706965d5a15c8139762b636dfbeb899f25544688708f497769bb96aef2847a756755e47039bd1fb6d9ad60be4a6a51006bc0332cfc54983a6d5f6d6ca725137b099041265166377d71ce179bc63c1942332bf6cd6efdb7bdc9489a4879dfef465efd37dbda087f4dc352475352710e44d43dd7d4fabb12763a770211e23aafd73d907d392f71c6d6635ee45004fe273186ea4c8666fee7b3fcda040295ec368be92dc07ecfe63d537cc202de868f26f934e9772ebdfb6537db767cee5fc546bad5dbbdd7964a08da2d0c41b34979920fc8f3fef807f8dcaccbdf19ae73958b62b22e9064acd6216821657064a, '2025-01-08 10:28:32'),
(695, 67, 174, 2, 5, 'Vacation 1 Action 1', 0x58b2ced1f0b026745f2f1833d0826216f661a17ef0fa740babeb252c80d9da0c3766f868bc8ea8cf9403ff70ba970037, 0x451b64bd50c0c58ba43d4d00211087385b1d1e74a49f6652a2f48847c89f002ada5c920787790e56efe33f8be84f800a67a74e6b315b8df53a23da9d29f04e058a18fdcc76f60afe885099d1fdde7865755d2630f34bfcc9c915e39bcb6e85198eba262f67b9023548b8a82cf4a79485121bb7bbfc7f8f57d1dd33d9290a2b4e77857f532068d76458520cfab7b8a69b9e8f3aed0c69aa46fc1be0ad195ba9f3877e8cbd6162a2e078cc75770b8fd3420e1188f942a6677039f2fcfbf8d0bea0f2849689ecc12958b57f6eb60cdf4576e5ce84ce49b7716d2dbbb0ef06581045551b127722a0e13022ae783833d79fed923bd661d1328226927bbbc5770b8115f019327e6f9ff76706965d5a15c8139762b636dfbeb899f25544688708f497769bb96aef2847a756755e47039bd1fb6d9ad60be4a6a51006bc0332cfc54983a6d5f6d6ca725137b099041265166377d71ce179bc63c1942332bf6cd6efdb7bdc9489a4879dfef465efd37dbda087f4dc352475352710e44d43dd7d4fabb12763a770211e23aafd73d907d392f71c6d6635ee45004fe273186ea4c8666fee7b3fcda040295ec368be92dc07ecfe63d537cc202de868f26f934e9772ebdfb6537db767cee5fc546bad5dbbdd7964a08da2d0c41b34979920fc8f3fef807f8dcaccbdf19ae73958b62b22e9064acd6216821657064a, '2025-01-08 10:29:30'),
(696, 67, 174, 2, 5, 'Vacation 1 Action 1', 0x58b2ced1f0b026745f2f1833d08262164203496677112352ff340bdfacc7520c3eed56145a7f46815a235782fd2ee0af, 0x451b64bd50c0c58ba43d4d00211087385b1d1e74a49f6652a2f48847c89f002ada5c920787790e56efe33f8be84f800a67a74e6b315b8df53a23da9d29f04e058a18fdcc76f60afe885099d1fdde7865755d2630f34bfcc9c915e39bcb6e85198eba262f67b9023548b8a82cf4a79485121bb7bbfc7f8f57d1dd33d9290a2b4e77857f532068d76458520cfab7b8a69b9e8f3aed0c69aa46fc1be0ad195ba9f3877e8cbd6162a2e078cc75770b8fd3420e1188f942a6677039f2fcfbf8d0bea0f2849689ecc12958b57f6eb60cdf4576e5ce84ce49b7716d2dbbb0ef06581045551b127722a0e13022ae783833d79fed923bd661d1328226927bbbc5770b8115f019327e6f9ff76706965d5a15c8139762b636dfbeb899f25544688708f497769bb96aef2847a756755e47039bd1fb6d9ad60be4a6a51006bc0332cfc54983a6d5f6d6ca725137b099041265166377d71ce179bc63c1942332bf6cd6efdb7bdc9489a4879dfef465efd37dbda087f4dc352475352710e44d43dd7d4fabb12763a770211e23aafd73d907d392f71c6d6635ee45004fe273186ea4c8666fee7b3fcda040295ec368be92dc07ecfe63d537cc202de868f26f934e9772ebdfb6537db767cee5fc546bad5dbbdd7964a08da2d0c41b34979920fc8f3fef807f8dcaccbdf19ae73958b62b22e9064acd6216821657064a, '2025-01-08 10:31:03'),
(697, 67, 174, 2, 5, 'Vacation 1 Action 1', 0x58b2ced1f0b026745f2f1833d08262166b142ca061417ff4ea1111ba9021df08da7a69b9fe5ead49f8f4c11b49cedc1a, 0x451b64bd50c0c58ba43d4d00211087385b1d1e74a49f6652a2f48847c89f002ada5c920787790e56efe33f8be84f800a67a74e6b315b8df53a23da9d29f04e058a18fdcc76f60afe885099d1fdde7865755d2630f34bfcc9c915e39bcb6e85198eba262f67b9023548b8a82cf4a79485121bb7bbfc7f8f57d1dd33d9290a2b4e77857f532068d76458520cfab7b8a69b9e8f3aed0c69aa46fc1be0ad195ba9f3877e8cbd6162a2e078cc75770b8fd3420e1188f942a6677039f2fcfbf8d0bea0f2849689ecc12958b57f6eb60cdf4576e5ce84ce49b7716d2dbbb0ef06581045551b127722a0e13022ae783833d79fed923bd661d1328226927bbbc5770b8115f019327e6f9ff76706965d5a15c8139762b636dfbeb899f25544688708f497769bb96aef2847a756755e47039bd1fb6d9ad60be4a6a51006bc0332cfc54983a6d5f6d6ca725137b099041265166377d71ce179bc63c1942332bf6cd6efdb7bdc9489a4879dfef465efd37dbda087f4dc352475352710e44d43dd7d4fabb12763a770211e23aafd73d907d392f71c6d6635ee45004fe273186ea4c8666fee7b3fcda040295ec368be92dc07ecfe63d537cc202de868f26f934e9772ebdfb6537db767cee5fc546bad5dbbdd7964a08da2d0c41b34979920fc8f3fef807f8dcaccbdf19ae73958b62b22e9064acd6216821657064a, '2025-01-08 10:43:54'),
(698, 67, 174, 2, 5, 'Vacation 1 Action 1', 0x58b2ced1f0b026745f2f1833d08262164b350693220fbaeec922afb4b3f4bc9c26d4ae52e4b162a998e1966e1953f2c7, 0x451b64bd50c0c58ba43d4d00211087385b1d1e74a49f6652a2f48847c89f002ada5c920787790e56efe33f8be84f800a67a74e6b315b8df53a23da9d29f04e058a18fdcc76f60afe885099d1fdde7865755d2630f34bfcc9c915e39bcb6e85198eba262f67b9023548b8a82cf4a79485121bb7bbfc7f8f57d1dd33d9290a2b4e77857f532068d76458520cfab7b8a69b9e8f3aed0c69aa46fc1be0ad195ba9f3877e8cbd6162a2e078cc75770b8fd3420e1188f942a6677039f2fcfbf8d0bea0f2849689ecc12958b57f6eb60cdf4576e5ce84ce49b7716d2dbbb0ef06581045551b127722a0e13022ae783833d79fed923bd661d1328226927bbbc5770b8115f019327e6f9ff76706965d5a15c8139762b636dfbeb899f25544688708f497769bb96aef2847a756755e47039bd1fb6d9ad60be4a6a51006bc0332cfc54983a6d5f6d6ca725137b099041265166377d71ce179bc63c1942332bf6cd6efdb7bdc9489a4879dfef465efd37dbda087f4dc352475352710e44d43dd7d4fabb12763a770211e23aafd73d907d392f71c6d6635ee45004fe273186ea4c8666fee7b3fcda040295ec368be92dc07ecfe63d537cc202de868f26f934e9772ebdfb6537db767cee5fc546bad5dbbdd7964a08da2d0c41b34979920fc8f3fef807f8dcaccbdf19ae73958b62b22e9064acd6216821657064a, '2025-01-08 10:44:33'),
(699, 67, 174, 2, 5, 'Vacation 1 Action 1', 0x58b2ced1f0b026745f2f1833d0826216b85ecda02d4276e6be68068aa3d217ef, 0x451b64bd50c0c58ba43d4d00211087385b1d1e74a49f6652a2f48847c89f002ada5c920787790e56efe33f8be84f800a67a74e6b315b8df53a23da9d29f04e058a18fdcc76f60afe885099d1fdde7865755d2630f34bfcc9c915e39bcb6e85198eba262f67b9023548b8a82cf4a79485121bb7bbfc7f8f57d1dd33d9290a2b4e77857f532068d76458520cfab7b8a69b9e8f3aed0c69aa46fc1be0ad195ba9f3877e8cbd6162a2e078cc75770b8fd3420e1188f942a6677039f2fcfbf8d0bea0f2849689ecc12958b57f6eb60cdf4576e5ce84ce49b7716d2dbbb0ef06581045551b127722a0e13022ae783833d79fed923bd661d1328226927bbbc5770b8115f019327e6f9ff76706965d5a15c8139762b636dfbeb899f25544688708f497769bb96aef2847a756755e47039bd1fb6d9ad60be4a6a51006bc0332cfc54983a6d5f6d6ca725137b099041265166377d71ce179bc63c1942332bf6cd6efdb7bdc9489a4879dfef465efd37dbda087f4dc352475352710e44d43dd7d4fabb12763a770211e23aafd73d907d392f71c6d6635ee45004fe273186ea4c8666fee7b3fcda040295ec368be92dc07ecfe63d537cc202de868f26f934e9772ebdfb6537db767cee5fc546bad5dbbdd7964a08da2d0c41b34979920fc8f3fef807f8dcaccbdf19ae73958b62b22e9064acd6216821657064a, '2025-01-22 07:02:17');

-- --------------------------------------------------------

--
-- Structure de la table `tracking_typeaction`
--

CREATE TABLE `tracking_typeaction` (
  `id_typeaction` mediumint(8) UNSIGNED NOT NULL,
  `code` varchar(10) NOT NULL,
  `libelle` varchar(50) NOT NULL
) ENGINE=InnoDB DEFAULT CHARSET=utf8;

--
-- Déchargement des données de la table `tracking_typeaction`
--

INSERT INTO `tracking_typeaction` (`id_typeaction`, `code`, `libelle`) VALUES
(1, 'C', 'Create'),
(2, 'M', 'Modify'),
(3, 'V', 'Validate without modification'),
(4, 'LD', 'Logical delete'),
(5, 'PD', 'Physical delete'),
(6, 'ARC', 'Archive'),
(7, 'CL', 'Close'),
(8, 'REA', 'Reactivate');

-- --------------------------------------------------------

--
-- Structure de la table `type`
--

CREATE TABLE `type` (
  `Typ_Iden` varchar(8) NOT NULL DEFAULT '',
  `Typ_Lib` varchar(20) DEFAULT NULL
) ENGINE=InnoDB DEFAULT CHARSET=utf8;

--
-- Déchargement des données de la table `type`
--

INSERT INTO `type` (`Typ_Iden`, `Typ_Lib`) VALUES
('SPE', 'Specific'),
('STD', 'Standard');

-- --------------------------------------------------------

--
-- Structure de la table `typeaction`
--

CREATE TABLE `typeaction` (
  `idTypeAction` mediumint(8) UNSIGNED NOT NULL,
  `code` varchar(8) NOT NULL DEFAULT '',
  `intitule` varchar(250) NOT NULL DEFAULT '',
  `description` mediumtext NOT NULL,
  `ordre` smallint(3) NOT NULL DEFAULT '0',
  `Typ_Iden` varchar(10) NOT NULL DEFAULT '',
  `date_debut` datetime NOT NULL DEFAULT '2001-01-01 00:00:00',
  `date_modif` datetime NOT NULL DEFAULT '0000-00-00 00:00:00',
  `date_fin` datetime NOT NULL DEFAULT '0000-00-00 00:00:00',
  `Affecte` binary(1) NOT NULL DEFAULT 't'
) ENGINE=InnoDB DEFAULT CHARSET=utf8;

--
-- Déchargement des données de la table `typeaction`
--

INSERT INTO `typeaction` (`idTypeAction`, `code`, `intitule`, `description`, `ordre`, `Typ_Iden`, `date_debut`, `date_modif`, `date_fin`, `Affecte`) VALUES
(1, 'conf', 'Conference Call', '', 0, 'SPE', '2001-01-01 00:00:00', '0000-00-00 00:00:00', '2020-12-15 10:58:47', 0x74),
(1, 'conf', 'Conférence Call', '', 0, 'SPE', '2020-12-15 10:58:47', '0000-00-00 00:00:00', '0000-00-00 00:00:00', 0x74),
(2, 'Met', 'Meeting', '', 0, 'SPE', '2001-01-01 00:00:00', '0000-00-00 00:00:00', '0000-00-00 00:00:00', 0x74),
(3, 'Act', 'Action', '', 0, 'SPE', '2001-01-01 00:00:00', '0000-00-00 00:00:00', '0000-00-00 00:00:00', 0x74);

-- --------------------------------------------------------

--
-- Structure de la table `typeaction_evenement`
--

CREATE TABLE `typeaction_evenement` (
  `idTypeAction` mediumint(8) NOT NULL DEFAULT '0',
  `idEve` mediumint(8) NOT NULL DEFAULT '0',
  `date_debut` datetime NOT NULL DEFAULT '2001-01-01 00:00:00',
  `date_modif` datetime NOT NULL DEFAULT '0000-00-00 00:00:00',
  `date_fin` datetime NOT NULL DEFAULT '0000-00-00 00:00:00'
) ENGINE=InnoDB DEFAULT CHARSET=utf8;

--
-- Déchargement des données de la table `typeaction_evenement`
--

INSERT INTO `typeaction_evenement` (`idTypeAction`, `idEve`, `date_debut`, `date_modif`, `date_fin`) VALUES
(1, 1, '2001-01-01 00:00:00', '0000-00-00 00:00:00', '0000-00-00 00:00:00'),
(1, 2, '2001-01-01 00:00:00', '0000-00-00 00:00:00', '0000-00-00 00:00:00'),
(1, 3, '2001-01-01 00:00:00', '2020-12-16 00:00:00', '0000-00-00 00:00:00'),
(1, 4, '2001-01-01 00:00:00', '0000-00-00 00:00:00', '0000-00-00 00:00:00'),
(1, 5, '2001-01-01 00:00:00', '0000-00-00 00:00:00', '0000-00-00 00:00:00'),
(1, 6, '2001-01-01 00:00:00', '0000-00-00 00:00:00', '0000-00-00 00:00:00'),
(2, 7, '2001-01-01 00:00:00', '0000-00-00 00:00:00', '0000-00-00 00:00:00'),
(2, 8, '2001-01-01 00:00:00', '0000-00-00 00:00:00', '0000-00-00 00:00:00'),
(2, 9, '2001-01-01 00:00:00', '0000-00-00 00:00:00', '0000-00-00 00:00:00'),
(2, 10, '2001-01-01 00:00:00', '0000-00-00 00:00:00', '0000-00-00 00:00:00'),
(2, 11, '2001-01-01 00:00:00', '0000-00-00 00:00:00', '0000-00-00 00:00:00'),
(3, 12, '2001-01-01 00:00:00', '0000-00-00 00:00:00', '0000-00-00 00:00:00'),
(3, 13, '2001-01-01 00:00:00', '0000-00-00 00:00:00', '0000-00-00 00:00:00'),
(3, 14, '2001-01-01 00:00:00', '0000-00-00 00:00:00', '0000-00-00 00:00:00'),
(3, 15, '2001-01-01 00:00:00', '0000-00-00 00:00:00', '0000-00-00 00:00:00'),
(3, 16, '2001-01-01 00:00:00', '0000-00-00 00:00:00', '0000-00-00 00:00:00'),
(3, 17, '2001-01-01 00:00:00', '0000-00-00 00:00:00', '0000-00-00 00:00:00'),
(3, 18, '2001-01-01 00:00:00', '0000-00-00 00:00:00', '0000-00-00 00:00:00'),
(3, 19, '2001-01-01 00:00:00', '0000-00-00 00:00:00', '0000-00-00 00:00:00'),
(3, 20, '2001-01-01 00:00:00', '0000-00-00 00:00:00', '0000-00-00 00:00:00'),
(3, 21, '2001-01-01 00:00:00', '0000-00-00 00:00:00', '0000-00-00 00:00:00');

-- --------------------------------------------------------

--
-- Structure de la table `typeannuaire`
--

CREATE TABLE `typeannuaire` (
  `idType_Ann` mediumint(8) NOT NULL,
  `TypeAnn_Code` varchar(10) NOT NULL DEFAULT '',
  `TypeAnn_Lib` varchar(25) NOT NULL DEFAULT '',
  `TypAnn_Desc` mediumtext NOT NULL
) ENGINE=InnoDB DEFAULT CHARSET=utf8;

--
-- Déchargement des données de la table `typeannuaire`
--

INSERT INTO `typeannuaire` (`idType_Ann`, `TypeAnn_Code`, `TypeAnn_Lib`, `TypAnn_Desc`) VALUES
(1, 'INT', 'Interne', ''),
(2, 'EXT', 'Externe', '');

-- --------------------------------------------------------

--
-- Structure de la table `typebiensensible`
--

CREATE TABLE `typebiensensible` (
  `idTypebiensensible` mediumint(8) UNSIGNED NOT NULL,
  `typebiensensible_code` varchar(20) NOT NULL,
  `typebiensensible_libelle` varchar(100) NOT NULL,
  `typebiensensible_description` varchar(250) NOT NULL,
  `typebiensensible_Typ_Iden` char(3) NOT NULL DEFAULT 'STD',
  `typebiensensible_date_debut` datetime NOT NULL,
  `typebiensensible_date_modif` date DEFAULT '0000-00-00',
  `typebiensensible_date_fin` datetime DEFAULT '0000-00-00 00:00:00',
  `Affecte` binary(1) DEFAULT 't'
) ENGINE=InnoDB DEFAULT CHARSET=utf8;

--
-- Déchargement des données de la table `typebiensensible`
--

INSERT INTO `typebiensensible` (`idTypebiensensible`, `typebiensensible_code`, `typebiensensible_libelle`, `typebiensensible_description`, `typebiensensible_Typ_Iden`, `typebiensensible_date_debut`, `typebiensensible_date_modif`, `typebiensensible_date_fin`, `Affecte`) VALUES
(1, 'bld', 'BS Batiment', '', 'SPE', '2010-03-10 15:20:47', '2010-08-24', '0000-00-00 00:00:00', 0x74),
(2, 'fin', 'BS Financier', '', 'SPE', '2020-10-03 10:21:30', '0000-00-00', '0000-00-00 00:00:00', 0x74),
(3, 'pha', 'BS Materiel', 'BS Matériel', 'SPE', '2020-12-22 07:13:13', '0000-00-00', '0000-00-00 00:00:00', 0x74),
(4, 'pplAsset', 'Ressource Critique', '', 'STD', '2010-03-10 17:47:53', '2010-03-10', '0000-00-00 00:00:00', 0x74),
(5, 'intas', 'BS Immateriel', '', 'SPE', '2020-12-22 07:13:27', '0000-00-00', '0000-00-00 00:00:00', 0x74);

-- --------------------------------------------------------

--
-- Structure de la table `typecarto`
--

CREATE TABLE `typecarto` (
  `idTypecarto` mediumint(8) UNSIGNED NOT NULL,
  `libTypecarto` varchar(50) NOT NULL
) ENGINE=InnoDB DEFAULT CHARSET=utf8;

--
-- Déchargement des données de la table `typecarto`
--

INSERT INTO `typecarto` (`idTypecarto`, `libTypecarto`) VALUES
(1, 'Security'),
(2, 'Risk'),
(3, 'Processes'),
(4, 'Assets'),
(6, 'BIA'),
(7, 'Internal Control');

-- --------------------------------------------------------

--
-- Structure de la table `typecolonne`
--

CREATE TABLE `typecolonne` (
  `col_typ_iden` mediumint(5) NOT NULL,
  `col_type_lib` varchar(50) NOT NULL DEFAULT '',
  `ordre` int(2) NOT NULL DEFAULT '0'
) ENGINE=InnoDB DEFAULT CHARSET=utf8;

--
-- Déchargement des données de la table `typecolonne`
--

INSERT INTO `typecolonne` (`col_typ_iden`, `col_type_lib`, `ordre`) VALUES
(1, 'Texte', 1),
(2, 'Numérique', 3),
(3, 'Date', 4),
(4, 'Booléen', 6),
(5, 'Heure', 5),
(6, 'Texte (avec commentaire)', 2),
(7, 'd\'une autre table ', 7),
(8, 'Multi relation pas de refresh', 8),
(9, 'une relation pas de refresh ', 9);

-- --------------------------------------------------------

--
-- Structure de la table `typefiche`
--

CREATE TABLE `typefiche` (
  `idTypeFiche` mediumint(8) UNSIGNED NOT NULL,
  `typeFiche_libelle` varchar(250) NOT NULL DEFAULT '',
  `code` varchar(4) NOT NULL DEFAULT '',
  `ordre` smallint(3) NOT NULL DEFAULT '0'
) ENGINE=InnoDB DEFAULT CHARSET=utf8;

--
-- Déchargement des données de la table `typefiche`
--

INSERT INTO `typefiche` (`idTypeFiche`, `typeFiche_libelle`, `code`, `ordre`) VALUES
(1, 'Alert Business Direction', 'Q', 1),
(2, 'Business Direction Qualification', 'C', 2),
(3, 'Crisis Committee Qualification', 'P', 3),
(4, 'Alert Crisis Committee', 'B', 4),
(5, 'Call Crisis Committee', 'CCC', 5),
(6, 'Launch a Crisis', 'DC', 6),
(7, 'Conference Call', 'P', 7),
(8, 'Operational Actions ', 'AO', 8),
(9, 'Close a Crisis', 'CC', 9),
(10, 'Close a major incident', 'CIM', 10),
(11, 'Report', 'B', 11);

-- --------------------------------------------------------

--
-- Structure de la table `typeimpact`
--

CREATE TABLE `typeimpact` (
  `id_typeimpact` mediumint(8) UNSIGNED NOT NULL,
  `typeimpact_code` varchar(20) NOT NULL,
  `typeimpact_libelle` varchar(40) NOT NULL DEFAULT '',
  `typeimpact_Desc` mediumtext NOT NULL,
  `Typ_Iden` varchar(8) NOT NULL DEFAULT 'SPE',
  `typeimpact_Date_Debut` datetime NOT NULL DEFAULT '0000-00-00 00:00:00',
  `typeimpact_Date_Modif` date NOT NULL DEFAULT '0000-00-00',
  `typeimpact_Date_Fin` datetime NOT NULL DEFAULT '0000-00-00 00:00:00',
  `Affecte` binary(1) NOT NULL DEFAULT 't'
) ENGINE=InnoDB DEFAULT CHARSET=utf8;

--
-- Déchargement des données de la table `typeimpact`
--

INSERT INTO `typeimpact` (`id_typeimpact`, `typeimpact_code`, `typeimpact_libelle`, `typeimpact_Desc`, `Typ_Iden`, `typeimpact_Date_Debut`, `typeimpact_Date_Modif`, `typeimpact_Date_Fin`, `Affecte`) VALUES
(1, 'FI', 'Financier', '', 'SPE', '0000-00-00 00:00:00', '0000-00-00', '0000-00-00 00:00:00', 0x74),
(8, 'LG', 'Juridique', '', 'SPE', '0000-00-00 00:00:00', '2010-08-24', '0000-00-00 00:00:00', 0x74),
(9, 'BU', 'Métier', '', 'SPE', '0000-00-00 00:00:00', '0000-00-00', '0000-00-00 00:00:00', 0x74),
(10, 'RE', 'Réputation', '', 'SPE', '0000-00-00 00:00:00', '0000-00-00', '0000-00-00 00:00:00', 0x74),
(11, 'HR', 'Ressources Humaines', '', 'SPE', '0000-00-00 00:00:00', '0000-00-00', '0000-00-00 00:00:00', 0x74),
(12, 'TE', 'Technique', '', 'SPE', '0000-00-00 00:00:00', '0000-00-00', '0000-00-00 00:00:00', 0x74);

-- --------------------------------------------------------

--
-- Structure de la table `typenature`
--

CREATE TABLE `typenature` (
  `id_typenature` mediumint(8) NOT NULL,
  `typenature_code` varchar(8) NOT NULL DEFAULT '',
  `typenature_libelle` varchar(40) NOT NULL DEFAULT '',
  `typenature_description` varchar(250) NOT NULL DEFAULT '',
  `date_debut` datetime NOT NULL DEFAULT '2011-01-01 00:00:00',
  `date_modif` date NOT NULL DEFAULT '0000-00-00',
  `date_fin` date NOT NULL DEFAULT '0000-00-00',
  `Affecte` binary(1) NOT NULL DEFAULT 't'
) ENGINE=InnoDB DEFAULT CHARSET=utf8;

--
-- Déchargement des données de la table `typenature`
--

INSERT INTO `typenature` (`id_typenature`, `typenature_code`, `typenature_libelle`, `typenature_description`, `date_debut`, `date_modif`, `date_fin`, `Affecte`) VALUES
(1, 'SECURITE', 'Sécurité', '', '2011-01-01 00:00:00', '0000-00-00', '0000-00-00', 0x74),
(2, 'RISK', 'Risques Entreprise', '', '2011-01-01 00:00:00', '0000-00-00', '0000-00-00', 0x74),
(3, 'CRISE', 'BCP / Crisis', '', '2011-01-01 00:00:00', '0000-00-00', '0000-00-00', 0x74),
(4, 'CI', 'Risques &amp; CI', '', '2011-01-01 00:00:00', '0000-00-00', '0000-00-00', 0x74),
(5, 'BIA', 'BIA', '', '2015-07-01 00:00:00', '0000-00-00', '0000-00-00', 0x74);

-- --------------------------------------------------------

--
-- Structure de la table `typeorganisation`
--

CREATE TABLE `typeorganisation` (
  `idTypeOrga` mediumint(8) UNSIGNED NOT NULL,
  `TypeOrga_Code` varchar(50) NOT NULL,
  `TypeOrga_Lib` varchar(50) NOT NULL,
  `TypeOrga_Desc` mediumtext NOT NULL,
  `Typ_Iden` varchar(8) NOT NULL,
  `TypOrga_Date_Debut` datetime NOT NULL DEFAULT '0000-00-00 00:00:00',
  `TypeOrga_Date_Modif` date NOT NULL DEFAULT '0000-00-00',
  `TypeOrga_Date_Fin` datetime NOT NULL DEFAULT '0000-00-00 00:00:00',
  `Affecte` binary(1) NOT NULL
) ENGINE=InnoDB DEFAULT CHARSET=utf8;

--
-- Déchargement des données de la table `typeorganisation`
--

INSERT INTO `typeorganisation` (`idTypeOrga`, `TypeOrga_Code`, `TypeOrga_Lib`, `TypeOrga_Desc`, `Typ_Iden`, `TypOrga_Date_Debut`, `TypeOrga_Date_Modif`, `TypeOrga_Date_Fin`, `Affecte`) VALUES
(1, 'Entity', 'Etablissement', '', 'SPE', '2014-10-28 13:52:21', '0000-00-00', '0000-00-00 00:00:00', 0x74),
(2, 'Div', 'Division', '', 'SPE', '2021-03-12 15:47:43', '0000-00-00', '2022-09-06 15:14:04', 0x74),
(2, 'Div', 'business Unit', '', 'SPE', '2022-09-06 15:14:04', '0000-00-00', '0000-00-00 00:00:00', 0x74),
(3, 'dept', 'Département', '', 'SPE', '2021-03-12 15:48:29', '0000-00-00', '0000-00-00 00:00:00', 0x74),
(4, 'unit', 'Unité', '', 'SPE', '2014-10-28 13:54:23', '0000-00-00', '2023-06-04 23:32:21', 0x74),
(4, 'unit', 'Unité', '', 'SPE', '2023-06-04 23:32:21', '0000-00-00', '2024-06-13 08:17:20', 0x66),
(4, 'unit', 'Unité', '', 'SPE', '2024-06-13 08:17:20', '0000-00-00', '2024-06-20 15:02:54', 0x74),
(4, 'unit', 'Unité', '', 'SPE', '2024-06-20 15:02:54', '0000-00-00', '0000-00-00 00:00:00', 0x66);

-- --------------------------------------------------------

--
-- Structure de la table `typeorganisationapourpere`
--

CREATE TABLE `typeorganisationapourpere` (
  `idTypeOrga` mediumint(8) NOT NULL,
  `idPere` varchar(50) NOT NULL,
  `date_debut` datetime NOT NULL,
  `date_modif` date DEFAULT '0000-00-00',
  `date_fin` datetime NOT NULL DEFAULT '0000-00-00 00:00:00'
) ENGINE=InnoDB DEFAULT CHARSET=utf8;

--
-- Déchargement des données de la table `typeorganisationapourpere`
--

INSERT INTO `typeorganisationapourpere` (`idTypeOrga`, `idPere`, `date_debut`, `date_modif`, `date_fin`) VALUES
(2, '1', '2014-10-28 08:51:21', '2022-09-06', '0000-00-00 00:00:00'),
(3, '1-2', '2014-10-28 13:54:01', '2021-03-12', '0000-00-00 00:00:00'),
(4, '1-2-3', '2014-10-28 13:54:23', '0000-00-00', '0000-00-00 00:00:00');

-- --------------------------------------------------------

--
-- Structure de la table `typeplan`
--

CREATE TABLE `typeplan` (
  `idPlan` int(11) UNSIGNED NOT NULL,
  `code` varchar(40) DEFAULT NULL,
  `libelle` varchar(100) NOT NULL,
  `desc` mediumtext NOT NULL,
  `Typ_Iden` varchar(8) NOT NULL DEFAULT 'STD',
  `date_debut` datetime NOT NULL DEFAULT '0000-00-00 00:00:00',
  `date_modif` date NOT NULL DEFAULT '0000-00-00',
  `date_fin` datetime NOT NULL DEFAULT '0000-00-00 00:00:00',
  `Affecte` binary(1) NOT NULL
) ENGINE=InnoDB DEFAULT CHARSET=utf8;

--
-- Déchargement des données de la table `typeplan`
--

INSERT INTO `typeplan` (`idPlan`, `code`, `libelle`, `desc`, `Typ_Iden`, `date_debut`, `date_modif`, `date_fin`, `Affecte`) VALUES
(1, 'BCP', 'PCA', '', 'STD', '2012-10-15 00:00:00', '0000-00-00', '0000-00-00 00:00:00', 0x74),
(2, 'pcç', 'pçn', '', 'SPE', '2020-12-15 11:03:58', '0000-00-00', '2022-09-06 15:58:33', 0x74),
(2, 'pcom', 'com', '', 'SPE', '2022-09-06 15:58:33', '0000-00-00', '2022-10-27 08:18:37', 0x74),
(2, 'pcom', 'PCOM', '', 'SPE', '2022-10-27 08:18:37', '0000-00-00', '0000-00-00 00:00:00', 0x74),
(3, 'plog', 'Logis', '', 'SPE', '2022-09-06 15:58:48', '0000-00-00', '0000-00-00 00:00:00', 0x74),
(4, 'PCIT', 'PCIT', '', 'SPE', '2022-10-27 08:19:12', '0000-00-00', '0000-00-00 00:00:00', 0x74);

-- --------------------------------------------------------

--
-- Structure de la table `typeprocessus`
--

CREATE TABLE `typeprocessus` (
  `id_typeprocessus` mediumint(8) NOT NULL,
  `typeprocessus_code` varchar(40) NOT NULL,
  `typeprocessus_libelle` varchar(100) NOT NULL,
  `typeprocessus_description` varchar(250) NOT NULL DEFAULT '',
  `typeprocessus_Typ_Iden` char(3) DEFAULT 'STD',
  `typeprocessus_date_debut` datetime NOT NULL,
  `typeprocessus_date_modif` date DEFAULT '0000-00-00',
  `typeprocessus_date_fin` datetime DEFAULT '0000-00-00 00:00:00',
  `Affecte` binary(1) DEFAULT 't'
) ENGINE=InnoDB DEFAULT CHARSET=utf8;

--
-- Déchargement des données de la table `typeprocessus`
--

INSERT INTO `typeprocessus` (`id_typeprocessus`, `typeprocessus_code`, `typeprocessus_libelle`, `typeprocessus_description`, `typeprocessus_Typ_Iden`, `typeprocessus_date_debut`, `typeprocessus_date_modif`, `typeprocessus_date_fin`, `Affecte`) VALUES
(1, 'process', 'Processus', '', 'SPE', '2014-10-28 16:12:14', '0000-00-00', '0000-00-00 00:00:00', 0x74),
(2, 'sProcess', 'Sous Processus', '', 'SPE', '2021-03-12 15:50:13', '0000-00-00', '0000-00-00 00:00:00', 0x74),
(3, 'act', 'Activité', '', 'SPE', '2020-06-18 07:46:50', '0000-00-00', '0000-00-00 00:00:00', 0x74),
(4, 'task', 'Tache', '', 'SPE', '2021-07-16 18:39:52', '0000-00-00', '0000-00-00 00:00:00', 0x66);

-- --------------------------------------------------------

--
-- Structure de la table `typeprocessusapourpere`
--

CREATE TABLE `typeprocessusapourpere` (
  `idTypeprocessus` mediumint(8) NOT NULL,
  `idPere` mediumint(8) NOT NULL,
  `date_debut` datetime NOT NULL,
  `date_modif` date DEFAULT '0000-00-00',
  `date_fin` datetime DEFAULT '0000-00-00 00:00:00'
) ENGINE=InnoDB DEFAULT CHARSET=utf8;

--
-- Déchargement des données de la table `typeprocessusapourpere`
--

INSERT INTO `typeprocessusapourpere` (`idTypeprocessus`, `idPere`, `date_debut`, `date_modif`, `date_fin`) VALUES
(2, 1, '2010-03-10 17:40:05', '2021-03-12', '0000-00-00 00:00:00'),
(3, 2, '2010-03-10 17:43:27', '2020-01-16', '0000-00-00 00:00:00'),
(4, 3, '2014-10-28 16:11:09', '2020-01-16', '0000-00-00 00:00:00');

-- --------------------------------------------------------

--
-- Structure de la table `typeressource`
--

CREATE TABLE `typeressource` (
  `TypRes_Iden` mediumint(8) UNSIGNED NOT NULL,
  `TypRes_Code` varchar(11) NOT NULL DEFAULT '',
  `TypRes_Lib` varchar(25) NOT NULL DEFAULT '',
  `TypRes_Desc` mediumtext NOT NULL
) ENGINE=InnoDB DEFAULT CHARSET=utf8;

--
-- Déchargement des données de la table `typeressource`
--

INSERT INTO `typeressource` (`TypRes_Iden`, `TypRes_Code`, `TypRes_Lib`, `TypRes_Desc`) VALUES
(1, 'ACT', 'Actif', ''),
(2, 'NAC', 'Non Actif', '');

-- --------------------------------------------------------

--
-- Structure de la table `typesuivi`
--

CREATE TABLE `typesuivi` (
  `id_typesuivi` mediumint(8) NOT NULL,
  `typesuivi_code` varchar(20) NOT NULL,
  `typesuivi_libelle` varchar(100) NOT NULL,
  `typesuivi_description` mediumtext NOT NULL,
  `typesuivi_type_iden` char(3) DEFAULT 'STD',
  `tested` tinyint(1) NOT NULL,
  `tested_by` mediumint(9) NOT NULL,
  `test_date` datetime NOT NULL,
  `validated` tinyint(1) NOT NULL,
  `validated_by` mediumint(9) NOT NULL,
  `validated_date` datetime NOT NULL,
  `typesuivi_date_debut` datetime NOT NULL,
  `typesuivi_date_modif` date DEFAULT '0000-00-00',
  `typesuivi_date_fin` datetime NOT NULL,
  `Affecte` binary(1) DEFAULT 't',
  `frequency` int(11) NOT NULL DEFAULT '0',
  `expected_next_control_date` date NOT NULL,
  `next_control_date` date NOT NULL,
  `previous_date` datetime NOT NULL
) ENGINE=InnoDB DEFAULT CHARSET=utf8;

--
-- Déchargement des données de la table `typesuivi`
--

INSERT INTO `typesuivi` (`id_typesuivi`, `typesuivi_code`, `typesuivi_libelle`, `typesuivi_description`, `typesuivi_type_iden`, `tested`, `tested_by`, `test_date`, `validated`, `validated_by`, `validated_date`, `typesuivi_date_debut`, `typesuivi_date_modif`, `typesuivi_date_fin`, `Affecte`, `frequency`, `expected_next_control_date`, `next_control_date`, `previous_date`) VALUES
(2, 'BugEquation', 'Bug Equation', '', 'SPE', 0, 0, '0000-00-00 00:00:00', 0, 0, '0000-00-00 00:00:00', '2022-09-19 07:50:26', '0000-00-00', '2024-02-02 00:15:09', 0x74, 1, '2025-02-02', '0000-00-00', '0000-00-00 00:00:00'),
(2, 'BugEquation', 'Bug Equation', '', 'SPE', 0, 0, '0000-00-00 00:00:00', 0, 0, '0000-00-00 00:00:00', '2024-02-02 00:15:09', '0000-00-00', '0000-00-00 00:00:00', 0x74, 1, '0000-00-00', '2025-02-02', '0000-00-00 00:00:00'),
(3, 'nwdown', 'network down', '', 'SPE', 1, 174, '2017-11-23 12:02:37', 0, 0, '0000-00-00 00:00:00', '2021-06-11 08:55:25', '0000-00-00', '2024-02-02 00:15:09', 0x74, 3, '2018-02-23', '2018-02-23', '0000-00-00 00:00:00'),
(3, 'nwdown', 'network down', '', 'SPE', 1, 174, '2017-11-23 12:02:37', 0, 0, '0000-00-00 00:00:00', '2024-02-02 00:15:09', '0000-00-00', '0000-00-00 00:00:00', 0x74, 3, '0000-00-00', '2018-02-23', '0000-00-00 00:00:00'),
(6, 'EqDR', 'Equation DR', 'Equation recovery plan from HO to DR', 'SPE', 0, 0, '0000-00-00 00:00:00', 0, 0, '0000-00-00 00:00:00', '2021-06-11 08:55:25', '0000-00-00', '2024-02-02 00:15:09', 0x74, 3, '2024-02-02', '2021-06-11', '0000-00-00 00:00:00'),
(6, 'EqDR', 'Equation DR', 'Equation recovery plan from HO to DR', 'SPE', 0, 0, '0000-00-00 00:00:00', 0, 0, '0000-00-00 00:00:00', '2024-02-02 00:15:09', '0000-00-00', '0000-00-00 00:00:00', 0x74, 3, '0000-00-00', '2024-02-02', '0000-00-00 00:00:00'),
(9, 'ATMAPP', 'ATM Application idem ff', 'ATM Application Down', 'SPE', 0, 0, '0000-00-00 00:00:00', 0, 0, '0000-00-00 00:00:00', '2022-09-08 08:14:15', '0000-00-00', '2024-02-02 00:15:09', 0x74, 2, '2024-08-02', '0000-00-00', '2023-06-08 06:53:32'),
(9, 'ATMAPP', 'ATM Application idem ff', 'ATM Application Down', 'SPE', 0, 174, '2024-03-06 10:30:26', 0, 0, '0000-00-00 00:00:00', '2024-02-02 00:15:09', '0000-00-00', '0000-00-00 00:00:00', 0x74, 2, '0000-00-00', '2024-08-02', '2024-02-27 09:37:23'),
(10, 'ERI', 'Emergency Response Instructions', 'Emergency Response Instructions', 'SPE', 0, 0, '0000-00-00 00:00:00', 0, 0, '0000-00-00 00:00:00', '2021-06-11 08:55:25', '0000-00-00', '2024-02-02 00:15:09', 0x74, 3, '2024-02-02', '2021-06-11', '0000-00-00 00:00:00'),
(10, 'ERI', 'Emergency Response Instructions', 'Emergency Response Instructions', 'SPE', 0, 0, '0000-00-00 00:00:00', 0, 0, '0000-00-00 00:00:00', '2024-02-02 00:15:09', '0000-00-00', '0000-00-00 00:00:00', 0x74, 3, '0000-00-00', '2024-02-02', '0000-00-00 00:00:00'),
(11, 'EMP', 'Emergency Management Procedure', 'Depending on the type the disaster, the Recovery Phase would range from a short period of few days, with limited activities and tasks that would be easily tackled, to a more complicated situation extending over weeks.<br />In the latter case, the recovering process gets more complicated and would need to be well organized and planned for.', 'SPE', 0, 0, '0000-00-00 00:00:00', 0, 0, '0000-00-00 00:00:00', '2021-06-11 08:55:25', '0000-00-00', '2024-02-02 00:15:09', 0x74, 3, '2024-02-02', '2021-06-16', '0000-00-00 00:00:00'),
(11, 'EMP', 'Emergency Management Procedure', 'Depending on the type the disaster, the Recovery Phase would range from a short period of few days, with limited activities and tasks that would be easily tackled, to a more complicated situation extending over weeks.<br />In the latter case, the recovering process gets more complicated and would need to be well organized and planned for.', 'SPE', 0, 0, '0000-00-00 00:00:00', 0, 0, '0000-00-00 00:00:00', '2024-02-02 00:15:09', '0000-00-00', '0000-00-00 00:00:00', 0x74, 3, '0000-00-00', '2024-02-02', '0000-00-00 00:00:00'),
(12, 'MBRP', 'Managing the Business Recovery Phase', 'Managing the Business Recovery Phase', 'SPE', 1, 174, '2017-11-23 12:02:37', 0, 0, '0000-00-00 00:00:00', '2021-06-11 08:55:25', '0000-00-00', '2024-02-02 00:15:09', 0x74, 3, '2018-02-23', '2018-02-23', '0000-00-00 00:00:00'),
(12, 'MBRP', 'Managing the Business Recovery Phase', 'Managing the Business Recovery Phase', 'SPE', 0, 0, '0000-00-00 00:00:00', 0, 0, '0000-00-00 00:00:00', '2024-02-02 00:15:09', '0000-00-00', '0000-00-00 00:00:00', 0x74, 3, '0000-00-00', '2018-02-23', '0000-00-00 00:00:00'),
(13, 'TBRP', 'Testing Business Recovery Process', 'Testing Business Recovery Process', 'SPE', 1, 174, '2017-11-23 12:02:37', 0, 0, '0000-00-00 00:00:00', '2021-06-11 08:55:25', '0000-00-00', '2024-02-02 00:15:09', 0x74, 3, '2018-02-23', '2018-02-23', '0000-00-00 00:00:00'),
(13, 'TBRP', 'Testing Business Recovery Process', 'Testing Business Recovery Process', 'SPE', 1, 174, '2017-11-23 12:02:37', 0, 0, '0000-00-00 00:00:00', '2024-02-02 00:15:09', '0000-00-00', '0000-00-00 00:00:00', 0x74, 3, '0000-00-00', '2018-02-23', '0000-00-00 00:00:00'),
(15, 'PUPDATE', 'Keeping the Plan Up to Date', 'Keeping the Plan Up to Date', 'SPE', 1, 174, '2017-11-23 12:02:37', 0, 0, '0000-00-00 00:00:00', '2021-06-11 08:55:25', '0000-00-00', '2024-02-02 00:15:09', 0x74, 3, '2018-02-23', '2018-02-23', '0000-00-00 00:00:00'),
(15, 'PUPDATE', 'Keeping the Plan Up to Date', 'Keeping the Plan Up to Date', 'SPE', 1, 174, '2017-11-23 12:02:37', 0, 0, '0000-00-00 00:00:00', '2024-02-02 00:15:09', '0000-00-00', '0000-00-00 00:00:00', 0x74, 3, '0000-00-00', '2018-02-23', '0000-00-00 00:00:00'),
(17, 'Oracle', 'Oracle Recovery', 'Oracle Recovery', 'SPE', 1, 174, '2017-11-23 12:02:37', 0, 0, '0000-00-00 00:00:00', '2021-06-11 08:55:25', '0000-00-00', '2024-02-02 00:15:09', 0x74, 3, '2018-02-23', '2018-02-23', '0000-00-00 00:00:00'),
(17, 'Oracle', 'Oracle Recovery', 'Oracle Recovery', 'SPE', 1, 174, '2017-11-23 12:02:37', 0, 0, '0000-00-00 00:00:00', '2024-02-02 00:15:09', '0000-00-00', '0000-00-00 00:00:00', 0x74, 3, '0000-00-00', '2018-02-23', '0000-00-00 00:00:00'),
(19, 'Swift', 'Swift Recovery', 'Swift Recovery', 'SPE', 1, 174, '2017-11-23 12:02:37', 0, 0, '0000-00-00 00:00:00', '2021-06-11 08:55:25', '0000-00-00', '2024-02-02 00:15:09', 0x74, 3, '2018-02-23', '2018-02-23', '0000-00-00 00:00:00'),
(19, 'Swift', 'Swift Recovery', 'Swift Recovery', 'SPE', 1, 174, '2017-11-23 12:02:37', 0, 0, '0000-00-00 00:00:00', '2024-02-02 00:15:09', '0000-00-00', '0000-00-00 00:00:00', 0x74, 3, '0000-00-00', '2018-02-23', '0000-00-00 00:00:00'),
(22, 'CCIS', 'CCIS Recovery', 'CCIS Recovery', 'SPE', 0, 0, '0000-00-00 00:00:00', 0, 0, '0000-00-00 00:00:00', '2021-06-11 08:55:25', '0000-00-00', '2024-02-02 00:15:09', 0x74, 3, '2024-02-02', '2021-07-13', '0000-00-00 00:00:00'),
(22, 'CCIS', 'CCIS Recovery', 'CCIS Recovery', 'SPE', 0, 0, '0000-00-00 00:00:00', 0, 0, '0000-00-00 00:00:00', '2024-02-02 00:15:09', '0000-00-00', '0000-00-00 00:00:00', 0x74, 3, '0000-00-00', '2024-02-02', '0000-00-00 00:00:00'),
(24, 'CISCORouterAsa', 'Cisco Routers and ASA Recovery', 'Cisco Routers and ASA Recovery', 'SPE', 0, 174, '2017-11-23 12:02:37', 0, 0, '0000-00-00 00:00:00', '2021-06-11 08:55:25', '0000-00-00', '2024-02-02 00:15:09', 0x74, 3, '2018-02-23', '2018-02-23', '0000-00-00 00:00:00'),
(24, 'CISCORouterAsa', 'Cisco Routers and ASA Recovery', 'Cisco Routers and ASA Recovery', 'SPE', 0, 174, '2017-11-23 12:02:37', 0, 0, '0000-00-00 00:00:00', '2024-02-02 00:15:09', '0000-00-00', '0000-00-00 00:00:00', 0x74, 3, '0000-00-00', '2018-02-23', '0000-00-00 00:00:00'),
(25, 'CiscoSwitches', 'Cisco Switches Recovery', 'Cisco Switches Recovery', 'SPE', 0, 174, '2017-11-23 12:02:37', 0, 0, '0000-00-00 00:00:00', '2021-06-11 08:55:25', '0000-00-00', '2024-02-02 00:15:09', 0x74, 3, '2018-02-23', '2018-02-23', '0000-00-00 00:00:00'),
(25, 'CiscoSwitches', 'Cisco Switches Recovery', 'Cisco Switches Recovery', 'SPE', 0, 174, '2017-11-23 12:02:37', 0, 0, '0000-00-00 00:00:00', '2024-02-02 00:15:09', '0000-00-00', '0000-00-00 00:00:00', 0x74, 3, '0000-00-00', '2018-02-23', '0000-00-00 00:00:00'),
(26, 'ATMRecovery', 'ATM Recovery', 'ATM Recovery', 'SPE', 0, 0, '0000-00-00 00:00:00', 0, 0, '0000-00-00 00:00:00', '2022-08-31 06:19:36', '0000-00-00', '2024-02-02 00:15:09', 0x74, 3, '2024-02-02', '2021-07-13', '2021-06-18 10:41:40'),
(26, 'ATMRecovery', 'ATM Recovery', 'ATM Recovery', 'SPE', 0, 0, '0000-00-00 00:00:00', 0, 0, '0000-00-00 00:00:00', '2024-02-02 00:15:09', '0000-00-00', '0000-00-00 00:00:00', 0x74, 3, '0000-00-00', '2024-02-02', '2021-06-18 10:41:40'),
(29, 'incident', 'incident procedure', '', 'SPE', 0, 0, '0000-00-00 00:00:00', 0, 0, '0000-00-00 00:00:00', '2021-06-11 08:55:25', '0000-00-00', '2024-02-02 00:15:09', 0x74, 2, '2024-02-02', '2021-12-11', '0000-00-00 00:00:00'),
(29, 'incident', 'incident procedure', '', 'SPE', 0, 0, '0000-00-00 00:00:00', 0, 0, '0000-00-00 00:00:00', '2024-02-02 00:15:09', '0000-00-00', '0000-00-00 00:00:00', 0x74, 2, '0000-00-00', '2024-02-02', '0000-00-00 00:00:00'),
(39, 'pci', 'Plan de Continuité Informatique', '', 'SPE', 0, 0, '0000-00-00 00:00:00', 0, 0, '0000-00-00 00:00:00', '2024-06-21 08:46:09', '0000-00-00', '2024-06-24 07:13:25', 0x74, 2, '0000-00-00', '0000-00-00', '0000-00-00 00:00:00'),
(39, 'pci', '.Plan de Continuité Informatique', '', 'SPE', 1, 174, '2024-06-24 09:53:23', 0, 0, '0000-00-00 00:00:00', '2024-06-24 07:13:25', '0000-00-00', '0000-00-00 00:00:00', 0x74, 2, '0000-00-00', '0000-00-00', '2024-06-24 09:48:40'),
(40, 'cyb', 'Cyber attaque', '', 'SPE', 0, 0, '0000-00-00 00:00:00', 0, 0, '0000-00-00 00:00:00', '2024-06-24 10:11:55', '0000-00-00', '2024-06-24 10:12:15', 0x74, 2, '0000-00-00', '0000-00-00', '0000-00-00 00:00:00'),
(40, 'cyb', '.Cyber attaque', '', 'SPE', 1, 174, '2024-06-24 13:00:20', 1, 174, '2024-06-24 13:00:55', '2024-06-24 10:12:15', '0000-00-00', '0000-00-00 00:00:00', 0x74, 2, '0000-00-00', '0000-00-00', '0000-00-00 00:00:00');

-- --------------------------------------------------------

--
-- Structure de la table `typetache`
--

CREATE TABLE `typetache` (
  `idTypeTache` mediumint(8) UNSIGNED NOT NULL,
  `codeTypeTache` varchar(8) NOT NULL DEFAULT '',
  `libTypeTache` varchar(250) NOT NULL DEFAULT '',
  `descTypeTache` varchar(250) NOT NULL DEFAULT ''
) ENGINE=InnoDB DEFAULT CHARSET=utf8;

--
-- Déchargement des données de la table `typetache`
--

INSERT INTO `typetache` (`idTypeTache`, `codeTypeTache`, `libTypeTache`, `descTypeTache`) VALUES
(1, 'TG', 'Generic Task', ''),
(2, 'TRA', 'Group of actions', ''),
(3, 'TA', 'Action Task', '');

-- --------------------------------------------------------

--
-- Structure de la table `unitemesure`
--

CREATE TABLE `unitemesure` (
  `id_unitemesure` mediumint(8) NOT NULL DEFAULT '0',
  `unitemesure_code` varchar(8) NOT NULL DEFAULT '',
  `unitemesure_libelle` varchar(40) NOT NULL DEFAULT ''
) ENGINE=InnoDB DEFAULT CHARSET=utf8;

--
-- Déchargement des données de la table `unitemesure`
--

INSERT INTO `unitemesure` (`id_unitemesure`, `unitemesure_code`, `unitemesure_libelle`) VALUES
(1, 'CA', 'TurnOver (€)'),
(2, 'CAK', 'TurnOver (K€)'),
(3, 'GREVECAL', 'Strike (WD)'),
(5, 'GREVENOU', 'Strike (Non WD)'),
(4, 'GREVEOUV', 'Strike (Calendar days)'),
(6, 'INDISPO1', 'unavailability (hours)'),
(7, 'INDISPO2', 'unavailability (calendar days)'),
(8, 'INDISPO2', 'unavailability (WD)'),
(9, 'INDISPO4', 'unavailability (Non WD)'),
(10, 'QUANTIT1', 'Quantity (%)'),
(11, 'QUANTIT2', 'Quantity (nb)');

-- --------------------------------------------------------

--
-- Structure de la table `vacation_annuaire`
--

CREATE TABLE `vacation_annuaire` (
  `idVacation` mediumint(8) NOT NULL DEFAULT '0',
  `idAnnuaire` mediumint(8) NOT NULL DEFAULT '0'
) ENGINE=InnoDB DEFAULT CHARSET=utf8;

-- --------------------------------------------------------

--
-- Structure de la table `versions`
--

CREATE TABLE `versions` (
  `id` int(11) NOT NULL,
  `libelle` varchar(50) NOT NULL,
  `install_date` datetime NOT NULL,
  `errors` varchar(3) NOT NULL
) ENGINE=InnoDB DEFAULT CHARSET=utf8;

--
-- Déchargement des données de la table `versions`
--

INSERT INTO `versions` (`id`, `libelle`, `install_date`, `errors`) VALUES
(1, '337002', '2017-09-20 00:00:00', 'no'),
(2, '337003', '2017-11-23 10:25:16', 'no'),
(3, '337004', '2018-02-26 11:21:09', 'no'),
(4, '337005', '2018-02-26 11:35:02', 'no'),
(4, '337005', '2018-02-26 11:35:09', 'yes'),
(4, '337005', '2018-02-26 11:35:17', 'yes'),
(4, '337005', '2018-02-26 11:35:24', 'yes'),
(4, '337005', '2018-02-26 11:35:33', 'yes'),
(4, '337005', '2018-02-26 11:35:40', 'yes'),
(4, '337005', '2018-02-26 11:35:59', 'yes'),
(4, '337005', '2018-02-26 11:36:10', 'yes'),
(5, '337006', '2018-06-05 13:22:36', 'no'),
(5, '337006', '2018-06-05 13:23:00', 'yes'),
(6, '337007', '2018-07-20 11:41:03', 'no'),
(7, '3.3.7.008', '2019-02-06 13:38:15', 'no'),
(8, '3.3.7.009', '2019-02-06 13:54:28', 'no'),
(10, '3.3.7.010', '2019-02-06 13:54:36', 'no'),
(11, '3.3.7.011', '2019-02-21 09:11:51', 'no'),
(12, '3.3.7.012', '2019-05-14 13:03:34', 'no'),
(13, '3.3.7.013', '2019-09-17 11:47:52', 'no'),
(14, '3.3.7.014', '2019-09-17 11:48:06', 'no'),
(15, '3.3.7.015', '2019-11-25 09:54:29', 'no'),
(15, '3.3.7.015', '2019-11-25 21:22:59', 'yes'),
(15, '3.3.7.015', '2019-12-10 15:04:23', 'yes'),
(15, '3.3.7.015', '2019-12-17 15:11:20', 'yes'),
(15, '3.3.7.015', '2019-12-23 15:50:42', 'yes'),
(15, '3.3.7.015', '2019-12-25 07:28:16', 'yes'),
(15, '3.3.7.015', '2020-01-06 15:18:54', 'yes'),
(15, '3.3.7.015', '2020-01-06 15:19:54', 'yes'),
(15, '3.3.7.015', '2020-01-06 15:24:03', 'yes'),
(15, '3.3.7.015', '2020-01-06 15:31:14', 'yes'),
(15, '3.3.7.015', '2020-01-06 15:39:08', 'yes'),
(15, '3.3.7.015', '2020-01-07 16:14:55', 'yes'),
(15, '3.3.7.015', '2020-05-13 16:17:08', 'yes'),
(15, '3.3.7.015', '2020-05-18 17:56:11', 'yes'),
(15, '3.3.7.015', '2020-05-25 15:33:47', 'yes'),
(15, '3.3.7.015', '2020-05-26 07:31:11', 'yes'),
(15, '3.3.7.015', '2020-06-15 11:45:50', 'yes'),
(16, '3.3.7.016', '2020-06-15 15:05:46', 'no'),
(16, '3.3.7.016', '2020-10-02 09:55:43', 'no'),
(16, '3.3.7.016', '2020-10-07 16:25:32', 'yes'),
(16, '3.3.7.016', '2020-10-27 11:10:51', 'yes'),
(17, '3.3.7.017', '2020-12-05 07:55:15', 'no'),
(17, '3.3.7.017', '2021-01-11 14:42:15', 'no'),
(17, '3.3.7.017', '2021-01-12 10:01:51', 'yes'),
(17, '3.3.7.017', '2021-01-12 10:02:02', 'yes'),
(17, '3.3.7.017', '2021-01-20 07:56:33', 'yes'),
(17, '3.3.7.017', '2021-01-26 17:07:02', 'yes'),
(17, '3.3.7.017', '2021-01-27 07:42:06', 'yes'),
(17, '3.3.7.017', '2021-06-24 09:13:54', 'yes'),
(18, '3.3.7.018', '2021-02-02 17:10:49', 'no'),
(18, '3.3.7.018', '2021-02-03 15:35:13', 'yes'),
(18, '3.3.7.018', '2021-02-03 15:35:33', 'yes'),
(18, '3.3.7.018', '2021-02-09 16:00:10', 'yes'),
(18, '3.3.7.018', '2021-02-23 15:05:52', 'yes'),
(18, '3.3.7.018', '2021-03-22 13:02:45', 'yes'),
(18, '3.3.7.018', '2021-03-23 14:59:05', 'yes'),
(18, '3.3.7.018', '2021-03-30 10:19:56', 'yes'),
(18, '3.3.7.018', '2021-03-30 16:03:36', 'yes'),
(18, '3.3.7.018', '2021-04-07 11:07:44', 'yes'),
(18, '3.3.7.018', '2021-06-24 09:13:13', 'yes'),
(18, '3.3.7.018', '2021-06-24 15:08:13', 'yes'),
(18, '3.3.7.018', '2021-07-15 11:05:02', 'yes'),
(18, '3.3.7.018', '2021-11-16 16:12:08', 'yes'),
(18, '3.3.7.018', '2022-02-14 14:43:31', 'yes'),
(18, '3.3.7.018', '2022-03-21 11:10:54', 'yes'),
(18, '3.3.7.018', '2022-07-25 14:52:27', 'yes'),
(18, '3.3.7.018', '2022-08-31 09:44:59', 'yes'),
(18, '3.3.7.018', '2022-08-31 09:47:22', 'yes'),
(18, '3.3.7.018', '2022-08-31 09:47:56', 'yes'),
(19, '3.3.7.019', '2023-04-08 08:35:42', 'no'),
(20, '3.3.8.001', '2023-04-08 08:36:12', 'yes'),
(20, '3.3.8.001', '2023-06-07 21:28:49', 'yes'),
(20, '3.3.8.002', '2023-06-07 21:29:51', 'no'),
(20, '3.3.8.002', '2023-10-25 08:33:30', 'yes'),
(20, '3.3.8.002', '2023-10-27 08:13:40', 'yes'),
(20, '3.3.8.002', '2024-01-09 08:52:29', 'yes'),
(20, '3.3.8.002', '2024-01-22 10:13:13', 'yes'),
(20, '3.3.8.002', '2024-01-23 09:22:07', 'yes'),
(20, '3.3.8.002', '2024-01-31 09:21:07', 'yes'),
(20, '3.3.8.002', '2024-05-16 15:43:38', 'yes'),
(20, '3.3.8.002', '2024-08-23 09:09:48', 'yes'),
(22, '3.3.8.003', '2024-06-13 07:48:52', 'no'),
(22, '3.3.8.003', '2024-07-01 09:18:39', 'yes'),
(22, '3.3.8.003', '2024-08-21 16:41:13', 'yes'),
(22, '3.3.8.003', '2024-08-23 09:08:05', 'yes'),
(22, '3.3.8.003', '2024-08-23 09:16:20', 'yes'),
(22, '3.3.8.003', '2024-08-30 11:15:58', 'yes'),
(22, '3.3.8.003', '2024-10-21 09:44:52', 'yes'),
(22, '3.3.8.003', '2024-12-05 06:55:59', 'yes');

-- --------------------------------------------------------

--
-- Structure de la table `workflow_mail`
--

CREATE TABLE `workflow_mail` (
  `id_mail` mediumint(8) UNSIGNED NOT NULL,
  `id_tache` mediumint(8) NOT NULL,
  `id_inc` mediumint(8) NOT NULL,
  `idAvtTache` mediumint(8) NOT NULL,
  `sujet` varchar(250) NOT NULL,
  `message` mediumtext NOT NULL,
  `date_envoi` datetime NOT NULL
) ENGINE=InnoDB DEFAULT CHARSET=utf8;

--
-- Déchargement des données de la table `workflow_mail`
--

INSERT INTO `workflow_mail` (`id_mail`, `id_tache`, `id_inc`, `idAvtTache`, `sujet`, `message`, `date_envoi`) VALUES
(1, 7, 1, 2, 'Incident n° 2015001 / RCWebF01 - Reovery using CreateReportViews --> Opened [2015-09-29 13:41:45]', '\nFrom : bcpadmin@al-baraka.com \n Incident short description : recovery\n\nTask Description : Follow the steps indicated in the attached file\n\nRoles : \nABOU-HAKA Youranna : Informed \nTABBARAH Bahaa : Responsible ', '2015-09-29 13:41:45'),
(2, 7, 1, 3, 'Incident n° 2015001 / RCWebF01 - Reovery using CreateReportViews --> In progress [2015-09-29 13:47:51]', '\nFrom : bcpadmin@al-baraka.com \n Incident short description : recovery\n\nTask Description : Follow the steps indicated in the attached file\n\nRoles : \nABOU-HAKA Youranna : Informed \nHAJJAR Abdallah : Responsible \nTABBARAH Bahaa : Responsible ', '2015-09-29 13:47:51'),
(3, 15, 2, 2, 'Incident n° 2016001 / EqDR-02 - Change Routing of DR AS400 --> Opened [2016-11-11 15:09:48]', '\nFrom : bcpadmin@al-baraka.com \n Incident short description : test\n\nTask Description : a- Add TPC/IP Host Table Entry (ADDTCPHTE)\r\nb- Remove default route 192.168.250.101 (WRKTCP Option 2Change)\r\nc- Add default gateway 192.168.100.14 ( replacing IP in b)\r\nd- End IP 192.168.250.90 and 192.168.250.92 (Use option 10 End)\r\ne- Start IP 192.168.100.195 (WRKTCPI option 9 start)\r\n\n\nRoles : \nHAJJAR Abdallah : Responsible \nHamdan Maher : Responsible ', '2016-11-11 15:09:48'),
(4, 15, 2, 4, 'Incident n° 2016001 / EqDR-02 - Change Routing of DR AS400 --> Finished [2016-11-11 15:19:43]', '\nFrom : bcpadmin@al-baraka.com \n Incident short description : test\n\nTask Description : a- Add TPC/IP Host Table Entry (ADDTCPHTE)\r\nb- Remove default route 192.168.250.101 (WRKTCP Option 2Change)\r\nc- Add default gateway 192.168.100.14 ( replacing IP in b)\r\nd- End IP 192.168.250.90 and 192.168.250.92 (Use option 10 End)\r\ne- Start IP 192.168.100.195 (WRKTCPI option 9 start)\r\n\n\nRoles : \nHAJJAR Abdallah : Responsible \nHamdan Maher : Responsible ', '2016-11-11 15:19:43'),
(5, 4, 3, 2, 'Incident n° 2017001 / 5.1.1 - AS400 Disk Space --> Opened [2017-03-15 11:36:11]', '\nFrom : bcpadmin@al-baraka.com \n Incident short description : test\n\nTask Description : Check AS400 system status on AS400 machine by typing the command wrksyssts\n\nRoles : \nABOU HAKA Yurana : Accountable \nHAJJAR Abdallah : Responsible ', '2017-03-15 11:36:11'),
(6, 4, 3, 3, 'Incident n° 2017001 / 5.1.1 - AS400 Disk Space --> In progress [2017-03-15 11:38:01]', '\nFrom : bcpadmin@al-baraka.com \n Incident short description : test\n\nTask Description : Check AS400 system status on AS400 machine by typing the command wrksyssts\n\nRoles : \nABOU HAKA Yurana : Accountable \nHAJJAR Abdallah : Responsible ', '2017-03-15 11:38:01'),
(7, 4, 3, 4, 'Incident n° 2017001 / 5.1.1 - AS400 Disk Space --> Finished [2017-03-15 11:38:59]', '\nFrom : bcpadmin@al-baraka.com \n Incident short description : test\n\nTask Description : \n\nRoles : \nABOU HAKA Yurana : Accountable \nHAJJAR Abdallah : Responsible ', '2017-03-15 11:38:59'),
(8, 4, 3, 5, 'Incident n° 2017001 / 5.1.1 - AS400 Disk Space --> Validated  [2017-03-15 11:39:23]', '\nFrom : bcpadmin@al-baraka.com \n Incident short description : test\n\nTask Description : \n\nRoles : \nABOU HAKA Yurana : Accountable \nHAJJAR Abdallah : Responsible ', '2017-03-15 11:39:23'),
(9, 5, 3, 2, 'Incident n° 2017001 / 5.1.2 - Check mhub services --> Opened [2017-03-15 11:39:28]', '\nFrom : bcpadmin@al-baraka.com \n Incident short description : test\n\nTask Description : Check the mhub (e-banking) services if it’s up and running.\r\nFrom mhub server check the services, chennels, mhub status\r\n\n\nRoles : \nABOU HAKA Yurana : Accountable \nHAJJAR Abdallah : Responsible ', '2017-03-15 11:39:28');

-- --------------------------------------------------------

--
-- Structure de la table `workflow_mail_annuaire`
--

CREATE TABLE `workflow_mail_annuaire` (
  `id_mail` mediumint(8) NOT NULL,
  `idAnnuaire` mediumint(8) NOT NULL,
  `type` char(5) NOT NULL
) ENGINE=InnoDB DEFAULT CHARSET=utf8;

--
-- Déchargement des données de la table `workflow_mail_annuaire`
--

INSERT INTO `workflow_mail_annuaire` (`id_mail`, `idAnnuaire`, `type`) VALUES
(1, 175, 'DEST'),
(1, 188, 'DEST'),
(2, 175, 'DEST'),
(2, 178, 'DEST'),
(2, 188, 'DEST'),
(3, 178, 'DEST'),
(3, 252, 'DEST'),
(4, 178, 'DEST'),
(4, 252, 'DEST'),
(5, 175, 'DEST'),
(5, 178, 'DEST'),
(6, 175, 'DEST'),
(6, 178, 'DEST'),
(7, 175, 'DEST'),
(7, 178, 'DEST'),
(8, 175, 'DEST'),
(8, 178, 'DEST'),
(9, 175, 'DEST'),
(9, 178, 'DEST');

--
-- Index pour les tables déchargées
--

--
-- Index pour la table `action`
--
ALTER TABLE `action`
  ADD PRIMARY KEY (`idAction`);

--
-- Index pour la table `actionrisques`
--
ALTER TABLE `actionrisques`
  ADD PRIMARY KEY (`id_actionrisques`,`date_debut`),
  ADD KEY `elementcouverture_code` (`actionrisques_code`,`actionrisques_libelle`);

--
-- Index pour la table `actionrisques_typenature`
--
ALTER TABLE `actionrisques_typenature`
  ADD PRIMARY KEY (`id_actionrisques`,`id_typenature`,`date_debut`),
  ADD KEY `idOrga` (`id_actionrisques`,`id_typenature`,`date_debut`),
  ADD KEY `date_fin` (`date_fin`);

--
-- Index pour la table `actionrisque_direction_avancementsecurite`
--
ALTER TABLE `actionrisque_direction_avancementsecurite`
  ADD PRIMARY KEY (`id_actionrisques`,`id_dir`,`id_avancementsecurite`,`id_nature`,`id_categorie`,`idDomaine`,`idProjet`,`idProcess`,`idReco`,`actionrisque_direction_avancementsecurite_date_cloture`),
  ADD KEY `actionrisque_direction_avancementsecurite_date_creation` (`actionrisque_direction_avancementsecurite_date_creation`,`actionrisque_direction_avancementsecurite_date_modification`,`actionrisque_direction_avancementsecurite_date_cloture`);

--
-- Index pour la table `actiontype`
--
ALTER TABLE `actiontype`
  ADD PRIMARY KEY (`id_actiontype`,`actiontype_date_debut`),
  ADD KEY `actiontype_code` (`actiontype_code`,`actiontype_libelle`);

--
-- Index pour la table `action_contributeur`
--
ALTER TABLE `action_contributeur`
  ADD PRIMARY KEY (`idAnnuaire`,`idAction`,`idFonction`,`idProfil`) USING BTREE;

--
-- Index pour la table `act_dir_nat_cat_actif`
--
ALTER TABLE `act_dir_nat_cat_actif`
  ADD PRIMARY KEY (`id`,`id_actionrisques`,`id_dir`,`id_nature`,`id_categorie`,`idDomaine`,`dt_clot`);

--
-- Index pour la table `adrsip`
--
ALTER TABLE `adrsip`
  ADD PRIMARY KEY (`ip_index`,`ip_idSoc`,`ip_date_debut`);

--
-- Index pour la table `aleas_actionrisques`
--
ALTER TABLE `aleas_actionrisques`
  ADD PRIMARY KEY (`idDomaine`,`id_categorie`,`idNature`,`id_actionrisques`,`date_debut`);

--
-- Index pour la table `aleas_indicateurs`
--
ALTER TABLE `aleas_indicateurs`
  ADD PRIMARY KEY (`idDomaine`,`id_categorie`,`idNature`,`idIndicateur`,`date_debut`);

--
-- Index pour la table `annuaire`
--
ALTER TABLE `annuaire`
  ADD PRIMARY KEY (`idAnnuaire`),
  ADD KEY `login` (`login`,`mdp`);

--
-- Index pour la table `annuaire_crise`
--
ALTER TABLE `annuaire_crise`
  ADD PRIMARY KEY (`AnnCri_Iden`);

--
-- Index pour la table `annuaire_detail`
--
ALTER TABLE `annuaire_detail`
  ADD PRIMARY KEY (`idAnnuaire`,`groupement`,`date_debut`),
  ADD KEY `idManager` (`idManager`,`date_fin`);

--
-- Index pour la table `annuaire_detailsite`
--
ALTER TABLE `annuaire_detailsite`
  ADD PRIMARY KEY (`id_annDetSite`,`date_debut`,`groupement`),
  ADD KEY `idAnnuaire` (`idAnnuaire`,`id_detail`,`id_site`,`idOrga`,`idPereOrga`,`date_fin`);

--
-- Index pour la table `annuaire_detailsiterepli`
--
ALTER TABLE `annuaire_detailsiterepli`
  ADD PRIMARY KEY (`id_annDetSite`,`date_debut`,`groupement`),
  ADD KEY `idAnnuaire` (`idAnnuaire`,`id_detail`,`id_site`,`idOrga`,`idPereOrga`,`date_fin`);

--
-- Index pour la table `annuaire_fonction_orga`
--
ALTER TABLE `annuaire_fonction_orga`
  ADD PRIMARY KEY (`idAnnuaire`,`idFonction`,`idOrga`,`Date_Debut`,`idPereOrga`,`groupement`),
  ADD KEY `Date_Fin` (`Date_Fin`);

--
-- Index pour la table `annuaire_modules_nivhab_orga`
--
ALTER TABLE `annuaire_modules_nivhab_orga`
  ADD PRIMARY KEY (`idAnnuaire`,`idModule`,`id_Niv_Hab`,`idOrga`,`Date_Debut`,`idPereOrga`,`groupement`),
  ADD KEY `Date_Fin` (`Date_Fin`),
  ADD KEY `Date_Fin_2` (`Date_Fin`);

--
-- Index pour la table `annuaire_organisation`
--
ALTER TABLE `annuaire_organisation`
  ADD PRIMARY KEY (`idAnnuaire`,`idOrga`,`Date_Debut`,`idPereOrga`,`groupement`),
  ADD KEY `Date_Fin` (`Date_Fin`);

--
-- Index pour la table `annuaire_password_historique`
--
ALTER TABLE `annuaire_password_historique`
  ADD PRIMARY KEY (`idAnnuaire`,`date_debut`);

--
-- Index pour la table `annuaire_profils`
--
ALTER TABLE `annuaire_profils`
  ADD PRIMARY KEY (`idAnnuaire`,`Pro_Iden`,`AnnPro_Dat_Deb`,`groupement`),
  ADD KEY `AnnPro_Dat_Fin` (`AnnPro_Dat_Fin`),
  ADD KEY `AnnPro_Dat_Fin_2` (`AnnPro_Dat_Fin`);

--
-- Index pour la table `annuaire_site_orga`
--
ALTER TABLE `annuaire_site_orga`
  ADD PRIMARY KEY (`idAnnuaire`,`idSite`,`idOrga`,`Date_Debut`,`idOrgaPere`,`groupement`,`repli`),
  ADD KEY `Date_Fin` (`Date_Fin`);

--
-- Index pour la table `annuaire_typeannuaire`
--
ALTER TABLE `annuaire_typeannuaire`
  ADD PRIMARY KEY (`idAnnuaire`,`idType_Ann`,`Date_Debut`);

--
-- Index pour la table `ann_mod_typeres_orga`
--
ALTER TABLE `ann_mod_typeres_orga`
  ADD PRIMARY KEY (`idAnnuaire`,`idModule`,`TypRes_Iden`,`idOrga`,`Date_Debut`,`idPereOrga`);

--
-- Index pour la table `ann_pro_mod_orga`
--
ALTER TABLE `ann_pro_mod_orga`
  ADD PRIMARY KEY (`idAnnuaire`,`idPro`,`idModule`,`idOrga`,`Date_Debut`,`idPereOrga`),
  ADD KEY `Date_Fin` (`Date_Fin`);

--
-- Index pour la table `asset_asset`
--
ALTER TABLE `asset_asset`
  ADD PRIMARY KEY (`id`);

--
-- Index pour la table `asset_process`
--
ALTER TABLE `asset_process`
  ADD PRIMARY KEY (`id`);

--
-- Index pour la table `avancementbia`
--
ALTER TABLE `avancementbia`
  ADD PRIMARY KEY (`id_avancementbia`),
  ADD KEY `avancementbia_code` (`avancementbia_code`,`avancementbia_libelle`);

--
-- Index pour la table `avancementsecurite`
--
ALTER TABLE `avancementsecurite`
  ADD PRIMARY KEY (`id_avancementsecurite`),
  ADD KEY `avancementsecurite_code` (`avancementsecurite_code`,`avancementsecurite_libelle`);

--
-- Index pour la table `avttache`
--
ALTER TABLE `avttache`
  ADD PRIMARY KEY (`idAvtTache`);

--
-- Index pour la table `benefitaction`
--
ALTER TABLE `benefitaction`
  ADD PRIMARY KEY (`id_benefitaction`,`benefitaction_date_debut`),
  ADD KEY `benefitaction_code` (`benefitaction_code`,`benefitaction_libelle`);

--
-- Index pour la table `bia`
--
ALTER TABLE `bia`
  ADD PRIMARY KEY (`id`,`dateLigneBia`);

--
-- Index pour la table `bialock`
--
ALTER TABLE `bialock`
  ADD PRIMARY KEY (`idBia`,`idUser`,`date`);

--
-- Index pour la table `bia_avancement`
--
ALTER TABLE `bia_avancement`
  ADD PRIMARY KEY (`idBia`,`id_avancementbia`,`tracking_date`);

--
-- Index pour la table `bia_detailed_anomalies`
--
ALTER TABLE `bia_detailed_anomalies`
  ADD PRIMARY KEY (`id`);

--
-- Index pour la table `bia_inforessource`
--
ALTER TABLE `bia_inforessource`
  ADD PRIMARY KEY (`id`);

--
-- Index pour la table `bia_porteur`
--
ALTER TABLE `bia_porteur`
  ADD PRIMARY KEY (`idBia`,`idPorteur`);

--
-- Index pour la table `bia_ressource`
--
ALTER TABLE `bia_ressource`
  ADD PRIMARY KEY (`idBia`,`idAnnuaire`);

--
-- Index pour la table `bia_ressource_assmnt`
--
ALTER TABLE `bia_ressource_assmnt`
  ADD PRIMARY KEY (`idBia`,`idAnnuaire`);

--
-- Index pour la table `bia_typeorganisation`
--
ALTER TABLE `bia_typeorganisation`
  ADD PRIMARY KEY (`idBia`,`idTypeOrga`,`idColBia`,`idOrga`);

--
-- Index pour la table `biensensible`
--
ALTER TABLE `biensensible`
  ADD PRIMARY KEY (`idBiensensible`,`biensensible_date_debut`),
  ADD KEY `biensensible_code` (`biensensible_code`,`biensensible_libelle`);

--
-- Index pour la table `biensensibleapourpere`
--
ALTER TABLE `biensensibleapourpere`
  ADD PRIMARY KEY (`idBiensensible`,`idPere`,`date_debut`);

--
-- Index pour la table `bs_annuaire`
--
ALTER TABLE `bs_annuaire`
  ADD PRIMARY KEY (`idBs`,`idAnnuaire`);

--
-- Index pour la table `bs_detail_site`
--
ALTER TABLE `bs_detail_site`
  ADD PRIMARY KEY (`idBs`,`id_detail`);

--
-- Index pour la table `bs_fonction`
--
ALTER TABLE `bs_fonction`
  ADD PRIMARY KEY (`idBs`,`idFonction`);

--
-- Index pour la table `bs_profils`
--
ALTER TABLE `bs_profils`
  ADD PRIMARY KEY (`idBs`,`idPro`);

--
-- Index pour la table `bs_site`
--
ALTER TABLE `bs_site`
  ADD PRIMARY KEY (`idBs`,`idSite`);

--
-- Index pour la table `cache`
--
ALTER TABLE `cache`
  ADD PRIMARY KEY (`id`),
  ADD KEY `func` (`function`(250)),
  ADD KEY `md` (`unique_key`),
  ADD KEY `json_params` (`json_params`(250));

--
-- Index pour la table `calltree`
--
ALTER TABLE `calltree`
  ADD PRIMARY KEY (`idcalltree`,`calltree_Date_Debut`),
  ADD KEY `calltree_Date_Fin` (`calltree_Date_Fin`,`Affecte`);

--
-- Index pour la table `calltree_list`
--
ALTER TABLE `calltree_list`
  ADD PRIMARY KEY (`idcalltree`,`code`);

--
-- Index pour la table `categorie`
--
ALTER TABLE `categorie`
  ADD PRIMARY KEY (`id_categorie`,`id_typenature`,`categorie_Date_Debut`),
  ADD KEY `categorie_code` (`categorie_code`,`categorie_libelle`);

--
-- Index pour la table `colonnebia`
--
ALTER TABLE `colonnebia`
  ADD PRIMARY KEY (`idColonne`);

--
-- Index pour la table `colonnebia_tablename`
--
ALTER TABLE `colonnebia_tablename`
  ADD PRIMARY KEY (`idColBia`,`idType`);

--
-- Index pour la table `colonne_societes`
--
ALTER TABLE `colonne_societes`
  ADD PRIMARY KEY (`idColonne`,`Soc_Iden`);

--
-- Index pour la table `commentaire`
--
ALTER TABLE `commentaire`
  ADD PRIMARY KEY (`idCommentaire`);

--
-- Index pour la table `compliance`
--
ALTER TABLE `compliance`
  ADD PRIMARY KEY (`id`);

--
-- Index pour la table `consequences`
--
ALTER TABLE `consequences`
  ADD PRIMARY KEY (`idconsequences`,`consequences_Date_Debut`),
  ADD KEY `consequences_Date_Fin` (`consequences_Date_Fin`,`Affecte`);

--
-- Index pour la table `costaction`
--
ALTER TABLE `costaction`
  ADD PRIMARY KEY (`id_costaction`,`costaction_date_debut`),
  ADD KEY `costaction_code` (`costaction_code`,`costaction_libelle`);

--
-- Index pour la table `cout`
--
ALTER TABLE `cout`
  ADD PRIMARY KEY (`idCout`,`idSoc`);

--
-- Index pour la table `detail_site`
--
ALTER TABLE `detail_site`
  ADD PRIMARY KEY (`id_detail`,`Date_Debut`),
  ADD KEY `idSite` (`idSite`,`idTypeHarbo`,`date_Fin`,`Affecte`);

--
-- Index pour la table `dir_nivbienssensibles`
--
ALTER TABLE `dir_nivbienssensibles`
  ADD PRIMARY KEY (`id_bs`,`idorga`,`idTypebiensensible`,`idBiensensible`,`id_niveaudisponibilite`,`id_niveauintegrite`,`id_niveauconfidentialite`,`idLocation`,`Date_Debut`),
  ADD KEY `Date_Fin` (`Date_Fin`,`typres_iden`);

--
-- Index pour la table `dir_nivprocess`
--
ALTER TABLE `dir_nivprocess`
  ADD PRIMARY KEY (`id_pr`,`idorga`,`idprocesses`,`id_niveauimpact`,`id_niveaupotentialite`,`Date_Debut`),
  ADD KEY `Date_Fin` (`Date_Fin`,`typres_iden`);

--
-- Index pour la table `domaine`
--
ALTER TABLE `domaine`
  ADD PRIMARY KEY (`idDomaine`,`id_typenature`,`domaine_Date_Debut`);

--
-- Index pour la table `domaine_categorie`
--
ALTER TABLE `domaine_categorie`
  ADD PRIMARY KEY (`idDomaine`,`id_categorie`,`Date_Debut`);

--
-- Index pour la table `elementcouverture`
--
ALTER TABLE `elementcouverture`
  ADD PRIMARY KEY (`id_elementcouverture`,`date_debut`),
  ADD KEY `elementcouverture_code` (`elementcouverture_code`,`elementcouverture_libelle`);

--
-- Index pour la table `email_links_ids`
--
ALTER TABLE `email_links_ids`
  ADD PRIMARY KEY (`id`);

--
-- Index pour la table `etat`
--
ALTER TABLE `etat`
  ADD PRIMARY KEY (`idEtat`);

--
-- Index pour la table `evenement`
--
ALTER TABLE `evenement`
  ADD PRIMARY KEY (`idEve`,`date_debut`);

--
-- Index pour la table `eventcriticality`
--
ALTER TABLE `eventcriticality`
  ADD PRIMARY KEY (`id_eventcriticality`,`eventcriticality_date_debut`),
  ADD KEY `eventcriticality_code` (`eventcriticality_code`,`eventcriticality_libelle`);

--
-- Index pour la table `events`
--
ALTER TABLE `events`
  ADD PRIMARY KEY (`id`);

--
-- Index pour la table `events_amounts`
--
ALTER TABLE `events_amounts`
  ADD PRIMARY KEY (`id`);

--
-- Index pour la table `events_locations`
--
ALTER TABLE `events_locations`
  ADD PRIMARY KEY (`id`);

--
-- Index pour la table `events_root_cause`
--
ALTER TABLE `events_root_cause`
  ADD PRIMARY KEY (`id`);

--
-- Index pour la table `exposure`
--
ALTER TABLE `exposure`
  ADD PRIMARY KEY (`id_exposure`,`exposure_date_debut`),
  ADD KEY `exposure_code` (`exposure_code`,`exposure_libelle`);

--
-- Index pour la table `extmail`
--
ALTER TABLE `extmail`
  ADD PRIMARY KEY (`ext_index`,`ext_idSoc`,`ext_date_debut`);

--
-- Index pour la table `fonction`
--
ALTER TABLE `fonction`
  ADD PRIMARY KEY (`idFonction`,`Fonction_Date_Debut`),
  ADD KEY `Fonction_Date_Fin` (`Fonction_Date_Fin`,`Affecte`);

--
-- Index pour la table `gestion_controles_exams`
--
ALTER TABLE `gestion_controles_exams`
  ADD PRIMARY KEY (`id`);

--
-- Index pour la table `gestion_controles_exam_actions`
--
ALTER TABLE `gestion_controles_exam_actions`
  ADD PRIMARY KEY (`id`),
  ADD KEY `gestion_controle_exam` (`id_gestion_controle_exam`);

--
-- Index pour la table `gestion_controles_exam_action_recommendations`
--
ALTER TABLE `gestion_controles_exam_action_recommendations`
  ADD PRIMARY KEY (`id`),
  ADD KEY `gestion_controle_exam` (`id_gestion_controle_exam_action`);

--
-- Index pour la table `highperiod`
--
ALTER TABLE `highperiod`
  ADD PRIMARY KEY (`idhighperiod`,`highperiod_Date_Debut`),
  ADD KEY `highperiod_Date_Fin` (`highperiod_Date_Fin`,`Affecte`);

--
-- Index pour la table `history`
--
ALTER TABLE `history`
  ADD PRIMARY KEY (`id`),
  ADD UNIQUE KEY `user` (`user`);

--
-- Index pour la table `impact`
--
ALTER TABLE `impact`
  ADD PRIMARY KEY (`IdImpact`,`date_debut`);

--
-- Index pour la table `impact_business`
--
ALTER TABLE `impact_business`
  ADD PRIMARY KEY (`id_impact_business`,`impact_business_date_debut`),
  ADD KEY `impact_business_code` (`impact_business_code`,`impact_business_libelle`);

--
-- Index pour la table `impact_financial`
--
ALTER TABLE `impact_financial`
  ADD PRIMARY KEY (`id_impact_financial`,`impact_financial_date_debut`),
  ADD KEY `niveauimpact_code` (`impact_financial_code`,`impact_financial_libelle`);

--
-- Index pour la table `impact_legal`
--
ALTER TABLE `impact_legal`
  ADD PRIMARY KEY (`id_impact_legal`,`impact_legal_date_debut`),
  ADD KEY `impact_legal_code` (`impact_legal_code`,`impact_legal_libelle`);

--
-- Index pour la table `impact_potentialite_risque`
--
ALTER TABLE `impact_potentialite_risque`
  ADD PRIMARY KEY (`id_niveauimpact`,`id_niveaupotentialite`,`id_cia`,`impact_potentialite_risque_date_creation`,`typenature`),
  ADD KEY `impact_potentialite_risque_date_creation` (`impact_potentialite_risque_date_creation`,`impact_potentialite_risque_date_modification`,`impact_potentialite_risque_date_cloture`);

--
-- Index pour la table `impact_reputation`
--
ALTER TABLE `impact_reputation`
  ADD PRIMARY KEY (`id_impact_reputation`,`impact_reputation_date_debut`),
  ADD KEY `impact_reputation_code` (`impact_reputation_code`,`impact_reputation_libelle`);

--
-- Index pour la table `impact_resource`
--
ALTER TABLE `impact_resource`
  ADD PRIMARY KEY (`id_impact_resource`,`impact_resource_date_debut`),
  ADD KEY `impact_resource_code` (`impact_resource_code`,`impact_resource_libelle`);

--
-- Index pour la table `impact_severity`
--
ALTER TABLE `impact_severity`
  ADD PRIMARY KEY (`id_impact_severity`,`impact_severity_date_debut`),
  ADD KEY `niveauimpact_code` (`impact_severity_code`,`impact_severity_libelle`);

--
-- Index pour la table `impact_technical`
--
ALTER TABLE `impact_technical`
  ADD PRIMARY KEY (`id_impact_technical`,`impact_technical_date_debut`),
  ADD KEY `impact_technical_code` (`impact_technical_code`,`impact_technical_libelle`);

--
-- Index pour la table `incident`
--
ALTER TABLE `incident`
  ADD PRIMARY KEY (`idIncident`);

--
-- Index pour la table `incidenttype_threat`
--
ALTER TABLE `incidenttype_threat`
  ADD PRIMARY KEY (`idIncidentType`,`idThreat`,`date_debut`);

--
-- Index pour la table `incident_annuaire_tache`
--
ALTER TABLE `incident_annuaire_tache`
  ADD PRIMARY KEY (`idIncident`,`idAnnuaire`,`idTache`,`idRole`,`dateFin`);

--
-- Index pour la table `incident_annuaire_tache_role`
--
ALTER TABLE `incident_annuaire_tache_role`
  ADD PRIMARY KEY (`idIncident`,`idAnnuaire`,`idTache`,`idRole`);

--
-- Index pour la table `incident_asset`
--
ALTER TABLE `incident_asset`
  ADD PRIMARY KEY (`idIncident`,`id_asset`);

--
-- Index pour la table `incident_direction`
--
ALTER TABLE `incident_direction`
  ADD PRIMARY KEY (`idIncident`,`id_dir`);

--
-- Index pour la table `incident_impact`
--
ALTER TABLE `incident_impact`
  ADD PRIMARY KEY (`idIncident`,`idImpact`);

--
-- Index pour la table `incident_localisation`
--
ALTER TABLE `incident_localisation`
  ADD PRIMARY KEY (`idIncident`,`id_site`);

--
-- Index pour la table `incident_nature`
--
ALTER TABLE `incident_nature`
  ADD PRIMARY KEY (`idIncident`,`idNature`);

--
-- Index pour la table `incident_process`
--
ALTER TABLE `incident_process`
  ADD PRIMARY KEY (`idIncident`,`id_process`);

--
-- Index pour la table `incident_site`
--
ALTER TABLE `incident_site`
  ADD PRIMARY KEY (`idIncident`,`id_Site`);

--
-- Index pour la table `incident_tache_avttache`
--
ALTER TABLE `incident_tache_avttache`
  ADD PRIMARY KEY (`idIncident`,`idTache`,`idAvtTache`);

--
-- Index pour la table `incident_tache_commentaire`
--
ALTER TABLE `incident_tache_commentaire`
  ADD PRIMARY KEY (`idIncident`,`idTache`,`idCommentaire`);

--
-- Index pour la table `indicateurs`
--
ALTER TABLE `indicateurs`
  ADD PRIMARY KEY (`idIndicateur`,`date_Fin`,`codeIndicateur`);

--
-- Index pour la table `indicateurs_gestion`
--
ALTER TABLE `indicateurs_gestion`
  ADD PRIMARY KEY (`idGestion`,`Date_Fin`);

--
-- Index pour la table `indicateurs_saisie`
--
ALTER TABLE `indicateurs_saisie`
  ADD PRIMARY KEY (`idIndSaisie`,`date_fin`);

--
-- Index pour la table `indicateur_dashboard_frequency`
--
ALTER TABLE `indicateur_dashboard_frequency`
  ADD PRIMARY KEY (`idDashboardScore`);

--
-- Index pour la table `indicateur_gestion_procedures`
--
ALTER TABLE `indicateur_gestion_procedures`
  ADD PRIMARY KEY (`id_procedure`,`idGestionSeuil`);

--
-- Index pour la table `indicateur_gestion_seuil`
--
ALTER TABLE `indicateur_gestion_seuil`
  ADD PRIMARY KEY (`idGestionSeuil`);

--
-- Index pour la table `indicateur_link_objectifs`
--
ALTER TABLE `indicateur_link_objectifs`
  ADD PRIMARY KEY (`id`),
  ADD UNIQUE KEY `unqiue` (`idIndicateur`,`idObjectif`),
  ADD KEY `idIndicateur` (`idIndicateur`),
  ADD KEY `idObjectif` (`idObjectif`);

--
-- Index pour la table `indicateur_nature`
--
ALTER TABLE `indicateur_nature`
  ADD PRIMARY KEY (`idNature`);

--
-- Index pour la table `indicateur_objectifs`
--
ALTER TABLE `indicateur_objectifs`
  ADD PRIMARY KEY (`idObjectif`,`codeObjectif`,`date_fin`);

--
-- Index pour la table `indicateur_typenature`
--
ALTER TABLE `indicateur_typenature`
  ADD PRIMARY KEY (`idIndicateur`,`id_typenature`,`date_debut`);

--
-- Index pour la table `indicatorlimits`
--
ALTER TABLE `indicatorlimits`
  ADD PRIMARY KEY (`id_indicatorlimits`,`indicatorlimits_date_debut`),
  ADD KEY `indicatorlimits_code` (`indicatorlimits_code`,`indicatorlimits_libelle`);

--
-- Index pour la table `indicecouverture`
--
ALTER TABLE `indicecouverture`
  ADD PRIMARY KEY (`id_indicecouverture`,`indicecouverture_date_debut`),
  ADD KEY `indicecouverture_code` (`indicecouverture_code`,`indicecouverture_libelle`);

--
-- Index pour la table `jalon`
--
ALTER TABLE `jalon`
  ADD PRIMARY KEY (`id_jalon`),
  ADD KEY `jalon_date` (`jalon_dt_fin_theo`);

--
-- Index pour la table `ldap_mapping`
--
ALTER TABLE `ldap_mapping`
  ADD PRIMARY KEY (`ldap_field`,`directory_field`);

--
-- Index pour la table `ldap_sync_filter`
--
ALTER TABLE `ldap_sync_filter`
  ADD PRIMARY KEY (`email`,`type`);

--
-- Index pour la table `lignefocus`
--
ALTER TABLE `lignefocus`
  ADD PRIMARY KEY (`idFocus`);

--
-- Index pour la table `lignevacation`
--
ALTER TABLE `lignevacation`
  ADD PRIMARY KEY (`idVacation`);

--
-- Index pour la table `localisation_type`
--
ALTER TABLE `localisation_type`
  ADD PRIMARY KEY (`idLt`,`lt_Date_Debut`);

--
-- Index pour la table `localisation_typerisque`
--
ALTER TABLE `localisation_typerisque`
  ADD PRIMARY KEY (`idLtr`,`ltr_Date_Debut`);

--
-- Index pour la table `location_typeharbo`
--
ALTER TABLE `location_typeharbo`
  ADD PRIMARY KEY (`idTypeHarbo`,`Date_Debut`);

--
-- Index pour la table `location_typeharboapourpere`
--
ALTER TABLE `location_typeharboapourpere`
  ADD PRIMARY KEY (`idTypeHarbo`,`idPere`,`date_debut`),
  ADD KEY `idTypeHarbo` (`idTypeHarbo`,`idPere`,`date_debut`);

--
-- Index pour la table `logs`
--
ALTER TABLE `logs`
  ADD PRIMARY KEY (`id`);

--
-- Index pour la table `modulelicence`
--
ALTER TABLE `modulelicence`
  ADD PRIMARY KEY (`idModuleLicence`,`date_debut`);

--
-- Index pour la table `modules`
--
ALTER TABLE `modules`
  ADD PRIMARY KEY (`idModule`);

--
-- Index pour la table `msproject_mapping`
--
ALTER TABLE `msproject_mapping`
  ADD PRIMARY KEY (`id`);

--
-- Index pour la table `nature`
--
ALTER TABLE `nature`
  ADD PRIMARY KEY (`idNature`,`id_typenature`,`date_debut`);

--
-- Index pour la table `nature_categorie`
--
ALTER TABLE `nature_categorie`
  ADD PRIMARY KEY (`idNature`,`id_categorie`,`Date_Debut`);

--
-- Index pour la table `nature_incident_procedure`
--
ALTER TABLE `nature_incident_procedure`
  ADD PRIMARY KEY (`id_nature`,`id_procedure`,`id_criticality`);

--
-- Index pour la table `niveauconfidentialite`
--
ALTER TABLE `niveauconfidentialite`
  ADD PRIMARY KEY (`id_niveauconfidentialite`,`niveauconfidentialite_date_debut`),
  ADD KEY `niveauconfidentialite_code` (`niveauconfidentialite_code`,`niveauconfidentialite_libelle`);

--
-- Index pour la table `niveaudisponibilite`
--
ALTER TABLE `niveaudisponibilite`
  ADD PRIMARY KEY (`id_niveaudisponibilite`,`niveaudisponibilite_date_debut`),
  ADD KEY `niveaudisponibilite_code` (`niveaudisponibilite_code`,`niveaudisponibilite_libelle`);

--
-- Index pour la table `niveaugravite`
--
ALTER TABLE `niveaugravite`
  ADD PRIMARY KEY (`id_niveaugravite`,`niveaugravite_date_debut`),
  ADD KEY `niveaugravite_code` (`niveaugravite_code`,`niveaugravite_libelle`);

--
-- Index pour la table `niveauimpact`
--
ALTER TABLE `niveauimpact`
  ADD PRIMARY KEY (`id_niveauimpact`,`niveauimpact_date_debut`),
  ADD KEY `niveauimpact_code` (`niveauimpact_code`,`niveauimpact_libelle`);

--
-- Index pour la table `niveauintegrite`
--
ALTER TABLE `niveauintegrite`
  ADD PRIMARY KEY (`id_niveauintegrite`,`niveauintegrite_date_debut`),
  ADD KEY `niveauintegrite_code` (`niveauintegrite_code`,`niveauintegrite_libelle`);

--
-- Index pour la table `niveaupotentialite`
--
ALTER TABLE `niveaupotentialite`
  ADD PRIMARY KEY (`id_niveaupotentialite`,`niveaupotentialite_date_debut`),
  ADD KEY `niveaupotentialite_code` (`niveaupotentialite_code`,`niveaupotentialite_libelle`);

--
-- Index pour la table `niveaurisque`
--
ALTER TABLE `niveaurisque`
  ADD PRIMARY KEY (`id_niveaurisque`,`niveaurisque_date_debut`),
  ADD KEY `niveaurisque_code` (`niveaurisque_code`,`niveaurisque_libelle`);

--
-- Index pour la table `niveausensibilite`
--
ALTER TABLE `niveausensibilite`
  ADD PRIMARY KEY (`id_niveausensibilite`,`niveausensibilite_date_debut`),
  ADD KEY `typesensibilite_code` (`niveausensibilite_code`,`niveausensibilite_libelle`);

--
-- Index pour la table `nivhab`
--
ALTER TABLE `nivhab`
  ADD PRIMARY KEY (`id_Niv_Hab`);

--
-- Index pour la table `notification`
--
ALTER TABLE `notification`
  ADD PRIMARY KEY (`id_notification`,`notification_date_debut`),
  ADD KEY `notification_code` (`notification_code`,`notification_libelle`);

--
-- Index pour la table `orgaapourpere`
--
ALTER TABLE `orgaapourpere`
  ADD PRIMARY KEY (`idOrga`,`idPere`,`date_debut`),
  ADD KEY `idOrga` (`idOrga`,`idPere`,`date_debut`),
  ADD KEY `date_fin` (`date_fin`);

--
-- Index pour la table `organisation`
--
ALTER TABLE `organisation`
  ADD PRIMARY KEY (`idOrga`,`Orga_Date_Debut`),
  ADD KEY `Orga_Date_Fin` (`Orga_Date_Fin`,`Affecte`);

--
-- Index pour la table `orga_typeorga`
--
ALTER TABLE `orga_typeorga`
  ADD PRIMARY KEY (`idOrga`,`idTypeOrga`,`date_debut`),
  ADD KEY `idOrga` (`idOrga`,`idTypeOrga`,`date_debut`),
  ADD KEY `date_fin` (`date_fin`);

--
-- Index pour la table `param`
--
ALTER TABLE `param`
  ADD PRIMARY KEY (`id_licence`);

--
-- Index pour la table `pays`
--
ALTER TABLE `pays`
  ADD PRIMARY KEY (`idPays`,`date_debut`);

--
-- Index pour la table `periode`
--
ALTER TABLE `periode`
  ADD PRIMARY KEY (`id_periode`),
  ADD KEY `periode_code` (`periode_code`,`periode_libelle`);

--
-- Index pour la table `periodesimpacts`
--
ALTER TABLE `periodesimpacts`
  ADD PRIMARY KEY (`id_periodesimpacts`,`periodesimpacts_date_debut`),
  ADD KEY `niveauimpact_code` (`periodesimpacts_code`,`periodesimpacts_libelle`);

--
-- Index pour la table `piecejointe`
--
ALTER TABLE `piecejointe`
  ADD PRIMARY KEY (`id_pj`);

--
-- Index pour la table `piecejointe_action`
--
ALTER TABLE `piecejointe_action`
  ADD PRIMARY KEY (`id_pj`,`id_action`);

--
-- Index pour la table `piecejointe_indicateurs_gestion`
--
ALTER TABLE `piecejointe_indicateurs_gestion`
  ADD PRIMARY KEY (`id_pj`,`idGestionSeuil`);

--
-- Index pour la table `piecejointe_tache`
--
ALTER TABLE `piecejointe_tache`
  ADD PRIMARY KEY (`id_pj`,`id_tache`,`id_inc`);

--
-- Index pour la table `priorityaction`
--
ALTER TABLE `priorityaction`
  ADD PRIMARY KEY (`id_priorityaction`,`priorityaction_date_debut`),
  ADD KEY `priorityaction_code` (`priorityaction_code`,`priorityaction_libelle`);

--
-- Index pour la table `processus`
--
ALTER TABLE `processus`
  ADD PRIMARY KEY (`idprocessus`,`processus_Date_Debut`),
  ADD KEY `idTypeprocessus` (`idTypeprocessus`),
  ADD KEY `IdprocessusPere` (`IdprocessusPere`),
  ADD KEY `processus_Date_Fin` (`processus_Date_Fin`,`Affecte`);

--
-- Index pour la table `processusapourpere`
--
ALTER TABLE `processusapourpere`
  ADD PRIMARY KEY (`idProcessus`,`idPere`,`date_debut`),
  ADD KEY `idProcessus` (`idProcessus`,`idPere`,`date_debut`),
  ADD KEY `date_fin` (`date_fin`);

--
-- Index pour la table `processus_organisation`
--
ALTER TABLE `processus_organisation`
  ADD PRIMARY KEY (`idProcessus`,`idOrga`,`Date_Debut`),
  ADD KEY `Date_Fin` (`Date_Fin`);

--
-- Index pour la table `process_asset`
--
ALTER TABLE `process_asset`
  ADD PRIMARY KEY (`id`);

--
-- Index pour la table `process_controlleractivity`
--
ALTER TABLE `process_controlleractivity`
  ADD PRIMARY KEY (`PCA_idorga`,`PCA_idNature`,`PCA_idCategorie`,`PCA_idDomaine`,`PCA_idprocesses`,`PCA_id_niveauimpact`,`PCA_id_niveaupotentialite`,`PCA_Date_Debut`,`PCA_Date_Fin`) USING BTREE;

--
-- Index pour la table `process_organisation`
--
ALTER TABLE `process_organisation`
  ADD PRIMARY KEY (`id_process`,`id_orga`);

--
-- Index pour la table `process_process`
--
ALTER TABLE `process_process`
  ADD PRIMARY KEY (`id`);

--
-- Index pour la table `profils`
--
ALTER TABLE `profils`
  ADD PRIMARY KEY (`idPro`,`Pro_Date_Debut`),
  ADD KEY `Pro_Date_Fin` (`Pro_Date_Fin`,`Affecte`);

--
-- Index pour la table `profils_modules_nivhab_orga`
--
ALTER TABLE `profils_modules_nivhab_orga`
  ADD PRIMARY KEY (`idPro`,`idModule`,`id_Niv_Hab`,`idOrga`,`Date_Debut`,`groupement`,`idPereOrga`);

--
-- Index pour la table `profils_societes`
--
ALTER TABLE `profils_societes`
  ADD PRIMARY KEY (`Soc_Iden`,`Pro_Iden`);

--
-- Index pour la table `profil_organisation`
--
ALTER TABLE `profil_organisation`
  ADD PRIMARY KEY (`idPro`,`idOrga`,`Date_Debut`,`groupement`,`idPereOrga`),
  ADD KEY `Date_Fin` (`Date_Fin`),
  ADD KEY `Date_Fin_2` (`Date_Fin`);

--
-- Index pour la table `projet`
--
ALTER TABLE `projet`
  ADD PRIMARY KEY (`id_projet`,`projet_date_creation`),
  ADD KEY `projetrisque_code` (`projet_code`,`projet_libelle`,`projet_date_creation`,`projet_date_modification`),
  ADD KEY `projetrisque_date_cloture` (`projet_date_cloture`),
  ADD KEY `id_typenature` (`id_typenature`);

--
-- Index pour la table `projet_avancementsecurite_periode_jalon`
--
ALTER TABLE `projet_avancementsecurite_periode_jalon`
  ADD PRIMARY KEY (`id_projet`,`id_avancementsecurite`,`id_periode`,`id_jalon`,`projet_avancement_periode_jalon_date_cloture`),
  ADD KEY `projet_avancement_periode_jalon_date_creation` (`projet_avancement_periode_jalon_date_creation`),
  ADD KEY `projet_avancement_periode_jalon_date_modification` (`projet_avancement_periode_jalon_date_modification`);

--
-- Index pour la table `referentiel`
--
ALTER TABLE `referentiel`
  ADD PRIMARY KEY (`id_referentiel`),
  ADD KEY `referentiel_code` (`referentiel_code`,`referentiel_libelle`),
  ADD KEY `id_typenature` (`id_typenature`);

--
-- Index pour la table `referentiel_actionrisques`
--
ALTER TABLE `referentiel_actionrisques`
  ADD PRIMARY KEY (`id_actionrisques`,`date_debut`),
  ADD KEY `elementcouverture_code` (`actionrisques_code`,`actionrisques_libelle`);

--
-- Index pour la table `referentiel_aleas`
--
ALTER TABLE `referentiel_aleas`
  ADD PRIMARY KEY (`id_referentiel`,`idNature`),
  ADD KEY `referentiel_nature_date_creation` (`referentiel_nature_date_creation`,`referentiel_nature_date_modification`,`referentiel_nature_date_cloture`);

--
-- Index pour la table `referentiel_aleas_actionrisques`
--
ALTER TABLE `referentiel_aleas_actionrisques`
  ADD PRIMARY KEY (`idDomaine`,`id_categorie`,`idNature`,`id_actionrisques`,`date_debut`);

--
-- Index pour la table `referentiel_categorie`
--
ALTER TABLE `referentiel_categorie`
  ADD PRIMARY KEY (`id_categorie`,`id_typenature`,`categorie_Date_Debut`),
  ADD KEY `categorie_code` (`categorie_code`,`categorie_libelle`);

--
-- Index pour la table `referentiel_domaine`
--
ALTER TABLE `referentiel_domaine`
  ADD PRIMARY KEY (`idDomaine`,`id_typenature`,`domaine_Date_Debut`);

--
-- Index pour la table `referentiel_domaine_categorie`
--
ALTER TABLE `referentiel_domaine_categorie`
  ADD PRIMARY KEY (`idDomaine`,`id_categorie`,`Date_Debut`);

--
-- Index pour la table `referentiel_nature`
--
ALTER TABLE `referentiel_nature`
  ADD PRIMARY KEY (`idNature`,`id_typenature`,`date_debut`);

--
-- Index pour la table `referentiel_nature_categorie`
--
ALTER TABLE `referentiel_nature_categorie`
  ADD PRIMARY KEY (`idNature`,`id_categorie`,`Date_Debut`);

--
-- Index pour la table `referentiel_security_actionrisques`
--
ALTER TABLE `referentiel_security_actionrisques`
  ADD PRIMARY KEY (`idReco`,`id_actionrisques`,`date_debut`);

--
-- Index pour la table `role`
--
ALTER TABLE `role`
  ADD PRIMARY KEY (`idRole`);

--
-- Index pour la table `rootcause`
--
ALTER TABLE `rootcause`
  ADD PRIMARY KEY (`idrootCause`,`rootCause_Date_Debut`),
  ADD KEY `rootCause_Date_Fin` (`rootCause_Date_Fin`,`Affecte`);

--
-- Index pour la table `security_actionrisques`
--
ALTER TABLE `security_actionrisques`
  ADD PRIMARY KEY (`idReco`,`id_actionrisques`,`date_debut`);

--
-- Index pour la table `security_org_prj_reco`
--
ALTER TABLE `security_org_prj_reco`
  ADD PRIMARY KEY (`idOrga`,`idPrj`,`idReco`,`dt_crea`);

--
-- Index pour la table `sent_notifications`
--
ALTER TABLE `sent_notifications`
  ADD PRIMARY KEY (`id`);

--
-- Index pour la table `seuil`
--
ALTER TABLE `seuil`
  ADD PRIMARY KEY (`id_seuil`),
  ADD KEY `seuil_code` (`seuil_code`,`seuil_libelle`);

--
-- Index pour la table `site`
--
ALTER TABLE `site`
  ADD PRIMARY KEY (`idSite`,`Date_Debut`),
  ADD KEY `Date_Fin` (`Date_Fin`,`Affecte`);

--
-- Index pour la table `siterepli`
--
ALTER TABLE `siterepli`
  ADD PRIMARY KEY (`idSite`);

--
-- Index pour la table `site_locationtype`
--
ALTER TABLE `site_locationtype`
  ADD PRIMARY KEY (`idSite`,`idLt`,`Date_Debut`),
  ADD KEY `Date_Fin` (`Date_Fin`);

--
-- Index pour la table `site_locationtyperisk`
--
ALTER TABLE `site_locationtyperisk`
  ADD PRIMARY KEY (`idSite`,`idLtr`,`Date_Debut`),
  ADD KEY `Date_Fin` (`Date_Fin`);

--
-- Index pour la table `societes`
--
ALTER TABLE `societes`
  ADD PRIMARY KEY (`Soc_Iden`),
  ADD UNIQUE KEY `code_société` (`Soc_Cod`),
  ADD KEY `soc_iden` (`Soc_Iden`);

--
-- Index pour la table `status`
--
ALTER TABLE `status`
  ADD PRIMARY KEY (`id`);

--
-- Index pour la table `strategie`
--
ALTER TABLE `strategie`
  ADD PRIMARY KEY (`id`);

--
-- Index pour la table `tache`
--
ALTER TABLE `tache`
  ADD PRIMARY KEY (`idTache`);

--
-- Index pour la table `tache_apourdeclencheur`
--
ALTER TABLE `tache_apourdeclencheur`
  ADD PRIMARY KEY (`idTache`,`idDeclencheur`);

--
-- Index pour la table `tache_apourdeclencheurhorizontal`
--
ALTER TABLE `tache_apourdeclencheurhorizontal`
  ADD PRIMARY KEY (`idTache`,`idDeclencheurH`);

--
-- Index pour la table `tache_typetache`
--
ALTER TABLE `tache_typetache`
  ADD PRIMARY KEY (`idTache`,`idTypeTache`);

--
-- Index pour la table `template`
--
ALTER TABLE `template`
  ADD PRIMARY KEY (`idtemplate`,`template_Date_Debut`),
  ADD KEY `template_Date_Fin` (`template_Date_Fin`,`Affecte`);

--
-- Index pour la table `test_procedure_orgas`
--
ALTER TABLE `test_procedure_orgas`
  ADD PRIMARY KEY (`idProc`,`idOrga`);

--
-- Index pour la table `tracking_incident`
--
ALTER TABLE `tracking_incident`
  ADD PRIMARY KEY (`idTracking`,`idIncident`,`dateTrk`);

--
-- Index pour la table `tracking_typeaction`
--
ALTER TABLE `tracking_typeaction`
  ADD PRIMARY KEY (`id_typeaction`);

--
-- Index pour la table `type`
--
ALTER TABLE `type`
  ADD PRIMARY KEY (`Typ_Iden`);

--
-- Index pour la table `typeaction`
--
ALTER TABLE `typeaction`
  ADD PRIMARY KEY (`idTypeAction`,`date_debut`);

--
-- Index pour la table `typeaction_evenement`
--
ALTER TABLE `typeaction_evenement`
  ADD PRIMARY KEY (`idTypeAction`,`idEve`,`date_debut`);

--
-- Index pour la table `typeannuaire`
--
ALTER TABLE `typeannuaire`
  ADD PRIMARY KEY (`idType_Ann`);

--
-- Index pour la table `typebiensensible`
--
ALTER TABLE `typebiensensible`
  ADD PRIMARY KEY (`idTypebiensensible`,`typebiensensible_date_debut`),
  ADD KEY `typebiensensible_code` (`typebiensensible_code`,`typebiensensible_libelle`),
  ADD KEY `typebiensensible_date_fin` (`typebiensensible_date_fin`,`Affecte`);

--
-- Index pour la table `typecarto`
--
ALTER TABLE `typecarto`
  ADD PRIMARY KEY (`idTypecarto`);

--
-- Index pour la table `typecolonne`
--
ALTER TABLE `typecolonne`
  ADD PRIMARY KEY (`col_typ_iden`);

--
-- Index pour la table `typefiche`
--
ALTER TABLE `typefiche`
  ADD PRIMARY KEY (`idTypeFiche`);

--
-- Index pour la table `typeimpact`
--
ALTER TABLE `typeimpact`
  ADD PRIMARY KEY (`id_typeimpact`,`typeimpact_Date_Debut`),
  ADD KEY `typeimpact_code` (`typeimpact_code`,`typeimpact_libelle`);

--
-- Index pour la table `typenature`
--
ALTER TABLE `typenature`
  ADD PRIMARY KEY (`id_typenature`,`date_debut`),
  ADD KEY `typenature_code` (`typenature_code`,`typenature_libelle`);

--
-- Index pour la table `typeorganisation`
--
ALTER TABLE `typeorganisation`
  ADD PRIMARY KEY (`idTypeOrga`,`TypOrga_Date_Debut`);

--
-- Index pour la table `typeorganisationapourpere`
--
ALTER TABLE `typeorganisationapourpere`
  ADD PRIMARY KEY (`idTypeOrga`,`idPere`,`date_debut`),
  ADD KEY `idTypeOrga` (`idTypeOrga`,`idPere`,`date_debut`);

--
-- Index pour la table `typeplan`
--
ALTER TABLE `typeplan`
  ADD PRIMARY KEY (`idPlan`,`date_debut`);

--
-- Index pour la table `typeprocessus`
--
ALTER TABLE `typeprocessus`
  ADD PRIMARY KEY (`id_typeprocessus`,`typeprocessus_date_debut`),
  ADD KEY `typeprocessus_code` (`typeprocessus_code`,`typeprocessus_libelle`);

--
-- Index pour la table `typeprocessusapourpere`
--
ALTER TABLE `typeprocessusapourpere`
  ADD PRIMARY KEY (`idTypeprocessus`,`idPere`,`date_debut`),
  ADD KEY `idTypeprocessus` (`idTypeprocessus`,`idPere`,`date_debut`);

--
-- Index pour la table `typeressource`
--
ALTER TABLE `typeressource`
  ADD PRIMARY KEY (`TypRes_Iden`);

--
-- Index pour la table `typesuivi`
--
ALTER TABLE `typesuivi`
  ADD PRIMARY KEY (`id_typesuivi`,`typesuivi_date_debut`),
  ADD KEY `typesuivi_code` (`typesuivi_code`),
  ADD KEY `typesuivi_libelle` (`typesuivi_libelle`);

--
-- Index pour la table `typetache`
--
ALTER TABLE `typetache`
  ADD PRIMARY KEY (`idTypeTache`);

--
-- Index pour la table `unitemesure`
--
ALTER TABLE `unitemesure`
  ADD PRIMARY KEY (`id_unitemesure`),
  ADD KEY `unitemesure_code` (`unitemesure_code`,`unitemesure_libelle`);

--
-- Index pour la table `versions`
--
ALTER TABLE `versions`
  ADD PRIMARY KEY (`id`,`install_date`);

--
-- Index pour la table `workflow_mail`
--
ALTER TABLE `workflow_mail`
  ADD PRIMARY KEY (`id_mail`);

--
-- Index pour la table `workflow_mail_annuaire`
--
ALTER TABLE `workflow_mail_annuaire`
  ADD PRIMARY KEY (`id_mail`,`idAnnuaire`);

--
-- AUTO_INCREMENT pour les tables déchargées
--

--
-- AUTO_INCREMENT pour la table `action`
--
ALTER TABLE `action`
  MODIFY `idAction` mediumint(8) UNSIGNED NOT NULL AUTO_INCREMENT, AUTO_INCREMENT=46;

--
-- AUTO_INCREMENT pour la table `actionrisques`
--
ALTER TABLE `actionrisques`
  MODIFY `id_actionrisques` mediumint(8) UNSIGNED NOT NULL AUTO_INCREMENT, AUTO_INCREMENT=439;

--
-- AUTO_INCREMENT pour la table `actiontype`
--
ALTER TABLE `actiontype`
  MODIFY `id_actiontype` mediumint(8) UNSIGNED NOT NULL AUTO_INCREMENT, AUTO_INCREMENT=4;

--
-- AUTO_INCREMENT pour la table `act_dir_nat_cat_actif`
--
ALTER TABLE `act_dir_nat_cat_actif`
  MODIFY `id` int(11) NOT NULL AUTO_INCREMENT, AUTO_INCREMENT=56;

--
-- AUTO_INCREMENT pour la table `adrsip`
--
ALTER TABLE `adrsip`
  MODIFY `ip_index` mediumint(8) UNSIGNED NOT NULL AUTO_INCREMENT;

--
-- AUTO_INCREMENT pour la table `annuaire`
--
ALTER TABLE `annuaire`
  MODIFY `idAnnuaire` mediumint(8) UNSIGNED NOT NULL AUTO_INCREMENT, AUTO_INCREMENT=344;

--
-- AUTO_INCREMENT pour la table `annuaire_crise`
--
ALTER TABLE `annuaire_crise`
  MODIFY `AnnCri_Iden` int(11) NOT NULL AUTO_INCREMENT, AUTO_INCREMENT=2;

--
-- AUTO_INCREMENT pour la table `annuaire_detailsite`
--
ALTER TABLE `annuaire_detailsite`
  MODIFY `id_annDetSite` mediumint(8) UNSIGNED NOT NULL AUTO_INCREMENT, AUTO_INCREMENT=720;

--
-- AUTO_INCREMENT pour la table `annuaire_detailsiterepli`
--
ALTER TABLE `annuaire_detailsiterepli`
  MODIFY `id_annDetSite` mediumint(8) UNSIGNED NOT NULL AUTO_INCREMENT, AUTO_INCREMENT=152;

--
-- AUTO_INCREMENT pour la table `asset_asset`
--
ALTER TABLE `asset_asset`
  MODIFY `id` mediumint(11) UNSIGNED NOT NULL AUTO_INCREMENT, AUTO_INCREMENT=48574;

--
-- AUTO_INCREMENT pour la table `asset_process`
--
ALTER TABLE `asset_process`
  MODIFY `id` mediumint(11) UNSIGNED NOT NULL AUTO_INCREMENT, AUTO_INCREMENT=28149;

--
-- AUTO_INCREMENT pour la table `avancementbia`
--
ALTER TABLE `avancementbia`
  MODIFY `id_avancementbia` mediumint(8) UNSIGNED NOT NULL AUTO_INCREMENT, AUTO_INCREMENT=6;

--
-- AUTO_INCREMENT pour la table `avttache`
--
ALTER TABLE `avttache`
  MODIFY `idAvtTache` mediumint(8) UNSIGNED NOT NULL AUTO_INCREMENT, AUTO_INCREMENT=6;

--
-- AUTO_INCREMENT pour la table `benefitaction`
--
ALTER TABLE `benefitaction`
  MODIFY `id_benefitaction` mediumint(8) UNSIGNED NOT NULL AUTO_INCREMENT, AUTO_INCREMENT=4;

--
-- AUTO_INCREMENT pour la table `bia_detailed_anomalies`
--
ALTER TABLE `bia_detailed_anomalies`
  MODIFY `id` int(11) NOT NULL AUTO_INCREMENT;

--
-- AUTO_INCREMENT pour la table `bia_inforessource`
--
ALTER TABLE `bia_inforessource`
  MODIFY `id` mediumint(8) UNSIGNED NOT NULL AUTO_INCREMENT, AUTO_INCREMENT=9;

--
-- AUTO_INCREMENT pour la table `biensensible`
--
ALTER TABLE `biensensible`
  MODIFY `idBiensensible` mediumint(8) NOT NULL AUTO_INCREMENT, AUTO_INCREMENT=287;

--
-- AUTO_INCREMENT pour la table `cache`
--
ALTER TABLE `cache`
  MODIFY `id` int(11) NOT NULL AUTO_INCREMENT;

--
-- AUTO_INCREMENT pour la table `calltree`
--
ALTER TABLE `calltree`
  MODIFY `idcalltree` mediumint(8) UNSIGNED NOT NULL AUTO_INCREMENT, AUTO_INCREMENT=20;

--
-- AUTO_INCREMENT pour la table `categorie`
--
ALTER TABLE `categorie`
  MODIFY `id_categorie` mediumint(8) UNSIGNED NOT NULL AUTO_INCREMENT, AUTO_INCREMENT=160;

--
-- AUTO_INCREMENT pour la table `colonnebia`
--
ALTER TABLE `colonnebia`
  MODIFY `idColonne` mediumint(8) NOT NULL AUTO_INCREMENT, AUTO_INCREMENT=1001;

--
-- AUTO_INCREMENT pour la table `commentaire`
--
ALTER TABLE `commentaire`
  MODIFY `idCommentaire` mediumint(8) UNSIGNED NOT NULL AUTO_INCREMENT, AUTO_INCREMENT=84;

--
-- AUTO_INCREMENT pour la table `compliance`
--
ALTER TABLE `compliance`
  MODIFY `id` int(11) NOT NULL AUTO_INCREMENT, AUTO_INCREMENT=4;

--
-- AUTO_INCREMENT pour la table `consequences`
--
ALTER TABLE `consequences`
  MODIFY `idconsequences` mediumint(8) UNSIGNED NOT NULL AUTO_INCREMENT, AUTO_INCREMENT=8;

--
-- AUTO_INCREMENT pour la table `costaction`
--
ALTER TABLE `costaction`
  MODIFY `id_costaction` mediumint(8) UNSIGNED NOT NULL AUTO_INCREMENT, AUTO_INCREMENT=4;

--
-- AUTO_INCREMENT pour la table `cout`
--
ALTER TABLE `cout`
  MODIFY `idCout` mediumint(9) UNSIGNED NOT NULL AUTO_INCREMENT, AUTO_INCREMENT=2;

--
-- AUTO_INCREMENT pour la table `detail_site`
--
ALTER TABLE `detail_site`
  MODIFY `id_detail` mediumint(8) UNSIGNED NOT NULL AUTO_INCREMENT, AUTO_INCREMENT=75;

--
-- AUTO_INCREMENT pour la table `dir_nivbienssensibles`
--
ALTER TABLE `dir_nivbienssensibles`
  MODIFY `id_bs` int(11) NOT NULL AUTO_INCREMENT, AUTO_INCREMENT=91;

--
-- AUTO_INCREMENT pour la table `dir_nivprocess`
--
ALTER TABLE `dir_nivprocess`
  MODIFY `id_pr` int(11) NOT NULL AUTO_INCREMENT, AUTO_INCREMENT=579;

--
-- AUTO_INCREMENT pour la table `domaine`
--
ALTER TABLE `domaine`
  MODIFY `idDomaine` mediumint(8) UNSIGNED NOT NULL AUTO_INCREMENT, AUTO_INCREMENT=51;

--
-- AUTO_INCREMENT pour la table `elementcouverture`
--
ALTER TABLE `elementcouverture`
  MODIFY `id_elementcouverture` mediumint(8) UNSIGNED NOT NULL AUTO_INCREMENT, AUTO_INCREMENT=219;

--
-- AUTO_INCREMENT pour la table `email_links_ids`
--
ALTER TABLE `email_links_ids`
  MODIFY `id` int(11) NOT NULL AUTO_INCREMENT, AUTO_INCREMENT=173;

--
-- AUTO_INCREMENT pour la table `etat`
--
ALTER TABLE `etat`
  MODIFY `idEtat` mediumint(8) UNSIGNED NOT NULL AUTO_INCREMENT, AUTO_INCREMENT=9;

--
-- AUTO_INCREMENT pour la table `evenement`
--
ALTER TABLE `evenement`
  MODIFY `idEve` mediumint(8) UNSIGNED NOT NULL AUTO_INCREMENT, AUTO_INCREMENT=22;

--
-- AUTO_INCREMENT pour la table `eventcriticality`
--
ALTER TABLE `eventcriticality`
  MODIFY `id_eventcriticality` mediumint(8) UNSIGNED NOT NULL AUTO_INCREMENT, AUTO_INCREMENT=6;

--
-- AUTO_INCREMENT pour la table `events`
--
ALTER TABLE `events`
  MODIFY `id` int(11) NOT NULL AUTO_INCREMENT, AUTO_INCREMENT=75;

--
-- AUTO_INCREMENT pour la table `events_amounts`
--
ALTER TABLE `events_amounts`
  MODIFY `id` int(11) NOT NULL AUTO_INCREMENT, AUTO_INCREMENT=146;

--
-- AUTO_INCREMENT pour la table `events_locations`
--
ALTER TABLE `events_locations`
  MODIFY `id` int(11) NOT NULL AUTO_INCREMENT, AUTO_INCREMENT=81;

--
-- AUTO_INCREMENT pour la table `events_root_cause`
--
ALTER TABLE `events_root_cause`
  MODIFY `id` int(11) NOT NULL AUTO_INCREMENT, AUTO_INCREMENT=76;

--
-- AUTO_INCREMENT pour la table `exposure`
--
ALTER TABLE `exposure`
  MODIFY `id_exposure` mediumint(8) UNSIGNED NOT NULL AUTO_INCREMENT, AUTO_INCREMENT=4;

--
-- AUTO_INCREMENT pour la table `extmail`
--
ALTER TABLE `extmail`
  MODIFY `ext_index` mediumint(8) UNSIGNED NOT NULL AUTO_INCREMENT, AUTO_INCREMENT=2;

--
-- AUTO_INCREMENT pour la table `fonction`
--
ALTER TABLE `fonction`
  MODIFY `idFonction` mediumint(8) UNSIGNED NOT NULL AUTO_INCREMENT, AUTO_INCREMENT=884;

--
-- AUTO_INCREMENT pour la table `gestion_controles_exams`
--
ALTER TABLE `gestion_controles_exams`
  MODIFY `id` int(11) NOT NULL AUTO_INCREMENT, AUTO_INCREMENT=3;

--
-- AUTO_INCREMENT pour la table `gestion_controles_exam_actions`
--
ALTER TABLE `gestion_controles_exam_actions`
  MODIFY `id` int(11) NOT NULL AUTO_INCREMENT, AUTO_INCREMENT=10;

--
-- AUTO_INCREMENT pour la table `gestion_controles_exam_action_recommendations`
--
ALTER TABLE `gestion_controles_exam_action_recommendations`
  MODIFY `id` int(11) NOT NULL AUTO_INCREMENT, AUTO_INCREMENT=2;

--
-- AUTO_INCREMENT pour la table `highperiod`
--
ALTER TABLE `highperiod`
  MODIFY `idhighperiod` mediumint(8) UNSIGNED NOT NULL AUTO_INCREMENT, AUTO_INCREMENT=8;

--
-- AUTO_INCREMENT pour la table `history`
--
ALTER TABLE `history`
  MODIFY `id` int(11) NOT NULL AUTO_INCREMENT, AUTO_INCREMENT=7;

--
-- AUTO_INCREMENT pour la table `impact`
--
ALTER TABLE `impact`
  MODIFY `IdImpact` mediumint(8) UNSIGNED NOT NULL AUTO_INCREMENT, AUTO_INCREMENT=14;

--
-- AUTO_INCREMENT pour la table `impact_business`
--
ALTER TABLE `impact_business`
  MODIFY `id_impact_business` mediumint(8) UNSIGNED NOT NULL AUTO_INCREMENT, AUTO_INCREMENT=15;

--
-- AUTO_INCREMENT pour la table `impact_financial`
--
ALTER TABLE `impact_financial`
  MODIFY `id_impact_financial` mediumint(8) UNSIGNED NOT NULL AUTO_INCREMENT, AUTO_INCREMENT=15;

--
-- AUTO_INCREMENT pour la table `impact_legal`
--
ALTER TABLE `impact_legal`
  MODIFY `id_impact_legal` mediumint(8) UNSIGNED NOT NULL AUTO_INCREMENT, AUTO_INCREMENT=15;

--
-- AUTO_INCREMENT pour la table `impact_reputation`
--
ALTER TABLE `impact_reputation`
  MODIFY `id_impact_reputation` mediumint(8) UNSIGNED NOT NULL AUTO_INCREMENT, AUTO_INCREMENT=15;

--
-- AUTO_INCREMENT pour la table `impact_resource`
--
ALTER TABLE `impact_resource`
  MODIFY `id_impact_resource` mediumint(8) UNSIGNED NOT NULL AUTO_INCREMENT, AUTO_INCREMENT=15;

--
-- AUTO_INCREMENT pour la table `impact_severity`
--
ALTER TABLE `impact_severity`
  MODIFY `id_impact_severity` mediumint(8) UNSIGNED NOT NULL AUTO_INCREMENT, AUTO_INCREMENT=36;

--
-- AUTO_INCREMENT pour la table `impact_technical`
--
ALTER TABLE `impact_technical`
  MODIFY `id_impact_technical` mediumint(8) UNSIGNED NOT NULL AUTO_INCREMENT, AUTO_INCREMENT=15;

--
-- AUTO_INCREMENT pour la table `incident`
--
ALTER TABLE `incident`
  MODIFY `idIncident` mediumint(8) UNSIGNED NOT NULL AUTO_INCREMENT, AUTO_INCREMENT=68;

--
-- AUTO_INCREMENT pour la table `indicateurs`
--
ALTER TABLE `indicateurs`
  MODIFY `idIndicateur` mediumint(8) NOT NULL AUTO_INCREMENT, AUTO_INCREMENT=14;

--
-- AUTO_INCREMENT pour la table `indicateurs_gestion`
--
ALTER TABLE `indicateurs_gestion`
  MODIFY `idGestion` mediumint(9) NOT NULL AUTO_INCREMENT, AUTO_INCREMENT=24;

--
-- AUTO_INCREMENT pour la table `indicateurs_saisie`
--
ALTER TABLE `indicateurs_saisie`
  MODIFY `idIndSaisie` mediumint(8) NOT NULL AUTO_INCREMENT, AUTO_INCREMENT=25;

--
-- AUTO_INCREMENT pour la table `indicateur_dashboard_frequency`
--
ALTER TABLE `indicateur_dashboard_frequency`
  MODIFY `idDashboardScore` mediumint(8) NOT NULL AUTO_INCREMENT, AUTO_INCREMENT=22;

--
-- AUTO_INCREMENT pour la table `indicateur_gestion_seuil`
--
ALTER TABLE `indicateur_gestion_seuil`
  MODIFY `idGestionSeuil` mediumint(9) NOT NULL AUTO_INCREMENT, AUTO_INCREMENT=50;

--
-- AUTO_INCREMENT pour la table `indicateur_link_objectifs`
--
ALTER TABLE `indicateur_link_objectifs`
  MODIFY `id` int(11) NOT NULL AUTO_INCREMENT, AUTO_INCREMENT=14;

--
-- AUTO_INCREMENT pour la table `indicateur_nature`
--
ALTER TABLE `indicateur_nature`
  MODIFY `idNature` int(11) NOT NULL AUTO_INCREMENT, AUTO_INCREMENT=14;

--
-- AUTO_INCREMENT pour la table `indicateur_objectifs`
--
ALTER TABLE `indicateur_objectifs`
  MODIFY `idObjectif` int(11) NOT NULL AUTO_INCREMENT, AUTO_INCREMENT=3;

--
-- AUTO_INCREMENT pour la table `indicatorlimits`
--
ALTER TABLE `indicatorlimits`
  MODIFY `id_indicatorlimits` mediumint(8) UNSIGNED NOT NULL AUTO_INCREMENT, AUTO_INCREMENT=4;

--
-- AUTO_INCREMENT pour la table `indicecouverture`
--
ALTER TABLE `indicecouverture`
  MODIFY `id_indicecouverture` mediumint(8) UNSIGNED NOT NULL AUTO_INCREMENT, AUTO_INCREMENT=7;

--
-- AUTO_INCREMENT pour la table `jalon`
--
ALTER TABLE `jalon`
  MODIFY `id_jalon` mediumint(8) UNSIGNED NOT NULL AUTO_INCREMENT, AUTO_INCREMENT=15;

--
-- AUTO_INCREMENT pour la table `lignefocus`
--
ALTER TABLE `lignefocus`
  MODIFY `idFocus` mediumint(8) UNSIGNED NOT NULL AUTO_INCREMENT, AUTO_INCREMENT=61;

--
-- AUTO_INCREMENT pour la table `lignevacation`
--
ALTER TABLE `lignevacation`
  MODIFY `idVacation` mediumint(8) UNSIGNED NOT NULL AUTO_INCREMENT, AUTO_INCREMENT=41;

--
-- AUTO_INCREMENT pour la table `localisation_type`
--
ALTER TABLE `localisation_type`
  MODIFY `idLt` mediumint(8) UNSIGNED NOT NULL AUTO_INCREMENT, AUTO_INCREMENT=10;

--
-- AUTO_INCREMENT pour la table `localisation_typerisque`
--
ALTER TABLE `localisation_typerisque`
  MODIFY `idLtr` mediumint(8) UNSIGNED NOT NULL AUTO_INCREMENT, AUTO_INCREMENT=7;

--
-- AUTO_INCREMENT pour la table `location_typeharbo`
--
ALTER TABLE `location_typeharbo`
  MODIFY `idTypeHarbo` mediumint(8) UNSIGNED NOT NULL AUTO_INCREMENT, AUTO_INCREMENT=5;

--
-- AUTO_INCREMENT pour la table `logs`
--
ALTER TABLE `logs`
  MODIFY `id` int(11) NOT NULL AUTO_INCREMENT, AUTO_INCREMENT=3;

--
-- AUTO_INCREMENT pour la table `modules`
--
ALTER TABLE `modules`
  MODIFY `idModule` mediumint(8) NOT NULL AUTO_INCREMENT, AUTO_INCREMENT=11;

--
-- AUTO_INCREMENT pour la table `msproject_mapping`
--
ALTER TABLE `msproject_mapping`
  MODIFY `id` int(11) NOT NULL AUTO_INCREMENT;

--
-- AUTO_INCREMENT pour la table `nature`
--
ALTER TABLE `nature`
  MODIFY `idNature` mediumint(8) UNSIGNED NOT NULL AUTO_INCREMENT, AUTO_INCREMENT=1485;

--
-- AUTO_INCREMENT pour la table `niveauconfidentialite`
--
ALTER TABLE `niveauconfidentialite`
  MODIFY `id_niveauconfidentialite` mediumint(8) UNSIGNED NOT NULL AUTO_INCREMENT, AUTO_INCREMENT=4;

--
-- AUTO_INCREMENT pour la table `niveaudisponibilite`
--
ALTER TABLE `niveaudisponibilite`
  MODIFY `id_niveaudisponibilite` mediumint(8) UNSIGNED NOT NULL AUTO_INCREMENT, AUTO_INCREMENT=4;

--
-- AUTO_INCREMENT pour la table `niveaugravite`
--
ALTER TABLE `niveaugravite`
  MODIFY `id_niveaugravite` mediumint(8) UNSIGNED NOT NULL AUTO_INCREMENT, AUTO_INCREMENT=4;

--
-- AUTO_INCREMENT pour la table `niveauimpact`
--
ALTER TABLE `niveauimpact`
  MODIFY `id_niveauimpact` mediumint(8) UNSIGNED NOT NULL AUTO_INCREMENT, AUTO_INCREMENT=7;

--
-- AUTO_INCREMENT pour la table `niveauintegrite`
--
ALTER TABLE `niveauintegrite`
  MODIFY `id_niveauintegrite` mediumint(8) UNSIGNED NOT NULL AUTO_INCREMENT, AUTO_INCREMENT=4;

--
-- AUTO_INCREMENT pour la table `niveaupotentialite`
--
ALTER TABLE `niveaupotentialite`
  MODIFY `id_niveaupotentialite` mediumint(8) UNSIGNED NOT NULL AUTO_INCREMENT, AUTO_INCREMENT=6;

--
-- AUTO_INCREMENT pour la table `niveaurisque`
--
ALTER TABLE `niveaurisque`
  MODIFY `id_niveaurisque` mediumint(8) UNSIGNED NOT NULL AUTO_INCREMENT, AUTO_INCREMENT=22;

--
-- AUTO_INCREMENT pour la table `niveausensibilite`
--
ALTER TABLE `niveausensibilite`
  MODIFY `id_niveausensibilite` mediumint(8) UNSIGNED NOT NULL AUTO_INCREMENT, AUTO_INCREMENT=4;

--
-- AUTO_INCREMENT pour la table `nivhab`
--
ALTER TABLE `nivhab`
  MODIFY `id_Niv_Hab` mediumint(8) UNSIGNED NOT NULL AUTO_INCREMENT, AUTO_INCREMENT=8;

--
-- AUTO_INCREMENT pour la table `notification`
--
ALTER TABLE `notification`
  MODIFY `id_notification` mediumint(8) UNSIGNED NOT NULL AUTO_INCREMENT, AUTO_INCREMENT=5;

--
-- AUTO_INCREMENT pour la table `organisation`
--
ALTER TABLE `organisation`
  MODIFY `idOrga` mediumint(8) UNSIGNED NOT NULL AUTO_INCREMENT, AUTO_INCREMENT=65;

--
-- AUTO_INCREMENT pour la table `param`
--
ALTER TABLE `param`
  MODIFY `id_licence` mediumint(8) UNSIGNED NOT NULL AUTO_INCREMENT, AUTO_INCREMENT=3;

--
-- AUTO_INCREMENT pour la table `pays`
--
ALTER TABLE `pays`
  MODIFY `idPays` int(11) UNSIGNED NOT NULL AUTO_INCREMENT, AUTO_INCREMENT=172;

--
-- AUTO_INCREMENT pour la table `periodesimpacts`
--
ALTER TABLE `periodesimpacts`
  MODIFY `id_periodesimpacts` mediumint(8) UNSIGNED NOT NULL AUTO_INCREMENT, AUTO_INCREMENT=11;

--
-- AUTO_INCREMENT pour la table `piecejointe`
--
ALTER TABLE `piecejointe`
  MODIFY `id_pj` mediumint(8) UNSIGNED NOT NULL AUTO_INCREMENT, AUTO_INCREMENT=14;

--
-- AUTO_INCREMENT pour la table `priorityaction`
--
ALTER TABLE `priorityaction`
  MODIFY `id_priorityaction` mediumint(8) UNSIGNED NOT NULL AUTO_INCREMENT, AUTO_INCREMENT=4;

--
-- AUTO_INCREMENT pour la table `processus`
--
ALTER TABLE `processus`
  MODIFY `idprocessus` mediumint(8) UNSIGNED NOT NULL AUTO_INCREMENT, AUTO_INCREMENT=374;

--
-- AUTO_INCREMENT pour la table `process_asset`
--
ALTER TABLE `process_asset`
  MODIFY `id` mediumint(11) UNSIGNED NOT NULL AUTO_INCREMENT, AUTO_INCREMENT=13406;

--
-- AUTO_INCREMENT pour la table `process_process`
--
ALTER TABLE `process_process`
  MODIFY `id` mediumint(11) UNSIGNED NOT NULL AUTO_INCREMENT, AUTO_INCREMENT=249;

--
-- AUTO_INCREMENT pour la table `profils`
--
ALTER TABLE `profils`
  MODIFY `idPro` mediumint(8) UNSIGNED NOT NULL AUTO_INCREMENT, AUTO_INCREMENT=144;

--
-- AUTO_INCREMENT pour la table `projet`
--
ALTER TABLE `projet`
  MODIFY `id_projet` mediumint(8) UNSIGNED NOT NULL AUTO_INCREMENT;

--
-- AUTO_INCREMENT pour la table `referentiel_actionrisques`
--
ALTER TABLE `referentiel_actionrisques`
  MODIFY `id_actionrisques` mediumint(8) UNSIGNED NOT NULL AUTO_INCREMENT;

--
-- AUTO_INCREMENT pour la table `referentiel_categorie`
--
ALTER TABLE `referentiel_categorie`
  MODIFY `id_categorie` mediumint(8) UNSIGNED NOT NULL AUTO_INCREMENT, AUTO_INCREMENT=120;

--
-- AUTO_INCREMENT pour la table `referentiel_domaine`
--
ALTER TABLE `referentiel_domaine`
  MODIFY `idDomaine` mediumint(8) UNSIGNED NOT NULL AUTO_INCREMENT, AUTO_INCREMENT=30;

--
-- AUTO_INCREMENT pour la table `referentiel_nature`
--
ALTER TABLE `referentiel_nature`
  MODIFY `idNature` mediumint(8) UNSIGNED NOT NULL AUTO_INCREMENT, AUTO_INCREMENT=947;

--
-- AUTO_INCREMENT pour la table `role`
--
ALTER TABLE `role`
  MODIFY `idRole` mediumint(8) UNSIGNED NOT NULL AUTO_INCREMENT, AUTO_INCREMENT=5;

--
-- AUTO_INCREMENT pour la table `rootcause`
--
ALTER TABLE `rootcause`
  MODIFY `idrootCause` mediumint(8) UNSIGNED NOT NULL AUTO_INCREMENT, AUTO_INCREMENT=9;

--
-- AUTO_INCREMENT pour la table `sent_notifications`
--
ALTER TABLE `sent_notifications`
  MODIFY `id` int(11) NOT NULL AUTO_INCREMENT, AUTO_INCREMENT=280;

--
-- AUTO_INCREMENT pour la table `site`
--
ALTER TABLE `site`
  MODIFY `idSite` mediumint(8) UNSIGNED NOT NULL AUTO_INCREMENT, AUTO_INCREMENT=22;

--
-- AUTO_INCREMENT pour la table `siterepli`
--
ALTER TABLE `siterepli`
  MODIFY `idSite` mediumint(8) UNSIGNED NOT NULL AUTO_INCREMENT;

--
-- AUTO_INCREMENT pour la table `societes`
--
ALTER TABLE `societes`
  MODIFY `Soc_Iden` mediumint(8) NOT NULL AUTO_INCREMENT, AUTO_INCREMENT=3;

--
-- AUTO_INCREMENT pour la table `status`
--
ALTER TABLE `status`
  MODIFY `id` int(11) NOT NULL AUTO_INCREMENT, AUTO_INCREMENT=5;

--
-- AUTO_INCREMENT pour la table `strategie`
--
ALTER TABLE `strategie`
  MODIFY `id` int(11) NOT NULL AUTO_INCREMENT, AUTO_INCREMENT=6;

--
-- AUTO_INCREMENT pour la table `tache`
--
ALTER TABLE `tache`
  MODIFY `idTache` mediumint(8) UNSIGNED NOT NULL AUTO_INCREMENT, AUTO_INCREMENT=513;

--
-- AUTO_INCREMENT pour la table `template`
--
ALTER TABLE `template`
  MODIFY `idtemplate` mediumint(8) UNSIGNED NOT NULL AUTO_INCREMENT, AUTO_INCREMENT=11;

--
-- AUTO_INCREMENT pour la table `tracking_incident`
--
ALTER TABLE `tracking_incident`
  MODIFY `idTracking` mediumint(8) UNSIGNED NOT NULL AUTO_INCREMENT, AUTO_INCREMENT=700;

--
-- AUTO_INCREMENT pour la table `tracking_typeaction`
--
ALTER TABLE `tracking_typeaction`
  MODIFY `id_typeaction` mediumint(8) UNSIGNED NOT NULL AUTO_INCREMENT, AUTO_INCREMENT=9;

--
-- AUTO_INCREMENT pour la table `typeaction`
--
ALTER TABLE `typeaction`
  MODIFY `idTypeAction` mediumint(8) UNSIGNED NOT NULL AUTO_INCREMENT, AUTO_INCREMENT=4;

--
-- AUTO_INCREMENT pour la table `typeannuaire`
--
ALTER TABLE `typeannuaire`
  MODIFY `idType_Ann` mediumint(8) NOT NULL AUTO_INCREMENT, AUTO_INCREMENT=3;

--
-- AUTO_INCREMENT pour la table `typebiensensible`
--
ALTER TABLE `typebiensensible`
  MODIFY `idTypebiensensible` mediumint(8) UNSIGNED NOT NULL AUTO_INCREMENT, AUTO_INCREMENT=7;

--
-- AUTO_INCREMENT pour la table `typecarto`
--
ALTER TABLE `typecarto`
  MODIFY `idTypecarto` mediumint(8) UNSIGNED NOT NULL AUTO_INCREMENT, AUTO_INCREMENT=8;

--
-- AUTO_INCREMENT pour la table `typecolonne`
--
ALTER TABLE `typecolonne`
  MODIFY `col_typ_iden` mediumint(5) NOT NULL AUTO_INCREMENT, AUTO_INCREMENT=10;

--
-- AUTO_INCREMENT pour la table `typefiche`
--
ALTER TABLE `typefiche`
  MODIFY `idTypeFiche` mediumint(8) UNSIGNED NOT NULL AUTO_INCREMENT, AUTO_INCREMENT=12;

--
-- AUTO_INCREMENT pour la table `typeimpact`
--
ALTER TABLE `typeimpact`
  MODIFY `id_typeimpact` mediumint(8) UNSIGNED NOT NULL AUTO_INCREMENT, AUTO_INCREMENT=13;

--
-- AUTO_INCREMENT pour la table `typenature`
--
ALTER TABLE `typenature`
  MODIFY `id_typenature` mediumint(8) NOT NULL AUTO_INCREMENT, AUTO_INCREMENT=6;

--
-- AUTO_INCREMENT pour la table `typeorganisation`
--
ALTER TABLE `typeorganisation`
  MODIFY `idTypeOrga` mediumint(8) UNSIGNED NOT NULL AUTO_INCREMENT, AUTO_INCREMENT=5;

--
-- AUTO_INCREMENT pour la table `typeplan`
--
ALTER TABLE `typeplan`
  MODIFY `idPlan` int(11) UNSIGNED NOT NULL AUTO_INCREMENT, AUTO_INCREMENT=5;

--
-- AUTO_INCREMENT pour la table `typeprocessus`
--
ALTER TABLE `typeprocessus`
  MODIFY `id_typeprocessus` mediumint(8) NOT NULL AUTO_INCREMENT, AUTO_INCREMENT=5;

--
-- AUTO_INCREMENT pour la table `typeressource`
--
ALTER TABLE `typeressource`
  MODIFY `TypRes_Iden` mediumint(8) UNSIGNED NOT NULL AUTO_INCREMENT, AUTO_INCREMENT=3;

--
-- AUTO_INCREMENT pour la table `typesuivi`
--
ALTER TABLE `typesuivi`
  MODIFY `id_typesuivi` mediumint(8) NOT NULL AUTO_INCREMENT, AUTO_INCREMENT=41;

--
-- AUTO_INCREMENT pour la table `typetache`
--
ALTER TABLE `typetache`
  MODIFY `idTypeTache` mediumint(8) UNSIGNED NOT NULL AUTO_INCREMENT, AUTO_INCREMENT=4;

--
-- AUTO_INCREMENT pour la table `workflow_mail`
--
ALTER TABLE `workflow_mail`
  MODIFY `id_mail` mediumint(8) UNSIGNED NOT NULL AUTO_INCREMENT, AUTO_INCREMENT=10;
COMMIT;

