CREATE TABLE `process_organisation` (
  `id_process` int(11) NOT NULL,
  `id_pere` varchar(20) NOT NULL,
  `id_orga` varchar(50) NOT NULL,
  `periodes_impacts` varchar(135) CHARACTER SET utf8 COLLATE utf8_general_ci NOT NULL
) ENGINE=InnoDB DEFAULT CHARSET=utf8;

--
-- Déchargement des données de la table `process_organisation`
--

INSERT INTO `process_organisation` (`id_process`, `id_pere`, `id_orga`, `periodes_impacts`) VALUES
(1, '', '39//1-2-3//1[1]1-2[2]', '{\"4\":\"7\",\"5\":\"8\",\"6\":\"7\",\"7\":\"8\",\"8\":\"35\",\"9\":\"35\",\"10\":\"6\"}'),
(2, '1', '39//1-2-3//1[1]1-2[2]', ''),
(2, '1', '8//1-2-3//1[1]1-2[2]', ''),
(3, '', '39//1-2-3//1[1]1-2[2]', '{\"4\":\"5\",\"5\":\"6\",\"6\":\"6\",\"7\":\"7\",\"8\":\"7\",\"9\":\"8\",\"10\":\"5\"}'),
(4, '3', '39//1-2-3//1[1]1-2[2]', ''),
(5, '1', '39//1-2-3//1[1]1-2[2]', ''),
(5, '1', '8//1-2-3//1[1]1-2[2]', ''),
(6, '1', '39//1-2-3//1[1]1-2[2]', ''),
(6, '1', '8//1-2-3//1[1]1-2[2]', ''),
(7, '1', '39//1-2-3//1[1]1-2[2]', ''),
(7, '1', '8//1-2-3//1[1]1-2[2]', ''),
(8, '', '31//1-2-3//1[1]1-2[12]', ''),
(9, '8', '8//1-2-3//1[1]1-2[2]', ''),
(10, '1', '39//1-2-3//1[1]1-2[2]', ''),
(11, '1', '39//1-2-3//1[1]1-2[2]', ''),
(12, '1', '39//1-2-3//1[1]1-2[2]', ''),
(13, '1', '39//1-2-3//1[1]1-2[2]', ''),
(14, '1', '39//1-2-3//1[1]1-2[2]', ''),
(15, '1', '39//1-2-3//1[1]1-2[2]', ''),
(16, '1', '13//1-2-3-4//1[1]1-2[2]1-2-3[8]', ''),
(16, '1', '39//1-2-3//1[1]1-2[2]', ''),
(17, '87', '35//1-2-3//1[1]1-2[3]', ''),
(18, '65', '16//1-2-3//1[1]1-2[3]', '{\"4\":\"\",\"5\":\"\",\"6\":\"\",\"7\":\"\",\"8\":\"\",\"9\":\"\",\"10\":\"\"}'),
(19, '65', '16//1-2-3//1[1]1-2[3]', '{\"4\":\"\",\"5\":\"\",\"6\":\"\",\"7\":\"\",\"8\":\"\",\"9\":\"\",\"10\":\"\"}'),
(20, '65', '16//1-2-3//1[1]1-2[3]', ''),
(21, '', '9//1-2-3//1[1]1-2[2]', '{\"4\":\"5\",\"5\":\"6\",\"6\":\"6\",\"7\":\"7\",\"8\":\"7\",\"9\":\"8\",\"10\":\"5\"}'),
(22, '21', '9//1-2-3//1[1]1-2[2]', ''),
(23, '21', '9//1-2-3//1[1]1-2[2]', ''),
(24, '21', '9//1-2-3//1[1]1-2[2]', ''),
(25, '21', '9//1-2-3//1[1]1-2[2]', ''),
(26, '21', '9//1-2-3//1[1]1-2[2]', ''),
(27, '21', '9//1-2-3//1[1]1-2[2]', ''),
(28, '21', '9//1-2-3//1[1]1-2[2]', ''),
(29, '21', '9//1-2-3//1[1]1-2[2]', ''),
(30, '21', '9//1-2-3//1[1]1-2[2]', ''),
(31, '21', '9//1-2-3//1[1]1-2[2]', ''),
(32, '21', '9//1-2-3//1[1]1-2[2]', ''),
(33, '21', '9//1-2-3//1[1]1-2[2]', ''),
(34, '21', '9//1-2-3//1[1]1-2[2]', ''),
(35, '21', '9//1-2-3//1[1]1-2[2]', ''),
(36, '21', '9//1-2-3//1[1]1-2[2]', ''),
(37, '21', '9//1-2-3//1[1]1-2[2]', ''),
(38, '21', '9//1-2-3//1[1]1-2[2]', ''),
(39, '21', '9//1-2-3//1[1]1-2[2]', ''),
(40, '21', '9//1-2-3//1[1]1-2[2]', ''),
(41, '21', '9//1-2-3//1[1]1-2[2]', ''),
(42, '21', '9//1-2-3//1[1]1-2[2]', ''),
(43, '21', '9//1-2-3//1[1]1-2[2]', ''),
(44, '', '15//1-2-3//1[1]1-2[5]', ''),
(45, '44', '15//1-2-3//1[1]1-2[5]', ''),
(46, '44', '15//1-2-3//1[1]1-2[5]', ''),
(47, '44', '15//1-2-3//1[1]1-2[5]', ''),
(48, '44', '15//1-2-3//1[1]1-2[5]', ''),
(49, '44', '15//1-2-3//1[1]1-2[5]', ''),
(50, '44', '15//1-2-3//1[1]1-2[5]', ''),
(51, '44', '15//1-2-3//1[1]1-2[5]', ''),
(52, '44', '15//1-2-3//1[1]1-2[5]', ''),
(53, '44', '15//1-2-3//1[1]1-2[5]', ''),
(54, '44', '15//1-2-3//1[1]1-2[5]', ''),
(55, '44', '15//1-2-3//1[1]1-2[5]', ''),
(56, '44', '15//1-2-3//1[1]1-2[5]', ''),
(57, '44', '15//1-2-3//1[1]1-2[5]', ''),
(58, '44', '15//1-2-3//1[1]1-2[5]', ''),
(59, '44', '15//1-2-3//1[1]1-2[5]', ''),
(60, '44', '15//1-2-3//1[1]1-2[5]', ''),
(61, '44', '15//1-2-3//1[1]1-2[5]', ''),
(62, '44', '15//1-2-3//1[1]1-2[5]', ''),
(63, '44', '15//1-2-3//1[1]1-2[5]', ''),
(64, '44', '15//1-2-3//1[1]1-2[5]', ''),
(65, '', '16//1-2-3//1[1]1-2[3]', '{\"4\":\"6\",\"5\":\"7\",\"6\":\"7\",\"7\":\"8\",\"8\":\"8\",\"9\":\"8\",\"10\":\"6\"}'),
(66, '65', '16//1-2-3//1[1]1-2[3]', ''),
(67, '65', '16//1-2-3//1[1]1-2[3]', ''),
(68, '65', '16//1-2-3//1[1]1-2[3]', ''),
(69, '65', '16//1-2-3//1[1]1-2[3]', ''),
(70, '65', '16//1-2-3//1[1]1-2[3]', ''),
(71, '65', '16//1-2-3//1[1]1-2[3]', ''),
(72, '65', '16//1-2-3//1[1]1-2[3]', ''),
(73, '65', '16//1-2-3//1[1]1-2[3]', ''),
(74, '65', '16//1-2-3//1[1]1-2[3]', ''),
(75, '65', '16//1-2-3//1[1]1-2[3]', ''),
(76, '65', '16//1-2-3//1[1]1-2[3]', ''),
(77, '65', '16//1-2-3//1[1]1-2[3]', ''),
(78, '65', '16//1-2-3//1[1]1-2[3]', ''),
(79, '65', '16//1-2-3//1[1]1-2[3]', ''),
(80, '65', '16//1-2-3//1[1]1-2[3]', ''),
(81, '', '10//1-2-3//1[1]1-2[2]', ''),
(82, '81', '30//1-2-3//1[1]1-2[12]', ''),
(83, '81', '27//1-2-3//1[1]1-2[12]', ''),
(85, '81', '30//1-2-3//1[1]1-2[12]', ''),
(86, '65', '16//1-2-3//1[1]1-2[3]', ''),
(87, '', '35//1-2-3//1[1]1-2[3]', ''),
(88, '87', '35//1-2-3//1[1]1-2[3]', ''),
(89, '87', '35//1-2-3//1[1]1-2[3]', ''),
(90, '87', '35//1-2-3//1[1]1-2[3]', ''),
(91, '87', '35//1-2-3//1[1]1-2[3]', ''),
(92, '87', '35//1-2-3//1[1]1-2[3]', ''),
(93, '87', '35//1-2-3//1[1]1-2[3]', ''),
(94, '87', '35//1-2-3//1[1]1-2[3]', ''),
(95, '87', '35//1-2-3//1[1]1-2[3]', ''),
(96, '87', '35//1-2-3//1[1]1-2[3]', ''),
(97, '87', '35//1-2-3//1[1]1-2[3]', ''),
(98, '87', '35//1-2-3//1[1]1-2[3]', ''),
(99, '87', '35//1-2-3//1[1]1-2[3]', ''),
(100, '87', '35//1-2-3//1[1]1-2[3]', ''),
(101, '87', '35//1-2-3//1[1]1-2[3]', ''),
(102, '21', '9//1-2-3//1[1]1-2[2]', ''),
(103, '21', '9//1-2-3//1[1]1-2[2]', ''),
(104, '21', '9//1-2-3//1[1]1-2[2]', ''),
(105, '21', '9//1-2-3//1[1]1-2[2]', ''),
(106, '21', '9//1-2-3//1[1]1-2[2]', ''),
(123, '', '37//1-2-3//1[1]1-2[3]', ''),
(124, '123', '37//1-2-3//1[1]1-2[3]', ''),
(125, '123', '37//1-2-3//1[1]1-2[3]', ''),
(126, '123', '37//1-2-3//1[1]1-2[3]', ''),
(127, '123', '37//1-2-3//1[1]1-2[3]', ''),
(128, '123', '37//1-2-3//1[1]1-2[3]', ''),
(129, '123', '37//1-2-3//1[1]1-2[3]', ''),
(130, '123', '37//1-2-3//1[1]1-2[3]', ''),
(131, '123', '37//1-2-3//1[1]1-2[3]', ''),
(132, '123', '37//1-2-3//1[1]1-2[3]', ''),
(133, '123', '37//1-2-3//1[1]1-2[3]', ''),
(134, '123', '37//1-2-3//1[1]1-2[3]', ''),
(135, '123', '37//1-2-3//1[1]1-2[3]', ''),
(136, '123', '37//1-2-3//1[1]1-2[3]', ''),
(137, '123', '37//1-2-3//1[1]1-2[3]', ''),
(138, '', '36//1-2-3//1[1]1-2[3]', ''),
(139, '138', '36//1-2-3//1[1]1-2[3]', ''),
(140, '138', '36//1-2-3//1[1]1-2[3]', ''),
(141, '138', '36//1-2-3//1[1]1-2[3]', ''),
(142, '138', '36//1-2-3//1[1]1-2[3]', ''),
(143, '138', '36//1-2-3//1[1]1-2[3]', ''),
(144, '138', '36//1-2-3//1[1]1-2[3]', ''),
(145, '', '36//1-2-3//1[1]1-2[3]', ''),
(146, '145', '36//1-2-3//1[1]1-2[3]', ''),
(147, '145', '36//1-2-3//1[1]1-2[3]', ''),
(148, '145', '36//1-2-3//1[1]1-2[3]', ''),
(149, '145', '36//1-2-3//1[1]1-2[3]', ''),
(150, '145', '36//1-2-3//1[1]1-2[3]', ''),
(151, '', '36//1-2-3//1[1]1-2[3]', ''),
(152, '151', '36//1-2-3//1[1]1-2[3]', ''),
(153, '151', '36//1-2-3//1[1]1-2[3]', ''),
(154, '151', '36//1-2-3//1[1]1-2[3]', ''),
(155, '151', '36//1-2-3//1[1]1-2[3]', ''),
(156, '151', '36//1-2-3//1[1]1-2[3]', ''),
(157, '151', '36//1-2-3//1[1]1-2[3]', ''),
(158, '', '31//1-2-3//1[1]1-2[12]', '{\"4\":\"\",\"5\":\"\",\"6\":\"\",\"7\":\"\",\"8\":\"\",\"9\":\"\",\"10\":\"\"}'),
(159, '158', '31//1-2-3//1[1]1-2[12]', ''),
(160, '158', '31//1-2-3//1[1]1-2[12]', ''),
(161, '158', '31//1-2-3//1[1]1-2[12]', ''),
(162, '158', '31//1-2-3//1[1]1-2[12]', ''),
(163, '158', '31//1-2-3//1[1]1-2[12]', ''),
(164, '158', '31//1-2-3//1[1]1-2[12]', ''),
(165, '158', '31//1-2-3//1[1]1-2[12]', ''),
(166, '158', '31//1-2-3//1[1]1-2[12]', ''),
(167, '158', '31//1-2-3//1[1]1-2[12]', ''),
(168, '158', '31//1-2-3//1[1]1-2[12]', ''),
(169, '158', '31//1-2-3//1[1]1-2[12]', ''),
(170, '', '30//1-2-3//1[1]1-2[12]', ''),
(171, '170', '30//1-2-3//1[1]1-2[12]', ''),
(172, '170', '30//1-2-3//1[1]1-2[12]', ''),
(173, '170', '30//1-2-3//1[1]1-2[12]', ''),
(174, '170', '30//1-2-3//1[1]1-2[12]', ''),
(175, '170', '30//1-2-3//1[1]1-2[12]', ''),
(176, '170', '30//1-2-3//1[1]1-2[12]', ''),
(177, '170', '30//1-2-3//1[1]1-2[12]', ''),
(178, '170', '30//1-2-3//1[1]1-2[12]', ''),
(179, '170', '30//1-2-3//1[1]1-2[12]', ''),
(180, '170', '30//1-2-3//1[1]1-2[12]', ''),
(181, '170', '30//1-2-3//1[1]1-2[12]', ''),
(182, '170', '30//1-2-3//1[1]1-2[12]', ''),
(183, '170', '30//1-2-3//1[1]1-2[12]', ''),
(184, '21', '9//1-2-3//1[1]1-2[2]', ''),
(185, '81', '10//1-2-3//1[1]1-2[2]', ''),
(186, '81', '10//1-2-3//1[1]1-2[2]', ''),
(187, '81', '10//1-2-3//1[1]1-2[2]', ''),
(188, '81', '10//1-2-3//1[1]1-2[2]', ''),
(189, '81', '10//1-2-3//1[1]1-2[2]', ''),
(190, '81', '10//1-2-3//1[1]1-2[2]', ''),
(191, '81', '10//1-2-3//1[1]1-2[2]', ''),
(192, '81', '10//1-2-3//1[1]1-2[2]', ''),
(193, '81', '10//1-2-3//1[1]1-2[2]', ''),
(194, '81', '10//1-2-3//1[1]1-2[2]', ''),
(195, '170', '30//1-2-3//1[1]1-2[12]', ''),
(196, '170', '30//1-2-3//1[1]1-2[12]', ''),
(197, '170', '30//1-2-3//1[1]1-2[12]', ''),
(198, '', '26//1-2-3//1[1]1-2[3]', '{\"4\":\"7\",\"5\":\"8\",\"6\":\"8\",\"7\":\"35\",\"8\":\"35\",\"9\":\"35\",\"10\":\"6\"}'),
(199, '198', '26//1-2-3//1[1]1-2[3]', ''),
(200, '199', '26//1-2-3//1[1]1-2[3]', ''),
(201, '199', '26//1-2-3//1[1]1-2[3]', ''),
(202, '199', '26//1-2-3//1[1]1-2[3]', ''),
(203, '199', '26//1-2-3//1[1]1-2[3]', ''),
(204, '199', '26//1-2-3//1[1]1-2[3]', ''),
(205, '199', '26//1-2-3//1[1]1-2[3]', ''),
(206, '199', '26//1-2-3//1[1]1-2[3]', ''),
(207, '198', '26//1-2-3//1[1]1-2[3]', ''),
(208, '198', '26//1-2-3//1[1]1-2[3]', ''),
(209, '198', '26//1-2-3//1[1]1-2[3]', ''),
(210, '198', '26//1-2-3//1[1]1-2[3]', ''),
(211, '198', '26//1-2-3//1[1]1-2[3]', ''),
(212, '211', '26//1-2-3//1[1]1-2[3]', ''),
(213, '211', '26//1-2-3//1[1]1-2[3]', ''),
(214, '211', '26//1-2-3//1[1]1-2[3]', ''),
(215, '211', '26//1-2-3//1[1]1-2[3]', ''),
(216, '207', '26//1-2-3//1[1]1-2[3]', ''),
(217, '207', '26//1-2-3//1[1]1-2[3]', ''),
(218, '207', '26//1-2-3//1[1]1-2[3]', ''),
(219, '207', '26//1-2-3//1[1]1-2[3]', ''),
(220, '207', '26//1-2-3//1[1]1-2[3]', ''),
(221, '207', '26//1-2-3//1[1]1-2[3]', ''),
(222, '207', '26//1-2-3//1[1]1-2[3]', ''),
(223, '207', '26//1-2-3//1[1]1-2[3]', ''),
(224, '208', '26//1-2-3//1[1]1-2[3]', ''),
(225, '208', '26//1-2-3//1[1]1-2[3]', ''),
(226, '208', '26//1-2-3//1[1]1-2[3]', ''),
(227, '208', '26//1-2-3//1[1]1-2[3]', ''),
(228, '210', '26//1-2-3//1[1]1-2[3]', ''),
(229, '210', '26//1-2-3//1[1]1-2[3]', ''),
(230, '210', '26//1-2-3//1[1]1-2[3]', ''),
(231, '210', '26//1-2-3//1[1]1-2[3]', ''),
(232, '210', '26//1-2-3//1[1]1-2[3]', ''),
(233, '210', '26//1-2-3//1[1]1-2[3]', ''),
(234, '198/210', '30//1-2-3//1[1]1-2[12]', ''),
(235, '210', '26//1-2-3//1[1]1-2[3]', ''),
(236, '210', '26//1-2-3//1[1]1-2[3]', ''),
(237, '210', '26//1-2-3//1[1]1-2[3]', ''),
(238, '210', '26//1-2-3//1[1]1-2[3]', ''),
(239, '210', '26//1-2-3//1[1]1-2[3]', ''),
(240, '', '2//1-2//1[1]', '{\"4\":\"\",\"5\":\"\",\"6\":\"\",\"7\":\"\",\"8\":\"\",\"9\":\"\",\"10\":\"\"}'),
(241, '240', '2//1-2//1[1]', ''),
(242, '240', '2//1-2//1[1]', ''),
(243, '240', '2//1-2//1[1]', ''),
(244, '240', '2//1-2//1[1]', ''),
(245, '240', '2//1-2//1[1]', ''),
(246, '240', '2//1-2//1[1]', ''),
(247, '240', '2//1-2//1[1]', ''),
(248, '240', '2//1-2//1[1]', ''),
(249, '240', '2//1-2//1[1]', ''),
(250, '240', '2//1-2//1[1]', ''),
(251, '', '2//1-2//1[1]', ''),
(252, '251', '2//1-2//1[1]', ''),
(253, '251', '2//1-2//1[1]', ''),
(254, '251', '2//1-2//1[1]', ''),
(255, '251', '2//1-2//1[1]', ''),
(256, '251', '2//1-2//1[1]', ''),
(257, '251', '2//1-2//1[1]', ''),
(258, '251', '2//1-2//1[1]', ''),
(259, '251', '2//1-2//1[1]', ''),
(260, '251', '2//1-2//1[1]', ''),
(261, '251', '2//1-2//1[1]', ''),
(262, '251', '2//1-2//1[1]', ''),
(263, '251', '2//1-2//1[1]', ''),
(264, '251', '2//1-2//1[1]', ''),
(265, '251', '2//1-2//1[1]', ''),
(266, '251', '2//1-2//1[1]', ''),
(267, '251', '2//1-2//1[1]', ''),
(268, '251', '2//1-2//1[1]', ''),
(269, '251', '2//1-2//1[1]', ''),
(270, '251', '2//1-2//1[1]', ''),
(271, '251', '2//1-2//1[1]', ''),
(272, '251', '2//1-2//1[1]', ''),
(273, '251', '2//1-2//1[1]', ''),
(274, '251', '2//1-2//1[1]', ''),
(275, '251', '2//1-2//1[1]', ''),
(276, '251', '2//1-2//1[1]', ''),
(277, '251', '2//1-2//1[1]', ''),
(278, '251', '2//1-2//1[1]', ''),
(279, '', '2//1-2//1[1]', '{\"4\":\"\",\"5\":\"\",\"6\":\"\",\"7\":\"\",\"8\":\"\",\"9\":\"\",\"10\":\"\"}'),
(280, '279', '11//1-2-3-4//1[1]1-2[2]', ''),
(280, '279', '2//1-2//1[1]', ''),
(280, '279', '20//1-2-3-4//1[1]1-2[2]', ''),
(280, '279', '21//1-2-3-4//1[1]1-2[2]', ''),
(280, '279', '22//1-2-3-4//1[1]1-2[2]', ''),
(280, '279', '24//1-2-3-4//1[1]1-2[2]', ''),
(280, '279', '42//1-2-3-4//1[1]1-2[2]', ''),
(281, '279', '2//1-2//1[1]', ''),
(282, '279', '2//1-2//1[1]', ''),
(283, '279', '2//1-2//1[1]', ''),
(284, '279', '2//1-2//1[1]', ''),
(285, '279', '2//1-2//1[1]', ''),
(286, '279', '11//1-2-3-4//1[1]1-2[2]', ''),
(286, '279', '20//1-2-3-4//1[1]1-2[2]', ''),
(286, '279', '21//1-2-3-4//1[1]1-2[2]', ''),
(286, '279', '22//1-2-3-4//1[1]1-2[2]', ''),
(286, '279', '24//1-2-3-4//1[1]1-2[2]', ''),
(286, '279', '42//1-2-3-4//1[1]1-2[2]', ''),
(287, '279', '2//1-2//1[1]', ''),
(288, '279', '2//1-2//1[1]', ''),
(289, '279', '2//1-2//1[1]', ''),
(290, '279', '2//1-2//1[1]', ''),
(291, '', '30//1-2-3//1[1]1-2[12]', ''),
(292, '291', '11//1-2-3-4//1[1]1-2[2]1-2-3[6]', ''),
(292, '291', '20//1-2-3-4//1[1]1-2[2]1-2-3[6]', ''),
(292, '291', '21//1-2-3-4//1[1]1-2[2]1-2-3[6]', ''),
(292, '291', '22//1-2-3-4//1[1]1-2[2]1-2-3[6]', ''),
(292, '291', '24//1-2-3-4//1[1]1-2[2]1-2-3[6]', ''),
(292, '291', '42//1-2-3-4//1[1]1-2[2]1-2-3[6]', ''),
(293, '291', '11//1-2-3-4//1[1]1-2[2]1-2-3[6]', ''),
(293, '291', '20//1-2-3-4//1[1]1-2[2]1-2-3[6]', ''),
(293, '291', '21//1-2-3-4//1[1]1-2[2]1-2-3[6]', ''),
(293, '291', '22//1-2-3-4//1[1]1-2[2]1-2-3[6]', ''),
(293, '291', '24//1-2-3-4//1[1]1-2[2]1-2-3[6]', ''),
(293, '291', '42//1-2-3-4//1[1]1-2[2]1-2-3[6]', ''),
(294, '291', '11//1-2-3-4//1[1]1-2[2]1-2-3[6]', ''),
(294, '291', '20//1-2-3-4//1[1]1-2[2]1-2-3[6]', ''),
(294, '291', '21//1-2-3-4//1[1]1-2[2]1-2-3[6]', ''),
(294, '291', '22//1-2-3-4//1[1]1-2[2]1-2-3[6]', ''),
(294, '291', '24//1-2-3-4//1[1]1-2[2]1-2-3[6]', ''),
(294, '291', '42//1-2-3-4//1[1]1-2[2]1-2-3[6]', ''),
(295, '291', '11//1-2-3-4//1[1]1-2[2]1-2-3[6]', ''),
(295, '291', '20//1-2-3-4//1[1]1-2[2]1-2-3[6]', ''),
(295, '291', '21//1-2-3-4//1[1]1-2[2]1-2-3[6]', ''),
(295, '291', '22//1-2-3-4//1[1]1-2[2]1-2-3[6]', ''),
(295, '291', '24//1-2-3-4//1[1]1-2[2]1-2-3[6]', ''),
(295, '291', '42//1-2-3-4//1[1]1-2[2]1-2-3[6]', ''),
(296, '291', '11//1-2-3-4//1[1]1-2[2]1-2-3[6]', ''),
(296, '291', '20//1-2-3-4//1[1]1-2[2]1-2-3[6]', ''),
(296, '291', '21//1-2-3-4//1[1]1-2[2]1-2-3[6]', ''),
(296, '291', '22//1-2-3-4//1[1]1-2[2]1-2-3[6]', ''),
(296, '291', '24//1-2-3-4//1[1]1-2[2]1-2-3[6]', ''),
(296, '291', '42//1-2-3-4//1[1]1-2[2]1-2-3[6]', ''),
(297, '291', '11//1-2-3-4//1[1]1-2[2]1-2-3[6]', ''),
(297, '291', '20//1-2-3-4//1[1]1-2[2]1-2-3[6]', ''),
(297, '291', '21//1-2-3-4//1[1]1-2[2]1-2-3[6]', ''),
(297, '291', '22//1-2-3-4//1[1]1-2[2]1-2-3[6]', ''),
(297, '291', '24//1-2-3-4//1[1]1-2[2]1-2-3[6]', ''),
(297, '291', '42//1-2-3-4//1[1]1-2[2]1-2-3[6]', ''),
(298, '291', '11//1-2-3-4//1[1]1-2[2]1-2-3[6]', ''),
(298, '291', '20//1-2-3-4//1[1]1-2[2]1-2-3[6]', ''),
(298, '291', '21//1-2-3-4//1[1]1-2[2]1-2-3[6]', ''),
(298, '291', '22//1-2-3-4//1[1]1-2[2]1-2-3[6]', ''),
(298, '291', '24//1-2-3-4//1[1]1-2[2]1-2-3[6]', ''),
(298, '291', '42//1-2-3-4//1[1]1-2[2]1-2-3[6]', ''),
(299, '3', '39//1-2-3//1[1]1-2[2]', ''),
(300, '3', '39//1-2-3//1[1]1-2[2]', ''),
(301, '3', '39//1-2-3//1[1]1-2[2]', ''),
(302, '3', '39//1-2-3//1[1]1-2[2]', ''),
(303, '3', '39//1-2-3//1[1]1-2[2]', ''),
(304, '3', '39//1-2-3//1[1]1-2[2]', ''),
(305, '123', '37//1-2-3//1[1]1-2[3]', ''),
(306, '123', '37//1-2-3//1[1]1-2[3]', ''),
(307, '123', '37//1-2-3//1[1]1-2[3]', ''),
(308, '123', '37//1-2-3//1[1]1-2[3]', ''),
(309, '123', '37//1-2-3//1[1]1-2[3]', ''),
(310, '', '34//1-2-3//1[1]1-2[4]', ''),
(311, '', '18//1-2-3//1[1]1-2[5]', ''),
(312, '311', '18//1-2-3//1[1]1-2[5]', ''),
(313, '311', '18//1-2-3//1[1]1-2[5]', ''),
(314, '311', '18//1-2-3//1[1]1-2[5]', ''),
(315, '311', '18//1-2-3//1[1]1-2[5]', ''),
(316, '311', '18//1-2-3//1[1]1-2[5]', ''),
(317, '311', '18//1-2-3//1[1]1-2[5]', ''),
(318, '311', '18//1-2-3//1[1]1-2[5]', ''),
(319, '311', '18//1-2-3//1[1]1-2[5]', ''),
(320, '311', '18//1-2-3//1[1]1-2[5]', ''),
(321, '310', '34//1-2-3//1[1]1-2[4]', ''),
(322, '310', '34//1-2-3//1[1]1-2[4]', ''),
(323, '310', '34//1-2-3//1[1]1-2[4]', ''),
(324, '310', '34//1-2-3//1[1]1-2[4]', ''),
(325, '310', '34//1-2-3//1[1]1-2[4]', ''),
(326, '310', '34//1-2-3//1[1]1-2[4]', ''),
(327, '310', '34//1-2-3//1[1]1-2[4]', ''),
(328, '310', '34//1-2-3//1[1]1-2[4]', ''),
(329, '310', '34//1-2-3//1[1]1-2[4]', ''),
(330, '310', '34//1-2-3//1[1]1-2[4]', ''),
(331, '310', '34//1-2-3//1[1]1-2[4]', ''),
(332, '310', '34//1-2-3//1[1]1-2[4]', ''),
(333, '310', '34//1-2-3//1[1]1-2[4]', ''),
(334, '', '17//1-2-3//1[1]1-2[5]', ''),
(335, '334', '17//1-2-3//1[1]1-2[5]', ''),
(336, '334', '17//1-2-3//1[1]1-2[5]', ''),
(337, '334', '17//1-2-3//1[1]1-2[5]', ''),
(338, '334', '17//1-2-3//1[1]1-2[5]', ''),
(339, '334', '17//1-2-3//1[1]1-2[5]', ''),
(340, '334', '17//1-2-3//1[1]1-2[5]', ''),
(341, '334', '17//1-2-3//1[1]1-2[5]', '');

-- --------------------------------------------------------

--
-- Structure de la table `process_process`
--

CREATE TABLE `process_process` (
  `id` mediumint(11) UNSIGNED NOT NULL,
  `idLgProcess` varchar(250) NOT NULL,
  `idProcess` varchar(250) NOT NULL,
  `date_debut` datetime NOT NULL DEFAULT '0000-00-00 00:00:00',
  `date_modif` date NOT NULL DEFAULT '0000-00-00',
  `date_fin` date NOT NULL DEFAULT '0000-00-00',
  `date_periode` datetime NOT NULL DEFAULT '0000-00-00 00:00:00'
) ENGINE=InnoDB DEFAULT CHARSET=utf8;

--
-- Déchargement des données de la table `process_process`
--

INSERT INTO `process_process` (`id`, `idLgProcess`, `idProcess`, `date_debut`, `date_modif`, `date_fin`, `date_periode`) VALUES
(169, '50//1-2-3//1[45]1-2[52]/364/353', '65', '2021-01-26 09:34:32', '0000-00-00', '0000-00-00', '2018-05-31 00:00:00'),
(170, '50//1-2-3//1[45]1-2[52]/364/353', '19', '2021-01-26 09:34:32', '0000-00-00', '0000-00-00', '2018-05-31 00:00:00'),
(178, '36//1-2-3//1[1]1-2[3]/138/139', '138', '2022-01-01 00:00:00', '0000-00-00', '0000-00-00', '0000-00-00 00:00:00'),
(179, '36//1-2-3//1[1]1-2[3]/138/139', '144', '2022-01-01 00:00:00', '0000-00-00', '0000-00-00', '0000-00-00 00:00:00'),
(180, '36//1-2-3//1[1]1-2[3]/138/139', '145', '2022-01-01 00:00:00', '0000-00-00', '0000-00-00', '0000-00-00 00:00:00'),
(181, '36//1-2-3//1[1]1-2[3]/138/139', '150', '2022-01-01 00:00:00', '0000-00-00', '0000-00-00', '0000-00-00 00:00:00'),
(182, '36//1-2-3//1[1]1-2[3]/138/142', '138', '2022-01-01 00:00:00', '0000-00-00', '0000-00-00', '0000-00-00 00:00:00'),
(183, '36//1-2-3//1[1]1-2[3]/138/142', '144', '2022-01-01 00:00:00', '0000-00-00', '0000-00-00', '0000-00-00 00:00:00'),
(184, '36//1-2-3//1[1]1-2[3]/138/142', '145', '2022-01-01 00:00:00', '0000-00-00', '0000-00-00', '0000-00-00 00:00:00'),
(185, '36//1-2-3//1[1]1-2[3]/138/142', '150', '2022-01-01 00:00:00', '0000-00-00', '0000-00-00', '0000-00-00 00:00:00'),
(186, '36//1-2-3//1[1]1-2[3]/138/143', '138', '2022-01-01 00:00:00', '0000-00-00', '0000-00-00', '0000-00-00 00:00:00'),
(187, '36//1-2-3//1[1]1-2[3]/138/143', '144', '2022-01-01 00:00:00', '0000-00-00', '0000-00-00', '0000-00-00 00:00:00'),
(188, '36//1-2-3//1[1]1-2[3]/138/143', '145', '2022-01-01 00:00:00', '0000-00-00', '0000-00-00', '0000-00-00 00:00:00'),
(189, '36//1-2-3//1[1]1-2[3]/138/143', '150', '2022-01-01 00:00:00', '0000-00-00', '0000-00-00', '0000-00-00 00:00:00'),
(190, '36//1-2-3//1[1]1-2[3]/138/144', '138', '2022-01-01 00:00:00', '0000-00-00', '0000-00-00', '0000-00-00 00:00:00'),
(191, '36//1-2-3//1[1]1-2[3]/138/144', '143', '2022-01-01 00:00:00', '0000-00-00', '0000-00-00', '0000-00-00 00:00:00'),
(192, '36//1-2-3//1[1]1-2[3]/138/144', '145', '2022-01-01 00:00:00', '0000-00-00', '0000-00-00', '0000-00-00 00:00:00'),
(193, '36//1-2-3//1[1]1-2[3]/138/144', '150', '2022-01-01 00:00:00', '0000-00-00', '0000-00-00', '0000-00-00 00:00:00'),
(194, '26//1-2-3//1[1]1-2[3]/198/199/200', '21', '2022-01-01 00:00:00', '0000-00-00', '0000-00-00', '0000-00-00 00:00:00'),
(195, '26//1-2-3//1[1]1-2[3]/198/199/200', '44', '2022-01-01 00:00:00', '0000-00-00', '0000-00-00', '0000-00-00 00:00:00'),
(196, '26//1-2-3//1[1]1-2[3]/198/199/200', '87', '2022-01-01 00:00:00', '0000-00-00', '0000-00-00', '0000-00-00 00:00:00'),
(197, '26//1-2-3//1[1]1-2[3]/198/199/200', '198', '2022-01-01 00:00:00', '0000-00-00', '0000-00-00', '0000-00-00 00:00:00'),
(198, '26//1-2-3//1[1]1-2[3]/198/199/200', '81', '2022-01-01 00:00:00', '0000-00-00', '0000-00-00', '0000-00-00 00:00:00'),
(199, '26//1-2-3//1[1]1-2[3]/198/199/200', '123', '2022-01-01 00:00:00', '0000-00-00', '0000-00-00', '0000-00-00 00:00:00'),
(200, '30//1-2-3//1[1]1-2[12]/170/176', '198', '2022-01-01 00:00:00', '0000-00-00', '0000-00-00', '0000-00-00 00:00:00'),
(201, '30//1-2-3//1[1]1-2[12]/170/178', '198', '2022-01-01 00:00:00', '0000-00-00', '0000-00-00', '0000-00-00 00:00:00'),
(202, '30//1-2-3//1[1]1-2[12]/170/197', '198', '2022-01-01 00:00:00', '0000-00-00', '0000-00-00', '0000-00-00 00:00:00'),
(203, '30//1-2-3//1[1]1-2[12]/170/173', '198', '2022-01-01 00:00:00', '0000-00-00', '0000-00-00', '0000-00-00 00:00:00'),
(204, '39//1-2-3//1[1]1-2[2]/3/4', '251', '2022-01-01 00:00:00', '0000-00-00', '0000-00-00', '0000-00-00 00:00:00'),
(205, '39//1-2-3//1[1]1-2[2]/3/299', '251', '2022-01-01 00:00:00', '0000-00-00', '0000-00-00', '0000-00-00 00:00:00'),
(206, '39//1-2-3//1[1]1-2[2]/3/300', '251', '2022-01-01 00:00:00', '0000-00-00', '0000-00-00', '0000-00-00 00:00:00'),
(207, '39//1-2-3//1[1]1-2[2]/3/301', '251', '2022-01-01 00:00:00', '0000-00-00', '0000-00-00', '0000-00-00 00:00:00'),
(208, '39//1-2-3//1[1]1-2[2]/3/302', '251', '2022-01-01 00:00:00', '0000-00-00', '0000-00-00', '0000-00-00 00:00:00'),
(209, '39//1-2-3//1[1]1-2[2]/3/303', '251', '2022-01-01 00:00:00', '0000-00-00', '0000-00-00', '0000-00-00 00:00:00'),
(210, '39//1-2-3//1[1]1-2[2]/3/304', '251', '2022-01-01 00:00:00', '0000-00-00', '0000-00-00', '0000-00-00 00:00:00'),
(211, '37//1-2-3//1[1]1-2[3]/123/125', '123', '2022-01-01 00:00:00', '0000-00-00', '0000-00-00', '0000-00-00 00:00:00'),
(212, '37//1-2-3//1[1]1-2[3]/123/125', '124', '2022-01-01 00:00:00', '0000-00-00', '0000-00-00', '0000-00-00 00:00:00'),
(213, '37//1-2-3//1[1]1-2[3]/123/126', '123', '2022-01-01 00:00:00', '0000-00-00', '0000-00-00', '0000-00-00 00:00:00'),
(214, '37//1-2-3//1[1]1-2[3]/123/126', '125', '2022-01-01 00:00:00', '0000-00-00', '0000-00-00', '0000-00-00 00:00:00'),
(215, '37//1-2-3//1[1]1-2[3]/123/128', '123', '2022-01-01 00:00:00', '0000-00-00', '0000-00-00', '0000-00-00 00:00:00'),
(216, '37//1-2-3//1[1]1-2[3]/123/128', '127', '2022-01-01 00:00:00', '0000-00-00', '0000-00-00', '0000-00-00 00:00:00'),
(217, '37//1-2-3//1[1]1-2[3]/123/130', '123', '2022-01-01 00:00:00', '0000-00-00', '0000-00-00', '0000-00-00 00:00:00'),
(218, '37//1-2-3//1[1]1-2[3]/123/130', '129', '2022-01-01 00:00:00', '0000-00-00', '0000-00-00', '0000-00-00 00:00:00'),
(219, '37//1-2-3//1[1]1-2[3]/123/132', '123', '2022-01-01 00:00:00', '0000-00-00', '0000-00-00', '0000-00-00 00:00:00'),
(220, '37//1-2-3//1[1]1-2[3]/123/132', '131', '2022-01-01 00:00:00', '0000-00-00', '0000-00-00', '0000-00-00 00:00:00'),
(221, '37//1-2-3//1[1]1-2[3]/123/134', '123', '2022-01-01 00:00:00', '0000-00-00', '0000-00-00', '0000-00-00 00:00:00'),
(222, '37//1-2-3//1[1]1-2[3]/123/134', '133', '2022-01-01 00:00:00', '0000-00-00', '0000-00-00', '0000-00-00 00:00:00'),
(223, '37//1-2-3//1[1]1-2[3]/123/305', '123', '2022-01-01 00:00:00', '0000-00-00', '0000-00-00', '0000-00-00 00:00:00'),
(224, '37//1-2-3//1[1]1-2[3]/123/305', '134', '2022-01-01 00:00:00', '0000-00-00', '0000-00-00', '0000-00-00 00:00:00'),
(225, '37//1-2-3//1[1]1-2[3]/123/307', '123', '2022-01-01 00:00:00', '0000-00-00', '0000-00-00', '0000-00-00 00:00:00'),
(226, '37//1-2-3//1[1]1-2[3]/123/307', '306', '2022-01-01 00:00:00', '0000-00-00', '0000-00-00', '0000-00-00 00:00:00'),
(227, '37//1-2-3//1[1]1-2[3]/123/308', '123', '2022-01-01 00:00:00', '0000-00-00', '0000-00-00', '0000-00-00 00:00:00'),
(228, '37//1-2-3//1[1]1-2[3]/123/308', '307', '2022-01-01 00:00:00', '0000-00-00', '0000-00-00', '0000-00-00 00:00:00'),
(229, '30//1-2-3//1[1]1-2[12]/170/173', '207', '2022-01-01 00:00:00', '0000-00-00', '0000-00-00', '0000-00-00 00:00:00'),
(230, '30//1-2-3//1[1]1-2[12]/170/173', '218', '2022-01-01 00:00:00', '0000-00-00', '0000-00-00', '0000-00-00 00:00:00'),
(231, '15//1-2-3//1[1]1-2[5]/44/46', '44', '2022-01-01 00:00:00', '0000-00-00', '0000-00-00', '0000-00-00 00:00:00'),
(232, '15//1-2-3//1[1]1-2[5]/44/46', '45', '2022-01-01 00:00:00', '0000-00-00', '0000-00-00', '0000-00-00 00:00:00'),
(234, '16//1-2-3//1[1]1-2[3]/65/19', '65', '2022-01-01 00:00:00', '0000-00-00', '0000-00-00', '0000-00-00 00:00:00'),
(235, '16//1-2-3//1[1]1-2[3]/65/19', '70', '2022-01-01 00:00:00', '0000-00-00', '0000-00-00', '0000-00-00 00:00:00'),
(237, '50//1-2-3//1[45]1-2[52]/364/353', '65', '2022-01-01 00:00:00', '0000-00-00', '0000-00-00', '0000-00-00 00:00:00'),
(238, '50//1-2-3//1[45]1-2[52]/364/353', '19', '2022-01-01 00:00:00', '0000-00-00', '0000-00-00', '0000-00-00 00:00:00');

-- --------------------------------------------------------

--
-- Structure de la table `profils`
--

CREATE TABLE `profils` (
  `idPro` mediumint(8) UNSIGNED NOT NULL,
  `Pro_cod` varchar(100) NOT NULL,
  `Pro_Lib` varchar(200) NOT NULL,
  `Typ_Iden` varchar(8) NOT NULL DEFAULT 'STD',
  `Pro_Desc` mediumtext NOT NULL,
  `Pro_Date_Debut` datetime NOT NULL DEFAULT '0000-00-00 00:00:00',
  `Pro_Date_Fin` datetime NOT NULL DEFAULT '0000-00-00 00:00:00',
  `Pro_Date_Modif` date NOT NULL DEFAULT '0000-00-00',
  `Affecte` binary(1) NOT NULL DEFAULT 't'
) ENGINE=InnoDB DEFAULT CHARSET=utf8;

--
-- Déchargement des données de la table `profils`
--

INSERT INTO `profils` (`idPro`, `Pro_cod`, `Pro_Lib`, `Typ_Iden`, `Pro_Desc`, `Pro_Date_Debut`, `Pro_Date_Fin`, `Pro_Date_Modif`, `Affecte`) VALUES
(30, 'ADMGEN', 'Administrateur Général', 'STD', '', '2010-01-01 00:00:00', '0000-00-00 00:00:00', '0000-00-00', 0x74),
(31, 'comstra', 'Comité Stratégique', 'STD', '', '2023-08-25 10:07:43', '0000-00-00 00:00:00', '0000-00-00', 0x74),
(32, 'comoper', 'Comité Opérationnel', 'STD', '', '2023-08-25 10:10:44', '0000-00-00 00:00:00', '0000-00-00', 0x74),
(130, 'ADMCI', 'contrôleur interne', 'STD', '', '2015-07-10 00:00:00', '0000-00-00 00:00:00', '0000-00-00', 0x74),
(132, 'BOD', 'Board Of Directors', 'SPE', 'Board Of Directors', '2024-03-26 07:37:06', '0000-00-00 00:00:00', '0000-00-00', 0x66),
(133, 'Management', 'Management', 'SPE', 'Management', '2021-06-13 18:55:21', '0000-00-00 00:00:00', '0000-00-00', 0x74),
(135, 'SEC', 'Responsable Sécurité', 'STD', 'Security Officer', '2017-06-01 00:00:00', '0000-00-00 00:00:00', '0000-00-00', 0x74),
(136, 'CMT', 'Crisis Management Team', 'SPE', 'Crisis Management Team', '2017-08-22 17:23:48', '0000-00-00 00:00:00', '0000-00-00', 0x74),
(137, 'ERT', 'Emergency Response Team', 'SPE', 'Emergency Response Team', '2017-08-22 17:25:07', '0000-00-00 00:00:00', '0000-00-00', 0x74),
(138, 'RST', 'Recovery Site Team', 'SPE', 'Recovery Site Team', '2017-08-22 17:25:47', '0000-00-00 00:00:00', '0000-00-00', 0x74),
(139, 'BRT', 'Business Restoration Team', 'SPE', 'Business Restoration Team', '2017-08-22 17:26:23', '0000-00-00 00:00:00', '0000-00-00', 0x74),
(140, 'BCPT', 'Coordinateur PCA', 'SPE', 'BCP Team', '2024-06-20 09:07:42', '0000-00-00 00:00:00', '0000-00-00', 0x74),
(141, 'CCT', 'Crisis Communication Team', 'SPE', '', '2021-03-30 10:16:13', '0000-00-00 00:00:00', '0000-00-00', 0x74),
(142, 'cco', 'Comité de Crise Opérationnel', 'SPE', '', '2022-12-05 17:32:06', '0000-00-00 00:00:00', '0000-00-00', 0x74),
(143, 'CCD', 'Comité de Crise Décisionnel', 'SPE', '', '2022-12-05 17:31:53', '0000-00-00 00:00:00', '0000-00-00', 0x74);

-- --------------------------------------------------------

--
-- Structure de la table `profils_modules_nivhab_orga`
--

CREATE TABLE `profils_modules_nivhab_orga` (
  `idPro` mediumint(8) NOT NULL DEFAULT '0',
  `idModule` mediumint(8) NOT NULL DEFAULT '0',
  `id_Niv_Hab` varchar(8) NOT NULL DEFAULT '',
  `idOrga` varchar(250) NOT NULL DEFAULT '0',
  `groupement` mediumint(8) NOT NULL DEFAULT '1',
  `idPereOrga` varchar(250) NOT NULL,
  `Date_Debut` datetime NOT NULL DEFAULT '0000-00-00 00:00:00',
  `Date_Modif` date NOT NULL DEFAULT '0000-00-00',
  `Date_Fin` date NOT NULL DEFAULT '0000-00-00'
) ENGINE=InnoDB DEFAULT CHARSET=utf8;

--
-- Déchargement des données de la table `profils_modules_nivhab_orga`
--

INSERT INTO `profils_modules_nivhab_orga` (`idPro`, `idModule`, `id_Niv_Hab`, `idOrga`, `groupement`, `idPereOrga`, `Date_Debut`, `Date_Modif`, `Date_Fin`) VALUES
(30, 1, '5', 'ALL', 0, '', '2023-08-25 10:00:00', '0000-00-00', '0000-00-00'),
(30, 2, '5', 'ALL', 0, '', '2023-08-25 10:00:00', '0000-00-00', '0000-00-00'),
(30, 5, '5', 'ALL', 0, '', '2023-08-25 10:00:00', '0000-00-00', '0000-00-00'),
(30, 6, '5', 'ALL', 0, '', '2023-08-25 10:00:00', '0000-00-00', '0000-00-00'),
(30, 7, '5', 'ALL', 0, '', '2023-08-25 10:00:00', '0000-00-00', '0000-00-00'),
(30, 8, '5', 'ALL', 0, '', '2023-08-25 10:00:00', '0000-00-00', '0000-00-00'),
(30, 9, '5', 'ALL', 0, '', '2023-08-25 10:00:00', '0000-00-00', '0000-00-00'),
(30, 10, '5', 'ALL', 0, '', '2024-01-01 00:00:00', '0000-00-00', '0000-00-00'),
(31, 2, '3', 'ALL', 0, '', '2023-08-25 10:00:00', '0000-00-00', '0000-00-00'),
(31, 9, '3', 'ALL', 0, '', '2023-08-25 10:00:00', '0000-00-00', '0000-00-00'),
(32, 2, '3', 'ALL', 0, '', '2023-08-25 10:00:00', '0000-00-00', '0000-00-00'),
(32, 9, '3', 'ALL', 0, '', '2023-08-25 10:00:00', '0000-00-00', '0000-00-00'),
(130, 5, '3', 'ALL', 0, '', '2015-07-14 00:00:00', '0000-00-00', '0000-00-00'),
(130, 8, '3', 'ALL', 0, '', '2015-07-14 00:00:00', '0000-00-00', '0000-00-00'),
(133, 2, '3', 'ALL', 0, '', '2021-06-11 15:00:42', '2021-06-13', '0000-00-00'),
(133, 5, '3', 'ALL', 0, '', '2021-06-11 15:00:42', '2021-06-13', '0000-00-00'),
(133, 8, '3', 'ALL', 0, '', '2021-06-13 18:55:21', '0000-00-00', '0000-00-00'),
(133, 9, '3', 'ALL', 0, '', '2021-06-11 15:00:42', '2021-06-13', '0000-00-00'),
(135, 5, '3', 'ALL', 0, '', '2017-06-01 00:00:00', '0000-00-00', '0000-00-00'),
(136, 2, '1', 'ALL', 0, '', '2017-08-22 17:23:48', '0000-00-00', '0000-00-00'),
(137, 2, '1', 'ALL', 0, '', '2017-08-22 17:25:07', '0000-00-00', '0000-00-00'),
(138, 2, '1', 'ALL', 0, '', '2017-08-22 17:25:47', '0000-00-00', '0000-00-00'),
(139, 2, '1', 'ALL', 0, '', '2017-08-22 17:26:23', '0000-00-00', '0000-00-00'),
(140, 2, '1', 'ALL', 0, '', '2019-02-22 13:14:37', '0000-00-00', '0000-00-00'),
(140, 9, '1', 'ALL', 0, '', '2019-02-22 13:14:37', '0000-00-00', '0000-00-00'),
(140, 10, '1', 'ALL', 0, '', '2024-01-31 09:22:36', '0000-00-00', '0000-00-00'),
(141, 2, '1', 'ALL', 0, '', '2021-03-30 10:16:13', '0000-00-00', '0000-00-00'),
(142, 2, '1', 'ALL', 0, '', '2022-12-05 17:28:59', '0000-00-00', '0000-00-00'),
(142, 9, '1', 'ALL', 0, '', '2022-12-05 17:32:06', '0000-00-00', '0000-00-00'),
(143, 2, '1', 'ALL', 0, '', '2022-12-05 17:30:28', '0000-00-00', '0000-00-00'),
(143, 9, '1', 'ALL', 0, '', '2022-12-05 17:31:53', '0000-00-00', '0000-00-00');

-- --------------------------------------------------------

--
-- Structure de la table `profils_societes`
--

CREATE TABLE `profils_societes` (
  `Soc_Iden` int(8) NOT NULL DEFAULT '0',
  `Pro_Iden` varchar(8) NOT NULL DEFAULT '',
  `SocPro_Dat_Deb` date NOT NULL DEFAULT '0000-00-00',
  `SocPro_Dat_Fin` date NOT NULL DEFAULT '0000-00-00',
  `affecte` binary(1) DEFAULT NULL
) ENGINE=InnoDB DEFAULT CHARSET=utf8;

--
-- Déchargement des données de la table `profils_societes`
--

INSERT INTO `profils_societes` (`Soc_Iden`, `Pro_Iden`, `SocPro_Dat_Deb`, `SocPro_Dat_Fin`, `affecte`) VALUES
(1, '130', '2015-07-14', '0000-00-00', 0x74),
(1, '132', '2016-11-09', '0000-00-00', 0x74),
(1, '133', '2016-11-09', '0000-00-00', 0x74),
(1, '135', '2017-06-01', '0000-00-00', 0x74),
(1, '136', '2017-08-22', '0000-00-00', 0x74),
(1, '137', '2017-08-22', '0000-00-00', 0x74),
(1, '138', '2017-08-22', '0000-00-00', 0x74),
(1, '139', '2017-08-22', '0000-00-00', 0x74),
(1, '140', '2019-02-22', '0000-00-00', 0x74),
(1, '141', '2021-03-30', '0000-00-00', 0x74),
(1, '142', '2022-12-05', '0000-00-00', 0x74),
(1, '143', '2022-12-05', '0000-00-00', 0x74),
(1, '30', '2008-05-07', '0000-00-00', 0x74),
(1, '31', '2023-08-25', '0000-00-00', 0x74),
(1, '32', '2023-08-25', '0000-00-00', 0x74);

-- --------------------------------------------------------

--
-- Structure de la table `profil_organisation`
--

CREATE TABLE `profil_organisation` (
  `idPro` mediumint(8) NOT NULL DEFAULT '0',
  `idOrga` varchar(250) NOT NULL,
  `groupement` mediumint(8) NOT NULL,
  `idPereOrga` varchar(250) NOT NULL,
  `Date_Debut` datetime NOT NULL DEFAULT '0000-00-00 00:00:00',
  `Date_Modif` date NOT NULL DEFAULT '0000-00-00',
  `Date_Fin` date NOT NULL DEFAULT '0000-00-00'
) ENGINE=InnoDB DEFAULT CHARSET=utf8;

--
-- Déchargement des données de la table `profil_organisation`
--

INSERT INTO `profil_organisation` (`idPro`, `idOrga`, `groupement`, `idPereOrga`, `Date_Debut`, `Date_Modif`, `Date_Fin`) VALUES
(30, 'ALL', 1, '', '2011-02-10 00:00:00', '0000-00-00', '0000-00-00'),
(31, 'ALL', 1, '', '2023-08-25 10:00:00', '0000-00-00', '0000-00-00'),
(32, 'ALL', 1, '', '2023-08-25 10:00:00', '0000-00-00', '0000-00-00'),
(130, 'ALL', 1, '0', '2015-07-14 10:51:22', '0000-00-00', '0000-00-00'),
(132, 'ALL', 1, '0', '2016-11-09 12:51:42', '0000-00-00', '0000-00-00'),
(133, 'ALL', 1, '0', '2016-11-09 12:51:59', '0000-00-00', '0000-00-00'),
(135, 'ALL', 1, '0', '2017-06-01 00:00:00', '0000-00-00', '0000-00-00'),
(136, 'ALL', 1, '0', '2017-08-22 17:23:48', '0000-00-00', '0000-00-00'),
(137, 'ALL', 1, '0', '2017-08-22 17:25:07', '0000-00-00', '0000-00-00'),
(138, 'ALL', 1, '0', '2017-08-22 17:25:47', '0000-00-00', '0000-00-00'),
(139, 'ALL', 1, '0', '2017-08-22 17:26:23', '0000-00-00', '0000-00-00'),
(140, 'ALL', 1, '0', '2019-02-22 13:13:51', '0000-00-00', '0000-00-00'),
(141, 'ALL', 1, '0', '2021-03-30 10:16:13', '0000-00-00', '0000-00-00'),
(142, 'ALL', 1, '0', '2022-12-05 17:28:59', '0000-00-00', '0000-00-00'),
(143, 'ALL', 1, '0', '2022-12-05 17:30:28', '0000-00-00', '0000-00-00');

-- --------------------------------------------------------

--
-- Structure de la table `projet`
--

CREATE TABLE `projet` (
  `id_projet` mediumint(8) UNSIGNED NOT NULL,
  `projet_code` varchar(40) NOT NULL,
  `projet_libelle` varchar(100) NOT NULL,
  `projet_description` mediumtext NOT NULL,
  `Typ_Iden` varchar(8) NOT NULL DEFAULT 'SPE',
  `projet_date_creation` datetime NOT NULL DEFAULT '0000-00-00 00:00:00',
  `projet_date_modification` datetime NOT NULL DEFAULT '0000-00-00 00:00:00',
  `projet_date_cloture` datetime NOT NULL DEFAULT '0000-00-00 00:00:00',
  `id_typenature` mediumint(8) NOT NULL DEFAULT '0',
  `Affecte` binary(1) NOT NULL DEFAULT 't'
) ENGINE=InnoDB DEFAULT CHARSET=utf8;

-- --------------------------------------------------------

--
-- Structure de la table `projet_avancementsecurite_periode_jalon`
--

CREATE TABLE `projet_avancementsecurite_periode_jalon` (
  `id_projet` varchar(8) NOT NULL,
  `id_avancementsecurite` varchar(8) NOT NULL,
  `id_periode` varchar(8) NOT NULL,
  `id_jalon` varchar(8) NOT NULL,
  `projet_avancement_periode_jalon_objectif` char(3) NOT NULL,
  `projet_avancement_periode_jalon_date_creation` datetime NOT NULL,
  `projet_avancement_periode_jalon_date_modification` datetime NOT NULL,
  `projet_avancement_periode_jalon_date_cloture` datetime NOT NULL
) ENGINE=InnoDB DEFAULT CHARSET=utf8;

-- --------------------------------------------------------

--
-- Structure de la table `referentiel`
--

CREATE TABLE `referentiel` (
  `id_referentiel` mediumint(8) NOT NULL DEFAULT '0',
  `referentiel_code` varchar(8) NOT NULL DEFAULT '',
  `referentiel_libelle` varchar(40) NOT NULL DEFAULT '',
  `id_typenature` mediumint(8) NOT NULL DEFAULT '0',
  `affecte` binary(1) NOT NULL DEFAULT 't'
) ENGINE=InnoDB DEFAULT CHARSET=utf8;

--
-- Déchargement des données de la table `referentiel`
--

INSERT INTO `referentiel` (`id_referentiel`, `referentiel_code`, `referentiel_libelle`, `id_typenature`, `affecte`) VALUES
(1, 'COSO', 'COSO', 0, 0x74),
(2, 'AMF', 'AMF', 0, 0x74),
(3, 'BCP', 'BCP', 0, 0x74),
(4, 'DSS-PCI', 'DSS-PCI', 0, 0x74),
(5, '27001', 'ISO 27001', 0, 0x74),
(6, 'COBIT', 'COBIT', 0, 0x74),
(7, 'NOMINTBQ', 'BALE II', 0, 0x74),
(8, 'MHI2007', 'Mehari 2007', 0, 0x74);

-- --------------------------------------------------------

--
-- Structure de la table `referentiel_actionrisques`
--

CREATE TABLE `referentiel_actionrisques` (
  `id_actionrisques` mediumint(8) UNSIGNED NOT NULL,
  `id_referentiel` int(11) NOT NULL,
  `actionrisques_code` varchar(40) NOT NULL,
  `actionrisques_libelle` varchar(500) NOT NULL,
  `actionrisques_description` mediumtext NOT NULL,
  `actionrisques_libelle_en` varchar(255) NOT NULL,
  `actionrisques_description_en` mediumtext NOT NULL,
  `Typ_Iden` varchar(8) NOT NULL DEFAULT '',
  `id_typenature` mediumint(8) NOT NULL,
  `date_debut` datetime NOT NULL DEFAULT '2011-01-01 00:00:00',
  `date_modif` date NOT NULL DEFAULT '0000-00-00',
  `date_fin` datetime NOT NULL DEFAULT '0000-00-00 00:00:00',
  `Affecte` binary(1) NOT NULL DEFAULT 't'
) ENGINE=InnoDB DEFAULT CHARSET=utf8;

-- --------------------------------------------------------

--
-- Structure de la table `referentiel_aleas`
--

CREATE TABLE `referentiel_aleas` (
  `id_referentiel` mediumint(8) NOT NULL DEFAULT '0',
  `idNature` mediumint(8) NOT NULL DEFAULT '0',
  `referentiel_nature_date_creation` datetime NOT NULL DEFAULT '0000-00-00 00:00:00',
  `referentiel_nature_date_modification` datetime NOT NULL DEFAULT '0000-00-00 00:00:00',
  `referentiel_nature_date_cloture` datetime NOT NULL DEFAULT '0000-00-00 00:00:00'
) ENGINE=InnoDB DEFAULT CHARSET=utf8;

--
-- Déchargement des données de la table `referentiel_aleas`
--

INSERT INTO `referentiel_aleas` (`id_referentiel`, `idNature`, `referentiel_nature_date_creation`, `referentiel_nature_date_modification`, `referentiel_nature_date_cloture`) VALUES
(5, 1, '2009-01-01 22:12:05', '0000-00-00 00:00:00', '0000-00-00 00:00:00'),
(5, 2, '2009-01-01 22:12:05', '0000-00-00 00:00:00', '0000-00-00 00:00:00'),
(5, 3, '2009-01-01 22:12:05', '0000-00-00 00:00:00', '0000-00-00 00:00:00'),
(5, 4, '2009-01-01 22:12:05', '0000-00-00 00:00:00', '0000-00-00 00:00:00'),
(5, 5, '2009-01-01 22:12:05', '0000-00-00 00:00:00', '0000-00-00 00:00:00'),
(5, 6, '2009-01-01 22:12:05', '0000-00-00 00:00:00', '0000-00-00 00:00:00'),
(5, 7, '2009-01-01 22:12:05', '0000-00-00 00:00:00', '0000-00-00 00:00:00'),
(5, 8, '2009-01-01 22:12:05', '0000-00-00 00:00:00', '0000-00-00 00:00:00'),
(5, 9, '2009-01-01 22:12:05', '0000-00-00 00:00:00', '0000-00-00 00:00:00'),
(5, 10, '2009-01-01 22:12:05', '0000-00-00 00:00:00', '0000-00-00 00:00:00'),
(5, 11, '2009-01-01 22:12:05', '0000-00-00 00:00:00', '0000-00-00 00:00:00'),
(5, 12, '2009-01-01 22:12:05', '0000-00-00 00:00:00', '0000-00-00 00:00:00'),
(5, 13, '2009-01-01 22:12:05', '0000-00-00 00:00:00', '0000-00-00 00:00:00'),
(6, 14, '2009-01-01 22:12:05', '0000-00-00 00:00:00', '0000-00-00 00:00:00'),
(6, 15, '2009-01-01 22:12:05', '0000-00-00 00:00:00', '0000-00-00 00:00:00'),
(6, 16, '2009-01-01 22:12:05', '0000-00-00 00:00:00', '0000-00-00 00:00:00'),
(6, 17, '2009-01-01 22:12:05', '0000-00-00 00:00:00', '0000-00-00 00:00:00'),
(6, 18, '2009-01-01 22:12:05', '0000-00-00 00:00:00', '0000-00-00 00:00:00'),
(6, 19, '2009-01-01 22:12:05', '0000-00-00 00:00:00', '0000-00-00 00:00:00'),
(6, 20, '2009-01-01 22:12:05', '0000-00-00 00:00:00', '0000-00-00 00:00:00'),
(6, 21, '2009-01-01 22:12:05', '0000-00-00 00:00:00', '0000-00-00 00:00:00'),
(6, 22, '2009-01-01 22:12:05', '0000-00-00 00:00:00', '0000-00-00 00:00:00'),
(6, 23, '2009-01-01 22:12:05', '0000-00-00 00:00:00', '0000-00-00 00:00:00'),
(6, 24, '2009-01-01 22:12:05', '0000-00-00 00:00:00', '0000-00-00 00:00:00'),
(6, 25, '2009-01-01 22:12:05', '0000-00-00 00:00:00', '0000-00-00 00:00:00'),
(6, 26, '2009-01-01 22:12:05', '0000-00-00 00:00:00', '0000-00-00 00:00:00'),
(6, 27, '2009-01-01 22:12:05', '0000-00-00 00:00:00', '0000-00-00 00:00:00'),
(6, 28, '2009-01-01 22:12:05', '0000-00-00 00:00:00', '0000-00-00 00:00:00'),
(6, 29, '2009-01-01 22:12:05', '0000-00-00 00:00:00', '0000-00-00 00:00:00'),
(6, 30, '2009-01-01 22:12:05', '0000-00-00 00:00:00', '0000-00-00 00:00:00'),
(6, 31, '2009-01-01 22:12:05', '0000-00-00 00:00:00', '0000-00-00 00:00:00'),
(6, 32, '2009-01-01 22:12:05', '0000-00-00 00:00:00', '0000-00-00 00:00:00'),
(6, 33, '2009-01-01 22:12:05', '0000-00-00 00:00:00', '0000-00-00 00:00:00'),
(6, 34, '2009-01-01 22:12:05', '0000-00-00 00:00:00', '0000-00-00 00:00:00'),
(6, 35, '2009-01-01 22:12:05', '0000-00-00 00:00:00', '0000-00-00 00:00:00'),
(6, 36, '2009-01-01 22:12:05', '0000-00-00 00:00:00', '0000-00-00 00:00:00'),
(6, 37, '2009-01-01 22:12:05', '0000-00-00 00:00:00', '0000-00-00 00:00:00'),
(6, 38, '2009-01-01 22:12:05', '0000-00-00 00:00:00', '0000-00-00 00:00:00'),
(6, 39, '2009-01-01 22:12:05', '0000-00-00 00:00:00', '0000-00-00 00:00:00'),
(6, 40, '2009-01-01 22:12:05', '0000-00-00 00:00:00', '0000-00-00 00:00:00'),
(6, 41, '2009-01-01 22:12:05', '0000-00-00 00:00:00', '0000-00-00 00:00:00'),
(6, 42, '2009-01-01 22:12:05', '0000-00-00 00:00:00', '0000-00-00 00:00:00'),
(6, 43, '2009-01-01 22:12:05', '0000-00-00 00:00:00', '0000-00-00 00:00:00'),
(6, 44, '2009-01-01 22:12:05', '0000-00-00 00:00:00', '0000-00-00 00:00:00'),
(6, 45, '2009-01-01 22:12:05', '0000-00-00 00:00:00', '0000-00-00 00:00:00'),
(6, 46, '2009-01-01 22:12:05', '0000-00-00 00:00:00', '0000-00-00 00:00:00'),
(6, 47, '2009-01-01 22:12:05', '0000-00-00 00:00:00', '0000-00-00 00:00:00'),
(6, 48, '2009-01-01 22:12:05', '0000-00-00 00:00:00', '0000-00-00 00:00:00'),
(6, 49, '2009-01-01 22:12:05', '0000-00-00 00:00:00', '0000-00-00 00:00:00'),
(6, 50, '2009-01-01 22:12:05', '0000-00-00 00:00:00', '0000-00-00 00:00:00'),
(6, 51, '2009-01-01 22:12:05', '0000-00-00 00:00:00', '0000-00-00 00:00:00'),
(6, 52, '2009-01-01 22:12:05', '0000-00-00 00:00:00', '0000-00-00 00:00:00'),
(6, 53, '2009-01-01 22:12:05', '0000-00-00 00:00:00', '0000-00-00 00:00:00'),
(6, 54, '2009-01-01 22:12:05', '0000-00-00 00:00:00', '0000-00-00 00:00:00'),
(6, 55, '2009-01-01 22:12:05', '0000-00-00 00:00:00', '0000-00-00 00:00:00'),
(6, 56, '2009-01-01 22:12:05', '0000-00-00 00:00:00', '0000-00-00 00:00:00'),
(6, 57, '2009-01-01 22:12:05', '0000-00-00 00:00:00', '0000-00-00 00:00:00'),
(6, 58, '2009-01-01 22:12:05', '0000-00-00 00:00:00', '0000-00-00 00:00:00'),
(6, 59, '2009-01-01 22:12:05', '0000-00-00 00:00:00', '0000-00-00 00:00:00'),
(6, 60, '2009-01-01 22:12:05', '0000-00-00 00:00:00', '0000-00-00 00:00:00'),
(6, 61, '2009-01-01 22:12:05', '0000-00-00 00:00:00', '0000-00-00 00:00:00'),
(6, 62, '2009-01-01 22:12:05', '0000-00-00 00:00:00', '0000-00-00 00:00:00'),
(6, 63, '2009-01-01 22:12:05', '0000-00-00 00:00:00', '0000-00-00 00:00:00'),
(6, 64, '2009-01-01 22:12:05', '0000-00-00 00:00:00', '0000-00-00 00:00:00'),
(6, 65, '2009-01-01 22:12:05', '0000-00-00 00:00:00', '0000-00-00 00:00:00'),
(6, 66, '2009-01-01 22:12:05', '0000-00-00 00:00:00', '0000-00-00 00:00:00'),
(6, 67, '2009-01-01 22:12:05', '0000-00-00 00:00:00', '0000-00-00 00:00:00'),
(6, 68, '2009-01-01 22:12:05', '0000-00-00 00:00:00', '0000-00-00 00:00:00'),
(6, 69, '2009-01-01 22:12:05', '0000-00-00 00:00:00', '0000-00-00 00:00:00'),
(6, 70, '2009-01-01 22:12:05', '0000-00-00 00:00:00', '0000-00-00 00:00:00'),
(6, 71, '2009-01-01 22:12:05', '0000-00-00 00:00:00', '0000-00-00 00:00:00'),
(6, 72, '2009-01-01 22:12:05', '0000-00-00 00:00:00', '0000-00-00 00:00:00'),
(6, 73, '2009-01-01 22:12:05', '0000-00-00 00:00:00', '0000-00-00 00:00:00'),
(6, 74, '2009-01-01 22:12:05', '0000-00-00 00:00:00', '0000-00-00 00:00:00'),
(6, 75, '2009-01-01 22:12:05', '0000-00-00 00:00:00', '0000-00-00 00:00:00'),
(6, 76, '2009-01-01 22:12:05', '0000-00-00 00:00:00', '0000-00-00 00:00:00'),
(6, 77, '2009-01-01 22:12:05', '0000-00-00 00:00:00', '0000-00-00 00:00:00'),
(6, 78, '2009-01-01 22:12:05', '0000-00-00 00:00:00', '0000-00-00 00:00:00'),
(6, 79, '2009-01-01 22:12:05', '0000-00-00 00:00:00', '0000-00-00 00:00:00'),
(6, 80, '2009-01-01 22:12:05', '0000-00-00 00:00:00', '0000-00-00 00:00:00'),
(6, 81, '2009-01-01 22:12:05', '0000-00-00 00:00:00', '0000-00-00 00:00:00'),
(6, 82, '2009-01-01 22:12:05', '0000-00-00 00:00:00', '0000-00-00 00:00:00'),
(6, 83, '2009-01-01 22:12:05', '0000-00-00 00:00:00', '0000-00-00 00:00:00'),
(6, 84, '2009-01-01 22:12:05', '0000-00-00 00:00:00', '0000-00-00 00:00:00'),
(6, 85, '2009-01-01 22:12:05', '0000-00-00 00:00:00', '0000-00-00 00:00:00'),
(6, 86, '2009-01-01 22:12:05', '0000-00-00 00:00:00', '0000-00-00 00:00:00');

-- --------------------------------------------------------

--
-- Structure de la table `referentiel_aleas_actionrisques`
--

CREATE TABLE `referentiel_aleas_actionrisques` (
  `idDomaine` mediumint(8) NOT NULL DEFAULT '0',
  `id_referentiel` int(11) NOT NULL,
  `id_categorie` mediumint(8) NOT NULL DEFAULT '0',
  `idNature` mediumint(8) NOT NULL DEFAULT '0',
  `id_actionrisques` mediumint(8) NOT NULL DEFAULT '0',
  `date_debut` datetime NOT NULL DEFAULT '0000-00-00 00:00:00',
  `date_modif` date NOT NULL DEFAULT '0000-00-00',
  `date_cloture` date NOT NULL DEFAULT '0000-00-00'
) ENGINE=InnoDB DEFAULT CHARSET=utf8;

-- --------------------------------------------------------

--
-- Structure de la table `referentiel_categorie`
--

CREATE TABLE `referentiel_categorie` (
  `id_categorie` mediumint(8) UNSIGNED NOT NULL,
  `id_referentiel` int(11) NOT NULL,
  `categorie_code` varchar(40) NOT NULL,
  `categorie_libelle` varchar(250) NOT NULL DEFAULT '',
  `Categorie_Libelle_Long` mediumtext,
  `categorie_libelle_en` varchar(255) NOT NULL,
  `Categorie_Libelle_Long_en` mediumtext CHARACTER SET utf8 COLLATE utf8_general_ci NOT NULL,
  `id_typenature` mediumint(8) NOT NULL DEFAULT '2',
  `Typ_Iden` varchar(8) NOT NULL DEFAULT 'SPE',
  `categorie_Date_Debut` datetime NOT NULL,
  `categorie_Date_Modif` date NOT NULL DEFAULT '0000-00-00',
  `categorie_Date_Fin` datetime NOT NULL DEFAULT '0000-00-00 00:00:00',
  `Affecte` binary(1) NOT NULL DEFAULT 't'
) ENGINE=InnoDB DEFAULT CHARSET=utf8;

--
-- Déchargement des données de la table `referentiel_categorie`
--

INSERT INTO `referentiel_categorie` (`id_categorie`, `id_referentiel`, `categorie_code`, `categorie_libelle`, `Categorie_Libelle_Long`, `categorie_libelle_en`, `Categorie_Libelle_Long_en`, `id_typenature`, `Typ_Iden`, `categorie_Date_Debut`, `categorie_Date_Modif`, `categorie_Date_Fin`, `Affecte`) VALUES
(1, 7, 'UNACT', 'Unauthorized Activity', NULL, '', '', 0, 'SPE', '2009-11-24 00:00:00', '0000-00-00', '0000-00-00 00:00:00', 0x74),
(2, 7, 'ITHEFT', 'Theft and Fraud (Internal)', NULL, '', '', 0, 'SPE', '2009-11-24 00:00:00', '0000-00-00', '0000-00-00 00:00:00', 0x74),
(3, 7, 'ETHEFT', 'Theft and Fraud (External)', NULL, '', '', 0, 'SPE', '2009-11-24 00:00:00', '0000-00-00', '0000-00-00 00:00:00', 0x74),
(4, 7, 'SYSSEC', 'Systems Security', NULL, '', '', 0, 'SPE', '2009-11-24 00:00:00', '0000-00-00', '0000-00-00 00:00:00', 0x74),
(5, 7, 'EMPL', 'Employee Relations', NULL, '', '', 0, 'SPE', '2009-11-24 00:00:00', '0000-00-00', '0000-00-00 00:00:00', 0x74),
(6, 7, 'SAFE', 'Safe Environment', NULL, '', '', 0, 'SPE', '2009-11-24 00:00:00', '0000-00-00', '0000-00-00 00:00:00', 0x74),
(7, 7, 'DIVERSI', 'Diversity & Discrimination', NULL, '', '', 0, 'SPE', '2009-11-24 00:00:00', '0000-00-00', '0000-00-00 00:00:00', 0x74),
(8, 7, 'SUITE', 'Suitability, Disclosure & Fiduciary', NULL, '', '', 0, 'SPE', '2009-11-24 00:00:00', '0000-00-00', '0000-00-00 00:00:00', 0x74),
(9, 7, 'IMPRO', 'Improper Business or Market Practices', NULL, '', '', 0, 'SPE', '2009-11-24 00:00:00', '0000-00-00', '0000-00-00 00:00:00', 0x74),
(10, 7, 'H01', 'Product Flaws', NULL, '', '', 0, 'SPE', '2009-11-24 00:00:00', '0000-00-00', '0000-00-00 00:00:00', 0x74),
(11, 7, 'H02', 'Selection, Sponsorship & Exposure', NULL, '', '', 0, 'SPE', '2009-11-24 00:00:00', '0000-00-00', '0000-00-00 00:00:00', 0x74),
(12, 7, 'R02', 'Advisory', NULL, '', '', 0, 'SPE', '2009-11-24 00:00:00', '0000-00-00', '0000-00-00 00:00:00', 0x74),
(13, 7, 'B03', 'Disasters and Other Events', NULL, '', '', 0, 'SPE', '2009-11-24 00:00:00', '0000-00-00', '0000-00-00 00:00:00', 0x74),
(14, 7, 'T01', 'Systems', NULL, '', '', 0, 'SPE', '2009-11-24 00:00:00', '0000-00-00', '0000-00-00 00:00:00', 0x74),
(15, 7, 'N05', 'Transaction Capture, Execution & Maintenance', NULL, '', '', 0, 'SPE', '2009-11-24 00:00:00', '0000-00-00', '0000-00-00 00:00:00', 0x74),
(16, 7, 'N04', 'Monitoring & Reporting', NULL, '', '', 0, 'SPE', '2009-11-24 00:00:00', '0000-00-00', '0000-00-00 00:00:00', 0x74),
(17, 7, 'A02', 'Customer / Intake & Documentation', NULL, '', '', 0, 'SPE', '2009-11-24 00:00:00', '0000-00-00', '0000-00-00 00:00:00', 0x74),
(18, 7, 'S06', 'Customer / Client Account Management', NULL, '', '', 0, 'SPE', '2009-11-24 00:00:00', '0000-00-00', '0000-00-00 00:00:00', 0x74),
(19, 7, 'S07', 'Trade Counterparties', NULL, '', '', 0, 'SPE', '2009-11-24 00:00:00', '0000-00-00', '0000-00-00 00:00:00', 0x74),
(20, 7, 'S09', 'Vendors & Suppliers', NULL, '', '', 0, 'SPE', '2009-11-24 00:00:00', '0000-00-00', '0000-00-00 00:00:00', 0x74),
(21, 1, '01MktngA01', 'Identifier les opportunités de marché', 'Identifier les opportunités de marché', '', '', 0, 'SPE', '2011-03-29 14:22:15', '0000-00-00', '0000-00-00 00:00:00', 0x74),
(22, 1, '01MktngA02', 'Développer les offres', 'Développer les offres', '', '', 0, 'SPE', '2011-03-29 14:22:15', '0000-00-00', '0000-00-00 00:00:00', 0x74),
(23, 1, '01MktngA03', 'Stratégie de Marque', 'Stratégie de Marque', '', '', 0, 'SPE', '2011-03-29 14:22:15', '0000-00-00', '0000-00-00 00:00:00', 0x74),
(24, 1, '01MktngA04', 'Prospection et publicité', 'Prospection et publicité', '', '', 0, 'SPE', '2011-03-29 14:22:15', '0000-00-00', '0000-00-00 00:00:00', 0x74),
(25, 1, '02VentesB01', 'Organiser les canaux de vente', 'Organiser les canaux de vente', '', '', 0, 'SPE', '2011-03-29 14:22:15', '0000-00-00', '0000-00-00 00:00:00', 0x74),
(26, 1, '02VentesB02', 'Animer la force de vente', 'Animer la force de vente', '', '', 0, 'SPE', '2011-03-29 14:22:15', '0000-00-00', '0000-00-00 00:00:00', 0x74),
(27, 1, '02VentesB03', 'Développer la marge ou la part de marché', 'Développer la marge ou la part de marché', '', '', 0, 'SPE', '2011-03-29 14:22:15', '0000-00-00', '0000-00-00 00:00:00', 0x74),
(28, 1, '03InnovatP01', 'Ruptures technologiques', 'Ruptures technologiques', '', '', 0, 'SPE', '2011-03-29 14:22:15', '0000-00-00', '0000-00-00 00:00:00', 0x74),
(29, 1, '03InnovatP02', 'Time to market', 'Time to market', '', '', 0, 'SPE', '2011-03-29 14:22:15', '0000-00-00', '0000-00-00 00:00:00', 0x74),
(30, 1, '03InnovatP03', 'Qualité des nouvelles offres', 'Qualité des nouvelles offres', '', '', 0, 'SPE', '2011-03-29 14:22:15', '0000-00-00', '0000-00-00 00:00:00', 0x74),
(31, 1, '03InnovatP04', 'Coût des nouvelles offres', 'Coût des nouvelles offres', '', '', 0, 'SPE', '2011-03-29 14:22:15', '0000-00-00', '0000-00-00 00:00:00', 0x74),
(32, 1, '04QualiteD01', 'Satisfaction des clients annonceurs', 'Satisfaction des clients annonceurs', '', '', 0, 'SPE', '2011-03-29 14:22:15', '0000-00-00', '2011-03-30 00:00:00', 0x74),
(33, 1, '04QualiteD01', 'Satisfaction des clients annonceurs', 'Satisfaction des clients annonceurs', '', '', 0, 'SPE', '2011-03-30 18:13:00', '0000-00-00', '0000-00-00 00:00:00', 0x66),
(34, 1, '04QualiteD02', 'Satisfaction', 'Satisfaction', '', '', 0, 'SPE', '2011-03-29 14:22:15', '2011-03-30', '0000-00-00 00:00:00', 0x74),
(35, 1, '04QualiteD03', 'Satisfaction des clients Grands Comptes', 'Satisfaction des clients Grands Comptes', '', '', 0, 'SPE', '2011-03-29 14:22:15', '0000-00-00', '2011-03-30 00:00:00', 0x74),
(36, 1, '04QualiteD03', 'Satisfaction des clients Grands Comptes', 'Satisfaction des clients Grands Comptes', '', '', 0, 'SPE', '2011-03-30 18:13:02', '0000-00-00', '0000-00-00 00:00:00', 0x66),
(37, 1, '05CommdsF01', 'Gestes commerciaux', 'Gestes commerciaux', '', '', 0, 'SPE', '2011-03-29 14:22:15', '0000-00-00', '0000-00-00 00:00:00', 0x74),
(38, 1, '05CommdsF02', 'Impayés et recouvrement', 'Impayés et recouvrement', '', '', 0, 'SPE', '2011-03-29 14:22:15', '0000-00-00', '0000-00-00 00:00:00', 0x74),
(39, 1, '05CommdsF03', 'Interconnexion', 'Interconnexion', '', '', 0, 'SPE', '2011-03-29 14:22:15', '0000-00-00', '0000-00-00 00:00:00', 0x74),
(40, 1, '05CommdsF05', 'Qualité - exhaustivité de la facturation', 'Qualité - exhaustivité de la facturation', '', '', 0, 'SPE', '2011-03-29 14:22:15', '0000-00-00', '0000-00-00 00:00:00', 0x74),
(41, 1, '05CommdsF06', 'Facturation pour compte de tiers', 'Facturation pour compte de tiers', '', '', 0, 'SPE', '2011-03-29 14:22:15', '0000-00-00', '0000-00-00 00:00:00', 0x74),
(42, 1, '06AchatsL01', 'Gestion des fournisseurs', 'Gestion des fournisseurs', '', '', 0, 'SPE', '2011-03-29 14:22:15', '0000-00-00', '0000-00-00 00:00:00', 0x74),
(43, 1, '06AchatsL02', 'Efficacité économique des achats', 'Efficacité économique des achats', '', '', 0, 'SPE', '2011-03-29 14:22:15', '0000-00-00', '0000-00-00 00:00:00', 0x74),
(44, 1, '07ApprovM01', 'Approvisionement Papier', 'Approvisionnement papier', '', '', 0, 'SPE', '2011-03-29 14:22:15', '0000-00-00', '0000-00-00 00:00:00', 0x74),
(45, 1, '08LogistiqV01', 'Frais généraux', 'Frais généraux', '', '', 0, 'SPE', '2011-03-29 14:22:15', '0000-00-00', '0000-00-00 00:00:00', 0x74),
(46, 1, '09PlanifQ01', 'Adéquation du SI aux processus métier', 'Adéquation du SI aux processus métier', '', '', 0, 'SPE', '2011-03-29 14:22:15', '0000-00-00', '2015-04-02 15:24:24', 0x74),
(47, 1, '09PlanifQ01', 'Adéquation IT aux processus métier', 'Adapter les IT aux nouvelles exigences métiers', '', '', 0, 'SPE', '2015-04-02 15:24:24', '0000-00-00', '2015-04-02 15:24:46', 0x74),
(48, 1, '09PlanifQ01', 'Adéquation IT aux processus métier', 'Adapter les IT aux nouvelles exigences du métier', '', '', 0, 'SPE', '2015-04-02 15:24:46', '0000-00-00', '0000-00-00 00:00:00', 0x74),
(49, 1, '09PlanifQ02', 'Technologies menacées d\'obsolescence', 'Technologies menacées d\'obsolescence', '', '', 0, 'SPE', '2011-03-29 14:22:15', '0000-00-00', '0000-00-00 00:00:00', 0x74),
(50, 1, '09PlanifQ03', 'Synergie Groupe SI', 'Synergie Groupe SI', '', '', 0, 'SPE', '2011-03-29 14:22:15', '0000-00-00', '0000-00-00 00:00:00', 0x74),
(51, 1, '10DevG01', 'Dimensionnement IT', 'Dimensionnement  IT', '', '', 0, 'SPE', '2011-03-29 14:22:15', '0000-00-00', '0000-00-00 00:00:00', 0x74),
(52, 1, '10DevG02', 'Déploiement de l\'accès au réseau', 'Déploiement de l\'accès au réseau', '', '', 0, 'SPE', '2011-03-29 14:22:15', '0000-00-00', '0000-00-00 00:00:00', 0x74),
(53, 1, '10DevG03', 'Projets Techniques: Choix Composants', 'Projets Techniques: Choix Composants', '', '', 0, 'SPE', '2011-03-29 14:22:15', '0000-00-00', '0000-00-00 00:00:00', 0x74),
(54, 1, '10DevG04', 'Maîtrise de projets complexes', 'Maîtrise de projets complexes', '', '', 0, 'SPE', '2011-03-29 14:22:15', '0000-00-00', '0000-00-00 00:00:00', 0x74),
(55, 1, '10DevG05', 'Gestion des sous-traitants', 'Gestion des sous-traitants', '', '', 0, 'SPE', '2011-03-29 14:22:15', '0000-00-00', '0000-00-00 00:00:00', 0x74),
(56, 1, '11ExploitH01', 'Incidents majeurs sur Réseau ou SI', 'Incidents majeurs sur Réseau ou SI', '', '', 0, 'SPE', '2011-03-29 14:22:15', '0000-00-00', '0000-00-00 00:00:00', 0x74),
(57, 1, '11ExploitH02', 'Processus opérationnels a impact client', 'Processus opérationnels a impact client', '', '', 0, 'SPE', '2011-03-29 14:22:15', '0000-00-00', '0000-00-00 00:00:00', 0x74),
(58, 1, '11ExploitH03', 'Coûts et qualité de la maintenance', 'Coûts et qualité de la maintenance', '', '', 0, 'SPE', '2011-03-29 14:22:15', '0000-00-00', '0000-00-00 00:00:00', 0x74),
(59, 1, '11ExploitH04', 'Protection logique application et donnée', 'Protection logique applications et données', '', '', 0, 'SPE', '2011-03-29 14:22:15', '0000-00-00', '0000-00-00 00:00:00', 0x74),
(60, 1, '11ExploitH06', 'Batiments stratégiques', 'Batiments stratégiques', '', '', 0, 'SPE', '2011-03-29 14:22:15', '0000-00-00', '0000-00-00 00:00:00', 0x74),
(61, 1, '11ExploitH07', 'Interruptions courtes des services', 'Interruptions courtes des services', '', '', 0, 'SPE', '2011-03-29 14:22:15', '0000-00-00', '0000-00-00 00:00:00', 0x74),
(62, 1, '11ExploitH08', 'Résolution des problèmes utilisateurs', 'Résolution des problèmes utilisateurs', '', '', 0, 'SPE', '2011-03-29 14:22:15', '0000-00-00', '0000-00-00 00:00:00', 0x74),
(63, 1, '12RessHumT01', 'Adéquation des ressources aux besoins', 'Adéquation des ressources aux besoins', '', '', 0, 'SPE', '2011-03-29 14:22:15', '0000-00-00', '0000-00-00 00:00:00', 0x74),
(64, 1, '12RessHumT02', 'Gestion de carrière', 'Gestion de carrière', '', '', 0, 'SPE', '2011-03-29 14:22:15', '0000-00-00', '0000-00-00 00:00:00', 0x74),
(65, 1, '12RessHumT03', 'Relations sociales', 'Relations sociales', '', '', 0, 'SPE', '2011-03-29 14:22:15', '0000-00-00', '0000-00-00 00:00:00', 0x74),
(66, 1, '12RessHumT05', 'Qualité des recrutements', 'Qualité des recrutements', '', '', 0, 'SPE', '2011-03-29 14:22:15', '0000-00-00', '0000-00-00 00:00:00', 0x74),
(67, 1, '12RessHumT06', 'Gestion individuelle', 'Gestion individuelle', '', '', 0, 'SPE', '2011-03-29 14:22:15', '0000-00-00', '0000-00-00 00:00:00', 0x74),
(68, 1, '12RessHumT07', 'Motivation du personnel', 'Motivation du personnel', '', '', 0, 'SPE', '2011-03-29 14:22:15', '0000-00-00', '0000-00-00 00:00:00', 0x74),
(69, 1, '12RessHumT08', 'Rémunération reconnaissance performance', 'Rémunération reconnaissance performance', '', '', 0, 'SPE', '2011-03-29 14:22:15', '0000-00-00', '0000-00-00 00:00:00', 0x74),
(70, 1, '12RessHumT09', 'Sécurité au travail', 'Sécurité au travail', '', '', 0, 'SPE', '2011-03-29 14:22:15', '0000-00-00', '0000-00-00 00:00:00', 0x74),
(71, 1, '13FinancR01', 'Trésorerie', 'Trésorerie', '', '', 0, 'SPE', '2011-03-29 14:22:15', '0000-00-00', '0000-00-00 00:00:00', 0x74),
(72, 1, '13FinancR02', 'Equilibres financiers création de valeur', 'Equilibres financiers création de valeur', '', '', 0, 'SPE', '2011-03-29 14:22:15', '0000-00-00', '0000-00-00 00:00:00', 0x74),
(73, 1, '13FinancR03', 'Fusions, acquisitions, cessions', 'Fusions, acquisitions, cessions', '', '', 0, 'SPE', '2011-03-29 14:22:15', '0000-00-00', '0000-00-00 00:00:00', 0x74),
(74, 1, '13FinancR04', 'Décisions d\'investissements', 'Décisions d\'investissements', '', '', 0, 'SPE', '2011-03-29 14:22:15', '0000-00-00', '0000-00-00 00:00:00', 0x74),
(75, 1, '14ControlR05', 'Qualité des business plans opérationnels', 'Qualité des business plans opérationnels', '', '', 0, 'SPE', '2011-03-29 14:22:15', '0000-00-00', '0000-00-00 00:00:00', 0x74),
(76, 1, '14ControlR06', 'Qualité du pilotage', 'Qualité du pilotage', '', '', 0, 'SPE', '2011-03-29 14:22:15', '0000-00-00', '0000-00-00 00:00:00', 0x74),
(77, 1, '14ControlR07', 'Connaissance des coûts et des marges', 'Connaissance des coûts et des marges', '', '', 0, 'SPE', '2011-03-29 14:22:15', '0000-00-00', '0000-00-00 00:00:00', 0x74),
(78, 1, '15CptaFiscR08', 'Maîtriser la fiscalité', 'Maîtriser la fiscalité', '', '', 0, 'SPE', '2011-03-29 14:22:15', '0000-00-00', '0000-00-00 00:00:00', 0x74),
(79, 1, '15CptaFiscR09', 'Qualité et homogénéïté pratiques compta', 'Qualité et homogénéïté pratiques compta', '', '', 0, 'SPE', '2011-03-29 14:22:15', '0000-00-00', '0000-00-00 00:00:00', 0x74),
(80, 1, '15CptaFiscR10', 'Fiabilité des clôtures comptables', 'Fiabilité des clôtures comptables  (dont maîtrise du processus de reconnaissance des actifs et des passifs)', '', '', 0, 'SPE', '2011-03-29 14:22:15', '0000-00-00', '0000-00-00 00:00:00', 0x74),
(81, 1, '15CptaFiscR11', 'Qualité du SI financier', 'Qualité du SI financier', '', '', 0, 'SPE', '2011-03-29 14:22:15', '0000-00-00', '0000-00-00 00:00:00', 0x74),
(82, 1, '15CptaFiscR12', 'Engagements hors bilans', 'Engagements hors bilans', '', '', 0, 'SPE', '2011-03-29 14:22:15', '0000-00-00', '0000-00-00 00:00:00', 0x74),
(83, 1, '15CptaFiscR13', 'Conséquences de l\'IFRS', 'Conséquences de l\'IFRS', '', '', 0, 'SPE', '2011-03-29 14:22:15', '0000-00-00', '0000-00-00 00:00:00', 0x74),
(84, 1, '15CptaFiscR14', 'Respect obligations des sociétés cotées', 'Respect obligations des sociétés cotées', '', '', 0, 'SPE', '2011-03-29 14:22:15', '0000-00-00', '0000-00-00 00:00:00', 0x74),
(85, 1, '16ConformS01', 'Dispositions légales relatives aux Achat', 'Dispositions légales relatives aux Achat', '', '', 0, 'SPE', '2011-03-29 14:22:15', '0000-00-00', '0000-00-00 00:00:00', 0x74),
(86, 1, '16ConformS02', 'Règles de licence des logiciels', 'Respect des règles de licence des logiciels', '', '', 0, 'SPE', '2011-03-29 14:22:15', '2011-05-03', '0000-00-00 00:00:00', 0x74),
(87, 1, '16ConformS03', 'Réglementation sur les coûts de revient', 'Réglementation sur les coûts de revient', '', '', 0, 'SPE', '2011-03-29 14:22:15', '0000-00-00', '0000-00-00 00:00:00', 0x74),
(88, 1, '16ConformS04', 'Conditions de licence', 'Conditions de licence', '', '', 0, 'SPE', '2011-03-29 14:22:15', '0000-00-00', '0000-00-00 00:00:00', 0x74),
(89, 1, '16ConformS05', 'Resp.pénale entreprise et personnes', 'Resp.pénale entreprise et personnes', '', '', 0, 'SPE', '2011-03-29 14:22:15', '0000-00-00', '0000-00-00 00:00:00', 0x74),
(90, 1, '16ConformS06', 'Protection données nominatives', 'Protection données nominatives', '', '', 0, 'SPE', '2011-03-29 14:22:15', '2011-03-29', '0000-00-00 00:00:00', 0x74),
(91, 1, '16ConformS07', 'Droit Concurrence: Règl. Et déc. Justice', 'Droit Concurrence: Règl. Et déc. Justice', '', '', 0, 'SPE', '2011-03-29 14:22:15', '0000-00-00', '0000-00-00 00:00:00', 0x74),
(92, 1, '16ConformS08', 'Droit du contenu', 'Droit du contenu', '', '', 0, 'SPE', '2011-03-29 14:22:15', '0000-00-00', '0000-00-00 00:00:00', 0x74),
(93, 1, '16ConformS09', 'Développement durable', 'Développement durable', '', '', 0, 'SPE', '2011-03-29 14:22:15', '0000-00-00', '0000-00-00 00:00:00', 0x74),
(94, 1, '16ConformS10', 'Droit du Travail', 'Droit du Travail', '', '', 0, 'SPE', '2011-03-29 14:22:15', '0000-00-00', '0000-00-00 00:00:00', 0x74),
(95, 1, '17LegalS11', 'Maîtrise des contrats', 'Maîtrise des contrats', '', '', 0, 'SPE', '2011-03-29 14:22:15', '0000-00-00', '0000-00-00 00:00:00', 0x74),
(96, 1, '17LegalS12', 'Responsabilité civile des dirigeants', 'Responsabilité civile des dirigeants', '', '', 0, 'SPE', '2011-03-29 14:22:15', '0000-00-00', '0000-00-00 00:00:00', 0x74),
(97, 1, '17LegalS13', 'Assurance des risques industriels', 'Assurance des risques industriels', '', '', 0, 'SPE', '2011-03-29 14:22:15', '0000-00-00', '0000-00-00 00:00:00', 0x74),
(98, 1, '17LegalS14', 'Propriété intellectuelle', 'Propriété intellectuelle', '', '', 0, 'SPE', '2011-03-29 14:22:15', '0000-00-00', '0000-00-00 00:00:00', 0x74),
(99, 1, '17LegalS15', 'Connaissance des litiges', 'Connaissance des litiges', '', '', 0, 'SPE', '2011-03-29 14:22:15', '0000-00-00', '0000-00-00 00:00:00', 0x74),
(100, 1, '17LegalS16', 'Conservation des documents juridiques', 'Conservation des documents juridiques', '', '', 0, 'SPE', '2011-03-29 14:22:15', '0000-00-00', '0000-00-00 00:00:00', 0x74),
(101, 1, '17LegalS17', 'Litiges avec les autres opérateurs', 'Litiges avec les autres opérateurs', '', '', 0, 'SPE', '2011-03-29 14:22:15', '0000-00-00', '0000-00-00 00:00:00', 0x74),
(102, 1, '18SecuriteY01', 'Protection des actifs IT et réseau', 'Protection des actifs IT et réseau', '', '', 0, 'SPE', '2011-03-29 14:22:15', '0000-00-00', '0000-00-00 00:00:00', 0x74),
(103, 1, '18SecuriteY02', 'Protection des actifs physiques', 'Protection des actifs physiques', '', '', 0, 'SPE', '2011-03-29 14:22:15', '0000-00-00', '0000-00-00 00:00:00', 0x74),
(104, 1, '18SecuriteY03', 'Caractéristiques de sécurité de l\'offre ', 'Caractéristiques de sécurité de l\'offre ', '', '', 0, 'SPE', '2011-03-29 14:22:15', '0000-00-00', '0000-00-00 00:00:00', 0x74),
(105, 1, '18SecuriteY04', 'Fraudes', 'Fraudes ', '', '', 0, 'SPE', '2011-03-29 14:22:15', '2011-06-20', '0000-00-00 00:00:00', 0x74),
(106, 1, '18SecuriteY05', 'Protection contre les agressions physiqu', 'Protection contre les agressions physiqu', '', '', 0, 'SPE', '2011-03-29 14:22:15', '0000-00-00', '0000-00-00 00:00:00', 0x74),
(107, 1, '18SecuriteY06', 'Sécurité de l\'information (generique)', 'Sécurité de l\'information', '', '', 0, 'SPE', '2011-03-29 14:22:15', '0000-00-00', '0000-00-00 00:00:00', 0x74),
(108, 1, '19StratComN02', 'Partenariats', 'Partenariats', '', '', 0, 'SPE', '2011-03-29 14:22:15', '0000-00-00', '0000-00-00 00:00:00', 0x74),
(109, 1, '19StratComN03', 'Risques pays', 'Risques pays', '', '', 0, 'SPE', '2011-03-29 14:22:15', '0000-00-00', '0000-00-00 00:00:00', 0x74),
(110, 1, '19StratComN04', 'Viabilité du modèle économique', 'Viabilité du modèle économique', '', '', 0, 'SPE', '2011-03-29 14:22:15', '0000-00-00', '0000-00-00 00:00:00', 0x74),
(111, 1, '19StratComN05', 'Environnement concurrentiel', 'Environnement concurrentiel', '', '', 0, 'SPE', '2011-03-29 14:22:15', '0000-00-00', '0000-00-00 00:00:00', 0x74),
(112, 1, '19StratComN06', 'Anticipation Régulation.lois.reglement', 'Anticipation Régulation.lois.reglement', '', '', 0, 'SPE', '2011-03-29 14:22:15', '0000-00-00', '0000-00-00 00:00:00', 0x74),
(113, 1, '19StratComN08', 'Communication publique', 'Communication publique', '', '', 0, 'SPE', '2011-03-29 14:22:15', '0000-00-00', '0000-00-00 00:00:00', 0x74),
(114, 1, '19StratComX01', 'Environnement de contrôle', 'Environnement de contrôle', '', '', 0, 'SPE', '2011-03-29 14:22:15', '0000-00-00', '0000-00-00 00:00:00', 0x74),
(115, 1, '20MngtX02', 'Transformation Groupe et de ses métiers', 'Transformation Groupe et de ses métiers', '', '', 0, 'SPE', '2011-03-29 14:22:15', '0000-00-00', '0000-00-00 00:00:00', 0x74),
(116, 1, '20MngtX03', 'Relations avec les filiales', 'Relations avec les filiales', '', '', 0, 'SPE', '2011-03-29 14:22:15', '0000-00-00', '0000-00-00 00:00:00', 0x74),
(117, 1, '20MngtX04', 'Mise en oeuvre de la stratégie groupe', 'Mise en oeuvre de la stratégie groupe', '', '', 0, 'SPE', '2011-03-29 14:22:15', '0000-00-00', '0000-00-00 00:00:00', 0x74),
(118, 1, '20MngtX05', 'Com. & adhésion aux valeurs du Groupe', 'Com. & adhésion aux valeurs du Groupe', '', '', 0, 'SPE', '2011-03-29 14:22:15', '0000-00-00', '0000-00-00 00:00:00', 0x74),
(119, 1, '20MngtX06', 'Gouvernance Groupe', 'Gouvernance Groupe', '', '', 0, 'SPE', '2011-03-29 14:22:15', '0000-00-00', '0000-00-00 00:00:00', 0x74);

-- --------------------------------------------------------

--
-- Structure de la table `referentiel_domaine`
--

CREATE TABLE `referentiel_domaine` (
  `idDomaine` mediumint(8) UNSIGNED NOT NULL,
  `id_referentiel` int(11) NOT NULL,
  `domaine_Code` varchar(40) NOT NULL DEFAULT '',
  `domaine_Lib` varchar(250) NOT NULL DEFAULT '',
  `domaine_Desc` mediumtext NOT NULL,
  `domaine_Desc_en` varchar(255) NOT NULL,
  `domaine_Lib_en` varchar(255) NOT NULL,
  `id_typenature` mediumint(8) NOT NULL DEFAULT '0',
  `Typ_Iden` varchar(8) NOT NULL DEFAULT '',
  `domaine_Date_Debut` datetime NOT NULL,
  `domaine_Date_Fin` datetime NOT NULL DEFAULT '0000-00-00 00:00:00',
  `domaine_Date_Modif` date NOT NULL DEFAULT '0000-00-00',
  `Affecte` binary(1) NOT NULL DEFAULT 't',
  `idTypeCrea` int(11) NOT NULL
) ENGINE=InnoDB DEFAULT CHARSET=utf8;

--
-- Déchargement des données de la table `referentiel_domaine`
--

INSERT INTO `referentiel_domaine` (`idDomaine`, `id_referentiel`, `domaine_Code`, `domaine_Lib`, `domaine_Desc`, `domaine_Desc_en`, `domaine_Lib_en`, `id_typenature`, `Typ_Iden`, `domaine_Date_Debut`, `domaine_Date_Fin`, `domaine_Date_Modif`, `Affecte`, `idTypeCrea`) VALUES
(1, 7, '1-INTFRD', 'Internal Fraud', 'Losses due to acts of a type intended to defraud, misappropriate property or circumvent regulations, the law or company policy, excluding diversity/discrimination events, which involves at least one internal party', '', '', 0, 'SPE', '2024-01-03 13:20:50', '0000-00-00 00:00:00', '0000-00-00', 0x74, 0),
(2, 7, '2-EXTFRD', 'External Fraud', 'Losses due to acts of a type intended to defraud, misappropriate property or circumvent the law, by a third party', '', '', 0, 'SPE', '2024-01-03 13:20:59', '0000-00-00 00:00:00', '0000-00-00', 0x74, 0),
(3, 7, '3-EMPL', 'Employment Practices & Workplace Safety', 'Losses arising from acts inconsistent with employment, health or safety laws or agreements, from payment of personal injury claims, or from diversity / discrimination events', '', '', 0, 'SPE', '2024-01-03 13:21:25', '0000-00-00 00:00:00', '0000-00-00', 0x74, 0),
(4, 7, '4-CLPRBU', 'Clients, Products & Business Practice', 'Losses arising from an unintentional or negligent failure to meet a professional obligation to specific clients (including fiduciary and suitability requirements), or from the nature or design of a product.', '', '', 0, 'SPE', '2024-01-03 13:21:47', '0000-00-00 00:00:00', '0000-00-00', 0x74, 0),
(5, 7, '5-DAMAGE', 'Damage to physical assets', 'Losses arising from loss or damage to physical assets from natural disaster or other events.', '', '', 0, 'SPE', '2024-01-03 13:22:31', '0000-00-00 00:00:00', '0000-00-00', 0x74, 0),
(6, 7, '6-DISR', 'Business disruption & Systems Failures', 'Losses arising from disruption of business or system failures', '', '', 0, 'SPE', '2024-01-03 13:23:14', '0000-00-00 00:00:00', '0000-00-00', 0x74, 0),
(7, 7, '7-EXDEPR', 'Execution, Delivery & Process Management', 'Losses from failed transaction processing or process management, from relations with trade counterparties and vendors', '', '', 0, 'SPE', '2024-01-03 13:23:35', '0000-00-00 00:00:00', '0000-00-00', 0x74, 0),
(8, 1, '01Mktng', 'COSO - Marketing', 'Marketing', '', '', 0, 'SPE', '2011-03-29 14:22:15', '0000-00-00 00:00:00', '0000-00-00', 0x74, 0),
(9, 1, '02Ventes', 'COSO - Ventes', 'Ventes', '', '', 0, 'SPE', '2011-03-29 14:22:15', '0000-00-00 00:00:00', '0000-00-00', 0x74, 0),
(10, 1, '03Innovat', 'COSO - Innov lancer produits et services', 'Innover et lancer les produits et services', '', '', 0, 'SPE', '2011-03-29 14:22:15', '0000-00-00 00:00:00', '0000-00-00', 0x74, 0),
(11, 1, '04Qualite', 'COSO - Qualité des prestations', 'Qualité des prestations', '', '', 0, 'SPE', '2011-03-29 14:22:15', '0000-00-00 00:00:00', '0000-00-00', 0x74, 0),
(12, 1, '05Commds', 'COSO - Commandes, Facturat°, Recouvremnt', 'Commandes, Facturation, Recouvrement', '', '', 0, 'SPE', '2011-03-29 14:22:15', '2024-01-05 14:15:50', '0000-00-00', 0x74, 0),
(13, 1, '05Commds', 'COSO - Commandes, Facturation, Recouvrement', 'Commandes, Facturation, Recouvrement', '', '', 0, 'SPE', '2024-01-05 14:15:50', '0000-00-00 00:00:00', '0000-00-00', 0x74, 0),
(14, 1, '06Achats', 'COSO - Achats', 'Achats', '', '', 0, 'SPE', '2011-03-29 14:22:15', '0000-00-00 00:00:00', '0000-00-00', 0x74, 0),
(15, 1, '07Approv', 'COSO - Approvisionnement', 'Approvisionnement', '', '', 0, 'SPE', '2011-03-29 14:22:15', '0000-00-00 00:00:00', '0000-00-00', 0x74, 0),
(16, 1, '08Logistiq', 'COSO - Logistique', 'Logistique', '', '', 0, 'SPE', '2011-03-29 14:22:15', '0000-00-00 00:00:00', '0000-00-00', 0x74, 0),
(17, 1, '09Planif', 'COSO - Planificat° et organisat° techn', 'Planification et organisation techniques', '', '', 0, 'SPE', '2011-03-29 14:22:15', '2024-01-05 14:16:20', '0000-00-00', 0x74, 0),
(18, 1, '09Planif', 'COSO - Planification et organisation technique', 'Planification et organisation techniques', '', '', 0, 'SPE', '2024-01-05 14:16:20', '0000-00-00 00:00:00', '0000-00-00', 0x74, 0),
(19, 1, '10Dev', 'COSO - Dévelop techniques et déploiement', 'Développements techniques et déploiement', '', '', 0, 'SPE', '2011-03-29 14:22:15', '0000-00-00 00:00:00', '0000-00-00', 0x74, 0),
(20, 1, '11Exploit', 'COSO - Exploit technique et maintenance', 'Exploitation technique et maintenance', '', '', 0, 'SPE', '2011-03-29 14:22:15', '0000-00-00 00:00:00', '0000-00-00', 0x74, 0),
(21, 1, '12RessHum', 'COSO - Ressources Humaines', 'Ressources Humaines', '', '', 0, 'SPE', '2011-03-29 14:22:15', '0000-00-00 00:00:00', '0000-00-00', 0x74, 0),
(22, 1, '13Financ', 'COSO - Financement', 'Financement', '', '', 0, 'SPE', '2011-03-29 14:22:15', '0000-00-00 00:00:00', '0000-00-00', 0x74, 0),
(23, 1, '14Control', 'COSO - Controlling', 'Controlling', '', '', 0, 'SPE', '2011-03-29 14:22:15', '0000-00-00 00:00:00', '0000-00-00', 0x74, 0),
(24, 1, '15CptaFisc', 'COSO - Comptabilité et fiscalité', 'Comptabilité et fiscalité', '', '', 0, 'SPE', '2011-03-29 14:22:15', '0000-00-00 00:00:00', '0000-00-00', 0x74, 0),
(25, 1, '16Conform', 'COSO - Conformité', 'Conformité', '', '', 0, 'SPE', '2011-03-29 14:22:15', '0000-00-00 00:00:00', '0000-00-00', 0x74, 0),
(26, 1, '17Legal', 'COSO - Défendre les droits Entreprise', 'Défendre les droits de l\'Entreprise', '', '', 0, 'SPE', '2011-03-29 14:22:15', '0000-00-00 00:00:00', '0000-00-00', 0x74, 0),
(27, 1, '18Securite', 'COSO - Sécurité', 'Sécurité', '', '', 0, 'SPE', '2011-03-29 14:22:15', '0000-00-00 00:00:00', '0000-00-00', 0x74, 0),
(28, 1, '19StratCom', 'COSO - Stratégie et Communication', 'Stratégie et Communication', '', '', 0, 'SPE', '2011-03-29 14:22:15', '0000-00-00 00:00:00', '0000-00-00', 0x74, 0),
(29, 1, '20Mngt', 'COSO - Management & Organisation', 'Management & Organisation', '', '', 0, 'SPE', '2011-03-29 14:22:15', '0000-00-00 00:00:00', '0000-00-00', 0x74, 0);

-- --------------------------------------------------------

--
-- Structure de la table `referentiel_domaine_categorie`
--

CREATE TABLE `referentiel_domaine_categorie` (
  `idDomaine` mediumint(8) NOT NULL DEFAULT '0',
  `id_referentiel` int(11) NOT NULL,
  `id_categorie` mediumint(8) NOT NULL DEFAULT '0',
  `Date_Debut` datetime NOT NULL DEFAULT '0000-00-00 00:00:00',
  `Date_Modif` date NOT NULL DEFAULT '0000-00-00',
  `Date_Fin` datetime NOT NULL DEFAULT '0000-00-00 00:00:00'
) ENGINE=InnoDB DEFAULT CHARSET=utf8;

--
-- Déchargement des données de la table `referentiel_domaine_categorie`
--

INSERT INTO `referentiel_domaine_categorie` (`idDomaine`, `id_referentiel`, `id_categorie`, `Date_Debut`, `Date_Modif`, `Date_Fin`) VALUES
(1, 7, 1, '2009-10-01 11:11:33', '0000-00-00', '0000-00-00 00:00:00'),
(1, 7, 2, '2009-10-01 11:11:33', '0000-00-00', '0000-00-00 00:00:00'),
(2, 7, 3, '2009-10-01 11:11:33', '0000-00-00', '0000-00-00 00:00:00'),
(2, 7, 4, '2009-10-01 11:11:33', '0000-00-00', '0000-00-00 00:00:00'),
(3, 7, 5, '2009-10-01 11:11:33', '0000-00-00', '0000-00-00 00:00:00'),
(3, 7, 6, '2009-10-01 11:11:33', '0000-00-00', '0000-00-00 00:00:00'),
(3, 7, 7, '2009-10-01 11:11:33', '0000-00-00', '0000-00-00 00:00:00'),
(4, 7, 8, '2009-10-01 11:11:33', '0000-00-00', '0000-00-00 00:00:00'),
(4, 7, 9, '2009-10-01 11:11:33', '0000-00-00', '0000-00-00 00:00:00'),
(4, 7, 10, '2009-10-01 11:11:33', '0000-00-00', '0000-00-00 00:00:00'),
(4, 7, 11, '2009-10-01 11:11:33', '0000-00-00', '0000-00-00 00:00:00'),
(4, 7, 12, '2009-10-01 11:11:33', '0000-00-00', '0000-00-00 00:00:00'),
(5, 7, 13, '2009-10-01 11:11:33', '0000-00-00', '0000-00-00 00:00:00'),
(6, 7, 14, '2009-10-01 11:11:33', '0000-00-00', '0000-00-00 00:00:00'),
(7, 7, 15, '2009-10-01 11:11:33', '0000-00-00', '0000-00-00 00:00:00'),
(7, 7, 16, '2009-10-01 11:11:33', '0000-00-00', '0000-00-00 00:00:00'),
(7, 7, 17, '2009-10-01 11:11:33', '0000-00-00', '0000-00-00 00:00:00'),
(7, 7, 18, '2009-10-01 11:11:33', '0000-00-00', '0000-00-00 00:00:00'),
(7, 7, 19, '2009-10-01 11:11:33', '0000-00-00', '0000-00-00 00:00:00'),
(7, 7, 20, '2009-10-01 11:11:33', '0000-00-00', '0000-00-00 00:00:00'),
(8, 1, 21, '2011-03-29 14:22:15', '0000-00-00', '0000-00-00 00:00:00'),
(8, 1, 22, '2011-03-29 14:22:15', '0000-00-00', '0000-00-00 00:00:00'),
(8, 1, 23, '2011-03-29 14:22:15', '0000-00-00', '0000-00-00 00:00:00'),
(8, 1, 24, '2011-03-29 14:22:15', '0000-00-00', '0000-00-00 00:00:00'),
(9, 1, 25, '2011-03-29 14:22:15', '0000-00-00', '0000-00-00 00:00:00'),
(9, 1, 26, '2011-03-29 14:22:15', '0000-00-00', '0000-00-00 00:00:00'),
(9, 1, 27, '2011-03-29 14:22:15', '0000-00-00', '0000-00-00 00:00:00'),
(10, 1, 28, '2011-03-29 14:22:15', '0000-00-00', '0000-00-00 00:00:00'),
(10, 1, 29, '2011-03-29 14:22:15', '0000-00-00', '0000-00-00 00:00:00'),
(10, 1, 30, '2011-03-29 14:22:15', '0000-00-00', '0000-00-00 00:00:00'),
(10, 1, 31, '2011-03-29 14:22:15', '0000-00-00', '0000-00-00 00:00:00'),
(11, 1, 32, '2011-03-29 14:22:15', '0000-00-00', '0000-00-00 00:00:00'),
(11, 1, 33, '2011-03-29 14:22:15', '2011-03-30', '0000-00-00 00:00:00'),
(11, 1, 34, '2011-03-29 14:22:15', '0000-00-00', '0000-00-00 00:00:00'),
(12, 1, 35, '2011-03-29 14:22:15', '0000-00-00', '0000-00-00 00:00:00'),
(12, 1, 36, '2011-03-29 14:22:15', '0000-00-00', '0000-00-00 00:00:00'),
(12, 1, 37, '2011-03-29 14:22:15', '0000-00-00', '0000-00-00 00:00:00'),
(12, 1, 38, '2011-03-29 14:22:15', '0000-00-00', '0000-00-00 00:00:00'),
(12, 1, 39, '2011-03-29 14:22:15', '0000-00-00', '0000-00-00 00:00:00'),
(13, 1, 40, '2011-03-29 14:22:15', '0000-00-00', '0000-00-00 00:00:00'),
(13, 1, 41, '2011-03-29 14:22:15', '0000-00-00', '0000-00-00 00:00:00'),
(14, 1, 42, '2011-03-29 14:22:15', '0000-00-00', '0000-00-00 00:00:00'),
(14, 1, 157, '2015-04-08 14:12:09', '2015-09-10', '0000-00-00 00:00:00'),
(14, 1, 158, '2016-05-11 17:30:58', '2016-05-19', '0000-00-00 00:00:00'),
(14, 1, 159, '2016-05-19 17:17:35', '2016-05-19', '0000-00-00 00:00:00'),
(15, 1, 43, '2011-03-29 14:22:15', '0000-00-00', '0000-00-00 00:00:00'),
(16, 1, 44, '2011-03-29 14:22:15', '2015-04-02', '0000-00-00 00:00:00'),
(16, 1, 45, '2011-03-29 14:22:15', '0000-00-00', '0000-00-00 00:00:00'),
(16, 1, 46, '2011-03-29 14:22:15', '0000-00-00', '0000-00-00 00:00:00'),
(17, 1, 47, '2011-03-29 14:22:15', '0000-00-00', '0000-00-00 00:00:00'),
(17, 1, 48, '2011-03-29 14:22:15', '0000-00-00', '0000-00-00 00:00:00'),
(17, 1, 49, '2011-03-29 14:22:15', '0000-00-00', '0000-00-00 00:00:00'),
(17, 1, 50, '2011-03-29 14:22:15', '0000-00-00', '0000-00-00 00:00:00'),
(17, 1, 51, '2011-03-29 14:22:15', '0000-00-00', '0000-00-00 00:00:00'),
(18, 1, 52, '2011-03-29 14:22:15', '0000-00-00', '0000-00-00 00:00:00'),
(18, 1, 53, '2011-03-29 14:22:15', '0000-00-00', '0000-00-00 00:00:00'),
(18, 1, 54, '2011-03-29 14:22:15', '0000-00-00', '0000-00-00 00:00:00'),
(18, 1, 55, '2011-03-29 14:22:15', '0000-00-00', '0000-00-00 00:00:00'),
(18, 1, 56, '2011-03-29 14:22:15', '0000-00-00', '0000-00-00 00:00:00'),
(18, 1, 57, '2011-03-29 14:22:15', '0000-00-00', '0000-00-00 00:00:00'),
(18, 1, 58, '2011-03-29 14:22:15', '0000-00-00', '0000-00-00 00:00:00'),
(19, 1, 59, '2011-03-29 14:22:15', '0000-00-00', '0000-00-00 00:00:00'),
(19, 1, 60, '2011-03-29 14:22:15', '0000-00-00', '0000-00-00 00:00:00'),
(19, 1, 61, '2011-03-29 14:22:15', '0000-00-00', '0000-00-00 00:00:00'),
(19, 1, 62, '2011-03-29 14:22:15', '0000-00-00', '0000-00-00 00:00:00'),
(19, 1, 63, '2011-03-29 14:22:15', '0000-00-00', '0000-00-00 00:00:00'),
(19, 1, 64, '2011-03-29 14:22:15', '0000-00-00', '0000-00-00 00:00:00'),
(19, 1, 65, '2011-03-29 14:22:15', '0000-00-00', '0000-00-00 00:00:00'),
(19, 1, 66, '2011-03-29 14:22:15', '0000-00-00', '0000-00-00 00:00:00'),
(20, 1, 67, '2011-03-29 14:22:15', '0000-00-00', '0000-00-00 00:00:00'),
(20, 1, 68, '2011-03-29 14:22:15', '0000-00-00', '0000-00-00 00:00:00'),
(20, 1, 69, '2011-03-29 14:22:15', '0000-00-00', '0000-00-00 00:00:00'),
(20, 1, 70, '2011-03-29 14:22:15', '0000-00-00', '0000-00-00 00:00:00'),
(21, 1, 71, '2011-03-29 14:22:15', '0000-00-00', '0000-00-00 00:00:00'),
(21, 1, 72, '2011-03-29 14:22:15', '0000-00-00', '0000-00-00 00:00:00'),
(21, 1, 73, '2011-03-29 14:22:15', '0000-00-00', '0000-00-00 00:00:00'),
(22, 1, 74, '2011-03-29 14:22:15', '0000-00-00', '0000-00-00 00:00:00'),
(22, 1, 75, '2011-03-29 14:22:15', '0000-00-00', '0000-00-00 00:00:00'),
(22, 1, 76, '2011-03-29 14:22:15', '0000-00-00', '0000-00-00 00:00:00'),
(22, 1, 77, '2011-03-29 14:22:15', '0000-00-00', '0000-00-00 00:00:00'),
(22, 1, 78, '2011-03-29 14:22:15', '0000-00-00', '0000-00-00 00:00:00'),
(22, 1, 79, '2011-03-29 14:22:15', '0000-00-00', '0000-00-00 00:00:00'),
(22, 1, 80, '2011-03-29 14:22:15', '0000-00-00', '0000-00-00 00:00:00'),
(23, 1, 81, '2011-03-29 14:22:15', '0000-00-00', '0000-00-00 00:00:00'),
(23, 1, 82, '2011-03-29 14:22:15', '2011-05-03', '0000-00-00 00:00:00'),
(23, 1, 83, '2011-03-29 14:22:15', '0000-00-00', '0000-00-00 00:00:00'),
(23, 1, 84, '2011-03-29 14:22:15', '0000-00-00', '0000-00-00 00:00:00'),
(23, 1, 85, '2011-03-29 14:22:15', '0000-00-00', '0000-00-00 00:00:00'),
(23, 1, 86, '2011-03-29 14:22:15', '2011-03-29', '0000-00-00 00:00:00'),
(23, 1, 87, '2011-03-29 14:22:15', '0000-00-00', '0000-00-00 00:00:00'),
(23, 1, 88, '2011-03-29 14:22:15', '0000-00-00', '0000-00-00 00:00:00'),
(23, 1, 89, '2011-03-29 14:22:15', '0000-00-00', '0000-00-00 00:00:00'),
(23, 1, 90, '2011-03-29 14:22:15', '0000-00-00', '0000-00-00 00:00:00'),
(23, 1, 156, '2013-01-09 14:07:46', '2013-01-09', '0000-00-00 00:00:00'),
(24, 1, 91, '2011-03-29 14:22:15', '0000-00-00', '0000-00-00 00:00:00'),
(24, 1, 92, '2011-03-29 14:22:15', '0000-00-00', '0000-00-00 00:00:00'),
(24, 1, 93, '2011-03-29 14:22:15', '0000-00-00', '0000-00-00 00:00:00'),
(24, 1, 94, '2011-03-29 14:22:15', '0000-00-00', '0000-00-00 00:00:00'),
(24, 1, 95, '2011-03-29 14:22:15', '0000-00-00', '0000-00-00 00:00:00'),
(24, 1, 96, '2011-03-29 14:22:15', '0000-00-00', '0000-00-00 00:00:00'),
(24, 1, 97, '2011-03-29 14:22:15', '0000-00-00', '0000-00-00 00:00:00'),
(25, 1, 98, '2011-03-29 14:22:15', '0000-00-00', '0000-00-00 00:00:00'),
(25, 1, 99, '2011-03-29 14:22:15', '0000-00-00', '0000-00-00 00:00:00'),
(25, 1, 100, '2011-03-29 14:22:15', '0000-00-00', '0000-00-00 00:00:00'),
(25, 1, 101, '2011-03-29 14:22:15', '2011-06-20', '0000-00-00 00:00:00'),
(25, 1, 102, '2011-03-29 14:22:15', '0000-00-00', '0000-00-00 00:00:00'),
(25, 1, 103, '2011-03-29 14:22:15', '0000-00-00', '0000-00-00 00:00:00'),
(26, 1, 104, '2011-03-29 14:22:15', '0000-00-00', '0000-00-00 00:00:00'),
(26, 1, 105, '2011-03-29 14:22:15', '0000-00-00', '0000-00-00 00:00:00'),
(26, 1, 106, '2011-03-29 14:22:15', '0000-00-00', '0000-00-00 00:00:00'),
(26, 1, 107, '2011-03-29 14:22:15', '0000-00-00', '0000-00-00 00:00:00'),
(26, 1, 108, '2011-03-29 14:22:15', '0000-00-00', '0000-00-00 00:00:00'),
(26, 1, 109, '2011-03-29 14:22:15', '0000-00-00', '0000-00-00 00:00:00'),
(26, 1, 110, '2011-03-29 14:22:15', '0000-00-00', '0000-00-00 00:00:00'),
(27, 1, 111, '2011-03-29 14:22:15', '0000-00-00', '0000-00-00 00:00:00'),
(27, 1, 112, '2011-03-29 14:22:15', '0000-00-00', '0000-00-00 00:00:00'),
(27, 1, 113, '2011-03-29 14:22:15', '0000-00-00', '0000-00-00 00:00:00'),
(27, 1, 114, '2011-03-29 14:22:15', '0000-00-00', '0000-00-00 00:00:00'),
(27, 1, 115, '2011-03-29 14:22:15', '0000-00-00', '0000-00-00 00:00:00');

-- --------------------------------------------------------

--
-- Structure de la table `referentiel_nature`
--

CREATE TABLE `referentiel_nature` (
  `idNature` mediumint(8) UNSIGNED NOT NULL,
  `id_referentiel` int(11) NOT NULL,
  `Nat_Cod` varchar(40) DEFAULT NULL,
  `intitule` varchar(250) CHARACTER SET utf8 COLLATE utf8_general_ci DEFAULT NULL,
  `description` mediumtext NOT NULL,
  `intitule_en` varchar(255) NOT NULL,
  `description_en` mediumtext CHARACTER SET utf8 COLLATE utf8_general_ci NOT NULL,
  `ordre` smallint(3) NOT NULL DEFAULT '0',
  `Typ_Iden` varchar(10) DEFAULT NULL,
  `id_typenature` mediumint(8) NOT NULL,
  `id_typenature_risk` int(11) NOT NULL DEFAULT '24',
  `notificationType` int(11) NOT NULL DEFAULT '0',
  `dftNotification` int(11) NOT NULL,
  `date_debut` datetime NOT NULL DEFAULT '0000-00-00 00:00:00',
  `date_modif` date NOT NULL DEFAULT '0000-00-00',
  `date_fin` datetime NOT NULL DEFAULT '0000-00-00 00:00:00',
  `Affecte` binary(1) NOT NULL
) ENGINE=InnoDB DEFAULT CHARSET=utf8;

--
-- Déchargement des données de la table `referentiel_nature`
--

INSERT INTO `referentiel_nature` (`idNature`, `id_referentiel`, `Nat_Cod`, `intitule`, `description`, `intitule_en`, `description_en`, `ordre`, `Typ_Iden`, `id_typenature`, `id_typenature_risk`, `notificationType`, `dftNotification`, `date_debut`, `date_modif`, `date_fin`, `Affecte`) VALUES
(35, 7, 'BN11N31', 'Misappropriation of assets', '', '', '', 0, 'SPE', 0, 0, 0, 0, '2020-05-18 10:53:55', '0000-00-00', '0000-00-00 00:00:00', 0x74),
(36, 7, 'BN11N32', 'Tax non-compliance / evasion (willful)', '', '', '', 0, 'SPE', 0, 0, 0, 0, '0000-00-00 00:00:00', '0000-00-00', '0000-00-00 00:00:00', 0x74),
(37, 7, 'BN11N33', 'Intentional mismarking of positions', '', '', '', 0, 'SPE', 0, 0, 0, 0, '0000-00-00 00:00:00', '0000-00-00', '0000-00-00 00:00:00', 0x74),
(38, 7, 'BN11N34', 'Internal Fraud', 'Fraud', '', '', 0, 'SPE', 0, 0, 0, 0, '2024-01-03 13:44:05', '0000-00-00', '0000-00-00 00:00:00', 0x74),
(39, 7, 'BN11N35', 'Internal Theft', '', '', '', 0, 'SPE', 0, 0, 0, 0, '2024-01-03 13:47:18', '0000-00-00', '0000-00-00 00:00:00', 0x74),
(40, 7, 'BN11N36', 'Transaction Type unauthorized (with manetary loss)', '', '', '', 0, 'SPE', 0, 0, 0, 0, '0000-00-00 00:00:00', '0000-00-00', '0000-00-00 00:00:00', 0x74),
(41, 7, 'BN11N37', 'Transactions not reported (Intentional)', '', '', '', 0, 'SPE', 0, 0, 0, 0, '2024-01-03 13:28:36', '0000-00-00', '0000-00-00 00:00:00', 0x74),
(42, 7, 'BN1N38', 'Extortion / embezzlement / Robbery', '', '', '', 0, 'SPE', 0, 0, 0, 0, '0000-00-00 00:00:00', '0000-00-00', '0000-00-00 00:00:00', 0x74),
(43, 7, 'BN11N39', 'Check kiting', '', '', '', 0, 'SPE', 0, 0, 0, 0, '0000-00-00 00:00:00', '0000-00-00', '0000-00-00 00:00:00', 0x74),
(44, 7, 'BN11N310', 'Smuggling', '', '', '', 0, 'SPE', 0, 0, 0, 0, '0000-00-00 00:00:00', '0000-00-00', '0000-00-00 00:00:00', 0x74),
(45, 7, 'BN11N311', 'Credit fraud / Worthless deposits', '', '', '', 0, 'SPE', 0, 0, 0, 0, '0000-00-00 00:00:00', '0000-00-00', '0000-00-00 00:00:00', 0x74),
(46, 7, 'BN11N312', 'Forgery', '', '', '', 0, 'SPE', 0, 0, 0, 0, '0000-00-00 00:00:00', '0000-00-00', '0000-00-00 00:00:00', 0x74),
(47, 7, 'BN11N313', 'Account take-over / Impersonation, etc.', '', '', '', 0, 'SPE', 0, 0, 0, 0, '0000-00-00 00:00:00', '0000-00-00', '0000-00-00 00:00:00', 0x74),
(48, 7, 'BN11N314', 'Bribes / kickbacks', '', '', '', 0, 'SPE', 0, 0, 0, 0, '0000-00-00 00:00:00', '0000-00-00', '0000-00-00 00:00:00', 0x74),
(49, 7, 'BN12N315', 'Insider trading (not on firm\'s account)', '', '', '', 0, 'SPE', 0, 0, 0, 0, '0000-00-00 00:00:00', '0000-00-00', '0000-00-00 00:00:00', 0x74),
(50, 7, 'BN12N316', 'Theft of Information (with monetary loss)', '', '', '', 0, 'SPE', 0, 0, 0, 0, '0000-00-00 00:00:00', '0000-00-00', '0000-00-00 00:00:00', 0x74),
(51, 7, 'BN12N317', 'Hacking damage', '', '', '', 0, 'SPE', 0, 0, 0, 0, '0000-00-00 00:00:00', '0000-00-00', '0000-00-00 00:00:00', 0x74),
(52, 7, 'BN12N318', 'Third-Party theft and forgery', '', '', '', 0, 'SPE', 0, 0, 0, 0, '0000-00-00 00:00:00', '0000-00-00', '0000-00-00 00:00:00', 0x74),
(53, 7, 'BN12N319', 'Virus attack . Security Breach', '', '', '', 0, 'SPE', 0, 0, 0, 0, '2024-01-03 13:42:11', '0000-00-00', '0000-00-00 00:00:00', 0x74),
(54, 7, 'BN13N320', 'Discrimination or harassment', '', '', '', 0, 'SPE', 0, 0, 0, 0, '2024-01-03 14:11:40', '0000-00-00', '0000-00-00 00:00:00', 0x74),
(55, 7, 'BN13N321', 'Workers Compensation', '', '', '', 0, 'SPE', 0, 0, 0, 0, '0000-00-00 00:00:00', '0000-00-00', '0000-00-00 00:00:00', 0x74),
(56, 7, 'BN13N322', 'Health and Safety Breach', '', '', '', 0, 'SPE', 0, 0, 0, 0, '2024-01-03 14:08:40', '0000-00-00', '0000-00-00 00:00:00', 0x74),
(57, 7, 'BN13B323', 'Compensation, benefits, termination issues', '', '', '', 0, 'SPE', 0, 0, 0, 0, '0000-00-00 00:00:00', '0000-00-00', '0000-00-00 00:00:00', 0x74),
(58, 7, 'BN13N324', 'Organized labor activities', '', '', '', 0, 'SPE', 0, 0, 0, 0, '0000-00-00 00:00:00', '0000-00-00', '0000-00-00 00:00:00', 0x74),
(59, 7, 'BN13N325', 'General liability (slips and falls, etc.)', '', '', '', 0, 'SPE', 0, 0, 0, 0, '0000-00-00 00:00:00', '0000-00-00', '0000-00-00 00:00:00', 0x74),
(60, 7, 'BN14N326', 'Market Manipulation', '', '', '', 0, 'SPE', 0, 0, 0, 0, '0000-00-00 00:00:00', '0000-00-00', '0000-00-00 00:00:00', 0x74),
(61, 7, 'BN14N327', 'Antitrust', '', '', '', 0, 'SPE', 0, 0, 0, 0, '0000-00-00 00:00:00', '0000-00-00', '0000-00-00 00:00:00', 0x74),
(62, 7, 'BN14N328', 'Improper Trade', '', '', '', 0, 'SPE', 0, 0, 0, 0, '0000-00-00 00:00:00', '0000-00-00', '0000-00-00 00:00:00', 0x74),
(63, 7, 'BN14N329', 'Product defects', '', '', '', 0, 'SPE', 0, 0, 0, 0, '0000-00-00 00:00:00', '0000-00-00', '0000-00-00 00:00:00', 0x74),
(64, 7, 'BN14N330', 'Fiduciary Breaches', '', '', '', 0, 'SPE', 0, 0, 0, 0, '0000-00-00 00:00:00', '0000-00-00', '0000-00-00 00:00:00', 0x74),
(65, 7, 'BN14N331', 'Account Churning', '', '', '', 0, 'SPE', 0, 0, 0, 0, '0000-00-00 00:00:00', '0000-00-00', '0000-00-00 00:00:00', 0x74),
(66, 7, 'BN14N332', 'Suitability . Fiduciary . Disclosure issues (KYC, etc. )', '', '', '', 0, 'SPE', 0, 0, 0, 0, '2024-01-03 14:13:41', '0000-00-00', '0000-00-00 00:00:00', 0x74),
(67, 7, 'BN14N334', 'Retail consumer disclosure violations', '', '', '', 0, 'SPE', 0, 0, 0, 0, '0000-00-00 00:00:00', '0000-00-00', '0000-00-00 00:00:00', 0x74),
(68, 7, 'BN14N335', 'Breach of privacy', '', '', '', 0, 'SPE', 0, 0, 0, 0, '0000-00-00 00:00:00', '0000-00-00', '0000-00-00 00:00:00', 0x74),
(69, 7, 'BN14N336', 'Agressive sales', '', '', '', 0, 'SPE', 0, 0, 0, 0, '0000-00-00 00:00:00', '0000-00-00', '0000-00-00 00:00:00', 0x74),
(70, 7, 'BN14N337', 'Misure of confidential information', '', '', '', 0, 'SPE', 0, 0, 0, 0, '0000-00-00 00:00:00', '0000-00-00', '0000-00-00 00:00:00', 0x74),
(71, 7, 'BN14N338', 'Lender liability', '', '', '', 0, 'SPE', 0, 0, 0, 0, '0000-00-00 00:00:00', '0000-00-00', '0000-00-00 00:00:00', 0x74),
(72, 7, 'BN14N339', 'Insider trading (on firm\'s account)', '', '', '', 0, 'SPE', 0, 0, 0, 0, '0000-00-00 00:00:00', '0000-00-00', '0000-00-00 00:00:00', 0x74),
(73, 7, 'BN14N340', 'Unlicensed activity', '', '', '', 0, 'SPE', 0, 0, 0, 0, '0000-00-00 00:00:00', '0000-00-00', '0000-00-00 00:00:00', 0x74),
(74, 7, 'BN14N341', 'Money laundering', '', '', '', 0, 'SPE', 0, 0, 0, 0, '0000-00-00 00:00:00', '0000-00-00', '0000-00-00 00:00:00', 0x74),
(75, 7, 'BN14N342', 'Model errors', '', '', '', 0, 'SPE', 0, 0, 0, 0, '0000-00-00 00:00:00', '0000-00-00', '0000-00-00 00:00:00', 0x74),
(76, 7, 'BN14N343', 'Failure investigate client per guidelines', '', '', '', 0, 'SPE', 0, 0, 0, 0, '0000-00-00 00:00:00', '0000-00-00', '0000-00-00 00:00:00', 0x74),
(77, 7, 'BN14N344', 'Exceeding client exposure limits', '', '', '', 0, 'SPE', 0, 0, 0, 0, '0000-00-00 00:00:00', '0000-00-00', '0000-00-00 00:00:00', 0x74),
(78, 7, 'BN14N345', 'Disputes over performance or advisory activities', '', '', '', 0, 'SPE', 0, 0, 0, 0, '0000-00-00 00:00:00', '0000-00-00', '0000-00-00 00:00:00', 0x74),
(79, 7, 'BN15N346', 'Natural disaster losses', '', '', '', 0, 'SPE', 0, 0, 0, 0, '0000-00-00 00:00:00', '0000-00-00', '0000-00-00 00:00:00', 0x74),
(80, 7, 'BN15N347', 'Human losses from external sources (terrorism, vandalism)', '', '', '', 0, 'SPE', 0, 0, 0, 0, '0000-00-00 00:00:00', '0000-00-00', '0000-00-00 00:00:00', 0x74),
(82, 7, 'BN16N349', 'Software', '', '', '', 0, 'SPE', 0, 0, 0, 0, '0000-00-00 00:00:00', '0000-00-00', '0000-00-00 00:00:00', 0x74),
(83, 7, 'BN16N350', 'Telecommunications', '', '', '', 0, 'SPE', 0, 0, 0, 0, '0000-00-00 00:00:00', '0000-00-00', '0000-00-00 00:00:00', 0x74),
(84, 7, 'BN16N351', 'Utility outage / Disruptions', '', '', '', 0, 'SPE', 0, 0, 0, 0, '0000-00-00 00:00:00', '0000-00-00', '0000-00-00 00:00:00', 0x74),
(85, 7, 'BN17N352', 'Miscommunication', '', '', '', 0, 'SPE', 0, 0, 0, 0, '0000-00-00 00:00:00', '0000-00-00', '0000-00-00 00:00:00', 0x74),
(86, 7, 'BN17N353', 'Data entry, maintenanceor loading error', '', '', '', 0, 'SPE', 0, 0, 0, 0, '0000-00-00 00:00:00', '0000-00-00', '0000-00-00 00:00:00', 0x74),
(87, 7, 'BN17N354', 'Missed deadline or responsability', '', '', '', 0, 'SPE', 0, 0, 0, 0, '0000-00-00 00:00:00', '0000-00-00', '0000-00-00 00:00:00', 0x74),
(88, 7, 'BN16N355', 'Model / System misoperation', '', '', '', 0, 'SPE', 0, 0, 0, 0, '0000-00-00 00:00:00', '0000-00-00', '0000-00-00 00:00:00', 0x74),
(89, 7, 'BN16N356', 'Accounting error / entity attribution error', '', '', '', 0, 'SPE', 0, 0, 0, 0, '0000-00-00 00:00:00', '0000-00-00', '0000-00-00 00:00:00', 0x74),
(90, 7, 'BN16N357', 'Other task misperformance', '', '', '', 0, 'SPE', 0, 0, 0, 0, '0000-00-00 00:00:00', '0000-00-00', '0000-00-00 00:00:00', 0x74),
(91, 7, 'BN16N358', 'Delivery failure', '', '', '', 0, 'SPE', 0, 0, 0, 0, '0000-00-00 00:00:00', '0000-00-00', '0000-00-00 00:00:00', 0x74),
(92, 7, 'BN16N359', 'Collateral management failure', '', '', '', 0, 'SPE', 0, 0, 0, 0, '0000-00-00 00:00:00', '0000-00-00', '0000-00-00 00:00:00', 0x74),
(93, 7, 'BN16N360', 'Reference data maintenance', '', '', '', 0, 'SPE', 0, 0, 0, 0, '0000-00-00 00:00:00', '0000-00-00', '0000-00-00 00:00:00', 0x74),
(94, 7, 'BN16N361', 'Failed mandatory reporting obligation', '', '', '', 0, 'SPE', 0, 0, 0, 0, '0000-00-00 00:00:00', '0000-00-00', '0000-00-00 00:00:00', 0x74),
(95, 7, 'BN16N362', 'Inaccurate external report (loss incurred)', '', '', '', 0, 'SPE', 0, 0, 0, 0, '0000-00-00 00:00:00', '0000-00-00', '0000-00-00 00:00:00', 0x74),
(96, 7, 'BN16N363', 'Client permissions / disclaimers missed', '', '', '', 0, 'SPE', 0, 0, 0, 0, '0000-00-00 00:00:00', '0000-00-00', '0000-00-00 00:00:00', 0x74),
(97, 7, 'BN16N364', 'Legal documents missing / incomplete', '', '', '', 0, 'SPE', 0, 0, 0, 0, '0000-00-00 00:00:00', '0000-00-00', '0000-00-00 00:00:00', 0x74),
(98, 7, 'BN16N365', 'Unapproved access given to accounts', '', '', '', 0, 'SPE', 0, 0, 0, 0, '0000-00-00 00:00:00', '0000-00-00', '0000-00-00 00:00:00', 0x74),
(99, 7, 'BN16N366', 'Incorrect client records (loss incurred)', '', '', '', 0, 'SPE', 0, 0, 0, 0, '0000-00-00 00:00:00', '0000-00-00', '0000-00-00 00:00:00', 0x74),
(100, 7, 'BN16N367', 'Negligent loss or damage of client assets', '', '', '', 0, 'SPE', 0, 0, 0, 0, '0000-00-00 00:00:00', '0000-00-00', '0000-00-00 00:00:00', 0x74),
(101, 7, 'BN16N368', 'Non-client counterparty misperformance', '', '', '', 0, 'SPE', 0, 0, 0, 0, '0000-00-00 00:00:00', '0000-00-00', '0000-00-00 00:00:00', 0x74),
(102, 7, 'BN16N369', 'Misc. non-client counterparty disputes', '', '', '', 0, 'SPE', 0, 0, 0, 0, '0000-00-00 00:00:00', '0000-00-00', '0000-00-00 00:00:00', 0x74),
(103, 7, 'CN16N370', 'Outsourcing', '', '', '', 0, 'SPE', 0, 0, 0, 0, '0000-00-00 00:00:00', '0000-00-00', '0000-00-00 00:00:00', 0x74),
(104, 7, 'BN16N371', 'Vendor disputes', '', '', '', 0, 'SPE', 0, 0, 0, 0, '0000-00-00 00:00:00', '0000-00-00', '0000-00-00 00:00:00', 0x74),
(132, 7, 'BN16N352', 'Telecom infrastructure failure', 'WIRELESS DISHES, RECEIVERS, UPS EQUIPMENT, POWER CABLES, NETWORK SERVERS, NETWORK SOFTWARE, NETWORK CABLES, NETWORK TOWERS AND RELAYS, SWITCHBOARDS, TELEPHONE CABLES, OGERO NETWORK EQUIPMENT & SOFTWARE', '', '', 0, 'SPE', 0, 0, 0, 0, '2024-01-03 14:21:43', '0000-00-00', '0000-00-00 00:00:00', 0x74),
(133, 7, 'BN16N353', 'Service disruption or denial', '', '', '', 0, 'SPE', 0, 0, 0, 0, '2024-01-03 14:22:38', '0000-00-00', '0000-00-00 00:00:00', 0x74),
(134, 7, 'BN16N354', 'Electrical Failure', 'ELECTRICAL FAILURE', '', '', 0, 'SPE', 0, 0, 0, 0, '2024-01-03 14:26:10', '0000-00-00', '0000-00-00 00:00:00', 0x74),
(135, 7, 'it4', 'DESKTOP, LAPTOP FAILURE', 'DESKTOP, LAPTOP FAILURE', '', '', 0, 'SPE', 0, 0, 0, 0, '2024-01-03 14:05:37', '0000-00-00', '0000-00-00 00:00:00', 0x74),
(136, 7, 'it5', 'LINK FAILURE (TELECOMM, INTERNET)', 'LINK FAILURE (TELECOMM, INTERNET)', '', '', 0, 'SPE', 0, 0, 0, 0, '2024-01-03 14:05:46', '0000-00-00', '0000-00-00 00:00:00', 0x74),
(137, 7, 'it6', 'SABOTAGE : DATA, APPLICATION, EQUIPMENT', 'SABOTAGE - DATA, APPLICATION, EQUIPMENT', '', '', 0, 'SPE', 0, 0, 0, 0, '2024-01-03 14:10:53', '0000-00-00', '0000-00-00 00:00:00', 0x74),
(138, 7, 'it7', 'ELECTRONIC SABOTAGE', 'ELECTRONIC SABOTAGE (MALICIUS ATTACK, UNAUTHORIZED LOGICAL ACCESS, DISCLOSURE OF INFORMATION,<br />VIRUS ATTACKS)', '', '', 0, 'SPE', 0, 0, 0, 0, '2024-01-03 14:11:14', '0000-00-00', '0000-00-00 00:00:00', 0x74),
(139, 7, 'BN13B322', 'Loss of Key Personnel', 'LOSS OF KEY PERSONNEL', '', '', 0, 'SPE', 0, 0, 0, 0, '2024-01-03 14:04:23', '0000-00-00', '0000-00-00 00:00:00', 0x74),
(140, 7, 'BN13N326', 'STAFF SHORTAGE OR UNAVAILABILITY', 'STAFF SHORTAGE OR UNAVAILABILITY', '', '', 0, 'SPE', 0, 0, 0, 0, '2024-01-03 14:07:00', '0000-00-00', '0000-00-00 00:00:00', 0x74),
(244, 7, 'BN12N322', 'External Malicious Act', '', '', '', 0, 'SPE', 0, 0, 0, 0, '2024-01-03 13:43:03', '0000-00-00', '0000-00-00 00:00:00', 0x74),
(245, 7, 'BN11N361', 'Computer Hacking damage', '', '', '', 0, 'SPE', 0, 0, 0, 0, '2024-01-03 13:48:46', '0000-00-00', '0000-00-00 00:00:00', 0x74),
(246, 7, 'BN12N323', 'Wilful tax evasion', '', '', '', 0, 'SPE', 0, 0, 0, 0, '2024-01-03 13:57:42', '0000-00-00', '0000-00-00 00:00:00', 0x74),
(247, 7, 'BN12N324', 'Bribes, Kick-backs', '', '', '', 0, 'SPE', 0, 0, 0, 0, '2024-01-03 13:58:13', '0000-00-00', '0000-00-00 00:00:00', 0x74),
(248, 7, 'BN12N325', 'Malicious destruction of assets', '', '', '', 0, 'SPE', 0, 0, 0, 0, '2024-01-03 13:57:19', '0000-00-00', '0000-00-00 00:00:00', 0x74),
(249, 7, 'BN12N326', 'Insider trading (on an employee\'s own account)', '', '', '', 0, 'SPE', 0, 0, 0, 0, '2024-01-03 13:58:29', '0000-00-00', '0000-00-00 00:00:00', 0x74),
(250, 7, 'BN13B321', 'Industrial action', '', '', '', 0, 'SPE', 0, 0, 0, 0, '2024-01-03 14:03:04', '0000-00-00', '0000-00-00 00:00:00', 0x74),
(251, 7, 'BN13N327', 'Employment Liability', '', '', '', 0, 'SPE', 0, 0, 0, 0, '2024-01-03 14:07:46', '0000-00-00', '0000-00-00 00:00:00', 0x74),
(252, 7, 'BN13N323', 'Accident on premises - Business', '', '', '', 0, 'SPE', 0, 0, 0, 0, '2024-01-03 14:09:34', '0000-00-00', '0000-00-00 00:00:00', 0x74),
(253, 7, 'BN14N349', 'Inadequate contract', '', '', '', 0, 'SPE', 0, 0, 0, 0, '2024-01-03 14:16:05', '0000-00-00', '0000-00-00 00:00:00', 0x74),
(254, 7, 'BN14N346', 'Lack of client attention', '', '', '', 0, 'SPE', 0, 0, 0, 0, '2024-01-03 14:17:20', '0000-00-00', '0000-00-00 00:00:00', 0x74),
(255, 7, 'BN14N347', 'Mis-selling', '', '', '', 0, 'SPE', 0, 0, 0, 0, '2024-01-03 14:18:12', '0000-00-00', '0000-00-00 00:00:00', 0x74),
(256, 7, 'BN15N348', 'Accident . Equipment failure', '', '', '', 0, 'SPE', 0, 0, 0, 0, '2024-01-03 14:20:32', '0000-00-00', '0000-00-00 00:00:00', 0x74),
(257, 7, 'BN17N360', 'Payment . Settlement', '', '', '', 0, 'SPE', 0, 0, 0, 0, '2024-01-03 14:47:03', '0000-00-00', '0000-00-00 00:00:00', 0x74),
(258, 7, 'BN17N361', 'Reconciliation', '', '', '', 0, 'SPE', 0, 0, 0, 0, '2024-01-03 14:47:49', '0000-00-00', '0000-00-00 00:00:00', 0x74),
(259, 7, 'BN17N362', 'Input error', '', '', '', 0, 'SPE', 0, 0, 0, 0, '2024-01-03 14:48:11', '0000-00-00', '0000-00-00 00:00:00', 0x74),
(260, 7, 'BN17N363', 'Capacity - Inadequacy', '', '', '', 0, 'SPE', 0, 0, 0, 0, '2024-01-03 14:48:46', '0000-00-00', '0000-00-00 00:00:00', 0x74),
(261, 7, 'BN17N364', 'Internal Compliance - Reporting', '', '', '', 0, 'SPE', 0, 0, 0, 0, '2024-01-03 14:50:05', '0000-00-00', '0000-00-00 00:00:00', 0x74),
(262, 7, 'BN17N365', 'External compliance - Reporting', '', '', '', 0, 'SPE', 0, 0, 0, 0, '2024-01-03 14:50:43', '0000-00-00', '0000-00-00 00:00:00', 0x74),
(263, 1, '01MktngA01A019', 'Produits/services sur march', 'Positionnement des produits/services sur des march', '', '', 0, 'SPE', 0, 24, 0, 0, '2011-03-29 14:22:15', '0000-00-00', '0000-00-00 00:00:00', 0x74),
(264, 1, '01MktngA01A021', 'Evaluation ad', 'Evaluation ad', '', '', 0, 'SPE', 0, 24, 0, 0, '2011-03-29 14:22:15', '0000-00-00', '0000-00-00 00:00:00', 0x74),
(265, 1, '01MktngA01B023', 'connaissance clients', 'Connaissance des profils et des attentes de nos clients (incluant le SI associ', '', '', 0, 'SPE', 0, 24, 0, 0, '2011-03-29 14:22:15', '0000-00-00', '0000-00-00 00:00:00', 0x74),
(266, 1, '01MktngA02A019.1', 'Segmentation de l\'offre', 'Segmentation de l\'offre', '', '', 0, 'SPE', 0, 24, 0, 0, '2011-03-29 14:22:15', '0000-00-00', '0000-00-00 00:00:00', 0x74),
(267, 1, '01MktngA02A289', 'Fixation appropri', 'Fixation appropri', '', '', 0, 'SPE', 0, 24, 0, 0, '2011-03-29 14:22:15', '0000-00-00', '0000-00-00 00:00:00', 0x74),
(268, 1, '01MktngA02A291.1', 'Perte (incl. Opportunit', 'Perte ou non acquisition de clients Grands Comptes', '', '', 0, 'SPE', 0, 24, 0, 0, '2011-03-29 14:22:15', '0000-00-00', '0000-00-00 00:00:00', 0x74),
(269, 1, '01MktngA02A291.2', 'mauvaise segmentation offre', 'Incapacit', '', '', 0, 'SPE', 0, 24, 0, 0, '2011-03-29 14:22:15', '0000-00-00', '0000-00-00 00:00:00', 0x74),
(270, 1, '01MktngA02A292', 'd', 'D', '', '', 0, 'SPE', 0, 24, 0, 0, '2011-03-29 14:22:15', '0000-00-00', '0000-00-00 00:00:00', 0x74),
(271, 1, '01MktngA02A293', 'Cycle de vie du produit', 'Gestion du cycle de vie du produit', '', '', 0, 'SPE', 0, 24, 0, 0, '2011-03-29 14:22:15', '0000-00-00', '0000-00-00 00:00:00', 0x74),
(272, 1, '01MktngA02A51', 'Dispo.Int', 'Disponibilit', '', '', 0, 'SPE', 0, 24, 0, 0, '2011-03-29 14:22:15', '0000-00-00', '0000-00-00 00:00:00', 0x74),
(273, 1, '01MktngA02B023.1', 'compr', 'Compr', '', '', 0, 'SPE', 0, 24, 0, 0, '2011-03-29 14:22:15', '0000-00-00', '0000-00-00 00:00:00', 0x74),
(274, 1, '01MktngA02P262.8', 'Gestion de produits', 'Gestion de produits', '', '', 0, 'SPE', 0, 24, 0, 0, '2011-03-29 14:22:15', '0000-00-00', '0000-00-00 00:00:00', 0x74),
(275, 1, '01MktngA02P308', 'Fluidit', 'Fluidit', '', '', 0, 'SPE', 0, 24, 0, 0, '2015-07-15 15:59:23', '0000-00-00', '0000-00-00 00:00:00', 0x74),
(276, 1, '01MktngA02P308.1', 'R', 'R', '', '', 0, 'SPE', 0, 24, 0, 0, '2011-03-29 14:22:15', '0000-00-00', '0000-00-00 00:00:00', 0x74),
(277, 1, '01MktngA02P308.4', 'Service aux entreprises', 'Processus de fourniture de services Entreprise', '', '', 0, 'SPE', 0, 24, 0, 0, '2011-03-29 14:22:15', '0000-00-00', '0000-00-00 00:00:00', 0x74),
(278, 1, '01MktngA03A288', 'Marque: Construction, rebranding', 'Strat', '', '', 0, 'SPE', 0, 24, 0, 0, '2011-03-29 14:22:15', '0000-00-00', '0000-00-00 00:00:00', 0x74),
(279, 1, '01MktngA03A288.10', 'Implantation Marque Globale', 'Co', '', '', 0, 'SPE', 0, 24, 0, 0, '2011-03-29 14:22:15', '0000-00-00', '0000-00-00 00:00:00', 0x74),
(280, 1, '01MktngA03A288.11', 'Respect marque ', 'Respect des promesses de la marque o', '', '', 0, 'SPE', 0, 24, 0, 0, '2011-03-29 14:22:15', '0000-00-00', '0000-00-00 00:00:00', 0x74),
(281, 1, '01MktngA03A288.12', 'Pr', 'Pr', '', '', 0, 'SPE', 0, 24, 0, 0, '2011-03-29 14:22:15', '0000-00-00', '0000-00-00 00:00:00', 0x74),
(282, 1, '01MktngA03A288.13', 'Conditions d\'attribution licences', 'Ma', '', '', 0, 'SPE', 0, 24, 0, 0, '2011-03-29 14:22:15', '0000-00-00', '0000-00-00 00:00:00', 0x74),
(283, 1, '01MktngA03A288.14', 'Mauvaise r', 'Mauvaise r', '', '', 0, 'SPE', 0, 24, 0, 0, '2011-03-29 14:22:15', '0000-00-00', '0000-00-00 00:00:00', 0x74),
(284, 1, '01MktngA03A288.15', 'Changt Culturel/jeune', 'Changement d\'attitudes culturelles - segment Jeunes -', '', '', 0, 'SPE', 0, 24, 0, 0, '2011-03-29 14:22:15', '0000-00-00', '0000-00-00 00:00:00', 0x74),
(285, 1, '01MktngA03A288.16', 'risque d\'', 'Faible valeur des marques, ', '', '', 0, 'SPE', 0, 24, 0, 0, '2011-03-29 14:22:15', '2011-07-07', '0000-00-00 00:00:00', 0x74),
(286, 1, '01MktngA03A288.3', 'Contr', 'Contr', '', '', 0, 'SPE', 0, 24, 0, 0, '2011-03-29 14:22:15', '0000-00-00', '0000-00-00 00:00:00', 0x74),
(287, 1, '01MktngA03A288.4', 'coordination marque selon march', 'Coordination en mati', '', '', 0, 'SPE', 0, 24, 0, 0, '2011-03-29 14:22:15', '0000-00-00', '0000-00-00 00:00:00', 0x74),
(288, 1, '01MktngA03A288.5', 'Marketing annonceurs valeur de la marque', 'D', '', '', 0, 'SPE', 0, 24, 0, 0, '2011-03-29 14:22:15', '0000-00-00', '0000-00-00 00:00:00', 0x74),
(289, 1, '01MktngA03A288.6', 'Perception par les annonceurs', 'Perception de la marque comme d', '', '', 0, 'SPE', 0, 24, 0, 0, '2011-03-29 14:22:15', '0000-00-00', '0000-00-00 00:00:00', 0x74),
(290, 1, '01MktngA03A288.7', 'Capacit', 'Capacit', '', '', 0, 'SPE', 0, 24, 0, 0, '2011-03-29 14:22:15', '0000-00-00', '0000-00-00 00:00:00', 0x74),
(291, 1, '01MktngA03A288.9', 'Reconnaissance de la marque', 'Reconnaissance de la marque', '', '', 0, 'SPE', 0, 24, 0, 0, '2011-03-29 14:22:15', '0000-00-00', '0000-00-00 00:00:00', 0x74),
(292, 1, '01MktngA04A020', 'Efficacit', 'Efficacit', '', '', 0, 'SPE', 0, 24, 0, 0, '2011-03-29 14:22:15', '0000-00-00', '0000-00-00 00:00:00', 0x74),
(293, 1, '01MktngA04A020.1', 'Ma', 'Ma', '', '', 0, 'SPE', 0, 24, 0, 0, '2011-03-29 14:22:15', '0000-00-00', '0000-00-00 00:00:00', 0x74),
(294, 1, '01MktngA04B024', 'connaissance nouveaux produits', 'Connaissance et promotion des nouveaux produits', '', '', 0, 'SPE', 0, 24, 0, 0, '2011-03-29 14:22:15', '0000-00-00', '0000-00-00 00:00:00', 0x74),
(295, 1, '01MktngA04B024.1', 'Ev', 'Ev', '', '', 0, 'SPE', 0, 24, 0, 0, '2011-03-29 14:22:15', '0000-00-00', '0000-00-00 00:00:00', 0x74),
(296, 1, '02VentesB01A017', 'Ma', 'Ma', '', '', 0, 'SPE', 0, 24, 0, 0, '2011-03-29 14:22:15', '0000-00-00', '0000-00-00 00:00:00', 0x74),
(297, 1, '02VentesB01B025', 'Ma', 'Ma', '', '', 0, 'SPE', 0, 24, 0, 0, '2011-03-29 14:22:15', '0000-00-00', '0000-00-00 00:00:00', 0x74),
(298, 1, '02VentesB01B295', 'Homog', 'Homog', '', '', 0, 'SPE', 0, 24, 0, 0, '2011-03-29 14:22:15', '0000-00-00', '0000-00-00 00:00:00', 0x74),
(299, 1, '02VentesB01B297.1', 'Canaux de vente communs', 'Canaux de vente communs pour le Groupe', '', '', 0, 'SPE', 0, 24, 0, 0, '2011-03-29 14:22:15', '0000-00-00', '0000-00-00 00:00:00', 0x74),
(300, 1, '02VentesB01B297.2', 'Mauvaise optimisation g', 'Non optimisation des points de vente de d', '', '', 0, 'SPE', 0, 24, 0, 0, '2011-03-29 14:22:15', '0000-00-00', '0000-00-00 00:00:00', 0x74),
(301, 1, '02VentesB01B298', 'Fiabilit', 'Fiabilit', '', '', 0, 'SPE', 0, 24, 0, 0, '2011-03-29 14:22:15', '0000-00-00', '0000-00-00 00:00:00', 0x74),
(302, 1, '02VentesB01B302', 'Ma', 'Ma', '', '', 0, 'SPE', 0, 24, 0, 0, '2011-03-29 14:22:15', '0000-00-00', '0000-00-00 00:00:00', 0x74),
(303, 1, '02VentesB01B302.2', 'Coh', 'Coordination et non-comp', '', '', 0, 'SPE', 0, 24, 0, 0, '2011-03-29 14:22:15', '0000-00-00', '0000-00-00 00:00:00', 0x74),
(304, 1, '02VentesB01B302.3', 'Coh', 'Coh', '', '', 0, 'SPE', 0, 24, 0, 0, '2011-03-29 14:22:15', '0000-00-00', '0000-00-00 00:00:00', 0x74),
(305, 1, '02VentesB01B302.5', 'Gestion du d', 'Gestion du d', '', '', 0, 'SPE', 0, 24, 0, 0, '2011-03-29 14:22:15', '0000-00-00', '0000-00-00 00:00:00', 0x74),
(306, 1, '02VentesB01B302.7', 'diminution revenus en filiales', 'Vitesse de diminution des revenus en filiales', '', '', 0, 'SPE', 0, 24, 0, 0, '2011-03-29 14:22:15', '0000-00-00', '0000-00-00 00:00:00', 0x74),
(307, 1, '02VentesB02B026', 'vendeurs recrut', 'Vendeurs recrut', '', '', 0, 'SPE', 0, 24, 0, 0, '2011-03-29 14:22:15', '0000-00-00', '0000-00-00 00:00:00', 0x74),
(308, 1, '02VentesB02B027', 'Motivation  force de vente', 'Motivation de la force de vente', '', '', 0, 'SPE', 0, 24, 0, 0, '2011-03-29 14:22:15', '0000-00-00', '0000-00-00 00:00:00', 0x74),
(309, 1, '02VentesB02B028', 'Connaissance Produits Services/vendeurs', 'Connaissance des produits et services (par les vendeurs)', '', '', 0, 'SPE', 0, 24, 0, 0, '2011-03-29 14:22:15', '0000-00-00', '0000-00-00 00:00:00', 0x74),
(310, 1, '02VentesB02B028.1', 'Promotions connues/vendeurs', 'Connaissance et promotion des nouveaux produits par les vendeurs', '', '', 0, 'SPE', 0, 24, 0, 0, '2011-03-29 14:22:15', '0000-00-00', '0000-00-00 00:00:00', 0x74),
(311, 1, '02VentesB02B028.3', 'Nouveau mod', 'Nouveau mod', '', '', 0, 'SPE', 0, 24, 0, 0, '2011-03-29 14:22:15', '0000-00-00', '0000-00-00 00:00:00', 0x74),
(312, 1, '02VentesB02B294', 'Alignement Commissions/obj strat', 'Prime de commissionnement align', '', '', 0, 'SPE', 0, 24, 0, 0, '2011-03-29 14:22:15', '0000-00-00', '0000-00-00 00:00:00', 0x74),
(313, 1, '02VentesB02B303', 'Comp', 'Comp', '', '', 0, 'SPE', 0, 24, 0, 0, '2011-03-29 14:22:15', '0000-00-00', '0000-00-00 00:00:00', 0x74),
(314, 1, '02VentesB02D032', 'Qualit', 'Qualit', '', '', 0, 'SPE', 0, 24, 0, 0, '2011-03-29 14:22:15', '0000-00-00', '0000-00-00 00:00:00', 0x74),
(315, 1, '02VentesB03B022', '% part-march', 'Parts de march', '', '', 0, 'SPE', 0, 24, 0, 0, '2011-03-29 14:22:15', '0000-00-00', '0000-00-00 00:00:00', 0x74),
(316, 1, '02VentesB03B022.1', 'Optimiser revenus annonceurs  ', 'Optimiser les revenus par clients  ', '', '', 0, 'SPE', 0, 24, 0, 0, '2011-03-29 14:22:15', '0000-00-00', '0000-00-00 00:00:00', 0x74),
(317, 1, '02VentesB03B022.2', 'Co', 'Co', '', '', 0, 'SPE', 0, 24, 0, 0, '2011-03-29 14:22:15', '0000-00-00', '0000-00-00 00:00:00', 0x74),
(318, 1, '02VentesB03B022.3', 'contr', 'Capture de nouveaux clients avec contr', '', '', 0, 'SPE', 0, 24, 0, 0, '2011-03-29 14:22:15', '0000-00-00', '0000-00-00 00:00:00', 0x74),
(319, 1, '02VentesB03B022.4', 'Perte de parts de march', 'Perte de parts de march', '', '', 0, 'SPE', 0, 24, 0, 0, '2011-03-29 14:22:15', '0000-00-00', '0000-00-00 00:00:00', 0x74),
(320, 1, '02VentesB03B023.2', 'Profils annonceurs remont', 'Connaissance des profils des annonceurs  (', '', '', 0, 'SPE', 0, 24, 0, 0, '2011-03-29 14:22:15', '0000-00-00', '0000-00-00 00:00:00', 0x74),
(321, 1, '02VentesB03B023.3', 'Mise ', 'Mise ', '', '', 0, 'SPE', 0, 24, 0, 0, '2011-03-29 14:22:15', '0000-00-00', '0000-00-00 00:00:00', 0x74),
(322, 1, '02VentesB03B023.4', 'Optimiser les  outils  vente Gd Comptes', 'Optimisation des outils de soutien ', '', '', 0, 'SPE', 0, 24, 0, 0, '2011-03-29 14:22:15', '0000-00-00', '0000-00-00 00:00:00', 0x74),
(323, 1, '02VentesB03B023.5', 'Segmentation client hors marque blanche', 'Segmentation Client adopt', '', '', 0, 'SPE', 0, 24, 0, 0, '2011-03-29 14:22:15', '0000-00-00', '0000-00-00 00:00:00', 0x74),
(324, 1, '02VentesB03B029', 'Augmentation CA/nouveaux usages', 'D', '', '', 0, 'SPE', 0, 24, 0, 0, '2011-03-29 14:22:15', '0000-00-00', '0000-00-00 00:00:00', 0x74),
(325, 1, '02VentesB03B029.1', 'Augementation CA/nouveaux services', 'D', '', '', 0, 'SPE', 0, 24, 0, 0, '2011-03-29 14:22:15', '0000-00-00', '0000-00-00 00:00:00', 0x74),
(326, 1, '02VentesB03B029.2', 'Augmentation ventes/nouveaux Prod&Serv', 'D', '', '', 0, 'SPE', 0, 24, 0, 0, '2011-03-29 14:22:15', '0000-00-00', '0000-00-00 00:00:00', 0x74),
(327, 1, '02VentesB03B029.3', 'D', 'D', '', '', 0, 'SPE', 0, 24, 0, 0, '2011-03-29 14:22:15', '0000-00-00', '0000-00-00 00:00:00', 0x74),
(328, 1, '02VentesB03B299', 'Marges raisonnables sur l\'Outsourcing', 'Obtention de marges raisonnables sur l\'Outsourcing', '', '', 0, 'SPE', 0, 24, 0, 0, '2011-03-29 14:22:15', '0000-00-00', '0000-00-00 00:00:00', 0x74),
(329, 1, '02VentesB03B299.1', 'Gest des contrats Outsourcing', 'Gestion des contrats d\'Outsourcing', '', '', 0, 'SPE', 0, 24, 0, 0, '2011-03-29 14:22:15', '0000-00-00', '0000-00-00 00:00:00', 0x74),
(330, 1, '02VentesB03B299.2', 'Ctrl achats Outsourcing/Internet-filiale', 'Contr', '', '', 0, 'SPE', 0, 24, 0, 0, '2011-03-29 14:22:15', '0000-00-00', '0000-00-00 00:00:00', 0x74),
(331, 1, '03InnovatP01G058', 'Gestion des changements technologiques', 'Gestion des changements technologiques', '', '', 0, 'SPE', 0, 24, 0, 0, '2011-03-29 14:22:15', '0000-00-00', '0000-00-00 00:00:00', 0x74),
(332, 1, '03InnovatP01N012', 'Choix technologiques', 'Choix technologiques', '', '', 0, 'SPE', 0, 24, 0, 0, '2011-03-29 14:22:15', '0000-00-00', '0000-00-00 00:00:00', 0x74),
(333, 1, '03InnovatP01N012.1', 'Innovation technologique non norm', 'Entreprendre le lancement d\'une innovation de technologie ou d\'usage non assis sur une norme ou assis sur une norme non finalis', '', '', 0, 'SPE', 0, 24, 0, 0, '2011-03-29 14:22:15', '0000-00-00', '0000-00-00 00:00:00', 0x74),
(334, 1, '03InnovatP01N012.3', 'Plans de replis/innovation', 'Existence de solutions de secours en mati', '', '', 0, 'SPE', 0, 24, 0, 0, '2011-03-29 14:22:15', '0000-00-00', '0000-00-00 00:00:00', 0x74),
(335, 1, '03InnovatP01N012.4', 'Non existance alerte techno/ Innov', 'Absence de circuit d\'escalade et de d', '', '', 0, 'SPE', 0, 24, 0, 0, '2011-03-29 14:22:15', '0000-00-00', '0000-00-00 00:00:00', 0x74),
(336, 1, '03InnovatP01N012.5', 'Mq. Invest: Perd comp', 'Perte de comp', '', '', 0, 'SPE', 0, 24, 0, 0, '2011-03-29 14:22:15', '0000-00-00', '0000-00-00 00:00:00', 0x74),
(337, 1, '03InnovatP01N012.6', 'resistance changement techno', 'Processus de d', '', '', 0, 'SPE', 0, 24, 0, 0, '2011-03-29 14:22:15', '0000-00-00', '0000-00-00 00:00:00', 0x74),
(338, 1, '03InnovatP01N012.7', 'D', 'Processus de d', '', '', 0, 'SPE', 0, 24, 0, 0, '2011-03-29 14:22:15', '0000-00-00', '0000-00-00 00:00:00', 0x74),
(339, 1, '03InnovatP01N280.3', 'Mon', 'Risque de d', '', '', 0, 'SPE', 0, 24, 0, 0, '2015-07-13 10:14:33', '0000-00-00', '0000-00-00 00:00:00', 0x74),
(340, 1, '03InnovatP02P262', 'D', 'Respect du calendrier de sortie pour les nouveaux produits et services', '', '', 0, 'SPE', 0, 24, 0, 0, '2011-03-29 14:22:15', '0000-00-00', '0000-00-00 00:00:00', 0x74),
(341, 1, '03InnovatP02P262.10', 'Capacit', 'Capacit', '', '', 0, 'SPE', 0, 24, 0, 0, '2011-03-29 14:22:15', '0000-00-00', '0000-00-00 00:00:00', 0x74),
(342, 1, '03InnovatP02P262.12', 'insuffisances ', 'Capacit', '', '', 0, 'SPE', 0, 24, 0, 0, '2011-03-29 14:22:15', '0000-00-00', '0000-00-00 00:00:00', 0x74),
(343, 1, '03InnovatP02P262.2', 'Processus & SI disponibles/nx produits', 'Disponibilit', '', '', 0, 'SPE', 0, 24, 0, 0, '2011-03-29 14:22:15', '0000-00-00', '0000-00-00 00:00:00', 0x74),
(344, 1, '03InnovatP02P262.3', 'Time to market et innovation', 'Time to market et innovation', '', '', 0, 'SPE', 0, 24, 0, 0, '2011-03-29 14:22:15', '0000-00-00', '0000-00-00 00:00:00', 0x74),
(345, 1, '03InnovatP02P262.5', 'Time to Market/nx produits et services', 'Time to Market pour les nouveaux produits et services', '', '', 0, 'SPE', 0, 24, 0, 0, '2011-03-29 14:22:15', '0000-00-00', '0000-00-00 00:00:00', 0x74),
(346, 1, '03InnovatP02P262.6', 'Ressources pour le Dev de produits', 'Manque de ressources pour le d', '', '', 0, 'SPE', 0, 24, 0, 0, '2011-03-29 14:22:15', '0000-00-00', '0000-00-00 00:00:00', 0x74),
(347, 1, '03InnovatP02P310', 'D', 'D', '', '', 0, 'SPE', 0, 24, 0, 0, '2011-03-29 14:22:15', '0000-00-00', '0000-00-00 00:00:00', 0x74),
(348, 1, '03InnovatP03A290', 'Descriptions des relations m', 'D', '', '', 0, 'SPE', 0, 24, 0, 0, '2011-03-29 14:22:15', '0000-00-00', '0000-00-00 00:00:00', 0x74),
(349, 1, '03InnovatP03A291', 'Offres Grands Comptes', 'Offre multiple pour le segment gd compte', '', '', 0, 'SPE', 0, 24, 0, 0, '2011-03-29 14:22:15', '0000-00-00', '0000-00-00 00:00:00', 0x74),
(350, 1, '03InnovatP03B024.2', 'Appropriation nx services par clients', 'Appropriation des nouveaux services par les clients', '', '', 0, 'SPE', 0, 24, 0, 0, '2011-03-29 14:22:15', '0000-00-00', '0000-00-00 00:00:00', 0x74),
(351, 1, '03InnovatP03P262.11', 'Capacit', 'Capacit', '', '', 0, 'SPE', 0, 24, 0, 0, '2015-04-02 16:22:53', '0000-00-00', '0000-00-00 00:00:00', 0x74),
(352, 1, '03InnovatP03P262.4', 'QS nlles offres/(d', 'Qualit', '', '', 0, 'SPE', 0, 24, 0, 0, '2011-03-29 14:22:15', '0000-00-00', '0000-00-00 00:00:00', 0x74),
(353, 1, '03InnovatP03P262.9', 'QS en phases de croissance des nx serv.', 'QS durant les phases de croissance des nouveaux services', '', '', 0, 'SPE', 0, 24, 0, 0, '2011-03-29 14:22:15', '0000-00-00', '0000-00-00 00:00:00', 0x74),
(354, 1, '03InnovatP03P308.2', 'Ergonomie des nouveaux services', 'Ergonomie des nouveaux services', '', '', 0, 'SPE', 0, 24, 0, 0, '2011-03-29 14:22:15', '0000-00-00', '0000-00-00 00:00:00', 0x74),
(355, 1, '03InnovatP03Q098.1', 'D', 'D', '', '', 0, 'SPE', 0, 24, 0, 0, '2011-03-29 14:22:15', '0000-00-00', '0000-00-00 00:00:00', 0x74),
(356, 1, '03InnovatP03Q106', 'Tests pr', 'Tests pr', '', '', 0, 'SPE', 0, 24, 0, 0, '2011-03-29 14:22:15', '0000-00-00', '0000-00-00 00:00:00', 0x74),
(357, 1, '03InnovatP04G328.1', 'Dev du r', 'D', '', '', 0, 'SPE', 0, 24, 0, 0, '2011-03-29 14:22:15', '0000-00-00', '0000-00-00 00:00:00', 0x74),
(358, 1, '03InnovatP04P311', 'Capacit', 'Capacit', '', '', 0, 'SPE', 0, 24, 0, 0, '2011-03-29 14:22:15', '0000-00-00', '0000-00-00 00:00:00', 0x74),
(359, 1, '03InnovatP04P312', 'Compatibilit', 'Compatibilit', '', '', 0, 'SPE', 0, 24, 0, 0, '2011-03-29 14:22:15', '0000-00-00', '0000-00-00 00:00:00', 0x74),
(360, 1, '03InnovatP04P313.1', 'Co', 'Co', '', '', 0, 'SPE', 0, 24, 0, 0, '2011-03-29 14:22:15', '0000-00-00', '0000-00-00 00:00:00', 0x74),
(361, 1, '03InnovatP04Q098.2', 'Risque projets Moe', 'Risque projets Moe', '', '', 0, 'SPE', 0, 24, 0, 0, '2011-03-29 14:22:15', '0000-00-00', '0000-00-00 00:00:00', 0x74),
(362, 1, '03InnovatP04Q098.3', 'Risque projets M', 'Risque m', '', '', 0, 'SPE', 0, 24, 0, 0, '2011-03-29 14:22:15', '0000-00-00', '0000-00-00 00:00:00', 0x74),
(363, 1, '04QualiteD02D020', 'Satisfaction des audiences', 'Satisfaction des audiences', '', '', 0, 'SPE', 0, 24, 0, 0, '2011-03-30 18:16:04', '0000-00-00', '0000-00-00 00:00:00', 0x74),
(364, 1, '04QualiteD02E037.2', 'Niveau de QS per', 'Niveau de qualit', '', '', 0, 'SPE', 0, 24, 0, 0, '2011-03-30 18:16:10', '0000-00-00', '0000-00-00 00:00:00', 0x74),
(365, 1, '04QualiteD02E314', 'Satisfaction-SC gd Comptes', 'Satisfaction Service Clients gd Compte', '', '', 0, 'SPE', 0, 24, 0, 0, '2011-03-30 18:16:16', '0000-00-00', '0000-00-00 00:00:00', 0x74),
(366, 1, '04QualiteD02D034', 'Satisfaction consultants', 'Satisfaction consultants', '', '', 0, 'SPE', 0, 24, 0, 0, '2011-03-29 14:22:15', '0000-00-00', '0000-00-00 00:00:00', 0x74),
(367, 1, '04QualiteD02E037', 'Qualit', 'Qualit', '', '', 0, 'SPE', 0, 24, 0, 0, '2011-03-29 14:22:15', '0000-00-00', '0000-00-00 00:00:00', 0x74),
(368, 1, '04QualiteD02E037.1', 'Allocation ressources SC et R', 'Allocation ressources SC et Recla', '', '', 0, 'SPE', 0, 24, 0, 0, '2011-03-29 14:22:15', '0000-00-00', '0000-00-00 00:00:00', 0x74),
(369, 1, '04QualiteD02E037.3', 'Ma', 'Ma', '', '', 0, 'SPE', 0, 24, 0, 0, '2011-03-29 14:22:15', '0000-00-00', '0000-00-00 00:00:00', 0x74),
(370, 1, '04QualiteD02E040', 'Disponibilit', 'Disponibilit', '', '', 0, 'SPE', 0, 24, 0, 0, '2011-03-29 14:22:15', '0000-00-00', '0000-00-00 00:00:00', 0x74),
(371, 1, '04QualiteD02E040.1', 'March', 'March', '', '', 0, 'SPE', 0, 24, 0, 0, '2011-03-29 14:22:15', '0000-00-00', '0000-00-00 00:00:00', 0x74),
(372, 1, '04QualiteD02E040.2', 'Dispo insuffisante des centres d\'appel', 'Disponibilit', '', '', 0, 'SPE', 0, 24, 0, 0, '2011-03-29 14:22:15', '0000-00-00', '0000-00-00 00:00:00', 0x74),
(373, 1, '04QualiteD02E041', 'Respect des engagements commerciaux', 'Respect des engagements commerciaux France  ', '', '', 0, 'SPE', 0, 24, 0, 0, '2011-03-29 14:22:15', '0000-00-00', '0000-00-00 00:00:00', 0x74),
(374, 1, '04QualiteD02E041.2', 'Doc Mkt et Ventes annonceurs/consultants', 'Qualit', '', '', 0, 'SPE', 0, 24, 0, 0, '2011-03-29 14:22:15', '0000-00-00', '0000-00-00 00:00:00', 0x74),
(375, 1, '04QualiteD02E042', 'Qualit', 'Qualit', '', '', 0, 'SPE', 0, 24, 0, 0, '2011-03-29 14:22:15', '0000-00-00', '0000-00-00 00:00:00', 0x74),
(376, 1, '04QualiteD02E042.1', 'D', 'D', '', '', 0, 'SPE', 0, 24, 0, 0, '2011-03-29 14:22:15', '0000-00-00', '0000-00-00 00:00:00', 0x74),
(377, 1, '04QualiteD02E042.2', 'Mauvais traitement des r', 'Mauvais traitement des r', '', '', 0, 'SPE', 0, 24, 0, 0, '2011-03-29 14:22:15', '0000-00-00', '0000-00-00 00:00:00', 0x74),
(378, 1, '04QualiteD02E315', 'Niveau qualit', 'Niveau de qualit', '', '', 0, 'SPE', 0, 24, 0, 0, '2011-03-29 14:22:15', '0000-00-00', '0000-00-00 00:00:00', 0x74),
(379, 1, '04QualiteD02E317', 'standard de services h', 'Standards de service inhomog', '', '', 0, 'SPE', 0, 24, 0, 0, '2011-03-29 14:22:15', '0000-00-00', '0000-00-00 00:00:00', 0x74),
(380, 1, '04QualiteD02E318', 'Demande ce changements clients correcte', 'Ex', '', '', 0, 'SPE', 0, 24, 0, 0, '2011-03-29 14:22:15', '0000-00-00', '0000-00-00 00:00:00', 0x74),
(381, 1, '04QualiteD02E319', 'Churn des clients', 'Churn des clients', '', '', 0, 'SPE', 0, 24, 0, 0, '2011-03-29 14:22:15', '0000-00-00', '0000-00-00 00:00:00', 0x74),
(382, 1, '04QualiteD02A017.1', 'Consolidation et optim. des op', 'Consolidation et optimisation des op', '', '', 0, 'SPE', 0, 24, 0, 0, '2011-03-30 18:18:29', '2011-03-30', '0000-00-00 00:00:00', 0x74),
(383, 1, '04QualiteD02B300', 'Offres trop sp', 'Offres de solutions-clients trop sp', '', '', 0, 'SPE', 0, 24, 0, 0, '2011-03-30 18:18:03', '0000-00-00', '0000-00-00 00:00:00', 0x74),
(384, 1, '04QualiteD02D030.2', 'Ciblage de l\'annonceur', 'Les op', '', '', 0, 'SPE', 0, 24, 0, 0, '2011-03-30 18:18:09', '0000-00-00', '0000-00-00 00:00:00', 0x74),
(385, 1, '04QualiteD02D306', 'Qualit', 'Qualit', '', '', 0, 'SPE', 0, 24, 0, 0, '2011-03-30 18:18:11', '0000-00-00', '0000-00-00 00:00:00', 0x74),
(386, 1, '04QualiteD02E041.3', 'Engagements non tenables/clients', 'Engagements non soutenables faits vis-', '', '', 0, 'SPE', 0, 24, 0, 0, '2011-03-30 18:18:17', '0000-00-00', '0000-00-00 00:00:00', 0x74),
(387, 1, '04QualiteD02P036.1', 'Impacts budget/QS Gd comptes', 'Impact des efforts du budget sur la Qualit', '', '', 0, 'SPE', 0, 24, 0, 0, '2011-03-30 18:18:27', '0000-00-00', '0000-00-00 00:00:00', 0x74),
(388, 1, '05CommdsF01F052.1', 'Ma', 'Ma', '', '', 0, 'SPE', 0, 24, 0, 0, '2011-03-29 14:22:15', '0000-00-00', '0000-00-00 00:00:00', 0x74),
(389, 1, '05CommdsF02F053', 'Impay', 'Impay', '', '', 0, 'SPE', 0, 24, 0, 0, '2011-03-29 14:22:15', '0000-00-00', '0000-00-00 00:00:00', 0x74),
(390, 1, '05CommdsF02F053.10', 'Recouvrement des cr', 'Recouvrement des cr', '', '', 0, 'SPE', 0, 24, 0, 0, '2011-03-29 14:22:15', '0000-00-00', '0000-00-00 00:00:00', 0x74),
(391, 1, '05CommdsF02F053.11', 'Surveillance des en-cours de facturation', 'Surveillance des en-cours de facturation', '', '', 0, 'SPE', 0, 24, 0, 0, '2011-03-29 14:22:15', '0000-00-00', '0000-00-00 00:00:00', 0x74),
(392, 1, '05CommdsF02F053.13', 'Ctrl int: facturation et recouvrement', 'Contr', '', '', 0, 'SPE', 0, 24, 0, 0, '2011-03-29 14:22:15', '0000-00-00', '0000-00-00 00:00:00', 0x74),
(393, 1, '05CommdsF02F053.14', 'Commandes / clients insolvables', 'Commandes accept', '', '', 0, 'SPE', 0, 24, 0, 0, '2011-03-29 14:22:15', '0000-00-00', '0000-00-00 00:00:00', 0x74),
(394, 1, '05CommdsF02F053.3', 'Impay', 'Impay', '', '', 0, 'SPE', 0, 24, 0, 0, '2011-03-29 14:22:15', '0000-00-00', '0000-00-00 00:00:00', 0x74),
(395, 1, '05CommdsF02F053.5', 'Impay', 'Impay', '', '', 0, 'SPE', 0, 24, 0, 0, '2011-03-29 14:22:15', '0000-00-00', '0000-00-00 00:00:00', 0x74),
(396, 1, '05CommdsF02F053.8', 'Impay', 'Autres Impay', '', '', 0, 'SPE', 0, 24, 0, 0, '2011-03-29 14:22:15', '0000-00-00', '0000-00-00 00:00:00', 0x74),
(397, 1, '05CommdsF03F056', 'Fiabilit', 'Fiabilit', '', '', 0, 'SPE', 0, 24, 0, 0, '2011-03-29 14:22:15', '0000-00-00', '0000-00-00 00:00:00', 0x74),
(398, 1, '05CommdsF03F056.1', 'Fiabilit', 'Fiabilit', '', '', 0, 'SPE', 0, 24, 0, 0, '2011-03-29 14:22:15', '0000-00-00', '0000-00-00 00:00:00', 0x74),
(399, 1, '05CommdsF03F056.3', 'Fiabilit', 'Fiabilit', '', '', 0, 'SPE', 0, 24, 0, 0, '2011-03-29 14:22:15', '0000-00-00', '0000-00-00 00:00:00', 0x74),
(400, 1, '05CommdsF03F056.4', 'Int', 'Contestation de l\'int', '', '', 0, 'SPE', 0, 24, 0, 0, '2011-03-29 14:22:15', '0000-00-00', '0000-00-00 00:00:00', 0x74),
(401, 1, '05CommdsF03F056.5', 'Sur-paiement des co', 'Sur-paiement des co', '', '', 0, 'SPE', 0, 24, 0, 0, '2011-03-29 14:22:15', '0000-00-00', '0000-00-00 00:00:00', 0x74),
(402, 1, '05CommdsF05F321', 'Exhaustivit', 'Qualit', '', '', 0, 'SPE', 0, 24, 0, 0, '2011-03-29 14:22:15', '0000-00-00', '0000-00-00 00:00:00', 0x74),
(403, 1, '05CommdsF05F321.1', 'Exhaustivit', 'Exhaustivit', '', '', 0, 'SPE', 0, 24, 0, 0, '2011-03-29 14:22:15', '0000-00-00', '0000-00-00 00:00:00', 0x74),
(404, 1, '05CommdsF05F321.10', 'D', 'D', '', '', 0, 'SPE', 0, 24, 0, 0, '2011-03-29 14:22:15', '0000-00-00', '0000-00-00 00:00:00', 0x74),
(405, 1, '05CommdsF05F321.11', 'D', 'D', '', '', 0, 'SPE', 0, 24, 0, 0, '2011-03-29 14:22:15', '0000-00-00', '0000-00-00 00:00:00', 0x74),
(406, 1, '05CommdsF05F321.16', 'Sous-facturation services (donn', 'Sous-facturation pour des services existants (contenus de donn', '', '', 0, 'SPE', 0, 24, 0, 0, '2011-03-29 14:22:15', '0000-00-00', '0000-00-00 00:00:00', 0x74),
(407, 1, '05CommdsF05F321.17', 'Facturation inad', 'Facturation inad', '', '', 0, 'SPE', 0, 24, 0, 0, '2011-03-29 14:22:15', '0000-00-00', '0000-00-00 00:00:00', 0x74),
(408, 1, '05CommdsF05F321.3', 'Coh', 'Coh', '', '', 0, 'SPE', 0, 24, 0, 0, '2011-03-29 14:22:15', '0000-00-00', '0000-00-00 00:00:00', 0x74),
(409, 1, '05CommdsF05F321.5', 'Exhaustivit', 'Exhaustivit', '', '', 0, 'SPE', 0, 24, 0, 0, '2011-03-29 14:22:15', '0000-00-00', '0000-00-00 00:00:00', 0x74),
(410, 1, '05CommdsF05F321.7', 'Exhaustivit', 'Exhaustivit', '', '', 0, 'SPE', 0, 24, 0, 0, '2011-03-29 14:22:15', '0000-00-00', '0000-00-00 00:00:00', 0x74),
(411, 1, '05CommdsF05F321.8', 'Capacit', 'Capacit', '', '', 0, 'SPE', 0, 24, 0, 0, '2011-03-29 14:22:15', '0000-00-00', '0000-00-00 00:00:00', 0x74),
(412, 1, '05CommdsF05F322', 'Fiabilit', 'Fiabilit', '', '', 0, 'SPE', 0, 24, 0, 0, '2011-03-29 14:22:15', '0000-00-00', '0000-00-00 00:00:00', 0x74),
(413, 1, '05CommdsF05F322', 'Fiabilit', 'Fiabilit', '', '', 0, 'SPE', 0, 24, 0, 0, '2011-03-29 14:22:15', '0000-00-00', '0000-00-00 00:00:00', 0x74),
(414, 1, '05CommdsF06F324', 'facturation pour le compte de tiers', 'Ma', '', '', 0, 'SPE', 0, 24, 0, 0, '2011-03-29 14:22:15', '0000-00-00', '0000-00-00 00:00:00', 0x74),
(415, 1, '06AchatsL01L082', 'Gest\' fournisseurs - marketing achats', 'Ma', '', '', 0, 'SPE', 0, 24, 0, 0, '2011-03-29 14:22:15', '0000-00-00', '0000-00-00 00:00:00', 0x74),
(416, 1, '06AchatsL01L082.2', 'D', 'D', '', '', 0, 'SPE', 0, 24, 0, 0, '2011-03-29 14:22:15', '0000-00-00', '0000-00-00 00:00:00', 0x74),
(417, 1, '06AchatsL01L082.3', 'D', 'D', '', '', 0, 'SPE', 0, 24, 0, 0, '2011-03-29 14:22:15', '0000-00-00', '0000-00-00 00:00:00', 0x74),
(418, 1, '06AchatsL01L082.4', 'Diversification forte fournisseurs cl', 'Diversification excessive en fournisseurs cl', '', '', 0, 'SPE', 0, 24, 0, 0, '2011-03-29 14:22:15', '0000-00-00', '0000-00-00 00:00:00', 0x74),
(419, 1, '06AchatsL01L082.7', 'Fournisseur ', 'Fournisseur ', '', '', 0, 'SPE', 0, 24, 0, 0, '2011-03-29 14:22:15', '0000-00-00', '0000-00-00 00:00:00', 0x74),
(420, 1, '06AchatsL01L271.7', 'Faillite d\'un fournisseur', 'Faillite d\'un fournisseur', '', '', 0, 'SPE', 0, 24, 0, 0, '2011-03-29 14:22:15', '0000-00-00', '0000-00-00 00:00:00', 0x74),
(421, 1, '06AchatsL02L077.1', 'Fonction Achats Grands Comptes', 'Fonction Achats Grands Comptes', '', '', 0, 'SPE', 0, 24, 0, 0, '2011-03-29 14:22:15', '0000-00-00', '0000-00-00 00:00:00', 0x74),
(422, 1, '06AchatsL02L086', 'Prise en compte et satisf besoin.interne', 'Prise en compte et satisfaction des besoins en interne', '', '', 0, 'SPE', 0, 24, 0, 0, '2011-03-29 14:22:15', '2011-10-04', '0000-00-00 00:00:00', 0x74),
(423, 1, '06AchatsL02L087', 'Exc', 'Exc', '', '', 0, 'SPE', 0, 24, 0, 0, '2011-03-29 14:22:15', '0000-00-00', '0000-00-00 00:00:00', 0x74),
(424, 1, '06AchatsL02L089', 'QS cycle de vie des produits&services', 'Prise en compte de la qualit', '', '', 0, 'SPE', 0, 24, 0, 0, '2011-03-29 14:22:15', '0000-00-00', '0000-00-00 00:00:00', 0x74),
(425, 1, '06AchatsL02L271', 'Efficacit', 'Niveau d\'efficacit', '', '', 0, 'SPE', 0, 24, 0, 0, '2011-03-29 14:22:15', '0000-00-00', '0000-00-00 00:00:00', 0x74),
(426, 1, '06AchatsL02L271.1', 'fournisseurs - mise en concurrence', 'Processus de s', '', '', 0, 'SPE', 0, 24, 0, 0, '2011-03-29 14:22:15', '0000-00-00', '0000-00-00 00:00:00', 0x74),
(427, 1, '06AchatsL02L271.15', 'Pilotage du processus Achats (filiales)', 'Qualit', '', '', 0, 'SPE', 0, 24, 0, 0, '2011-03-29 14:22:15', '0000-00-00', '0000-00-00 00:00:00', 0x74),
(428, 1, '06AchatsL02L271.16', 'Contr', 'Contr', '', '', 0, 'SPE', 0, 24, 0, 0, '2011-03-29 14:22:15', '0000-00-00', '0000-00-00 00:00:00', 0x74),
(429, 1, '06AchatsL02L271.3', 'op', 'Pertinence des op', '', '', 0, 'SPE', 0, 24, 0, 0, '2011-03-29 14:22:15', '0000-00-00', '0000-00-00 00:00:00', 0x74),
(430, 1, '06AchatsL02L271.5', 'Niveau d\'efficacit', 'Niveau d\'efficacit', '', '', 0, 'SPE', 0, 24, 0, 0, '2011-03-29 14:22:15', '0000-00-00', '0000-00-00 00:00:00', 0x74),
(431, 1, '06AchatsL02M336', 'Organisation non homog', 'Organisation non homog', '', '', 0, 'SPE', 0, 24, 0, 0, '2011-03-29 14:22:15', '0000-00-00', '0000-00-00 00:00:00', 0x74),
(432, 1, '06AchatsL02V274', 'Prestations intellect. et consultance', 'Achats de prestations intellectuelles et de consultance', '', '', 0, 'SPE', 0, 24, 0, 0, '2011-03-29 14:22:15', '0000-00-00', '0000-00-00 00:00:00', 0x74),
(433, 1, '07ApprovM01L271.6', 'Absence Appro. de bout-en-bout', 'Absence appro de bout-en-bout', '', '', 0, 'SPE', 0, 24, 0, 0, '2011-03-29 14:22:15', '0000-00-00', '0000-00-00 00:00:00', 0x74),
(434, 1, '07ApprovM01M241', 'Ma', 'Ma', '', '', 0, 'SPE', 0, 24, 0, 0, '2011-03-29 14:22:15', '0000-00-00', '0000-00-00 00:00:00', 0x74),
(435, 1, '07ApprovM01M272', 'Stocks non ajust', 'Stocks non ajust', '', '', 0, 'SPE', 0, 24, 0, 0, '2011-03-29 14:22:15', '0000-00-00', '0000-00-00 00:00:00', 0x74),
(436, 1, '07ApprovM01M272.1', 'P', 'Approvisionnement  (p', '', '', 0, 'SPE', 0, 24, 0, 0, '2011-03-29 14:22:15', '0000-00-00', '0000-00-00 00:00:00', 0x74),
(437, 1, '08LogistiqV01V095', 'Optim co', 'Optimisation des co', '', '', 0, 'SPE', 0, 24, 0, 0, '2011-03-29 14:22:15', '0000-00-00', '0000-00-00 00:00:00', 0x74),
(438, 1, '08LogistiqV01V096', 'Optimisation du parc auto', 'Optimisation du parc auto', '', '', 0, 'SPE', 0, 24, 0, 0, '2011-03-29 14:22:15', '0000-00-00', '0000-00-00 00:00:00', 0x74),
(439, 1, '08LogistiqV01V097', 'Frais de voyage et de d', 'Ma', '', '', 0, 'SPE', 0, 24, 0, 0, '2011-03-29 14:22:15', '0000-00-00', '0000-00-00 00:00:00', 0x74),
(440, 1, '08LogistiqV01V339', 'Optimisation des co', 'Optimisation des co', '', '', 0, 'SPE', 0, 24, 0, 0, '2011-03-29 14:22:15', '0000-00-00', '0000-00-00 00:00:00', 0x74),
(441, 1, '08LogistiqV01V339.1', 'Gestion des baux immobiliers', 'Politique de lib', '', '', 0, 'SPE', 0, 24, 0, 0, '2011-03-29 14:22:15', '0000-00-00', '0000-00-00 00:00:00', 0x74),
(442, 1, '08LogistiqV01V340', 'Assurance \'immobilier et des v', 'Assurance de l\'immobilier et des v', '', '', 0, 'SPE', 0, 24, 0, 0, '2011-03-29 14:22:15', '0000-00-00', '0000-00-00 00:00:00', 0x74),
(443, 1, '08LogistiqV01V341', 'QS services internes au personnel', 'Qualit', '', '', 0, 'SPE', 0, 24, 0, 0, '2011-03-29 14:22:15', '0000-00-00', '0000-00-00 00:00:00', 0x74),
(444, 1, '09PlanifQ01H076', 'Ma', 'Ma', '', '', 0, 'SPE', 0, 24, 0, 0, '2011-03-29 14:22:15', '0000-00-00', '0000-00-00 00:00:00', 0x74),
(445, 1, '09PlanifQ01L077', 'SI Achats', 'SI Achats', '', '', 0, 'SPE', 0, 24, 0, 0, '2011-03-29 14:22:15', '0000-00-00', '0000-00-00 00:00:00', 0x74),
(446, 1, '09PlanifQ01P308.3', 'IT adaptable-nx services', 'Adaptabilit', '', '', 0, 'SPE', 0, 24, 0, 0, '2015-04-02 15:23:03', '0000-00-00', '0000-00-00 00:00:00', 0x74),
(447, 1, '09PlanifQ01Q098.4', 'Risque MOE IT  (Innovation)', 'Risque sur les MOE IT / innovation', '', '', 0, 'SPE', 0, 24, 0, 0, '2011-03-29 14:22:15', '0000-00-00', '0000-00-00 00:00:00', 0x74),
(448, 1, '09PlanifQ01Q346', 'Mod', 'Existence d\'un mod', '', '', 0, 'SPE', 0, 24, 0, 0, '2011-03-29 14:22:15', '0000-00-00', '0000-00-00 00:00:00', 0x74),
(449, 1, '09PlanifQ01Q357', 'Supervision des flux applicatifs', 'Supervision des flux applicatifs (vendre, para', '', '', 0, 'SPE', 0, 24, 0, 0, '2011-03-29 14:22:15', '0000-00-00', '0000-00-00 00:00:00', 0x74),
(450, 1, '09PlanifQ01Q357.1', 'facturation obsol', 'Syst', '', '', 0, 'SPE', 0, 24, 0, 0, '2011-03-29 14:22:15', '0000-00-00', '0000-00-00 00:00:00', 0x74),
(451, 1, '09PlanifQ01Q358', 'Int', 'Perte de donn', '', '', 0, 'SPE', 0, 24, 0, 0, '2011-03-29 14:22:15', '0000-00-00', '0000-00-00 00:00:00', 0x74),
(452, 1, '09PlanifQ01Q358.1', 'Perte des outils communication interne', 'Perte des outils de communication interne', '', '', 0, 'SPE', 0, 24, 0, 0, '2011-03-29 14:22:15', '0000-00-00', '0000-00-00 00:00:00', 0x74),
(453, 1, '09PlanifQ01Q409', 'Sous-usage potentialit', 'Sous-utilisation des potentialit', '', '', 0, 'SPE', 0, 24, 0, 0, '2011-03-29 14:22:15', '0000-00-00', '0000-00-00 00:00:00', 0x74),
(454, 1, '09PlanifQ01Q410', 'Qualit', 'Qualit', '', '', 0, 'SPE', 0, 24, 0, 0, '2011-03-29 14:22:15', '0000-00-00', '0000-00-00 00:00:00', 0x74),
(455, 1, '09PlanifQ01T360', 'SI RH et reporting financier', 'SI RH et reporting financier', '', '', 0, 'SPE', 0, 24, 0, 0, '2011-03-29 14:22:15', '0000-00-00', '0000-00-00 00:00:00', 0x74),
(456, 1, '09PlanifQ02G058.1', 'invest en techno en voie d\'obsolescence', 'Investissement massif dans une technologie en voie d\'obsolescence, write-off d\'une technologie suite ', '', '', 0, 'SPE', 0, 24, 0, 0, '2011-03-29 14:22:15', '0000-00-00', '0000-00-00 00:00:00', 0x74),
(457, 1, '10DevG03Q328.3', 'Architecture cloud externe', 'Architecture cloud computing externe', '', '', 0, 'SPE', 0, 24, 0, 0, '2011-05-19 09:37:48', '2011-05-19', '0000-00-00 00:00:00', 0x74),
(458, 1, '09PlanifQ02L089.1', 'Obsolescence r', 'Obsolescence du r', '', '', 0, 'SPE', 0, 24, 0, 0, '2011-03-29 14:22:15', '0000-00-00', '0000-00-00 00:00:00', 0x74),
(459, 1, '09PlanifQ02L089.2', 'Obsolescence des technologies SI', 'Obsolescence des technologies SI', '', '', 0, 'SPE', 0, 24, 0, 0, '2011-03-29 14:22:15', '0000-00-00', '0000-00-00 00:00:00', 0x74),
(460, 1, '09PlanifQ02L089.3', 'Syst', 'Syst', '', '', 0, 'SPE', 0, 24, 0, 0, '2011-03-29 14:22:15', '0000-00-00', '0000-00-00 00:00:00', 0x74),
(461, 1, '09PlanifQ02L089.4', 'Co', 'Co', '', '', 0, 'SPE', 0, 24, 0, 0, '2011-03-29 14:22:15', '0000-00-00', '0000-00-00 00:00:00', 0x74),
(462, 1, '09PlanifQ02Q044.1', 'Obsolescence invests/', 'Obsolescence des investissements suite ', '', '', 0, 'SPE', 0, 24, 0, 0, '2011-03-29 14:22:15', '0000-00-00', '0000-00-00 00:00:00', 0x74),
(463, 1, '09PlanifQ02Q098', 'Strat', 'Strat', '', '', 0, 'SPE', 0, 24, 0, 0, '2011-03-29 14:22:15', '0000-00-00', '0000-00-00 00:00:00', 0x74),
(464, 1, '09PlanifQ02Q351', 'D', 'D', '', '', 0, 'SPE', 0, 24, 0, 0, '2011-03-29 14:22:15', '0000-00-00', '0000-00-00 00:00:00', 0x74);
INSERT INTO `referentiel_nature` (`idNature`, `id_referentiel`, `Nat_Cod`, `intitule`, `description`, `intitule_en`, `description_en`, `ordre`, `Typ_Iden`, `id_typenature`, `id_typenature_risk`, `notificationType`, `dftNotification`, `date_debut`, `date_modif`, `date_fin`, `Affecte`) VALUES
(465, 1, '09PlanifQ02Q353', 'Obsolescence techno/ fournisseur', 'Obsolescence d\'une technologie, disparition d\'un fournisseur', '', '', 0, 'SPE', 0, 24, 0, 0, '2011-03-29 14:22:15', '0000-00-00', '0000-00-00 00:00:00', 0x74),
(466, 1, '09PlanifQ02S162.1', 'P', 'P', '', '', 0, 'SPE', 0, 24, 0, 0, '2011-03-29 14:22:15', '0000-00-00', '0000-00-00 00:00:00', 0x74),
(467, 1, '09PlanifQ03G062.2', 'Synergies Groupe/achat de capacit', 'Synergies Groupe/filiale pour l\'achat de capacit', '', '', 0, 'SPE', 0, 24, 0, 0, '2011-03-29 14:22:15', '0000-00-00', '0000-00-00 00:00:00', 0x74),
(468, 1, '09PlanifQ03G329', 'Coh', 'Non alignement, sur les objectifs \'business\' du Groupe, des d', '', '', 0, 'SPE', 0, 24, 0, 0, '2011-03-29 14:22:15', '0000-00-00', '0000-00-00 00:00:00', 0x74),
(469, 1, '09PlanifQ03Q099', 'Gouvernance et synergie Groupe SI', 'Gouvernance et synergie Groupe SI', '', '', 0, 'SPE', 0, 24, 0, 0, '2011-03-29 14:22:15', '0000-00-00', '0000-00-00 00:00:00', 0x74),
(470, 1, '09PlanifQ03Q099.1', 'Mutualiser les technos Groupe', 'Capacit', '', '', 0, 'SPE', 0, 24, 0, 0, '2011-03-29 14:22:15', '0000-00-00', '0000-00-00 00:00:00', 0x74),
(471, 1, '09PlanifQ03Q099.3', 'Contr', 'Contr', '', '', 0, 'SPE', 0, 24, 0, 0, '2011-03-29 14:22:15', '0000-00-00', '0000-00-00 00:00:00', 0x74),
(472, 1, '09PlanifQ03Q099.4', 'synergies SI (ex. sp', 'Sous-exploitation des synergies du Groupe en mati', '', '', 0, 'SPE', 0, 24, 0, 0, '2011-03-29 14:22:15', '0000-00-00', '0000-00-00 00:00:00', 0x74),
(473, 1, '09PlanifQ03Q099.5', 'Planifi dev SI et objectifs business', 'Priorit', '', '', 0, 'SPE', 0, 24, 0, 0, '2011-03-29 14:22:15', '0000-00-00', '0000-00-00 00:00:00', 0x74),
(474, 1, '09PlanifQ03Q107', 'Hi', 'Hi', '', '', 0, 'SPE', 0, 24, 0, 0, '2011-03-29 14:22:15', '0000-00-00', '0000-00-00 00:00:00', 0x74),
(475, 1, '09PlanifQ03Q343', 'Volume financier IT (plan strat', 'Volume financier consacr', '', '', 0, 'SPE', 0, 24, 0, 0, '2011-03-29 14:22:15', '0000-00-00', '0000-00-00 00:00:00', 0x74),
(476, 1, '10DevG01G059', 'Saturation IT et r', 'Saturation IT et r', '', '', 0, 'SPE', 0, 24, 0, 0, '2011-03-29 14:22:15', '0000-00-00', '0000-00-00 00:00:00', 0x74),
(477, 1, '10DevG01G059.1', 'Sous-dimensionnement IT ou r', 'Sous-dimensionnement IT ou r', '', '', 0, 'SPE', 0, 24, 0, 0, '2011-03-29 14:22:15', '0000-00-00', '0000-00-00 00:00:00', 0x74),
(478, 1, '10DevG01G325', 'optim tx de charge IT - applications', 'Usage optimis', '', '', 0, 'SPE', 0, 24, 0, 0, '2011-03-29 14:22:15', '0000-00-00', '0000-00-00 00:00:00', 0x74),
(479, 1, '10DevG01G325.1', 'Adaptation des capacit', 'Adaptation des capacit', '', '', 0, 'SPE', 0, 24, 0, 0, '2011-03-29 14:22:15', '0000-00-00', '0000-00-00 00:00:00', 0x74),
(480, 1, '10DevG01G329.1', 'Mise en commun IT et r', 'Mise en commun IT et r', '', '', 0, 'SPE', 0, 24, 0, 0, '2011-03-29 14:22:15', '0000-00-00', '0000-00-00 00:00:00', 0x74),
(481, 1, '10DevG01H331', 'co', 'Optimisation des co', '', '', 0, 'SPE', 0, 24, 0, 0, '2011-03-29 14:22:15', '0000-00-00', '0000-00-00 00:00:00', 0x74),
(482, 1, '10DevG02G062', 'Ma', 'Ma', '', '', 0, 'SPE', 0, 24, 0, 0, '2011-03-29 14:22:15', '0000-00-00', '0000-00-00 00:00:00', 0x74),
(483, 1, '10DevG02G062.3', 'Pr', 'Incapacit', '', '', 0, 'SPE', 0, 24, 0, 0, '2011-03-29 14:22:15', '0000-00-00', '0000-00-00 00:00:00', 0x74),
(484, 1, '10DevG02G062.4', 'Infrastructure technique adapt', 'Manque d\'infrastructure technique adapt', '', '', 0, 'SPE', 0, 24, 0, 0, '2011-03-29 14:22:15', '0000-00-00', '0000-00-00 00:00:00', 0x74),
(485, 1, '10DevG02G066', 'Production pour les annonceurs', 'Retard / Interruption de production pour les annonceurs', '', '', 0, 'SPE', 0, 24, 0, 0, '2011-03-29 14:22:15', '0000-00-00', '0000-00-00 00:00:00', 0x74),
(486, 1, '10DevG02N404.5', 'Partage donn', 'Partage de donn', '', '', 0, 'SPE', 0, 24, 0, 0, '2011-03-29 14:22:15', '0000-00-00', '0000-00-00 00:00:00', 0x74),
(487, 1, '10DevG03Q344', 'Maitrise des nouvelles technos', 'Capacit', '', '', 0, 'SPE', 0, 24, 0, 0, '2011-03-29 14:22:15', '0000-00-00', '0000-00-00 00:00:00', 0x74),
(488, 1, '10DevG03Q347', 'Processus de choix des composants SI', 'Processus de choix des composants SI', '', '', 0, 'SPE', 0, 24, 0, 0, '2011-03-29 14:22:15', '0000-00-00', '0000-00-00 00:00:00', 0x74),
(489, 1, '10DevG04G328', 'gds projets techn. et dev. nx services', 'Gestion des grands projets techniques et d', '', '', 0, 'SPE', 0, 24, 0, 0, '2011-03-29 14:22:15', '0000-00-00', '0000-00-00 00:00:00', 0x74),
(490, 1, '10DevG04G328.2', 'Mise en place Projets Gd comptes', 'Ma', '', '', 0, 'SPE', 0, 24, 0, 0, '2011-03-29 14:22:15', '0000-00-00', '0000-00-00 00:00:00', 0x74),
(491, 1, '10DevG04Q104', 'Relation m', 'Ma', '', '', 0, 'SPE', 0, 24, 0, 0, '2011-03-29 14:22:15', '0000-00-00', '0000-00-00 00:00:00', 0x74),
(492, 1, '10DevG04Q104.1', 'Ma', 'Lancement, conduite et d', '', '', 0, 'SPE', 0, 24, 0, 0, '2011-03-29 14:22:15', '0000-00-00', '0000-00-00 00:00:00', 0x74),
(493, 1, '10DevG04Q104.2', 'Ma', 'Ma', '', '', 0, 'SPE', 0, 24, 0, 0, '2011-03-29 14:22:15', '0000-00-00', '0000-00-00 00:00:00', 0x74),
(494, 1, '10DevG04Q104.3', 'projet/objectifs (Co', 'Projets et programmes n\'atteignant pas les objectifs Business (Co', '', '', 0, 'SPE', 0, 24, 0, 0, '2011-03-29 14:22:15', '0000-00-00', '0000-00-00 00:00:00', 0x74),
(495, 1, '10DevG04Q104.4', 'Ma', 'Ma', '', '', 0, 'SPE', 0, 24, 0, 0, '2011-03-29 14:22:15', '0000-00-00', '0000-00-00 00:00:00', 0x74),
(496, 1, '10DevG04Q104.5', 'Ma', 'Ma', '', '', 0, 'SPE', 0, 24, 0, 0, '2011-03-29 14:22:15', '0000-00-00', '0000-00-00 00:00:00', 0x74),
(497, 1, '10DevG04Q349', 'Corps social / rythme des changements', 'Acceptation par le corps social du rythme des changements', '', '', 0, 'SPE', 0, 24, 0, 0, '2011-03-29 14:22:15', '2011-06-27', '0000-00-00 00:00:00', 0x74),
(498, 1, '10DevG04R134.5', 'D', 'D', '', '', 0, 'SPE', 0, 24, 0, 0, '2011-03-29 14:22:15', '0000-00-00', '0000-00-00 00:00:00', 0x74),
(499, 1, '10DevG04X410', 'Ma', 'Ma', '', '', 0, 'SPE', 0, 24, 0, 0, '2011-03-29 14:22:15', '0000-00-00', '0000-00-00 00:00:00', 0x74),
(500, 1, '10DevG05Q105', 'Ma', 'Ma', '', '', 0, 'SPE', 0, 24, 0, 0, '2011-03-29 14:22:15', '0000-00-00', '0000-00-00 00:00:00', 0x74),
(501, 1, '10DevG05Q105.1', 'QS fournisseurs impactant QS finale', 'Qualit', '', '', 0, 'SPE', 0, 24, 0, 0, '2011-03-29 14:22:15', '0000-00-00', '0000-00-00 00:00:00', 0x74),
(502, 1, '10DevG05Q105.2', 'Fourniture de solutions en SI', 'Fourniture de solutions en SI', '', '', 0, 'SPE', 0, 24, 0, 0, '2011-03-29 14:22:15', '0000-00-00', '0000-00-00 00:00:00', 0x74),
(503, 1, '11ExploitH01H070', 'Vuln', 'Vuln', '', '', 0, 'SPE', 0, 24, 0, 0, '2011-03-29 14:22:15', '0000-00-00', '0000-00-00 00:00:00', 0x74),
(504, 1, '11ExploitH01H070.11', 'Panne hebergement majeure', 'Panne hebergement majeure', '', '', 0, 'SPE', 0, 24, 0, 0, '2011-03-29 14:22:15', '0000-00-00', '0000-00-00 00:00:00', 0x74),
(505, 1, '11ExploitH01H070.12', 'Intrusion', 'Intrusion', '', '', 0, 'SPE', 0, 24, 0, 0, '2011-03-29 14:22:15', '0000-00-00', '0000-00-00 00:00:00', 0x74),
(506, 1, '11ExploitH01H070.13', 'Piratage administratifs et supervision', 'Piratage externe des syst', '', '', 0, 'SPE', 0, 24, 0, 0, '2011-03-29 14:22:15', '0000-00-00', '0000-00-00 00:00:00', 0x74),
(507, 1, '11ExploitH01H070.14', 'Virus ', 'Propagation d\'un virus ', '', '', 0, 'SPE', 0, 24, 0, 0, '2011-03-29 14:22:15', '0000-00-00', '0000-00-00 00:00:00', 0x74),
(508, 1, '11ExploitH01H070.15', 'Virus ', 'Propagation d\'un virus ', '', '', 0, 'SPE', 0, 24, 0, 0, '2011-03-29 14:22:15', '0000-00-00', '0000-00-00 00:00:00', 0x74),
(509, 1, '11ExploitH01H070.16', 'Serveurs noms de domaines (DNS)', 'Vuln', '', '', 0, 'SPE', 0, 24, 0, 0, '2011-03-29 14:22:15', '0000-00-00', '0000-00-00 00:00:00', 0x74),
(510, 1, '11ExploitH01H070.18', 'Vuln', 'Vuln', '', '', 0, 'SPE', 0, 24, 0, 0, '2011-03-29 14:22:15', '0000-00-00', '0000-00-00 00:00:00', 0x74),
(511, 1, '11ExploitH01H070.19', 'Contr', 'Contr', '', '', 0, 'SPE', 0, 24, 0, 0, '2011-03-29 14:22:15', '0000-00-00', '0000-00-00 00:00:00', 0x74),
(512, 1, '11ExploitH01H070.2', 'Perte du contr', 'Perte du contr', '', '', 0, 'SPE', 0, 24, 0, 0, '2011-03-29 14:22:15', '0000-00-00', '0000-00-00 00:00:00', 0x74),
(513, 1, '11ExploitH01H070.23', 'Panne R', 'Panne R', '', '', 0, 'SPE', 0, 24, 0, 0, '2011-03-29 14:22:15', '0000-00-00', '0000-00-00 00:00:00', 0x74),
(514, 1, '11ExploitH01H070.24', 'Modif inappropri', 'Changements inappropri', '', '', 0, 'SPE', 0, 24, 0, 0, '2011-03-29 14:22:15', '0000-00-00', '0000-00-00 00:00:00', 0x74),
(515, 1, '11ExploitH01H070.25', 'D', 'D', '', '', 0, 'SPE', 0, 24, 0, 0, '2011-03-29 14:22:15', '0000-00-00', '0000-00-00 00:00:00', 0x74),
(516, 1, '11ExploitH01H070.26', 'Panne SI majeure ', 'Panne SI majeure (associ', '', '', 0, 'SPE', 0, 24, 0, 0, '2011-03-29 14:22:15', '0000-00-00', '0000-00-00 00:00:00', 0x74),
(517, 1, '11ExploitH01H070.27', 'Piratage, attaque logique des syst', 'Piratage, attaque logique des syst', '', '', 0, 'SPE', 0, 24, 0, 0, '2011-03-29 14:22:15', '0000-00-00', '0000-00-00 00:00:00', 0x74),
(518, 1, '11ExploitH01H070.3', 'Grande panne r', 'Grande panne r', '', '', 0, 'SPE', 0, 24, 0, 0, '2011-03-29 14:22:15', '0000-00-00', '0000-00-00 00:00:00', 0x74),
(519, 1, '11ExploitH01H070.4.1', 'Central. gestion r', 'Centralisation de la gestion du r', '', '', 0, 'SPE', 0, 24, 0, 0, '2011-03-29 14:22:15', '0000-00-00', '0000-00-00 00:00:00', 0x74),
(520, 1, '11ExploitH01H070.4.2', 'Central gestion appli. et BDD (exploit)', 'Centralisation de la gestion des applications et des bases de donn', '', '', 0, 'SPE', 0, 24, 0, 0, '2011-03-29 14:22:16', '0000-00-00', '0000-00-00 00:00:00', 0x74),
(521, 1, '11ExploitH01H070.5', 'D', 'D', '', '', 0, 'SPE', 0, 24, 0, 0, '2011-03-29 14:22:16', '0000-00-00', '0000-00-00 00:00:00', 0x74),
(522, 1, '11ExploitH01H070.6', 'D', 'D', '', '', 0, 'SPE', 0, 24, 0, 0, '2011-03-29 14:22:16', '0000-00-00', '0000-00-00 00:00:00', 0x74),
(523, 1, '11ExploitH01H070.9', 'Capacit', 'Capacit', '', '', 0, 'SPE', 0, 24, 0, 0, '2011-03-29 14:22:16', '0000-00-00', '0000-00-00 00:00:00', 0x74),
(524, 1, '11ExploitH01H270', 'Destruction ou alt', 'Destruction ou alt', '', '', 0, 'SPE', 0, 24, 0, 0, '2011-03-29 14:22:16', '0000-00-00', '0000-00-00 00:00:00', 0x74),
(525, 1, '11ExploitH01Q108.2', 'S', 'S', '', '', 0, 'SPE', 0, 24, 0, 0, '2011-03-29 14:22:16', '0000-00-00', '0000-00-00 00:00:00', 0x74),
(526, 1, '11ExploitH01Q108.5', 'Virus et intrusion logique (IT - r', 'Attaque virale et intrusion logique (s', '', '', 0, 'SPE', 0, 24, 0, 0, '2011-03-29 14:22:16', '0000-00-00', '0000-00-00 00:00:00', 0x74),
(527, 1, '11ExploitH01Q108.6', 'Fiabilit', 'Fiabilit', '', '', 0, 'SPE', 0, 24, 0, 0, '2011-03-29 14:22:16', '0000-00-00', '0000-00-00 00:00:00', 0x74),
(528, 1, '11ExploitH01Q110', 'Indisponibilit', 'Indisponibilit', '', '', 0, 'SPE', 0, 24, 0, 0, '2011-03-29 14:22:16', '0000-00-00', '0000-00-00 00:00:00', 0x74),
(529, 1, '11ExploitH01Q110.1', 'Plan de crise et continuit', 'Existence de plan de crise et de plan de continuit', '', '', 0, 'SPE', 0, 24, 0, 0, '2011-03-29 14:22:16', '2011-07-04', '0000-00-00 00:00:00', 0x74),
(530, 1, '11ExploitH01Q110.2', 'Indisponibilit', 'Indisponibilit', '', '', 0, 'SPE', 0, 24, 0, 0, '2011-03-29 14:22:16', '0000-00-00', '0000-00-00 00:00:00', 0x74),
(531, 1, '11ExploitH01Q110.4', 'Indisponibilit', 'Indisponibilit', '', '', 0, 'SPE', 0, 24, 0, 0, '2011-03-29 14:22:16', '0000-00-00', '0000-00-00 00:00:00', 0x74),
(532, 1, '11ExploitH01Q354', 'Infrastructure de communications IT', 'Gestion de l\'infrastructure de communications de donn', '', '', 0, 'SPE', 0, 24, 0, 0, '2011-03-29 14:22:16', '0000-00-00', '0000-00-00 00:00:00', 0x74),
(533, 1, '11ExploitH01V200', 'Plan de secours et de reprise IT/r', 'Plan de secours / continuit', '', '', 0, 'SPE', 0, 24, 0, 0, '2011-03-29 14:22:16', '0000-00-00', '0000-00-00 00:00:00', 0x74),
(534, 1, '11ExploitH02G327', 'Qualit', 'Qualit', '', '', 0, 'SPE', 0, 24, 0, 0, '2011-03-29 14:22:16', '0000-00-00', '0000-00-00 00:00:00', 0x74),
(535, 1, '11ExploitH02G327.2', 'Perturbation du service aux annonceurs', 'Perturbation du service aux annonceurs', '', '', 0, 'SPE', 0, 24, 0, 0, '2011-03-29 14:22:16', '0000-00-00', '0000-00-00 00:00:00', 0x74),
(536, 1, '11ExploitH02G327.3', 'Perturbation du service aux consultants', 'Perturbation du service aux consultants', '', '', 0, 'SPE', 0, 24, 0, 0, '2011-03-29 14:22:16', '0000-00-00', '0000-00-00 00:00:00', 0x74),
(537, 1, '11ExploitH02G327.4', 'Perturbation du service aux utilisateurs', 'Perturbation du service aux utilisateurs int.', '', '', 0, 'SPE', 0, 24, 0, 0, '2011-03-29 14:22:16', '0000-00-00', '0000-00-00 00:00:00', 0x74),
(538, 1, '11ExploitH02G327.5', 'Perturbation bureaut. aux utilisateurs', 'Perturbation bureaut. aux utilisateurs int.', '', '', 0, 'SPE', 0, 24, 0, 0, '2011-03-29 14:22:16', '0000-00-00', '0000-00-00 00:00:00', 0x74),
(539, 1, '11ExploitH02G327.6', 'Perturb. messag/r', 'Perturbation messag/r', '', '', 0, 'SPE', 0, 24, 0, 0, '2011-03-29 14:22:16', '0000-00-00', '0000-00-00 00:00:00', 0x74),
(540, 1, '11ExploitH02H070.10', 'Protection equipements IT (physique)', 'Protection des ', '', '', 0, 'SPE', 0, 24, 0, 0, '2011-03-29 14:22:16', '0000-00-00', '0000-00-00 00:00:00', 0x74),
(541, 1, '11ExploitH02H071', 'Qualit', 'Qualit', '', '', 0, 'SPE', 0, 24, 0, 0, '2011-03-29 14:22:16', '0000-00-00', '0000-00-00 00:00:00', 0x74),
(542, 1, '11ExploitH02H071.1', 'Non qualit', 'Non qualit', '', '', 0, 'SPE', 0, 24, 0, 0, '2011-03-29 14:22:16', '0000-00-00', '0000-00-00 00:00:00', 0x74),
(543, 1, '11ExploitH02H072', 'QS R', 'Non ma', '', '', 0, 'SPE', 0, 24, 0, 0, '2011-03-29 14:22:16', '0000-00-00', '0000-00-00 00:00:00', 0x74),
(544, 1, '11ExploitH02H072.1', 'Maintenance du r', 'Niveau de maintenance du r', '', '', 0, 'SPE', 0, 24, 0, 0, '2011-03-29 14:22:16', '0000-00-00', '0000-00-00 00:00:00', 0x74),
(545, 1, '11ExploitH02H072.2', 'Arr', 'Arr', '', '', 0, 'SPE', 0, 24, 0, 0, '2011-03-29 14:22:16', '0000-00-00', '0000-00-00 00:00:00', 0x74),
(546, 1, '11ExploitH02H075', 'Rupture du stock de maintenance', 'Rupture du stock de maintenance', '', '', 0, 'SPE', 0, 24, 0, 0, '2011-03-29 14:22:16', '0000-00-00', '0000-00-00 00:00:00', 0x74),
(547, 1, '11ExploitH02Q352', 'Ma', 'Ma', '', '', 0, 'SPE', 0, 24, 0, 0, '2011-03-29 14:22:16', '0000-00-00', '0000-00-00 00:00:00', 0x74),
(548, 1, '11ExploitH03H333', 'Cout et QS maintenance sous-trait', 'Contr', '', '', 0, 'SPE', 0, 24, 0, 0, '2011-03-29 14:22:16', '0000-00-00', '0000-00-00 00:00:00', 0x74),
(549, 1, '11ExploitH03H333.1', 'co', 'Contr', '', '', 0, 'SPE', 0, 24, 0, 0, '2011-03-29 14:22:16', '0000-00-00', '0000-00-00 00:00:00', 0x74),
(550, 1, '11ExploitH03H333.3', 'Maintenance pr', 'Maintenance pr', '', '', 0, 'SPE', 0, 24, 0, 0, '2011-03-29 14:22:16', '0000-00-00', '0000-00-00 00:00:00', 0x74),
(551, 1, '11ExploitH03H333.4', 'Contrats partenaires/sous-traitants ', 'Ma', '', '', 0, 'SPE', 0, 24, 0, 0, '2011-03-29 14:22:16', '0000-00-00', '0000-00-00 00:00:00', 0x74),
(552, 1, '11ExploitH04Q108', 'Protection logique appli. et donn', 'Protection logique des applications et des donn', '', '', 0, 'SPE', 0, 24, 0, 0, '2011-03-29 14:22:16', '0000-00-00', '0000-00-00 00:00:00', 0x74),
(553, 1, '11ExploitH04Q108.4', 'Protection des donn', 'Protection des donn', '', '', 0, 'SPE', 0, 24, 0, 0, '2011-03-29 14:22:16', '0000-00-00', '0000-00-00 00:00:00', 0x74),
(554, 1, '11ExploitH06H070.17', 'local techn.strat', 'Impossibilit', '', '', 0, 'SPE', 0, 24, 0, 0, '2011-03-29 14:22:16', '0000-00-00', '0000-00-00 00:00:00', 0x74),
(555, 1, '11ExploitH06H269', 'Destruction d\'un b', 'Destruction d\'un b', '', '', 0, 'SPE', 0, 24, 0, 0, '2011-03-29 14:22:16', '0000-00-00', '0000-00-00 00:00:00', 0x74),
(556, 1, '11ExploitH06Q111', 'Protection physique centres de calcul', 'Protection physique des centres de calcul', '', '', 0, 'SPE', 0, 24, 0, 0, '2011-03-29 14:22:16', '0000-00-00', '0000-00-00 00:00:00', 0x74),
(557, 1, '11ExploitH06Q111.1', 'Incendies, intrusion physique ', 'Incendies, intrusion physique (s', '', '', 0, 'SPE', 0, 24, 0, 0, '2011-03-29 14:22:16', '0000-00-00', '0000-00-00 00:00:00', 0x74),
(558, 1, '11ExploitH07H072.3', 'D', 'D', '', '', 0, 'SPE', 0, 24, 0, 0, '2011-03-29 14:22:16', '0000-00-00', '0000-00-00 00:00:00', 0x74),
(559, 1, '11ExploitH07Q112', 'Indisponibilit', 'Indisponibilit', '', '', 0, 'SPE', 0, 24, 0, 0, '2011-03-29 14:22:16', '0000-00-00', '0000-00-00 00:00:00', 0x74),
(560, 1, '11ExploitH07Q112.1', 'Traitement des avis de panne', 'Traitement non performant des avis de panne', '', '', 0, 'SPE', 0, 24, 0, 0, '2011-03-29 14:22:16', '0000-00-00', '0000-00-00 00:00:00', 0x74),
(561, 1, '11ExploitH07Q112.2', 'Indisponibilit', 'Indisponibilit', '', '', 0, 'SPE', 0, 24, 0, 0, '2011-03-29 14:22:16', '0000-00-00', '0000-00-00 00:00:00', 0x74),
(562, 1, '11ExploitH08Q113', 'Efficience r', 'Efficience de la r', '', '', 0, 'SPE', 0, 24, 0, 0, '2011-03-29 14:22:16', '0000-00-00', '0000-00-00 00:00:00', 0x74),
(563, 1, '11ExploitH08Q113.1', 'Communication IT/utilisateurs internes', 'Mauvaise communication entre le SI et les utilisateurs internes', '', '', 0, 'SPE', 0, 24, 0, 0, '2011-03-29 14:22:16', '0000-00-00', '0000-00-00 00:00:00', 0x74),
(564, 1, '12RessHumT01H074', 'Ma', 'Non ma', '', '', 0, 'SPE', 0, 24, 0, 0, '2011-03-29 14:22:16', '0000-00-00', '0000-00-00 00:00:00', 0x74),
(565, 1, '12RessHumT01L088', 'Gestion ad', 'Gestion ad', '', '', 0, 'SPE', 0, 24, 0, 0, '2011-03-29 14:22:16', '0000-00-00', '0000-00-00 00:00:00', 0x74),
(566, 1, '12RessHumT01Q100', 'Gestion des comp', 'Gestion des comp', '', '', 0, 'SPE', 0, 24, 0, 0, '2011-03-29 14:22:16', '0000-00-00', '0000-00-00 00:00:00', 0x74),
(567, 1, '12RessHumT01Q100.1', 'Dev d\'une comp', 'D', '', '', 0, 'SPE', 0, 24, 0, 0, '2011-03-29 14:22:16', '0000-00-00', '0000-00-00 00:00:00', 0x74),
(568, 1, '12RessHumT01Q356', 'Disparition des soutiens m', 'Disparition des soutiens m', '', '', 0, 'SPE', 0, 24, 0, 0, '2011-03-29 14:22:16', '0000-00-00', '0000-00-00 00:00:00', 0x74),
(569, 1, '12RessHumT01R379', 'M', 'Professionnalisation de la fonction Finance (dont les m', '', '', 0, 'SPE', 0, 24, 0, 0, '2011-03-29 14:22:16', '0000-00-00', '0000-00-00 00:00:00', 0x74),
(570, 1, '12RessHumT01T115', 'Ad', 'Ad', '', '', 0, 'SPE', 0, 24, 0, 0, '2011-03-29 14:22:16', '0000-00-00', '0000-00-00 00:00:00', 0x74),
(571, 1, '12RessHumT01T115.1', 'Gestion des comp', 'Capacit', '', '', 0, 'SPE', 0, 24, 0, 0, '2011-03-29 14:22:16', '0000-00-00', '0000-00-00 00:00:00', 0x74),
(572, 1, '12RessHumT01T115.10', 'Gestion des comp', 'Gestion des comp', '', '', 0, 'SPE', 0, 24, 0, 0, '2011-03-29 14:22:16', '0000-00-00', '0000-00-00 00:00:00', 0x74),
(573, 1, '12RessHumT01T115.2', 'Personnel local /nlles acquisitions', 'Qualit', '', '', 0, 'SPE', 0, 24, 0, 0, '2011-03-29 14:22:16', '0000-00-00', '0000-00-00 00:00:00', 0x74),
(574, 1, '12RessHumT01T115.3', 'Identification comp', 'Incapacit', '', '', 0, 'SPE', 0, 24, 0, 0, '2011-03-29 14:22:16', '0000-00-00', '0000-00-00 00:00:00', 0x74),
(575, 1, '12RessHumT01T115.5', 'Co', 'Co', '', '', 0, 'SPE', 0, 24, 0, 0, '2011-03-29 14:22:16', '0000-00-00', '0000-00-00 00:00:00', 0x74),
(576, 1, '12RessHumT01T115.6', 'Gestion des int', 'Gestion des int', '', '', 0, 'SPE', 0, 24, 0, 0, '2011-03-29 14:22:16', '0000-00-00', '0000-00-00 00:00:00', 0x74),
(577, 1, '12RessHumT01T115.8', 'Effectifs d\'Etat Major', 'Effectifs d\'Etat Major', '', '', 0, 'SPE', 0, 24, 0, 0, '2011-03-29 14:22:16', '0000-00-00', '0000-00-00 00:00:00', 0x74),
(578, 1, '12RessHumT01T124.1', 'Gest des comp', 'Gestion des comp', '', '', 0, 'SPE', 0, 24, 0, 0, '2011-03-29 14:22:16', '0000-00-00', '0000-00-00 00:00:00', 0x74),
(579, 1, '12RessHumT01T124.2', 'Co', 'Co', '', '', 0, 'SPE', 0, 24, 0, 0, '2011-03-29 14:22:16', '0000-00-00', '0000-00-00 00:00:00', 0x74),
(580, 1, '12RessHumT01T126', 'Ratio charges RH/CA et perf. concurrents', 'D', '', '', 0, 'SPE', 0, 24, 0, 0, '2011-03-29 14:22:16', '0000-00-00', '0000-00-00 00:00:00', 0x74),
(581, 1, '12RessHumT01T126.1', 'Turnover du personnel', 'Turnover excessif ou insuffisant du personnel', '', '', 0, 'SPE', 0, 24, 0, 0, '2011-03-29 14:22:16', '0000-00-00', '0000-00-00 00:00:00', 0x74),
(582, 1, '12RessHumT01T126.2', 'Sous- ou sur- effectifs', 'Sous- ou sur- effectifs', '', '', 0, 'SPE', 0, 24, 0, 0, '2011-03-29 14:22:16', '0000-00-00', '0000-00-00 00:00:00', 0x74),
(583, 1, '12RessHumT01T126.3', 'R', 'respect de la r', '', '', 0, 'SPE', 0, 24, 0, 0, '2015-07-08 20:20:14', '0000-00-00', '0000-00-00 00:00:00', 0x74),
(584, 1, '12RessHumT01T126.4', 'Tenue des objectifs de mobilit', 'Tenue des objectifs de mobilit', '', '', 0, 'SPE', 0, 24, 0, 0, '2011-03-29 14:22:16', '0000-00-00', '0000-00-00 00:00:00', 0x74),
(585, 1, '12RessHumT01T126.5', 'Turnover des vendeurs', 'Turnover des vendeurs', '', '', 0, 'SPE', 0, 24, 0, 0, '2011-03-29 14:22:16', '0000-00-00', '0000-00-00 00:00:00', 0x74),
(586, 1, '12RessHumT01T126.6', 'Augmentation de la masse salariale', 'Augmentation excessive de la masse salariale', '', '', 0, 'SPE', 0, 24, 0, 0, '2011-03-29 14:22:16', '0000-00-00', '0000-00-00 00:00:00', 0x74),
(587, 1, '12RessHumT01T126.7', 'Mobilit', 'Mobilit', '', '', 0, 'SPE', 0, 24, 0, 0, '2011-03-29 14:22:16', '0000-00-00', '0000-00-00 00:00:00', 0x74),
(588, 1, '12RessHumT01T126.9', 'Controlling, d', 'Controlling, d', '', '', 0, 'SPE', 0, 24, 0, 0, '2011-03-29 14:22:16', '0000-00-00', '0000-00-00 00:00:00', 0x74),
(589, 1, '12RessHumT01T362', 'Dimension. Comp', 'Dimensionnement, comp', '', '', 0, 'SPE', 0, 24, 0, 0, '2011-03-29 14:22:16', '0000-00-00', '0000-00-00 00:00:00', 0x74),
(590, 1, '12RessHumT01T411', 'Pilotage et optimisation de la formation', 'Pilotage et optimisation de la formation', '', '', 0, 'SPE', 0, 24, 0, 0, '2011-03-29 14:22:16', '0000-00-00', '0000-00-00 00:00:00', 0x74),
(591, 1, '12RessHumT02T116', 'Postes cl', 'Vacances sur les postes cl', '', '', 0, 'SPE', 0, 24, 0, 0, '2011-03-29 14:22:16', '0000-00-00', '0000-00-00 00:00:00', 0x74),
(592, 1, '12RessHumT02T116.1', 'Personnes cl', 'Manque de plan de succession pour les d', '', '', 0, 'SPE', 0, 24, 0, 0, '2011-03-29 14:22:16', '2011-07-08', '0000-00-00 00:00:00', 0x74),
(593, 1, '12RessHumT02T118', 'Mobilit', 'Mobilit', '', '', 0, 'SPE', 0, 24, 0, 0, '2011-03-29 14:22:16', '0000-00-00', '0000-00-00 00:00:00', 0x74),
(594, 1, '12RessHumT02T118.1', 'Contraintes mobilit', 'Contraintes ', '', '', 0, 'SPE', 0, 24, 0, 0, '2011-03-29 14:22:16', '0000-00-00', '0000-00-00 00:00:00', 0x74),
(595, 1, '12RessHumT02T122', 'Visibilit', 'Visibilit', '', '', 0, 'SPE', 0, 24, 0, 0, '2011-03-29 14:22:16', '0000-00-00', '0000-00-00 00:00:00', 0x74),
(596, 1, '12RessHumT02T122.1', 'Carri', 'Gestion d', '', '', 0, 'SPE', 0, 24, 0, 0, '2011-03-29 14:22:16', '0000-00-00', '0000-00-00 00:00:00', 0x74),
(597, 1, '12RessHumT02T125', 'Evaluer et d', 'Capacit', '', '', 0, 'SPE', 0, 24, 0, 0, '2011-03-29 14:22:16', '0000-00-00', '0000-00-00 00:00:00', 0x74),
(598, 1, '12RessHumT03T119', 'Conflits sociaux', 'Conflits sociaux', '', '', 0, 'SPE', 0, 24, 0, 0, '2011-03-29 14:22:16', '0000-00-00', '0000-00-00 00:00:00', 0x74),
(599, 1, '12RessHumT03T119.2', 'Conflits sociaux / Relation syndicats', 'Conflits sociaux / Relation avec les syndicats', '', '', 0, 'SPE', 0, 24, 0, 0, '2011-03-29 14:22:16', '0000-00-00', '0000-00-00 00:00:00', 0x74),
(600, 1, '12RessHumT03T244', 'Instances repr', 'Fonctionnement des instances repr', '', '', 0, 'SPE', 0, 24, 0, 0, '2011-03-29 14:22:16', '0000-00-00', '0000-00-00 00:00:00', 0x74),
(601, 1, '12RessHumT05T115.7', 'Recours ', 'Recours ', '', '', 0, 'SPE', 0, 24, 0, 0, '2011-03-29 14:22:16', '0000-00-00', '0000-00-00 00:00:00', 0x74),
(602, 1, '12RessHumT05T127', 'Recrutement (salaire) court moyen terme', 'Recrutement des meilleurs sur le march', '', '', 0, 'SPE', 0, 24, 0, 0, '2011-03-29 14:22:16', '0000-00-00', '0000-00-00 00:00:00', 0x74),
(603, 1, '12RessHumT05T363', 'Loyaut', 'Loyaut', '', '', 0, 'SPE', 0, 24, 0, 0, '2011-03-29 14:22:16', '0000-00-00', '0000-00-00 00:00:00', 0x74),
(604, 1, '12RessHumT05T402', 'S', 'S', '', '', 0, 'SPE', 0, 24, 0, 0, '2011-03-29 14:22:16', '0000-00-00', '0000-00-00 00:00:00', 0x74),
(605, 1, '12RessHumT06T128', 'Gest individ. Rh et processus paie (QS)', 'Qualit', '', '', 0, 'SPE', 0, 24, 0, 0, '2011-03-29 14:22:16', '0000-00-00', '0000-00-00 00:00:00', 0x74),
(606, 1, '12RessHumT07T359.1', 'R', 'R', '', '', 0, 'SPE', 0, 24, 0, 0, '2011-03-29 14:22:16', '2011-12-12', '0000-00-00 00:00:00', 0x74),
(607, 1, '12RessHumT07T359.2', 'Absent', 'Absent', '', '', 0, 'SPE', 0, 24, 0, 0, '2011-03-29 14:22:16', '0000-00-00', '0000-00-00 00:00:00', 0x74),
(608, 1, '12RessHumT07T359.3', 'Instabilit', 'P', '', '', 0, 'SPE', 0, 24, 0, 0, '2015-02-24 15:34:52', '0000-00-00', '0000-00-00 00:00:00', 0x74),
(609, 1, '12RessHumT07T359.5', 'Motivation du personnel (filiale)', 'Motivation du personnel (filiale)', '', '', 0, 'SPE', 0, 24, 0, 0, '2011-03-29 14:22:16', '0000-00-00', '0000-00-00 00:00:00', 0x74),
(610, 1, '12RessHumT08B027.1', 'Paiement et commission. des vendeurs ', 'Paiement et commissionnement des vendeurs ', '', '', 0, 'SPE', 0, 24, 0, 0, '2011-03-29 14:22:16', '0000-00-00', '0000-00-00 00:00:00', 0x74),
(611, 1, '12RessHumT08T124', 'R', 'Diff', '', '', 0, 'SPE', 0, 24, 0, 0, '2011-03-29 14:22:16', '0000-00-00', '0000-00-00 00:00:00', 0x74),
(612, 1, '12RessHumT08T364', 'Perf. Individ-collect variables-int', 'Performance individuelle et collective (dont dispositif des parts variables et int', '', '', 0, 'SPE', 0, 24, 0, 0, '2011-03-29 14:22:16', '0000-00-00', '0000-00-00 00:00:00', 0x74),
(613, 1, '12RessHumT08T364.1', 'Reconnaissance <> R', 'Pratiques de la reconnaissance par diff', '', '', 0, 'SPE', 0, 24, 0, 0, '2011-03-29 14:22:16', '0000-00-00', '0000-00-00 00:00:00', 0x74),
(614, 1, '12RessHumT08T364.2', 'Crit', 'Qualit', '', '', 0, 'SPE', 0, 24, 0, 0, '2011-03-29 14:22:16', '0000-00-00', '0000-00-00 00:00:00', 0x74),
(615, 1, '12RessHumT08T364.3', 'Objectifs/impact sur la part variable', 'Qualit', '', '', 0, 'SPE', 0, 24, 0, 0, '2011-03-29 14:22:16', '0000-00-00', '0000-00-00 00:00:00', 0x74),
(616, 1, '12RessHumT08T365', 'Ad', 'Ad', '', '', 0, 'SPE', 0, 24, 0, 0, '2011-03-29 14:22:16', '0000-00-00', '0000-00-00 00:00:00', 0x74),
(617, 1, '12RessHumT09V189', 'S', 'S', '', '', 0, 'SPE', 0, 24, 0, 0, '2011-03-29 14:22:16', '0000-00-00', '0000-00-00 00:00:00', 0x74),
(618, 1, '12RessHumT09V189.3', 'S', 'S', '', '', 0, 'SPE', 0, 24, 0, 0, '2011-03-29 14:22:16', '0000-00-00', '0000-00-00 00:00:00', 0x74),
(619, 1, '12RessHumT09V189.5', 'Accidents sur le lieu de travail', 'Accidents sur le lieu de travail', '', '', 0, 'SPE', 0, 24, 0, 0, '2011-03-29 14:22:16', '0000-00-00', '0000-00-00 00:00:00', 0x74),
(620, 1, '13FinancR01N015', 'Endettement global / Panne de liquidit', 'Endettement global / Panne de liquidit', '', '', 0, 'SPE', 0, 24, 0, 0, '2011-03-29 14:22:16', '0000-00-00', '0000-00-00 00:00:00', 0x74),
(621, 1, '13FinancR01N015.1', 'D', 'D', '', '', 0, 'SPE', 0, 24, 0, 0, '2011-03-29 14:22:16', '0000-00-00', '0000-00-00 00:00:00', 0x74),
(622, 1, '13FinancR01R135', 'Ma', 'Ma', '', '', 0, 'SPE', 0, 24, 0, 0, '2011-03-29 14:22:16', '0000-00-00', '0000-00-00 00:00:00', 0x74),
(623, 1, '13FinancR01R135.1', 'Variation de taux de change', 'Variation de taux de change', '', '', 0, 'SPE', 0, 24, 0, 0, '2011-03-29 14:22:16', '0000-00-00', '0000-00-00 00:00:00', 0x74),
(624, 1, '13FinancR01R135.2', 'Risque de devise', 'Risque de devise', '', '', 0, 'SPE', 0, 24, 0, 0, '2011-03-29 14:22:16', '0000-00-00', '0000-00-00 00:00:00', 0x74),
(625, 1, '13FinancR01R135.3', 'Ren', 'Ren', '', '', 0, 'SPE', 0, 24, 0, 0, '2015-02-27 17:17:02', '0000-00-00', '0000-00-00 00:00:00', 0x74),
(626, 1, '13FinancR01R135.4', 'Tr', 'Tr', '', '', 0, 'SPE', 0, 24, 0, 0, '2011-03-29 14:22:16', '0000-00-00', '0000-00-00 00:00:00', 0x74),
(627, 1, '13FinancR01R136', 'Ma', 'Ma', '', '', 0, 'SPE', 0, 24, 0, 0, '2011-03-29 14:22:16', '0000-00-00', '0000-00-00 00:00:00', 0x74),
(628, 1, '13FinancR01R138', 'Optimisation de la Gest de la tr', 'Optimisation de la gestion de la tr', '', '', 0, 'SPE', 0, 24, 0, 0, '2011-03-29 14:22:16', '0000-00-00', '0000-00-00 00:00:00', 0x74),
(629, 1, '13FinancR01R175', 'Respect clauses bancaires contractuelles', 'Respect des clauses bancaires contractuelles', '', '', 0, 'SPE', 0, 24, 0, 0, '2011-03-29 14:22:16', '0000-00-00', '0000-00-00 00:00:00', 0x74),
(630, 1, '13FinancR01R368', 'CashFlow filiales: financement groupe', 'Disposer des cash flow des filiales b', '', '', 0, 'SPE', 0, 24, 0, 0, '2011-03-29 14:22:16', '0000-00-00', '0000-00-00 00:00:00', 0x74),
(631, 1, '13FinancR02R203.1', 'Business model fournisseurs', 'Non concordance entre revenus et couts fournisseurs', '', '', 0, 'SPE', 0, 24, 0, 0, '2011-03-29 14:22:16', '0000-00-00', '0000-00-00 00:00:00', 0x74),
(632, 1, '13FinancR02R236.1', 'Tenus des livraisons strat/budget', 'Capacit', '', '', 0, 'SPE', 0, 24, 0, 0, '2011-03-29 14:22:16', '0000-00-00', '0000-00-00 00:00:00', 0x74),
(633, 1, '13FinancR02R369.1', 'Cash Flow n', 'Cash Flow n', '', '', 0, 'SPE', 0, 24, 0, 0, '2011-03-29 14:22:16', '0000-00-00', '0000-00-00 00:00:00', 0x74),
(634, 1, '13FinancR02R370.1', 'Impairment - Goodwill', 'Impairment - Goodwill', '', '', 0, 'SPE', 0, 24, 0, 0, '2011-03-29 14:22:16', '0000-00-00', '0000-00-00 00:00:00', 0x74),
(635, 1, '13FinancR02R371.1', 'Impairment - Goodwill (filiales)', 'Impairment - Goodwill (filiales)', '', '', 0, 'SPE', 0, 24, 0, 0, '2011-03-29 14:22:16', '0000-00-00', '0000-00-00 00:00:00', 0x74),
(636, 1, '13FinancR02R371.2', 'Impairment - Goodwill (Groupe)', 'Impairment - Goodwill (groupes)', '', '', 0, 'SPE', 0, 24, 0, 0, '2011-03-29 14:22:16', '0000-00-00', '0000-00-00 00:00:00', 0x74),
(637, 1, '13FinancR02R372', 'Tenue des objectifs strat', 'Tenue des objectifs strat', '', '', 0, 'SPE', 0, 24, 0, 0, '2011-03-29 14:22:16', '0000-00-00', '0000-00-00 00:00:00', 0x74),
(638, 1, '13FinancR03R133', 'Ma', 'Ma', '', '', 0, 'SPE', 0, 24, 0, 0, '2011-03-29 14:22:16', '0000-00-00', '0000-00-00 00:00:00', 0x74),
(639, 1, '13FinancR03R133.1', 'Strat', 'Strat', '', '', 0, 'SPE', 0, 24, 0, 0, '2011-03-29 14:22:16', '0000-00-00', '0000-00-00 00:00:00', 0x74),
(640, 1, '13FinancR03R133.2', 'Evaluation du Goodwill/co', 'Risque de sur', '', '', 0, 'SPE', 0, 24, 0, 0, '2011-03-29 14:22:16', '0000-00-00', '0000-00-00 00:00:00', 0x74),
(641, 1, '13FinancR03R133.3', 'due diligence\'/comm financi', 'Identification des risques en cours de \'due diligence\' ', '', '', 0, 'SPE', 0, 24, 0, 0, '2011-03-29 14:22:16', '0000-00-00', '0000-00-00 00:00:00', 0x74),
(642, 1, '13FinancR03R133.4', 'Frais structure manag', 'Frais de structure (Surco', '', '', 0, 'SPE', 0, 24, 0, 0, '2011-03-29 14:22:16', '0000-00-00', '0000-00-00 00:00:00', 0x74),
(643, 1, '13FinancR03R133.6', 'Exist. de filiales/\'entit', 'Existence de filiales ou d\'entit', '', '', 0, 'SPE', 0, 24, 0, 0, '2011-03-29 14:22:16', '0000-00-00', '0000-00-00 00:00:00', 0x74),
(644, 1, '13FinancR03R133.8', 'Simplification portefeuille de filiales', 'Simplification du portefeuille de filiales', '', '', 0, 'SPE', 0, 24, 0, 0, '2011-03-29 14:22:16', '0000-00-00', '0000-00-00 00:00:00', 0x74),
(645, 1, '13FinancR03R380', 'Portefeuille filiales non consolid', 'Connaissance du portefeuille de filiales non consolid', '', '', 0, 'SPE', 0, 24, 0, 0, '2011-03-29 14:22:16', '0000-00-00', '0000-00-00 00:00:00', 0x74),
(646, 1, '13FinancR04Q345', 'Investissements SI inutiles', 'Investissements SI inutiles', '', '', 0, 'SPE', 0, 24, 0, 0, '2011-03-29 14:22:16', '0000-00-00', '0000-00-00 00:00:00', 0x74),
(647, 1, '13FinancR04R134', 'Ma', 'Ma', '', '', 0, 'SPE', 0, 24, 0, 0, '2011-03-29 14:22:16', '0000-00-00', '0000-00-00 00:00:00', 0x74),
(648, 1, '13FinancR04R134.1', 'Manque d\'investissement', 'Manque d\'investissement hypoth', '', '', 0, 'SPE', 0, 24, 0, 0, '2013-03-26 10:24:50', '0000-00-00', '0000-00-00 00:00:00', 0x74),
(649, 1, '13FinancR04R134.11', 'Concertation d', 'Non observance des crit', '', '', 0, 'SPE', 0, 24, 0, 0, '2011-03-29 14:22:16', '0000-00-00', '0000-00-00 00:00:00', 0x74),
(650, 1, '13FinancR04R134.3', 'Capacit', 'Capacit', '', '', 0, 'SPE', 0, 24, 0, 0, '2011-03-29 14:22:16', '0000-00-00', '0000-00-00 00:00:00', 0x74),
(651, 1, '13FinancR04R134.6', 'invests en phase avec la strat', 'Investissements en phase avec la strat', '', '', 0, 'SPE', 0, 24, 0, 0, '2011-03-29 14:22:16', '0000-00-00', '0000-00-00 00:00:00', 0x74),
(652, 1, '13FinancR04R134.7', 'Investissements non rentables', 'Investissements non rentables', '', '', 0, 'SPE', 0, 24, 0, 0, '2011-03-29 14:22:16', '0000-00-00', '0000-00-00 00:00:00', 0x74),
(653, 1, '13FinancR04R134.8', 'Pertinence couverture commerciale', 'D', '', '', 0, 'SPE', 0, 24, 0, 0, '2011-03-29 14:22:16', '0000-00-00', '0000-00-00 00:00:00', 0x74),
(654, 1, '13FinancR04R134.9', 'Non exhaustivit', 'Non exhaustivit', '', '', 0, 'SPE', 0, 24, 0, 0, '2011-03-29 14:22:16', '0000-00-00', '0000-00-00 00:00:00', 0x74),
(655, 1, '14ControlR06L081.1', 'Qualit', 'Qualit', '', '', 0, 'SPE', 0, 24, 0, 0, '2011-03-29 14:22:16', '0000-00-00', '0000-00-00 00:00:00', 0x74),
(656, 1, '14ControlR06R236', 'Pr', 'Qualit', '', '', 0, 'SPE', 0, 24, 0, 0, '2011-03-29 14:22:16', '0000-00-00', '0000-00-00 00:00:00', 0x74),
(657, 1, '14ControlR06R236.3', 'Reporting et r', 'Adapter le reporting afin de comparer les r', '', '', 0, 'SPE', 0, 24, 0, 0, '2011-03-29 14:22:16', '0000-00-00', '0000-00-00 00:00:00', 0x74),
(658, 1, '14ControlR06R300', 'Gest.Ma', 'Gestion et ma', '', '', 0, 'SPE', 0, 24, 0, 0, '2011-03-29 14:22:16', '2011-07-08', '0000-00-00 00:00:00', 0x74),
(659, 1, '14ControlR06R300.2', 'Conf.Gest.Ma', 'Gestion et ma', '', '', 0, 'SPE', 0, 24, 0, 0, '2011-03-29 14:22:16', '0000-00-00', '0000-00-00 00:00:00', 0x74),
(660, 1, '14ControlR06R300.3', 'Conf.Gest.Ma', 'Gestion et ma', '', '', 0, 'SPE', 0, 24, 0, 0, '2011-03-29 14:22:16', '0000-00-00', '0000-00-00 00:00:00', 0x74),
(661, 1, '14ControlR06R300.4', 'Conf.Gest.Ma', 'Gestion et ma', '', '', 0, 'SPE', 0, 24, 0, 0, '2011-03-29 14:22:16', '0000-00-00', '0000-00-00 00:00:00', 0x74),
(662, 1, '14ControlR06R369', 'Filiales/plan de finan.tr', 'Pilotage financier des filiales (plan de financement, pr', '', '', 0, 'SPE', 0, 24, 0, 0, '2011-03-29 14:22:16', '0000-00-00', '0000-00-00 00:00:00', 0x74),
(663, 1, '14ControlR07R238', 'Connaissance co', 'Bonne connaissance des co', '', '', 0, 'SPE', 0, 24, 0, 0, '2011-03-29 14:22:16', '0000-00-00', '0000-00-00 00:00:00', 0x74),
(664, 1, '14ControlR07R238.1', 'Gest vis ', 'Pertinence des syst', '', '', 0, 'SPE', 0, 24, 0, 0, '2011-03-29 14:22:16', '0000-00-00', '0000-00-00 00:00:00', 0x74),
(665, 1, '15CptaFiscR08R016.3', 'Conformit', 'Conformit', '', '', 0, 'SPE', 0, 24, 0, 0, '2011-03-29 14:22:16', '0000-00-00', '0000-00-00 00:00:00', 0x74),
(666, 1, '15CptaFiscR08R144', 'Ma', 'Ma', '', '', 0, 'SPE', 0, 24, 0, 0, '2011-03-29 14:22:16', '0000-00-00', '0000-00-00 00:00:00', 0x74),
(667, 1, '15CptaFiscR08R144.1', 'Taxe sur l\'immobilier et les v', 'Taxe sur l\'immobilier et les v', '', '', 0, 'SPE', 0, 24, 0, 0, '2011-03-29 14:22:16', '0000-00-00', '0000-00-00 00:00:00', 0x74),
(668, 1, '15CptaFiscR08R144.2', 'Strat', 'Strat', '', '', 0, 'SPE', 0, 24, 0, 0, '2011-03-29 14:22:16', '0000-00-00', '0000-00-00 00:00:00', 0x74),
(669, 1, '15CptaFiscR08R144.3', 'Conformit', 'Non conformit', '', '', 0, 'SPE', 0, 24, 0, 0, '2011-03-29 14:22:16', '0000-00-00', '0000-00-00 00:00:00', 0x74),
(670, 1, '15CptaFiscR08R147', 'Qualit', 'Qualit', '', '', 0, 'SPE', 0, 24, 0, 0, '2011-03-29 14:22:16', '0000-00-00', '0000-00-00 00:00:00', 0x74),
(671, 1, '15CptaFiscR08R205.1', 'prestations intercompagnies ', 'Traitement des prestations intercompagnies (dont conformit', '', '', 0, 'SPE', 0, 24, 0, 0, '2011-03-29 14:22:16', '0000-00-00', '0000-00-00 00:00:00', 0x74),
(672, 1, '15CptaFiscR08R382', 'TVA sur les services Internet', 'Impl', '', '', 0, 'SPE', 0, 24, 0, 0, '2011-03-29 14:22:16', '0000-00-00', '0000-00-00 00:00:00', 0x74),
(673, 1, '15CptaFiscR08T276', 'D', 'Qualit', '', '', 0, 'SPE', 0, 24, 0, 0, '2011-03-29 14:22:16', '0000-00-00', '0000-00-00 00:00:00', 0x74),
(674, 1, '15CptaFiscR09L085', 'R', 'Respect des r', '', '', 0, 'SPE', 0, 24, 0, 0, '2011-03-29 14:22:16', '0000-00-00', '0000-00-00 00:00:00', 0x74),
(675, 1, '15CptaFiscR09R145', 'Pratiques comptables Groupe', 'Qualit', '', '', 0, 'SPE', 0, 24, 0, 0, '2011-03-29 14:22:16', '0000-00-00', '0000-00-00 00:00:00', 0x74),
(676, 1, '15CptaFiscR09R145.1', 'Conformit', 'Conformit', '', '', 0, 'SPE', 0, 24, 0, 0, '2011-03-29 14:22:16', '0000-00-00', '0000-00-00 00:00:00', 0x74),
(677, 1, '15CptaFiscR09R145.3', 'Gestion des cr', 'Gestion des cr', '', '', 0, 'SPE', 0, 24, 0, 0, '2011-03-29 14:22:16', '0000-00-00', '0000-00-00 00:00:00', 0x74),
(678, 1, '15CptaFiscR09R145.5', 'Reconnaissance de revenu', 'Reconnaissance de revenu', '', '', 0, 'SPE', 0, 24, 0, 0, '2011-03-29 14:22:16', '0000-00-00', '0000-00-00 00:00:00', 0x74),
(679, 1, '15CptaFiscR09R145.7', 'Obligations compta.management et loi', 'Incapacit', '', '', 0, 'SPE', 0, 24, 0, 0, '2011-03-29 14:22:16', '0000-00-00', '0000-00-00 00:00:00', 0x74),
(680, 1, '15CptaFiscR09R145.8', 'Non conformit', 'Non conformit', '', '', 0, 'SPE', 0, 24, 0, 0, '2011-03-29 14:22:16', '0000-00-00', '0000-00-00 00:00:00', 0x74),
(681, 1, '15CptaFiscR10P250', 'Valorisation de la propri', 'Valorisation de la propri', '', '', 0, 'SPE', 0, 24, 0, 0, '2011-03-29 14:22:16', '0000-00-00', '0000-00-00 00:00:00', 0x74),
(682, 1, '15CptaFiscR10R132', 'Ma', 'Ma', '', '', 0, 'SPE', 0, 24, 0, 0, '2011-03-29 14:22:16', '0000-00-00', '0000-00-00 00:00:00', 0x74),
(683, 1, '15CptaFiscR10R132.2', 'Gestion parc informatique et bureautique', 'Gestion du parc informatique et bureautique', '', '', 0, 'SPE', 0, 24, 0, 0, '2011-03-29 14:22:16', '0000-00-00', '0000-00-00 00:00:00', 0x74),
(684, 1, '15CptaFiscR10R132.3', 'Ma', 'Ma', '', '', 0, 'SPE', 0, 24, 0, 0, '2011-03-29 14:22:16', '0000-00-00', '0000-00-00 00:00:00', 0x74),
(685, 1, '15CptaFiscR10R141', 'Ma', 'Ma', '', '', 0, 'SPE', 0, 24, 0, 0, '2011-03-29 14:22:16', '0000-00-00', '0000-00-00 00:00:00', 0x74),
(686, 1, '15CptaFiscR10R141.1', 'Mauvais calcul des provisions', 'Mauvais calcul des provisions', '', '', 0, 'SPE', 0, 24, 0, 0, '2011-03-29 14:22:16', '0000-00-00', '0000-00-00 00:00:00', 0x74),
(687, 1, '15CptaFiscR10R143.2', 'Rapprochements bancaires', 'Rapprochements bancaires', '', '', 0, 'SPE', 0, 24, 0, 0, '2011-03-29 14:22:16', '0000-00-00', '0000-00-00 00:00:00', 0x74),
(688, 1, '15CptaFiscR10R146.2', 'Fiabilit', 'Fiabilit', '', '', 0, 'SPE', 0, 24, 0, 0, '2011-03-29 14:22:16', '0000-00-00', '0000-00-00 00:00:00', 0x74),
(689, 1, '15CptaFiscR10R146.3', 'Traitement prestations inter-filiales', 'Traitement des prestations intercos (filiales)', '', '', 0, 'SPE', 0, 24, 0, 0, '2011-03-29 14:22:16', '0000-00-00', '0000-00-00 00:00:00', 0x74),
(690, 1, '15CptaFiscR10R146.7', 'Activit', 'Activit', '', '', 0, 'SPE', 0, 24, 0, 0, '2011-03-29 14:22:16', '0000-00-00', '0000-00-00 00:00:00', 0x74),
(691, 1, '15CptaFiscR10R146.8', 'Syst', 'Syst', '', '', 0, 'SPE', 0, 24, 0, 0, '2011-03-29 14:22:16', '0000-00-00', '0000-00-00 00:00:00', 0x74),
(692, 1, '15CptaFiscR10R146.9', 'Fiabilit', 'Repr', '', '', 0, 'SPE', 0, 24, 0, 0, '2011-03-29 14:22:16', '0000-00-00', '0000-00-00 00:00:00', 0x74),
(693, 1, '15CptaFiscR10R205', 'Prestations intercompagnies', 'Traitement des prestations intercompagnies (dont conformit', '', '', 0, 'SPE', 0, 24, 0, 0, '2011-03-29 14:22:16', '0000-00-00', '0000-00-00 00:00:00', 0x74),
(694, 1, '15CptaFiscR10R242', 'Ma', 'Ma', '', '', 0, 'SPE', 0, 24, 0, 0, '2011-03-29 14:22:16', '0000-00-00', '0000-00-00 00:00:00', 0x74),
(695, 1, '15CptaFiscR10R243', 'Ma', 'Ma', '', '', 0, 'SPE', 0, 24, 0, 0, '2011-03-29 14:22:16', '0000-00-00', '0000-00-00 00:00:00', 0x74),
(696, 1, '15CptaFiscR10R247', 'Fiabilit', 'Fiabilit', '', '', 0, 'SPE', 0, 24, 0, 0, '2011-03-29 14:22:16', '0000-00-00', '0000-00-00 00:00:00', 0x74),
(697, 1, '15CptaFiscR11R176', 'Qualit', 'Qualit', '', '', 0, 'SPE', 0, 24, 0, 0, '2011-03-29 14:22:16', '0000-00-00', '0000-00-00 00:00:00', 0x74),
(698, 1, '15CptaFiscR11R176.1', 'Qualit', 'Qualit', '', '', 0, 'SPE', 0, 24, 0, 0, '2011-03-29 14:22:16', '0000-00-00', '0000-00-00 00:00:00', 0x74),
(699, 1, '15CptaFiscR11R176.2', 'Homog', 'Homog', '', '', 0, 'SPE', 0, 24, 0, 0, '2011-03-29 14:22:16', '0000-00-00', '0000-00-00 00:00:00', 0x74),
(700, 1, '15CptaFiscR11R176.3', 'Qualit', 'Qualit', '', '', 0, 'SPE', 0, 24, 0, 0, '2011-03-29 14:22:16', '0000-00-00', '0000-00-00 00:00:00', 0x74),
(701, 1, '15CptaFiscR12L084', 'Engagements hors bilan (Achats)', 'Connaissance des engagements hors bilan (Achats)', '', '', 0, 'SPE', 0, 24, 0, 0, '2011-03-29 14:22:16', '0000-00-00', '0000-00-00 00:00:00', 0x74),
(702, 1, '15CptaFiscR12R134.10', 'Engagement du volume d\'invests ', 'Engagement du volume d\'investissements', '', '', 0, 'SPE', 0, 24, 0, 0, '2011-03-29 14:22:16', '0000-00-00', '0000-00-00 00:00:00', 0x74),
(703, 1, '15CptaFiscR12R201', 'Ma', 'Ma', '', '', 0, 'SPE', 0, 24, 0, 0, '2011-03-29 14:22:16', '0000-00-00', '0000-00-00 00:00:00', 0x74),
(704, 1, '15CptaFiscR12R201.2', 'Connaissance des engagements hors bilans', 'Connaissance des engagements hors bilans', '', '', 0, 'SPE', 0, 24, 0, 0, '2011-03-29 14:22:16', '0000-00-00', '0000-00-00 00:00:00', 0x74),
(705, 1, '15CptaFiscR13R377', 'Communication des cons', 'Communication des cons', '', '', 0, 'SPE', 0, 24, 0, 0, '2011-03-29 14:22:16', '0000-00-00', '0000-00-00 00:00:00', 0x74),
(706, 1, '15CptaFiscR13R377.1', 'Reconnaissance du chiffre d\'affaires', 'Reconnaissance du chiffre d\'affaires', '', '', 0, 'SPE', 0, 24, 0, 0, '2011-03-29 14:22:16', '0000-00-00', '0000-00-00 00:00:00', 0x74),
(707, 1, '15CptaFiscR13T245', 'IFRS: Engagements/obligations/Rh', 'IFRS: Maitrise des engagements et obligations ', '', '', 0, 'SPE', 0, 24, 0, 0, '2011-03-29 14:22:16', '0000-00-00', '0000-00-00 00:00:00', 0x74),
(708, 1, '15CptaFiscR14R204', 'Coordination communication financi', 'Coordination des filiales cot', '', '', 0, 'SPE', 0, 24, 0, 0, '2011-03-29 14:22:16', '0000-00-00', '0000-00-00 00:00:00', 0x74),
(709, 1, '15CptaFiscR14R204.1', 'Disclosure\' / information erron', 'Disclosure\' (impact ', '', '', 0, 'SPE', 0, 24, 0, 0, '2011-03-29 14:22:16', '0000-00-00', '0000-00-00 00:00:00', 0x74),
(710, 1, '15CptaFiscR14R367', 'Suivi des projets strat', 'Non suivi des projets strat', '', '', 0, 'SPE', 0, 24, 0, 0, '2011-03-29 14:22:16', '0000-00-00', '0000-00-00 00:00:00', 0x74),
(711, 1, '15CptaFiscR14R378', 'contr', 'Respect des obligations l', '', '', 0, 'SPE', 0, 24, 0, 0, '2011-03-29 14:22:16', '0000-00-00', '0000-00-00 00:00:00', 0x74),
(712, 1, '15CptaFiscR14R378.1', 'Justesse document de r', 'Exactitude des donn', '', '', 0, 'SPE', 0, 24, 0, 0, '2011-03-29 14:22:16', '0000-00-00', '0000-00-00 00:00:00', 0x74),
(713, 1, '15CptaFiscR14R378.2', 'Tenue des obligations AMF', 'Tenue des obligations AMF', '', '', 0, 'SPE', 0, 24, 0, 0, '2011-03-29 14:22:16', '0000-00-00', '0000-00-00 00:00:00', 0x74),
(714, 1, '15CptaFiscR14R378.3', 'Conformit', 'Conformit', '', '', 0, 'SPE', 0, 24, 0, 0, '2011-03-29 14:22:16', '0000-00-00', '0000-00-00 00:00:00', 0x74),
(715, 1, '15CptaFiscR14R378.4', 'Auditabilit', 'Auditabilit', '', '', 0, 'SPE', 0, 24, 0, 0, '2011-03-29 14:22:16', '0000-00-00', '0000-00-00 00:00:00', 0x74),
(716, 1, '15CptaFiscR14R378.7', 'P', 'Conformit', '', '', 0, 'SPE', 0, 24, 0, 0, '2011-03-29 14:22:16', '0000-00-00', '0000-00-00 00:00:00', 0x74),
(717, 1, '16ConformS01L079', 'R', 'Respect des dispositions l', '', '', 0, 'SPE', 0, 24, 0, 0, '2011-03-29 14:22:16', '0000-00-00', '0000-00-00 00:00:00', 0x74),
(718, 1, '16ConformS03R237', 'R', 'Application de la r', '', '', 0, 'SPE', 0, 24, 0, 0, '2011-03-29 14:22:16', '0000-00-00', '0000-00-00 00:00:00', 0x74),
(719, 1, '16ConformS04Y397', 'Obligations  de service public via PB', 'Obligations de d', '', '', 0, 'SPE', 0, 24, 0, 0, '2011-03-29 14:22:16', '0000-00-00', '0000-00-00 00:00:00', 0x74),
(720, 1, '16ConformS05S150', 'Responsabilit', 'Prise en compte de la responsabilit', '', '', 0, 'SPE', 0, 24, 0, 0, '2011-03-29 14:22:16', '0000-00-00', '0000-00-00 00:00:00', 0x74),
(721, 1, '16ConformS06P307.2', 'Ident.clients-partages acteurs autres', 'Gestion de l\'identit', '', '', 0, 'SPE', 0, 24, 0, 0, '2011-03-29 14:22:16', '0000-00-00', '0000-00-00 00:00:00', 0x74),
(722, 1, '16ConformS06S161', 'Donn', 'Utilisation des donn', '', '', 0, 'SPE', 0, 24, 0, 0, '2014-04-28 17:26:55', '0000-00-00', '0000-00-00 00:00:00', 0x74),
(723, 1, '16ConformS06S161.1', 'Donn', 'Protection des donn', '', '', 0, 'SPE', 0, 24, 0, 0, '2011-03-29 16:00:40', '0000-00-00', '0000-00-00 00:00:00', 0x66),
(724, 1, '16ConformS06S161.2', 'Traitement des donn', 'Non application des lois de protection des donn', '', '', 0, 'SPE', 0, 24, 0, 0, '2011-03-29 16:00:46', '0000-00-00', '0000-00-00 00:00:00', 0x66),
(725, 1, '16ConformS06S407', 'Donn', 'Traitement automatis', '', '', 0, 'SPE', 0, 24, 0, 0, '2011-03-29 14:22:16', '2011-03-29', '0000-00-00 00:00:00', 0x74),
(726, 1, '16ConformS07S260', 'Droit concurr.. regl.,d', 'Respect du droit de la concurrence, de la r', '', '', 0, 'SPE', 0, 24, 0, 0, '2011-03-29 14:22:16', '0000-00-00', '0000-00-00 00:00:00', 0x74),
(727, 1, '16ConformS07S260.2', 'Pratiques de vente', 'Pratiques de vente', '', '', 0, 'SPE', 0, 24, 0, 0, '2011-03-29 14:22:16', '0000-00-00', '0000-00-00 00:00:00', 0x74),
(728, 1, '16ConformS07S260.6', 'Droit de la concurrence', 'Concurrence (agences de publicit', '', '', 0, 'SPE', 0, 24, 0, 0, '2014-04-28 17:39:42', '0000-00-00', '0000-00-00 00:00:00', 0x74),
(729, 1, '16ConformS07S260.7', 'Evolution de la r', 'Evolution de la r', '', '', 0, 'SPE', 0, 24, 0, 0, '2011-03-29 14:22:16', '0000-00-00', '0000-00-00 00:00:00', 0x74),
(730, 1, '16ConformS07S260.8', 'Litige vente forc', 'Litige d', '', '', 0, 'SPE', 0, 24, 0, 0, '2011-03-29 14:22:16', '0000-00-00', '0000-00-00 00:00:00', 0x74),
(731, 1, '16ConformS08S387.1', 'L', 'Non conformit', '', '', 0, 'SPE', 0, 24, 0, 0, '2011-03-29 14:22:16', '0000-00-00', '0000-00-00 00:00:00', 0x74),
(732, 1, '16ConformS09S149', 'Capacit', 'Capacit', '', '', 0, 'SPE', 0, 24, 0, 0, '2011-03-29 14:22:16', '2011-07-07', '0000-00-00 00:00:00', 0x74),
(733, 1, '16ConformS09S149.1', 'Recyclage des materiaux usag', 'Respect de la l', '', '', 0, 'SPE', 0, 24, 0, 0, '2011-03-29 14:22:16', '0000-00-00', '0000-00-00 00:00:00', 0x74),
(734, 1, '16ConformS09S149.3', 'S', 'S', '', '', 0, 'SPE', 0, 24, 0, 0, '2011-03-29 14:22:16', '0000-00-00', '0000-00-00 00:00:00', 0x74),
(735, 1, '16ConformS09S385', 'Dev durable - charte de l\'ONU -', 'D', '', '', 0, 'SPE', 0, 24, 0, 0, '2011-03-29 14:22:16', '0000-00-00', '0000-00-00 00:00:00', 0x74),
(736, 1, '16ConformS09S385.1', 'Resp. environn.(recyclage ', 'Responsabilit', '', '', 0, 'SPE', 0, 24, 0, 0, '2011-03-29 14:22:16', '0000-00-00', '0000-00-00 00:00:00', 0x74),
(737, 1, '16ConformS09S386.1', 'Risque ', 'Risque ', '', '', 0, 'SPE', 0, 24, 0, 0, '2011-03-29 14:22:16', '0000-00-00', '0000-00-00 00:00:00', 0x74),
(738, 1, '16ConformS10S403', 'Respect du Droit du Travail', 'Respect du Droit du Travail', '', '', 0, 'SPE', 0, 24, 0, 0, '2011-03-29 14:22:16', '0000-00-00', '0000-00-00 00:00:00', 0x74),
(739, 1, '16ConformS10S403.1', 'Droit du travail local (filiales)', 'Respect du droit du travail local (filiales)', '', '', 0, 'SPE', 0, 24, 0, 0, '2011-03-29 14:22:16', '0000-00-00', '0000-00-00 00:00:00', 0x74),
(740, 1, '17LegalS11L078', 'Ma', 'Ma', '', '', 0, 'SPE', 0, 24, 0, 0, '2011-03-29 14:22:16', '0000-00-00', '0000-00-00 00:00:00', 0x74),
(741, 1, '17LegalS11L090', 'Contrats (respect obligations fourn.)', 'Management des contrats (respect des obligations fournisseurs)', '', '', 0, 'SPE', 0, 24, 0, 0, '2011-03-29 14:22:16', '0000-00-00', '0000-00-00 00:00:00', 0x74),
(742, 1, '17LegalS11S153', 'Vision globale des contrats', 'Vision globale des contrats', '', '', 0, 'SPE', 0, 24, 0, 0, '2011-03-29 14:22:16', '0000-00-00', '0000-00-00 00:00:00', 0x74),
(743, 1, '17LegalS11S153.1', 'Contrats:clauses/resp. trop faibles', 'Clauses contractuelles stipulant des responsabilit', '', '', 0, 'SPE', 0, 24, 0, 0, '2011-03-29 14:22:16', '0000-00-00', '0000-00-00 00:00:00', 0x74),
(744, 1, '17LegalS11S153.2', 'Contrats types inappropri', 'Manque de transparence des contrats et litiges correspondants (standards de contrat inappropri', '', '', 0, 'SPE', 0, 24, 0, 0, '2011-03-29 14:22:16', '0000-00-00', '0000-00-00 00:00:00', 0x74),
(745, 1, '17LegalS11S393', 'Contrats:pr', 'Qualit', '', '', 0, 'SPE', 0, 24, 0, 0, '2011-03-29 14:22:16', '0000-00-00', '0000-00-00 00:00:00', 0x74),
(746, 1, '17LegalS12S164', 'Assurance resp. civile des dirigeants', 'Assurance responsabilit', '', '', 0, 'SPE', 0, 24, 0, 0, '2011-03-29 14:22:16', '0000-00-00', '0000-00-00 00:00:00', 0x74),
(747, 1, '17LegalS12S164.1', 'Respons. Civile dirigeants', 'Responsabilit', '', '', 0, 'SPE', 0, 24, 0, 0, '2011-03-29 14:22:16', '0000-00-00', '0000-00-00 00:00:00', 0x74),
(748, 1, '17LegalS13S165', 'March', 'Capacit', '', '', 0, 'SPE', 0, 24, 0, 0, '2011-03-29 14:22:16', '0000-00-00', '0000-00-00 00:00:00', 0x74),
(749, 1, '17LegalS13S165.1', 'Respons. risques assurables/couverture', 'D', '', '', 0, 'SPE', 0, 24, 0, 0, '2011-03-29 14:22:16', '0000-00-00', '0000-00-00 00:00:00', 0x74),
(750, 1, '17LegalS14A288.8', 'Contrefa', 'Contrefa', '', '', 0, 'SPE', 0, 24, 0, 0, '2011-03-29 14:22:16', '0000-00-00', '0000-00-00 00:00:00', 0x74),
(751, 1, '17LegalS14P261', 'Protection des savoir-faire techno.', 'Protection des savoir-faire technologiques', '', '', 0, 'SPE', 0, 24, 0, 0, '2011-03-29 14:22:16', '0000-00-00', '0000-00-00 00:00:00', 0x74),
(752, 1, '17LegalS14P261.1', 'Protection propri', 'propri', '', '', 0, 'SPE', 0, 24, 0, 0, '2011-03-29 14:22:16', '0000-00-00', '0000-00-00 00:00:00', 0x74),
(753, 1, '17LegalS14S166.1', 'Brevets et concurrence: couverture', 'Politique de d', '', '', 0, 'SPE', 0, 24, 0, 0, '2011-03-29 14:22:16', '0000-00-00', '0000-00-00 00:00:00', 0x74);
INSERT INTO `referentiel_nature` (`idNature`, `id_referentiel`, `Nat_Cod`, `intitule`, `description`, `intitule_en`, `description_en`, `ordre`, `Typ_Iden`, `id_typenature`, `id_typenature_risk`, `notificationType`, `dftNotification`, `date_debut`, `date_modif`, `date_fin`, `Affecte`) VALUES
(754, 1, '17LegalS14S166.2', 'Contrefa', 'Non protection des brevets et de la propri', '', '', 0, 'SPE', 0, 24, 0, 0, '2011-03-29 14:22:16', '0000-00-00', '0000-00-00 00:00:00', 0x74),
(755, 1, '17LegalS15S249', 'Connaissance des risques au sein du Gp', 'Connaissance des risques au sein du Groupe', '', '', 0, 'SPE', 0, 24, 0, 0, '2011-03-29 14:22:16', '0000-00-00', '0000-00-00 00:00:00', 0x74),
(756, 1, '17LegalS16S390.1', 'Processus de documentation', 'Processus de documentation', '', '', 0, 'SPE', 0, 24, 0, 0, '2011-03-29 14:22:16', '0000-00-00', '0000-00-00 00:00:00', 0x74),
(757, 1, '17LegalS16S390.2', 'Conservation des contrats clients', 'Qualit', '', '', 0, 'SPE', 0, 24, 0, 0, '2011-03-29 14:22:16', '0000-00-00', '0000-00-00 00:00:00', 0x74),
(758, 1, '17LegalS16S390.4', 'Conservation doc.juridiques ', 'Qualit', '', '', 0, 'SPE', 0, 24, 0, 0, '2011-03-29 14:22:16', '0000-00-00', '0000-00-00 00:00:00', 0x74),
(759, 1, '17LegalS17S408', 'Litiges avec les Agences de Publicit', 'Litiges avec les Agences de Publicit', '', '', 0, 'SPE', 0, 24, 0, 0, '2011-03-29 14:22:16', '0000-00-00', '0000-00-00 00:00:00', 0x74),
(760, 1, '18SecuriteY01G063', 'Protection des actifs d\'infrastructures ', 'Protection des actifs d\'infrastructures (en tenant compte de la couverture des assurances)', '', '', 0, 'SPE', 0, 24, 0, 0, '2011-03-29 14:22:16', '0000-00-00', '0000-00-00 00:00:00', 0x74),
(761, 1, '18SecuriteY01G063.1', 'Catastrophes naturelles', 'Catastrophes naturelles (traitement de leur impact sur les ressources IT)', '', '', 0, 'SPE', 0, 24, 0, 0, '2011-03-29 14:22:16', '0000-00-00', '0000-00-00 00:00:00', 0x74),
(762, 1, '18SecuriteY01G063.2', 'Protection des actifs r', 'Protection des actifs r', '', '', 0, 'SPE', 0, 24, 0, 0, '2011-03-29 14:22:16', '0000-00-00', '0000-00-00 00:00:00', 0x74),
(763, 1, '18SecuriteY02M338', 'Dommages physiques sur des stocks ', 'Dommages physiques sur des stocks de mat', '', '', 0, 'SPE', 0, 24, 0, 0, '2011-03-29 14:22:16', '0000-00-00', '0000-00-00 00:00:00', 0x74),
(764, 1, '18SecuriteY02V191', 'Contr', 'Contr', '', '', 0, 'SPE', 0, 24, 0, 0, '2011-03-29 14:22:16', '0000-00-00', '0000-00-00 00:00:00', 0x74),
(765, 1, '18SecuriteY02V192', 'Incendie', 'Incendie', '', '', 0, 'SPE', 0, 24, 0, 0, '2011-03-29 14:22:16', '0000-00-00', '0000-00-00 00:00:00', 0x74),
(766, 1, '18SecuriteY02V193', 'Inondations', 'Inondations', '', '', 0, 'SPE', 0, 24, 0, 0, '2011-03-29 14:22:16', '0000-00-00', '0000-00-00 00:00:00', 0x74),
(767, 1, '18SecuriteY03P307', 'Cryptologie', 'Cryptologie', '', '', 0, 'SPE', 0, 24, 0, 0, '2011-03-29 14:22:16', '0000-00-00', '0000-00-00 00:00:00', 0x74),
(768, 1, '18SecuriteY04B296', 'Fraude de la part des distributeurs', 'Fraude de la part des distributeurs', '', '', 0, 'SPE', 0, 24, 0, 0, '2011-03-29 14:22:16', '0000-00-00', '0000-00-00 00:00:00', 0x74),
(769, 1, '18SecuriteY04L271.2', 'Fraudes', 'Fraudes', '', '', 0, 'SPE', 0, 24, 0, 0, '2011-03-29 14:22:16', '2011-06-20', '0000-00-00 00:00:00', 0x74),
(770, 1, '18SecuriteY04M092', 'D', 'D', '', '', 0, 'SPE', 0, 24, 0, 0, '2011-03-29 14:22:16', '0000-00-00', '0000-00-00 00:00:00', 0x74),
(771, 1, '18SecuriteY04M337', 'Vol ou perte d\'actifs physiques', 'Vol ou perte d\'actifs physiques', '', '', 0, 'SPE', 0, 24, 0, 0, '2011-03-29 14:22:16', '0000-00-00', '0000-00-00 00:00:00', 0x74),
(772, 1, '18SecuriteY04M337.2', 'S', 'S', '', '', 0, 'SPE', 0, 24, 0, 0, '2011-03-29 14:22:16', '0000-00-00', '0000-00-00 00:00:00', 0x74),
(773, 1, '18SecuriteY04Q108.1', 'Vol d\'', 'Vol d\'', '', '', 0, 'SPE', 0, 24, 0, 0, '2011-03-29 14:22:16', '0000-00-00', '0000-00-00 00:00:00', 0x74),
(774, 1, '18SecuriteY04R142', 'Fraudes internes ou externes', 'Fraudes internes ou externes ', '', '', 0, 'SPE', 0, 24, 0, 0, '2011-03-29 14:22:16', '0000-00-00', '0000-00-00 00:00:00', 0x74),
(775, 1, '18SecuriteY04R142.1', 'Fraude clients - usage appli web -', 'Fraude provenant des clients - dont usage frauduleux du web -', '', '', 0, 'SPE', 0, 24, 0, 0, '2011-03-29 14:22:16', '0000-00-00', '0000-00-00 00:00:00', 0x74),
(776, 1, '18SecuriteY04R142.2', 'Piratage externe dans un but de fraude ', 'Piratage externe des syst', '', '', 0, 'SPE', 0, 24, 0, 0, '2011-03-29 14:22:16', '0000-00-00', '0000-00-00 00:00:00', 0x74),
(777, 1, '18SecuriteY04R142.5', 'Fraude interne/actifs de l\'entreprise', 'Fraude de la part des employ', '', '', 0, 'SPE', 0, 24, 0, 0, '2011-03-29 14:22:16', '0000-00-00', '0000-00-00 00:00:00', 0x74),
(778, 1, '18SecuriteY04R143', 'S', 'S', '', '', 0, 'SPE', 0, 24, 0, 0, '2011-03-29 14:22:16', '0000-00-00', '0000-00-00 00:00:00', 0x74),
(779, 1, '18SecuriteY04R143.3', 'Contr', 'Qualit', '', '', 0, 'SPE', 0, 24, 0, 0, '2011-03-29 14:22:16', '0000-00-00', '0000-00-00 00:00:00', 0x74),
(780, 1, '18SecuriteY04R143.4', 'Ctrl int. tr', 'Qualit', '', '', 0, 'SPE', 0, 24, 0, 0, '2011-03-29 14:22:16', '0000-00-00', '0000-00-00 00:00:00', 0x74),
(781, 1, '18SecuriteY04S162.2', 'Paiement ind', 'Paiement ind', '', '', 0, 'SPE', 0, 24, 0, 0, '2011-03-29 14:22:16', '0000-00-00', '0000-00-00 00:00:00', 0x74),
(782, 1, '18SecuriteY05M093', 'S', 'S', '', '', 0, 'SPE', 0, 24, 0, 0, '2011-03-29 14:22:16', '0000-00-00', '0000-00-00 00:00:00', 0x74),
(783, 1, '18SecuriteY05M093.2', 'S', 'S', '', '', 0, 'SPE', 0, 24, 0, 0, '2011-03-29 14:22:16', '0000-00-00', '0000-00-00 00:00:00', 0x74),
(784, 1, '18SecuriteY05V179', 'S', 'S', '', '', 0, 'SPE', 0, 24, 0, 0, '2011-03-29 14:22:16', '0000-00-00', '0000-00-00 00:00:00', 0x74),
(785, 1, '18SecuriteY05V189.1', 'Destructions de locaux, risque personnes', 'Destructions de locaux, terrorisme, risque sur la personne des employ', '', '', 0, 'SPE', 0, 24, 0, 0, '2011-03-29 14:22:16', '0000-00-00', '0000-00-00 00:00:00', 0x74),
(786, 1, '18SecuriteY05V189.4', 'Menaces sur le personnel ', 'Menaces sur le personnel ', '', '', 0, 'SPE', 0, 24, 0, 0, '2011-03-29 14:22:16', '0000-00-00', '0000-00-00 00:00:00', 0x74),
(787, 1, '18SecuriteY06E043', 'D', 'D', '', '', 0, 'SPE', 0, 24, 0, 0, '2011-03-29 14:22:16', '2011-12-02', '0000-00-00 00:00:00', 0x74),
(788, 1, '18SecuriteY06E043.1', 'S', 'S', '', '', 0, 'SPE', 0, 24, 0, 0, '2011-03-29 14:22:16', '0000-00-00', '0000-00-00 00:00:00', 0x74),
(789, 1, '18SecuriteY06L090.1', 'Echanges avec les tiers', 'Fuite d\'informations dans les ', '', '', 0, 'SPE', 0, 24, 0, 0, '2011-03-29 14:22:16', '0000-00-00', '0000-00-00 00:00:00', 0x74),
(790, 1, '18SecuriteY06L090.2', 'S', 'S', '', '', 0, 'SPE', 0, 24, 0, 0, '2011-03-29 14:22:16', '0000-00-00', '0000-00-00 00:00:00', 0x74),
(791, 1, '18SecuriteY06N013.4', 'Partenariats/propri', 'Partenariats fournisseurs: risque de fuite de propri', '', '', 0, 'SPE', 0, 24, 0, 0, '2011-03-29 14:22:16', '0000-00-00', '0000-00-00 00:00:00', 0x74),
(792, 1, '18SecuriteY06S407.1', 'Vol fichiers (RH, BDD, clients,', 'Protection des fichiers contre le vol', '', '', 0, 'SPE', 0, 24, 0, 0, '2011-03-29 14:22:16', '0000-00-00', '0000-00-00 00:00:00', 0x74),
(793, 1, '18SecuriteY06V194', 'Intell. ', 'Intelligence ', '', '', 0, 'SPE', 0, 24, 0, 0, '2011-03-29 14:22:16', '0000-00-00', '0000-00-00 00:00:00', 0x74),
(794, 1, '18SecuriteY06V194.1', 'Protection des donn', 'Protection des donn', '', '', 0, 'SPE', 0, 24, 0, 0, '2011-03-29 14:22:16', '0000-00-00', '0000-00-00 00:00:00', 0x74),
(795, 1, '18SecuriteY06X406.3', 'Fichiers de personnel vols (Filiales)', 'Protection des fichiers de personnel contre les vols filiales', '', '', 0, 'SPE', 0, 24, 0, 0, '2011-03-29 14:22:16', '0000-00-00', '0000-00-00 00:00:00', 0x74),
(796, 1, '18SecuriteY06X406.4', 'La S', 'La S', '', '', 0, 'SPE', 0, 24, 0, 0, '2016-10-07 15:08:56', '0000-00-00', '0000-00-00 00:00:00', 0x74),
(797, 1, '18SecuriteY06X406.6', 'Information Client dont donn', 'Acc', '', '', 0, 'SPE', 0, 24, 0, 0, '2014-12-08 14:37:39', '0000-00-00', '0000-00-00 00:00:00', 0x74),
(798, 1, '19StratComN02L271.4', 'Dualit', 'Risques li', '', '', 0, 'SPE', 0, 24, 0, 0, '2011-03-29 14:22:16', '0000-00-00', '0000-00-00 00:00:00', 0x74),
(799, 1, '19StratComN02N013', 'Gest des alliances et dev partenaires.', 'Gestion des alliances et d', '', '', 0, 'SPE', 0, 24, 0, 0, '2011-03-29 14:22:16', '0000-00-00', '0000-00-00 00:00:00', 0x74),
(800, 1, '19StratComN02N013.1', 'Gest des alliances et dev part filiales', 'Gestion des alliances et d', '', '', 0, 'SPE', 0, 24, 0, 0, '2011-03-29 14:22:16', '0000-00-00', '0000-00-00 00:00:00', 0x74),
(801, 1, '19StratComN02N013.2', 'Gest du d', 'Gestion du d', '', '', 0, 'SPE', 0, 24, 0, 0, '2011-03-29 14:22:16', '0000-00-00', '0000-00-00 00:00:00', 0x74),
(802, 1, '19StratComN02N013.3', 'Capture de la valeur par nos partenaires', 'Capture de la valeur par nos partenaires', '', '', 0, 'SPE', 0, 24, 0, 0, '2011-03-29 14:22:16', '0000-00-00', '0000-00-00 00:00:00', 0x74),
(803, 1, '19StratComN02N013.5', 'Clients perdus en faveur des partenaires', 'Clients perdus en faveur des partenaires', '', '', 0, 'SPE', 0, 24, 0, 0, '2011-03-29 14:22:16', '0000-00-00', '0000-00-00 00:00:00', 0x74),
(804, 1, '19StratComN02N277', 'Ma', 'Ma', '', '', 0, 'SPE', 0, 24, 0, 0, '2011-03-29 14:22:16', '0000-00-00', '0000-00-00 00:00:00', 0x74),
(805, 1, '19StratComN02N279', 'Acteurs de droits num', 'Acteurs de droits num', '', '', 0, 'SPE', 0, 24, 0, 0, '2011-03-29 14:22:16', '0000-00-00', '0000-00-00 00:00:00', 0x74),
(806, 1, '19StratComN02P263', 'Capacit', 'Capacit', '', '', 0, 'SPE', 0, 24, 0, 0, '2011-03-29 14:22:16', '0000-00-00', '0000-00-00 00:00:00', 0x74),
(807, 1, '19StratComN02P263.1', 'Ctrl d\'acc', 'Acc', '', '', 0, 'SPE', 0, 24, 0, 0, '2011-03-29 14:22:16', '0000-00-00', '0000-00-00 00:00:00', 0x74),
(808, 1, '19StratComN02P313', 'Partenariats strat', 'Partenariats strat', '', '', 0, 'SPE', 0, 24, 0, 0, '2011-03-29 14:22:16', '0000-00-00', '0000-00-00 00:00:00', 0x74),
(809, 1, '19StratComN03N031.6', 'Equipes ext support bas', 'Equipes ext support bas', '', '', 0, 'SPE', 0, 24, 0, 0, '2011-03-29 14:22:16', '0000-00-00', '0000-00-00 00:00:00', 0x74),
(810, 1, '19StratComN03N404.9', 'Activit', 'Activit', '', '', 0, 'SPE', 0, 24, 0, 0, '2011-03-29 14:22:16', '0000-00-00', '0000-00-00 00:00:00', 0x74),
(811, 1, '19StratComN03Y401', 'Instabilit', 'Instabilit', '', '', 0, 'SPE', 0, 24, 0, 0, '2011-03-29 14:22:16', '0000-00-00', '0000-00-00 00:00:00', 0x74),
(812, 1, '19StratComN04N012.21', 'March', 'Positionnement par rapport au march', '', '', 0, 'SPE', 0, 24, 0, 0, '2011-03-29 14:22:16', '0000-00-00', '0000-00-00 00:00:00', 0x74),
(813, 1, '19StratComN04N012.22', 'Etablissement commerce hors France', 'Etablissement d\'une base commerciale hors France', '', '', 0, 'SPE', 0, 24, 0, 0, '2011-03-29 14:22:16', '0000-00-00', '0000-00-00 00:00:00', 0x74),
(814, 1, '19StratComN04N012.8', 'Perspectives de croissance ', 'Internet (non r', '', '', 0, 'SPE', 0, 24, 0, 0, '2011-03-29 14:22:16', '0000-00-00', '0000-00-00 00:00:00', 0x74),
(815, 1, '19StratComN04N254', 'Transformation mod', 'Transformation du mod', '', '', 0, 'SPE', 0, 24, 0, 0, '2011-03-29 14:22:16', '0000-00-00', '0000-00-00 00:00:00', 0x74),
(816, 1, '19StratComN04N254.12', 'Croissance VA/nx usages par l\'innovation', 'Croissance du revenu par les nouveaux usages r', '', '', 0, 'SPE', 0, 24, 0, 0, '2011-03-29 14:22:16', '0000-00-00', '0000-00-00 00:00:00', 0x74),
(817, 1, '19StratComN04N254.13', 'Offres innov. suffisante/business model', 'Flux suffisant d\'offres innovantes pour maintenir un avantage comp', '', '', 0, 'SPE', 0, 24, 0, 0, '2011-03-29 14:22:16', '0000-00-00', '0000-00-00 00:00:00', 0x74),
(818, 1, '19StratComN04N254.16', 'Transformation du mod', 'Transformation du mod', '', '', 0, 'SPE', 0, 24, 0, 0, '2011-03-29 14:22:16', '0000-00-00', '0000-00-00 00:00:00', 0x74),
(819, 1, '19StratComN04N254.19', 'Mod', 'Transformation du mod', '', '', 0, 'SPE', 0, 24, 0, 0, '2011-03-29 14:22:16', '0000-00-00', '0000-00-00 00:00:00', 0x74),
(820, 1, '19StratComN04N254.2', 'P', 'P', '', '', 0, 'SPE', 0, 24, 0, 0, '2015-03-10 17:30:34', '0000-00-00', '0000-00-00 00:00:00', 0x74),
(821, 1, '19StratComN04N254.4', 'Transformationmod', 'Transformation du mod', '', '', 0, 'SPE', 0, 24, 0, 0, '2011-03-29 14:22:16', '0000-00-00', '0000-00-00 00:00:00', 0x74),
(822, 1, '19StratComN04N254.8', 'Audience', 'Audience', '', '', 0, 'SPE', 0, 24, 0, 0, '2011-03-29 14:22:16', '0000-00-00', '0000-00-00 00:00:00', 0x74),
(823, 1, '19StratComN04N278', 'Frein au Dev / exces d\'', 'Frein au d', '', '', 0, 'SPE', 0, 24, 0, 0, '2011-03-29 14:22:16', '0000-00-00', '0000-00-00 00:00:00', 0x74),
(824, 1, '19StratComN04P309', 'Compromis innov/invest techno', 'Compromis entre innovation et invest. Techno. (yc en externe)', '', '', 0, 'SPE', 0, 24, 0, 0, '2011-03-29 14:22:16', '0000-00-00', '0000-00-00 00:00:00', 0x74),
(825, 1, '19StratComN05N254.10', 'Saturation du march', 'Saturation du march', '', '', 0, 'SPE', 0, 24, 0, 0, '2011-03-29 14:22:16', '0000-00-00', '0000-00-00 00:00:00', 0x74),
(826, 1, '19StratComN05N254.11', 'Fluctuation de l\'', 'Fluctuation de l\'', '', '', 0, 'SPE', 0, 24, 0, 0, '2011-03-29 14:22:16', '0000-00-00', '0000-00-00 00:00:00', 0x74),
(827, 1, '19StratComN05N254.15', 'Guerre des prix et des services', 'Guerre des prix et des services', '', '', 0, 'SPE', 0, 24, 0, 0, '2011-03-29 14:22:16', '0000-00-00', '0000-00-00 00:00:00', 0x74),
(828, 1, '19StratComN05N254.9', 'Dynamique d', 'Dynamique d', '', '', 0, 'SPE', 0, 24, 0, 0, '2016-09-01 17:58:57', '0000-00-00', '0000-00-00 00:00:00', 0x74),
(829, 1, '19StratComN05N280.1', 'Nouvel Entrant Publicit', 'risque type google sur la publicit', '', '', 0, 'SPE', 0, 24, 0, 0, '2011-03-29 14:22:16', '0000-00-00', '0000-00-00 00:00:00', 0x74),
(830, 1, '19StratComN05N280.6', 'Guerre des prix', 'Guerre des prix', '', '', 0, 'SPE', 0, 24, 0, 0, '2011-03-29 14:22:16', '0000-00-00', '0000-00-00 00:00:00', 0x74),
(831, 1, '19StratComN06A018', 'conception offres/r', 'Anticiper et int', '', '', 0, 'SPE', 0, 24, 0, 0, '2011-03-29 14:22:16', '0000-00-00', '0000-00-00 00:00:00', 0x74),
(832, 1, '19StratComN06N404', 'Strat', 'strat', '', '', 0, 'SPE', 0, 24, 0, 0, '2011-03-29 14:22:16', '0000-00-00', '0000-00-00 00:00:00', 0x74),
(833, 1, '19StratComN06N404.1', 'Autorit', 'Risque de mesures que pourraient prendre les autorit', '', '', 0, 'SPE', 0, 24, 0, 0, '2011-03-29 14:22:16', '0000-00-00', '0000-00-00 00:00:00', 0x74),
(834, 1, '19StratComN06N404.10', 'Evolution de la r', 'Evolution de la r', '', '', 0, 'SPE', 0, 24, 0, 0, '2011-03-29 14:22:16', '0000-00-00', '0000-00-00 00:00:00', 0x74),
(835, 1, '19StratComN06N404.14', 'Anticipation contraintes r', 'Anticipation de nouvelles contraintes r', '', '', 0, 'SPE', 0, 24, 0, 0, '2011-03-29 14:22:16', '0000-00-00', '0000-00-00 00:00:00', 0x74),
(836, 1, '19StratComN06N404.2', 'Structuration du lobbying r', 'Structuration du lobbying r', '', '', 0, 'SPE', 0, 24, 0, 0, '2011-03-29 14:22:16', '0000-00-00', '0000-00-00 00:00:00', 0x74),
(837, 1, '19StratComN06S162', 'Paiement ', 'Paiement ', '', '', 0, 'SPE', 0, 24, 0, 0, '2011-03-29 14:22:16', '0000-00-00', '0000-00-00 00:00:00', 0x74),
(838, 1, '19StratComN06S383', 'Evolution du Droit de l\'Internet/mobile', 'Evolution du Droit de l\'Internet (droit du contenu)', '', '', 0, 'SPE', 0, 24, 0, 0, '2011-03-29 14:22:16', '0000-00-00', '0000-00-00 00:00:00', 0x74),
(839, 1, '19StratComN06S384', 'Droit du Travail/Europe', 'Travaux du Conseil de l\'Europe sur le Droit du Travail', '', '', 0, 'SPE', 0, 24, 0, 0, '2011-03-29 14:22:16', '0000-00-00', '0000-00-00 00:00:00', 0x74),
(840, 1, '19StratComN06S391', 'N', 'N', '', '', 0, 'SPE', 0, 24, 0, 0, '2011-03-29 14:22:16', '0000-00-00', '0000-00-00 00:00:00', 0x74),
(841, 1, '19StratComN06S394', 'Evolution l', 'Evolution l', '', '', 0, 'SPE', 0, 24, 0, 0, '2011-03-29 14:22:16', '0000-00-00', '0000-00-00 00:00:00', 0x74),
(842, 1, '19StratComN06S395', 'Surr', 'Surr', '', '', 0, 'SPE', 0, 24, 0, 0, '2011-03-29 14:22:16', '0000-00-00', '0000-00-00 00:00:00', 0x74),
(843, 1, '19StratComN08N405', 'Communication publique et crise', 'Ma', '', '', 0, 'SPE', 0, 24, 0, 0, '2011-03-29 14:22:16', '0000-00-00', '0000-00-00 00:00:00', 0x74),
(844, 1, '19StratComN08N405.1', 'Attaque m', 'Attaque m', '', '', 0, 'SPE', 0, 24, 0, 0, '2011-03-29 14:22:16', '0000-00-00', '0000-00-00 00:00:00', 0x74),
(845, 1, '19StratComN08N405.2', 'M', 'M', '', '', 0, 'SPE', 0, 24, 0, 0, '2011-03-29 14:22:16', '0000-00-00', '0000-00-00 00:00:00', 0x74),
(846, 1, '19StratComN08N405.5', 'Image/r', 'Image/r', '', '', 0, 'SPE', 0, 24, 0, 0, '2011-03-29 14:22:16', '0000-00-00', '0000-00-00 00:00:00', 0x74),
(847, 1, '19StratComN08N405.6', 'Gestion et communication de crise', 'Gestion des crises et de la communication de crise', '', '', 0, 'SPE', 0, 24, 0, 0, '2011-03-29 14:22:16', '0000-00-00', '0000-00-00 00:00:00', 0x74),
(848, 1, '19StratComN08N405.7', 'Communication publique sans autorisation', 'Communication publique mal conduite ou men', '', '', 0, 'SPE', 0, 24, 0, 0, '2011-03-29 14:22:16', '0000-00-00', '0000-00-00 00:00:00', 0x74),
(849, 1, '19StratComX01F053.7', 'Int', 'Erreurs d\'enregistrement ou de mise ', '', '', 0, 'SPE', 0, 24, 0, 0, '2011-03-29 14:22:16', '0000-00-00', '0000-00-00 00:00:00', 0x74),
(850, 1, '19StratComX01L083', 'Principes ', 'Principes ', '', '', 0, 'SPE', 0, 24, 0, 0, '2011-03-29 14:22:16', '0000-00-00', '0000-00-00 00:00:00', 0x74),
(851, 1, '19StratComX01L087.2', 'Contr', 'Contr', '', '', 0, 'SPE', 0, 24, 0, 0, '2011-03-29 14:22:16', '0000-00-00', '0000-00-00 00:00:00', 0x74),
(852, 1, '19StratComX01L087.3', 'Commande d\'achats de mat', 'Absence de contr', '', '', 0, 'SPE', 0, 24, 0, 0, '2011-03-29 14:22:16', '0000-00-00', '0000-00-00 00:00:00', 0x74),
(853, 1, '19StratComX01L271.8', 'Processus Achat/directives Opex et Capex', 'Processus Achat (non respect des directives Groupe et non contr', '', '', 0, 'SPE', 0, 24, 0, 0, '2011-03-29 14:22:16', '0000-00-00', '0000-00-00 00:00:00', 0x74),
(854, 1, '19StratComX01N405.3', 'Ethique: pr', 'Comportement non ', '', '', 0, 'SPE', 0, 24, 0, 0, '2011-03-29 14:22:16', '0000-00-00', '0000-00-00 00:00:00', 0x74),
(855, 1, '19StratComX01Q108.3', 'Politique risques/s', 'Mise en oeuvre des politiques Risques, Contr', '', '', 0, 'SPE', 0, 24, 0, 0, '2011-03-29 14:22:16', '0000-00-00', '0000-00-00 00:00:00', 0x74),
(856, 1, '19StratComX01Q355', 'Usage non prof. SI/Internet/Mobile', 'Usage non professionnel des moyens (SI, Internet, Mobile)', '', '', 0, 'SPE', 0, 24, 0, 0, '2011-03-29 14:22:16', '0000-00-00', '0000-00-00 00:00:00', 0x74),
(857, 1, '19StratComX01R140', 'Contr', 'Qualit', '', '', 0, 'SPE', 0, 24, 0, 0, '2011-03-29 14:22:16', '0000-00-00', '0000-00-00 00:00:00', 0x74),
(858, 1, '19StratComX01R142.4', 'Comportement contraire ', 'Comportement contraire ', '', '', 0, 'SPE', 0, 24, 0, 0, '2011-03-29 14:22:16', '0000-00-00', '0000-00-00 00:00:00', 0x74),
(859, 1, '19StratComX01R143.1', 'Ma', 'Ma', '', '', 0, 'SPE', 0, 24, 0, 0, '2011-03-29 14:22:16', '0000-00-00', '0000-00-00 00:00:00', 0x74),
(860, 1, '19StratComX01R383', 'S', 'S', '', '', 0, 'SPE', 0, 24, 0, 0, '2011-03-29 14:22:16', '0000-00-00', '0000-00-00 00:00:00', 0x74),
(861, 1, '19StratComX01S160', 'D', 'Respect des obligations de soci', '', '', 0, 'SPE', 0, 24, 0, 0, '2011-03-29 14:22:16', '0000-00-00', '0000-00-00 00:00:00', 0x74),
(862, 1, '19StratComX01S160.1', 'Non respect des r', 'Non respect des r', '', '', 0, 'SPE', 0, 24, 0, 0, '2011-03-29 14:22:16', '0000-00-00', '0000-00-00 00:00:00', 0x74),
(863, 1, '19StratComX01S389', 'appliquer la charte d\'', 'Capacit', '', '', 0, 'SPE', 0, 24, 0, 0, '2011-03-29 14:22:16', '0000-00-00', '0000-00-00 00:00:00', 0x74),
(864, 1, '19StratComX01T002', 'Ctrl int/D', 'Environnement de contr', '', '', 0, 'SPE', 0, 24, 0, 0, '2011-03-29 14:22:16', '0000-00-00', '0000-00-00 00:00:00', 0x74),
(865, 1, '19StratComX01T002.1', 'D', 'D', '', '', 0, 'SPE', 0, 24, 0, 0, '2011-03-29 14:22:16', '0000-00-00', '0000-00-00 00:00:00', 0x74),
(866, 1, '19StratComX01T002.2', 'Conformit', 'Conformit', '', '', 0, 'SPE', 0, 24, 0, 0, '2011-03-29 14:22:16', '0000-00-00', '0000-00-00 00:00:00', 0x74),
(867, 1, '19StratComX01T130', 'Ethique/politique-sanctions-juridique', 'Respect de l\'', '', '', 0, 'SPE', 0, 24, 0, 0, '2011-03-29 14:22:16', '0000-00-00', '0000-00-00 00:00:00', 0x74),
(868, 1, '19StratComX01T130.1', 'Com./sanctions disciplinaire-exemplarit', 'Communication sur les sanctions disciplinaires (exemplarit', '', '', 0, 'SPE', 0, 24, 0, 0, '2011-03-29 14:22:16', '0000-00-00', '0000-00-00 00:00:00', 0x74),
(869, 1, '19StratComX01V194.2', 'Vol information et n', 'Non int', '', '', 0, 'SPE', 0, 24, 0, 0, '2011-03-29 14:22:16', '0000-00-00', '0000-00-00 00:00:00', 0x74),
(870, 1, '19StratComX01X282', 'D', 'D', '', '', 0, 'SPE', 0, 24, 0, 0, '2011-03-29 14:22:16', '0000-00-00', '0000-00-00 00:00:00', 0x74),
(871, 1, '19StratComX01X282.1', 'mandats bancaires-autoris. de paiements', 'Mise ', '', '', 0, 'SPE', 0, 24, 0, 0, '2011-03-29 14:22:16', '0000-00-00', '0000-00-00 00:00:00', 0x74),
(872, 1, '19StratComX01X284', 'Clart', 'Clart', '', '', 0, 'SPE', 0, 24, 0, 0, '2011-03-29 14:22:16', '0000-00-00', '0000-00-00 00:00:00', 0x74),
(873, 1, '19StratComX01X286.1', 'Contr', 'Contr', '', '', 0, 'SPE', 0, 24, 0, 0, '2011-03-29 14:22:16', '0000-00-00', '0000-00-00 00:00:00', 0x74),
(874, 1, '19StratComX01X406', 'Politique de s', 'Politique g', '', '', 0, 'SPE', 0, 24, 0, 0, '2011-03-29 14:22:16', '0000-00-00', '0000-00-00 00:00:00', 0x74),
(875, 1, '19StratComX01X406.2', 'S', 'S', '', '', 0, 'SPE', 0, 24, 0, 0, '2011-03-29 14:22:16', '0000-00-00', '0000-00-00 00:00:00', 0x74),
(876, 1, '19StratComX01X413', 'Efficacit', 'Efficacit', '', '', 0, 'SPE', 0, 24, 0, 0, '2011-03-29 14:22:16', '0000-00-00', '0000-00-00 00:00:00', 0x74),
(877, 1, '20MngtX02L080', 'Ad', 'Ad', '', '', 0, 'SPE', 0, 24, 0, 0, '2011-03-29 14:22:16', '0000-00-00', '0000-00-00 00:00:00', 0x74),
(878, 1, '20MngtX02N259', 'Pilotage portefeuille activit', 'Pilotage du portefeuille d\'activit', '', '', 0, 'SPE', 0, 24, 0, 0, '2011-03-29 14:22:16', '0000-00-00', '0000-00-00 00:00:00', 0x74),
(879, 1, '20MngtX02N259.1', 'Pilotage implantations g', 'Pilotage des implantations g', '', '', 0, 'SPE', 0, 24, 0, 0, '2011-03-29 14:22:16', '0000-00-00', '0000-00-00 00:00:00', 0x74),
(880, 1, '20MngtX02N259.2', 'Changement m', 'D', '', '', 0, 'SPE', 0, 24, 0, 0, '2011-03-29 14:22:16', '0000-00-00', '0000-00-00 00:00:00', 0x74),
(881, 1, '20MngtX02N259.6', 'Pil transform. groupe dont Digital 2015', 'Pilotage de la transformation du groupe dont Digital 2015', '', '', 0, 'SPE', 0, 24, 0, 0, '2014-04-08 17:44:31', '0000-00-00', '0000-00-00 00:00:00', 0x74),
(882, 1, '20MngtX02P035', 'Ouvert du corps social ', 'Le corps social du groupe doit s\'ouvrir ', '', '', 0, 'SPE', 0, 24, 0, 0, '2011-03-29 14:22:16', '0000-00-00', '0000-00-00 00:00:00', 0x74),
(883, 1, '20MngtX02P036', 'Ad', 'Ad', '', '', 0, 'SPE', 0, 24, 0, 0, '2011-03-29 14:22:16', '0000-00-00', '0000-00-00 00:00:00', 0x74),
(884, 1, '20MngtX02P264', 'Red', 'Capacit', '', '', 0, 'SPE', 0, 24, 0, 0, '2011-03-29 14:22:16', '0000-00-00', '0000-00-00 00:00:00', 0x74),
(885, 1, '20MngtX02P264.1', 'Cr', 'Cr', '', '', 0, 'SPE', 0, 24, 0, 0, '2011-03-29 14:22:16', '0000-00-00', '0000-00-00 00:00:00', 0x74),
(886, 1, '20MngtX02P264.2', 'Insuffisance ressources innovation-R&D', 'Allocation insuffisante des ressources de PJ-R&D', '', '', 0, 'SPE', 0, 24, 0, 0, '2011-03-29 14:22:16', '0000-00-00', '0000-00-00 00:00:00', 0x74),
(887, 1, '20MngtX02Q342', 'Capacit', 'Capacit', '', '', 0, 'SPE', 0, 24, 0, 0, '2015-03-10 17:11:17', '0000-00-00', '0000-00-00 00:00:00', 0x74),
(888, 1, '20MngtX02X001.1', 'Conformit', 'Conformit', '', '', 0, 'SPE', 0, 24, 0, 0, '2011-03-29 14:22:16', '0000-00-00', '0000-00-00 00:00:00', 0x74),
(889, 1, '20MngtX02X281.2', 'D', 'Assimilation et ex', '', '', 0, 'SPE', 0, 24, 0, 0, '2015-03-12 15:49:46', '0000-00-00', '0000-00-00 00:00:00', 0x74),
(890, 1, '20MngtX02X283', 'Incitation Innov et prise de risque', 'Incitation ', '', '', 0, 'SPE', 0, 24, 0, 0, '2011-03-29 14:22:16', '0000-00-00', '0000-00-00 00:00:00', 0x74),
(891, 1, '20MngtX03Q348', 'Qualit', 'Maintien de la qualit', '', '', 0, 'SPE', 0, 24, 0, 0, '2011-03-29 14:22:16', '0000-00-00', '0000-00-00 00:00:00', 0x74),
(892, 1, '20MngtX03R366', 'D', 'D', '', '', 0, 'SPE', 0, 24, 0, 0, '2011-03-29 14:22:16', '0000-00-00', '0000-00-00 00:00:00', 0x74),
(893, 1, '20MngtX03X285.1', 'Suivi d', 'Prise en compte dans les d', '', '', 0, 'SPE', 0, 24, 0, 0, '2011-03-29 14:22:16', '0000-00-00', '0000-00-00 00:00:00', 0x74),
(894, 1, '20MngtX03X285.2', 'statut l', 'Diff', '', '', 0, 'SPE', 0, 24, 0, 0, '2011-03-29 14:22:16', '0000-00-00', '0000-00-00 00:00:00', 0x74),
(895, 1, '20MngtX03X285.7', 'Relations avec les minoritaires', 'Relations avec les minoritaires (niveau de contr', '', '', 0, 'SPE', 0, 24, 0, 0, '2011-03-29 14:22:16', '0000-00-00', '0000-00-00 00:00:00', 0x74),
(896, 1, '20MngtX04X252', 'Pilotage transverses et synergies Groupe', 'Pilotage des actions transverses et synergies entre les soci', '', '', 0, 'SPE', 0, 24, 0, 0, '2011-03-29 14:22:16', '0000-00-00', '0000-00-00 00:00:00', 0x74),
(897, 1, '20MngtX04X252.10', 'Priorisation ressources:innovat./Dev.', 'Allocation de ressources autres que R&D aux projets de service r', '', '', 0, 'SPE', 0, 24, 0, 0, '2011-03-29 14:22:16', '0000-00-00', '0000-00-00 00:00:00', 0x74),
(898, 1, '20MngtX04X252.11', 'D', 'D', '', '', 0, 'SPE', 0, 24, 0, 0, '2011-03-29 14:22:16', '0000-00-00', '0000-00-00 00:00:00', 0x74),
(899, 1, '20MngtX04X252.13', 'Synergies entre entit', 'Incapacit', '', '', 0, 'SPE', 0, 24, 0, 0, '2011-03-29 14:22:16', '0000-00-00', '0000-00-00 00:00:00', 0x74),
(900, 1, '20MngtX04X252.3', 'Capitalisation des bonnes pratiques', 'Capitalisation des bonnes pratiques', '', '', 0, 'SPE', 0, 24, 0, 0, '2011-03-29 14:22:16', '0000-00-00', '0000-00-00 00:00:00', 0x74),
(901, 1, '20MngtX04X252.4', 'Structure organisationnelle', 'Structure organisationnelle', '', '', 0, 'SPE', 0, 24, 0, 0, '2011-03-29 14:22:16', '0000-00-00', '0000-00-00 00:00:00', 0x74),
(902, 1, '20MngtX04X252.5', 'Optimisation des synergies Groupe ', 'Optimisation des synergies au sein du Groupe (en intra-filiale)', '', '', 0, 'SPE', 0, 24, 0, 0, '2011-03-29 14:22:16', '0000-00-00', '0000-00-00 00:00:00', 0x74),
(903, 1, '20MngtX04X252.6', 'Adaptation processus/', 'Adaptation des processus internes pour mettre en oeuvre les ', '', '', 0, 'SPE', 0, 24, 0, 0, '2011-03-29 14:22:16', '0000-00-00', '0000-00-00 00:00:00', 0x74),
(904, 1, '20MngtX04X252.8', 'Pratique non conforme aux orienta.groupe', 'Pratiques locales non conformes aux orientations du groupe', '', '', 0, 'SPE', 0, 24, 0, 0, '2011-03-29 14:22:16', '0000-00-00', '0000-00-00 00:00:00', 0x74),
(905, 1, '20MngtX04X281.6', 'strat', 'D', '', '', 0, 'SPE', 0, 24, 0, 0, '2011-03-29 14:22:16', '0000-00-00', '0000-00-00 00:00:00', 0x74),
(906, 1, '20MngtX05R133.7', 'Int', 'Ma', '', '', 0, 'SPE', 0, 24, 0, 0, '2011-03-29 14:22:16', '0000-00-00', '0000-00-00 00:00:00', 0x74),
(907, 1, '20MngtX05X281', 'Valeurs du groupe aux filiales', 'Communication et adh', '', '', 0, 'SPE', 0, 24, 0, 0, '2011-03-29 14:22:16', '0000-00-00', '0000-00-00 00:00:00', 0x74),
(908, 1, '20MngtX05X281.1', 'Qualit', 'Qualit', '', '', 0, 'SPE', 0, 24, 0, 0, '2011-03-29 14:22:16', '0000-00-00', '0000-00-00 00:00:00', 0x74),
(909, 1, '20MngtX05X281.3', 'Leadership-communication / managers', 'Manque de \'leadership\' et de communication au niveau des managers', '', '', 0, 'SPE', 0, 24, 0, 0, '2011-03-29 14:22:16', '0000-00-00', '0000-00-00 00:00:00', 0x74),
(910, 1, '20MngtX05X281.4', 'D', 'D', '', '', 0, 'SPE', 0, 24, 0, 0, '2011-03-29 14:22:16', '0000-00-00', '0000-00-00 00:00:00', 0x74),
(911, 1, '20MngtX06X252.7', 'D', 'D', '', '', 0, 'SPE', 0, 24, 0, 0, '2011-03-29 14:22:16', '0000-00-00', '0000-00-00 00:00:00', 0x74),
(912, 1, '20MngtX06X285', 'Dispositif de corporate governance', 'Dispositif de corporate governance: pactes d\'actionnaires, nominations d\'administrateurs, d', '', '', 0, 'SPE', 0, 24, 0, 0, '2011-03-29 14:22:16', '0000-00-00', '0000-00-00 00:00:00', 0x74),
(913, 1, '20MngtX06X285.17', 'nouveau mod', 'Mise en place d\'un nouveau mod', '', '', 0, 'SPE', 0, 24, 0, 0, '2011-03-29 14:22:16', '0000-00-00', '0000-00-00 00:00:00', 0x74),
(914, 1, '20MngtX06X285.3', 'conflits d\'int', 'Arbitrage des conflits d\'int', '', '', 0, 'SPE', 0, 24, 0, 0, '2011-03-29 14:22:16', '0000-00-00', '0000-00-00 00:00:00', 0x74),
(915, 1, '20MngtX06X285.5', 'Droits-obliga.mandataires soc.-filiales', 'Droits et obligations des mandataires sociaux dans les filiales', '', '', 0, 'SPE', 0, 24, 0, 0, '2011-03-29 14:22:16', '0000-00-00', '0000-00-00 00:00:00', 0x74),
(916, 1, '20MngtX06X285.8', 'gouv.en accord/pratiques internationales', 'Cadre de gouvernance en accord avec les meilleures pratiques internationales', '', '', 0, 'SPE', 0, 24, 0, 0, '2011-03-29 14:22:16', '0000-00-00', '0000-00-00 00:00:00', 0x74),
(917, 1, '06AchatsL01L082.5', 'D', 'D', '', '', 0, 'SPE', 0, 24, 0, 0, '2011-04-05 16:03:59', '0000-00-00', '0000-00-00 00:00:00', 0x74),
(918, 1, '12RessHumT07T359.0', 'Resistance au changement du management', 'Resistance au changement du management', '', '', 0, 'SPE', 0, 24, 0, 0, '2011-12-12 17:19:22', '0000-00-00', '0000-00-00 00:00:00', 0x74),
(919, 1, '19StratComN04N254.17', 'Non retour de la croissance du CA', 'Non retour de la croissance du CA', '', '', 0, 'SPE', 0, 24, 0, 0, '2011-12-12 17:45:12', '0000-00-00', '0000-00-00 00:00:00', 0x74),
(920, 1, 'Santé au travail', 'Sant', 'Sant', '', '', 0, 'SPE', 0, 24, 0, 0, '2012-01-11 19:36:29', '0000-00-00', '0000-00-00 00:00:00', 0x74),
(921, 1, '16ConformS11S01', 'Service Universel (respect du cdc)', 'Service Universel (respect du cahier des charges)', '', '', 0, 'SPE', 0, 24, 0, 0, '2013-01-09 14:15:25', '0000-00-00', '0000-00-00 00:00:00', 0x74),
(922, 1, '20MngtX06X285.9', 'Perte de comp', 'Perte de comp', '', '', 0, 'SPE', 0, 24, 0, 0, '2013-02-28 14:34:58', '0000-00-00', '0000-00-00 00:00:00', 0x74),
(923, 1, 'test', 'test', 'test', '', '', 0, 'SPE', 0, 24, 0, 0, '2013-03-22 18:00:26', '0000-00-00', '0000-00-00 00:00:00', 0x74),
(924, 1, '20MngtX06X285.10', 'Instabilit', 'Instabilit', '', '', 0, 'SPE', 0, 24, 0, 0, '2013-03-26 10:20:02', '0000-00-00', '0000-00-00 00:00:00', 0x74),
(925, 1, '03InnovatP01N280.4', 'Tenue de la promesse utilisateurs', 'Tenue de la promesse utilisateurs et de l\'audience (fixe et mobile)', '', '', 0, 'SPE', 0, 24, 0, 0, '2015-02-25 12:14:00', '0000-00-00', '0000-00-00 00:00:00', 0x74),
(926, 1, 'Tablette Vision', 'Poste de travail Vente', 'Poste de travail des vendeurs (projet Vision)', '', '', 0, 'SPE', 0, 24, 0, 0, '2014-06-17 18:32:10', '0000-00-00', '0000-00-00 00:00:00', 0x74),
(927, 1, '02Ventes B03B029.4', 'Augmentation CA.nouveaux clients', 'Augmentation CA/nouveaux clients', '', '', 0, 'SPE', 0, 24, 0, 0, '2015-01-05 16:20:00', '0000-00-00', '0000-00-00 00:00:00', 0x74),
(928, 1, '19StratComN05N254.16', 'R', 'D', '', '', 0, 'SPE', 0, 24, 0, 0, '2015-02-24 12:48:07', '0000-00-00', '0000-00-00 00:00:00', 0x74),
(929, 1, '19StratComN05N254.21', 'Risque de march', 'D', '', '', 0, 'SPE', 0, 24, 0, 0, '2015-02-24 12:49:26', '0000-00-00', '0000-00-00 00:00:00', 0x74),
(930, 1, 'supprimé', 'supprim', 'supprim', '', '', 0, 'SPE', 0, 24, 0, 0, '2015-03-09 11:38:03', '0000-00-00', '0000-00-00 00:00:00', 0x66),
(931, 1, '20MngtX02Q343', 'Compr', 'Compr', '', '', 0, 'SPE', 0, 24, 0, 0, '2015-03-10 17:08:11', '0000-00-00', '0000-00-00 00:00:00', 0x74),
(932, 1, '20MngtX02X281.3', 'Assimil. et ex', 'Assimilation et ex', '', '', 0, 'SPE', 0, 24, 0, 0, '2015-03-12 16:10:16', '0000-00-00', '0000-00-00 00:00:00', 0x74),
(933, 1, '07ApprovM02.1', 'P', 'PB : contamination op', '', '', 0, 'SPE', 0, 24, 0, 0, '2015-09-10 14:48:38', '0000-00-00', '0000-00-00 00:00:00', 0x74),
(934, 1, '07ApprovM02.2', 'qualit', 'D', '', '', 0, 'SPE', 0, 24, 0, 0, '2015-04-08 14:15:25', '0000-00-00', '0000-00-00 00:00:00', 0x74),
(935, 1, '07ApprovM02.3', 'Controle parution', 'Contr', '', '', 0, 'SPE', 0, 24, 0, 0, '2015-04-08 14:16:52', '0000-00-00', '0000-00-00 00:00:00', 0x74),
(936, 1, '07ApprovM02.2', 'Fraicheur des donn', 'D', '', '', 0, 'SPE', 0, 24, 0, 0, '2015-06-10 17:32:09', '0000-00-00', '0000-00-00 00:00:00', 0x74),
(937, 1, '07ApprovM02.3', 'Mauvais param', 'Des mauvaises infos remontent suite ', '', '', 0, 'SPE', 0, 24, 0, 0, '2015-06-10 17:37:41', '0000-00-00', '0000-00-00 00:00:00', 0x74),
(938, 1, '20MngtX02N259.7', 'Complexit', 'Complexit', '', '', 0, 'SPE', 0, 24, 0, 0, '2015-04-14 14:51:40', '0000-00-00', '0000-00-00 00:00:00', 0x74),
(939, 1, '07ApprovM02.4', 'Qualit', 'Qualit', '', '', 0, 'SPE', 0, 24, 0, 0, '2015-06-10 17:39:22', '0000-00-00', '0000-00-00 00:00:00', 0x74),
(940, 1, 'erreur admin', 'erreur d\'administration', 'erreur d\'administration', '', '', 0, 'SPE', 0, 24, 0, 0, '2015-07-13 15:49:53', '0000-00-00', '0000-00-00 00:00:00', 0x66),
(941, 1, '02VentesB03B100', 'Co', 'Adapter sa structure de co', '', '', 0, 'SPE', 0, 24, 0, 0, '2015-09-10 14:33:50', '0000-00-00', '0000-00-00 00:00:00', 0x74),
(942, 1, '07ApprovM03.01', 'Ma', 'Ma', '', '', 0, 'SPE', 0, 24, 0, 0, '2016-05-11 17:34:11', '0000-00-00', '0000-00-00 00:00:00', 0x74),
(943, 1, '07ApprovM04.01', 'Assurer Qualit', 'Qualit', '', '', 0, 'SPE', 0, 24, 0, 0, '2016-05-19 17:24:32', '0000-00-00', '0000-00-00 00:00:00', 0x74),
(944, 1, '12RessHumT01T126.10', 'Adaptation du corps social au num', 'Vitesse et co', '', '', 0, 'SPE', 0, 24, 0, 0, '2016-05-26 13:30:49', '0000-00-00', '0000-00-00 00:00:00', 0x74),
(945, 1, '19StratComN03Y402', 'instabilit', 'D', '', '', 0, 'SPE', 0, 24, 0, 0, '2016-06-07 16:06:40', '0000-00-00', '0000-00-00 00:00:00', 0x74),
(946, 1, '03InnovatP01N280.5', 'Tenue de la pr', 'Assurer la performance des marques', '', '', 0, 'SPE', 0, 24, 0, 0, '2016-09-01 15:00:11', '0000-00-00', '0000-00-00 00:00:00', 0x74);

-- --------------------------------------------------------

--
-- Structure de la table `referentiel_nature_categorie`
--

CREATE TABLE `referentiel_nature_categorie` (
  `idNature` mediumint(8) NOT NULL DEFAULT '0',
  `id_referentiel` int(11) NOT NULL,
  `id_categorie` mediumint(8) NOT NULL DEFAULT '0',
  `Date_Debut` datetime NOT NULL DEFAULT '0000-00-00 00:00:00',
  `Date_Modif` date NOT NULL DEFAULT '0000-00-00',
  `Date_Fin` datetime NOT NULL DEFAULT '0000-00-00 00:00:00'
) ENGINE=InnoDB DEFAULT CHARSET=utf8;

--
-- Déchargement des données de la table `referentiel_nature_categorie`
--

INSERT INTO `referentiel_nature_categorie` (`idNature`, `id_referentiel`, `id_categorie`, `Date_Debut`, `Date_Modif`, `Date_Fin`) VALUES
(35, 7, 2, '2009-10-01 11:12:06', '2020-05-18', '0000-00-00 00:00:00'),
(36, 7, 2, '2009-10-01 11:12:06', '0000-00-00', '0000-00-00 00:00:00'),
(37, 7, 1, '2009-10-01 11:12:06', '0000-00-00', '0000-00-00 00:00:00'),
(38, 7, 2, '2009-10-01 11:12:06', '2024-01-03', '0000-00-00 00:00:00'),
(39, 7, 2, '2009-10-01 11:12:06', '2024-01-03', '0000-00-00 00:00:00'),
(40, 7, 1, '2009-10-01 11:12:06', '0000-00-00', '0000-00-00 00:00:00'),
(41, 7, 1, '2009-10-01 11:12:06', '2024-01-03', '0000-00-00 00:00:00'),
(42, 7, 2, '2009-10-01 11:12:06', '0000-00-00', '0000-00-00 00:00:00'),
(43, 7, 2, '2009-10-01 11:12:06', '0000-00-00', '0000-00-00 00:00:00'),
(44, 7, 2, '2009-10-01 11:12:06', '0000-00-00', '0000-00-00 00:00:00'),
(45, 7, 2, '2009-10-01 11:12:06', '0000-00-00', '0000-00-00 00:00:00'),
(46, 7, 2, '2009-10-01 11:12:06', '0000-00-00', '0000-00-00 00:00:00'),
(47, 7, 2, '2009-10-01 11:12:06', '0000-00-00', '0000-00-00 00:00:00'),
(48, 7, 2, '2009-10-01 11:12:06', '0000-00-00', '0000-00-00 00:00:00'),
(49, 7, 2, '2009-10-01 11:12:06', '0000-00-00', '0000-00-00 00:00:00'),
(50, 7, 4, '2009-10-01 11:12:06', '0000-00-00', '0000-00-00 00:00:00'),
(51, 7, 4, '2009-10-01 11:12:06', '0000-00-00', '0000-00-00 00:00:00'),
(52, 7, 3, '2009-10-01 11:12:06', '0000-00-00', '0000-00-00 00:00:00'),
(53, 7, 4, '2024-01-03 13:42:11', '0000-00-00', '0000-00-00 00:00:00'),
(54, 7, 7, '2009-10-01 11:12:06', '2024-01-03', '0000-00-00 00:00:00'),
(55, 7, 6, '2009-10-01 11:12:06', '0000-00-00', '0000-00-00 00:00:00'),
(56, 7, 6, '2009-10-01 11:12:06', '2024-01-03', '0000-00-00 00:00:00'),
(57, 7, 5, '2009-10-01 11:12:06', '0000-00-00', '0000-00-00 00:00:00'),
(58, 7, 5, '2009-10-01 11:12:06', '0000-00-00', '0000-00-00 00:00:00'),
(59, 7, 6, '2009-10-01 11:12:06', '0000-00-00', '0000-00-00 00:00:00'),
(60, 7, 9, '2009-10-01 11:12:06', '0000-00-00', '0000-00-00 00:00:00'),
(61, 7, 9, '2009-10-01 11:12:06', '0000-00-00', '0000-00-00 00:00:00'),
(62, 7, 9, '2009-10-01 11:12:06', '0000-00-00', '0000-00-00 00:00:00'),
(63, 7, 10, '2009-10-01 11:12:06', '0000-00-00', '0000-00-00 00:00:00'),
(64, 7, 8, '2009-10-01 11:12:06', '0000-00-00', '0000-00-00 00:00:00'),
(65, 7, 8, '2009-10-01 11:12:06', '0000-00-00', '0000-00-00 00:00:00'),
(66, 7, 8, '2009-10-01 11:12:06', '2024-01-03', '0000-00-00 00:00:00'),
(67, 7, 8, '2009-10-01 11:12:06', '0000-00-00', '0000-00-00 00:00:00'),
(68, 7, 8, '2009-10-01 11:12:06', '0000-00-00', '0000-00-00 00:00:00'),
(69, 7, 8, '2009-10-01 11:12:06', '0000-00-00', '0000-00-00 00:00:00'),
(70, 7, 8, '2009-10-01 11:12:06', '0000-00-00', '0000-00-00 00:00:00'),
(71, 7, 8, '2009-10-01 11:12:06', '0000-00-00', '0000-00-00 00:00:00'),
(72, 7, 9, '2009-10-01 11:12:06', '0000-00-00', '0000-00-00 00:00:00'),
(73, 7, 9, '2009-10-01 11:12:06', '0000-00-00', '0000-00-00 00:00:00'),
(74, 7, 9, '2009-10-01 11:12:06', '0000-00-00', '0000-00-00 00:00:00'),
(75, 7, 10, '2009-10-01 11:12:06', '0000-00-00', '0000-00-00 00:00:00'),
(76, 7, 11, '2009-10-01 11:12:06', '0000-00-00', '0000-00-00 00:00:00'),
(77, 7, 11, '2009-10-01 11:12:06', '0000-00-00', '0000-00-00 00:00:00'),
(78, 7, 12, '2009-10-01 11:12:06', '0000-00-00', '0000-00-00 00:00:00'),
(79, 7, 13, '2009-10-01 11:12:06', '0000-00-00', '0000-00-00 00:00:00'),
(80, 7, 13, '2009-10-01 11:12:06', '0000-00-00', '0000-00-00 00:00:00'),
(82, 7, 14, '2009-10-01 11:12:06', '0000-00-00', '0000-00-00 00:00:00'),
(83, 7, 14, '2009-10-01 11:12:06', '0000-00-00', '0000-00-00 00:00:00'),
(84, 7, 14, '2009-10-01 11:12:06', '0000-00-00', '0000-00-00 00:00:00'),
(85, 7, 15, '2009-10-01 11:12:06', '0000-00-00', '0000-00-00 00:00:00'),
(86, 7, 15, '2009-10-01 11:12:06', '0000-00-00', '0000-00-00 00:00:00'),
(87, 7, 15, '2009-10-01 11:12:06', '0000-00-00', '0000-00-00 00:00:00'),
(88, 7, 15, '2009-10-01 11:12:06', '0000-00-00', '0000-00-00 00:00:00'),
(89, 7, 15, '2009-10-01 11:12:06', '0000-00-00', '0000-00-00 00:00:00'),
(90, 7, 15, '2009-10-01 11:12:06', '0000-00-00', '0000-00-00 00:00:00'),
(91, 7, 15, '2009-10-01 11:12:06', '0000-00-00', '0000-00-00 00:00:00'),
(92, 7, 15, '2009-10-01 11:12:06', '0000-00-00', '0000-00-00 00:00:00'),
(93, 7, 15, '2009-10-01 11:12:06', '0000-00-00', '0000-00-00 00:00:00'),
(94, 7, 16, '2009-10-01 11:12:06', '0000-00-00', '0000-00-00 00:00:00'),
(95, 7, 16, '2009-10-01 11:12:06', '0000-00-00', '0000-00-00 00:00:00'),
(96, 7, 17, '2009-10-01 11:12:06', '0000-00-00', '0000-00-00 00:00:00'),
(97, 7, 17, '2009-10-01 11:12:06', '0000-00-00', '0000-00-00 00:00:00'),
(98, 7, 18, '2009-10-01 11:12:06', '0000-00-00', '0000-00-00 00:00:00'),
(99, 7, 18, '2009-10-01 11:12:06', '0000-00-00', '0000-00-00 00:00:00'),
(100, 7, 18, '2009-10-01 11:12:06', '0000-00-00', '0000-00-00 00:00:00'),
(101, 7, 19, '2009-10-01 11:12:06', '0000-00-00', '0000-00-00 00:00:00'),
(102, 7, 19, '2009-10-01 11:12:06', '0000-00-00', '0000-00-00 00:00:00'),
(103, 7, 20, '2009-10-01 11:12:06', '0000-00-00', '0000-00-00 00:00:00'),
(104, 7, 20, '2009-10-01 11:12:06', '0000-00-00', '0000-00-00 00:00:00'),
(132, 7, 14, '2024-01-03 14:06:29', '2024-01-03', '0000-00-00 00:00:00'),
(133, 7, 14, '2010-03-10 15:16:50', '2024-01-03', '0000-00-00 00:00:00'),
(134, 7, 14, '2024-01-03 14:05:23', '2024-01-03', '0000-00-00 00:00:00'),
(135, 7, 14, '2024-01-03 14:05:37', '0000-00-00', '0000-00-00 00:00:00'),
(136, 7, 14, '2024-01-03 14:05:46', '0000-00-00', '0000-00-00 00:00:00'),
(137, 7, 2, '2024-01-03 14:10:53', '0000-00-00', '0000-00-00 00:00:00'),
(138, 7, 2, '2024-01-03 14:11:14', '0000-00-00', '0000-00-00 00:00:00'),
(139, 7, 5, '2024-01-03 14:00:22', '2024-01-03', '0000-00-00 00:00:00'),
(140, 7, 5, '2024-01-03 14:00:39', '2024-01-03', '0000-00-00 00:00:00'),
(242, 7, 3, '2024-01-03 13:36:51', '2024-01-03', '0000-00-00 00:00:00'),
(243, 7, 3, '2024-01-03 13:37:25', '0000-00-00', '0000-00-00 00:00:00'),
(244, 7, 3, '2024-01-03 13:37:59', '2024-01-03', '0000-00-00 00:00:00'),
(245, 7, 2, '2024-01-03 13:48:46', '0000-00-00', '0000-00-00 00:00:00'),
(246, 7, 2, '2024-01-03 13:57:42', '0000-00-00', '0000-00-00 00:00:00'),
(247, 7, 2, '2024-01-03 13:58:13', '0000-00-00', '0000-00-00 00:00:00'),
(248, 7, 2, '2024-01-03 13:57:19', '0000-00-00', '0000-00-00 00:00:00'),
(249, 7, 2, '2024-01-03 13:58:29', '0000-00-00', '0000-00-00 00:00:00'),
(250, 7, 5, '2024-01-03 14:03:04', '0000-00-00', '0000-00-00 00:00:00'),
(251, 7, 5, '2024-01-03 14:07:46', '0000-00-00', '0000-00-00 00:00:00'),
(252, 7, 6, '2024-01-03 14:09:34', '0000-00-00', '0000-00-00 00:00:00'),
(253, 7, 10, '2024-01-03 14:16:05', '0000-00-00', '0000-00-00 00:00:00'),
(254, 7, 11, '2024-01-03 14:17:20', '0000-00-00', '0000-00-00 00:00:00'),
(255, 7, 12, '2024-01-03 14:18:12', '0000-00-00', '0000-00-00 00:00:00'),
(256, 7, 13, '2024-01-03 14:20:32', '0000-00-00', '0000-00-00 00:00:00'),
(257, 7, 15, '2024-01-03 14:47:03', '0000-00-00', '0000-00-00 00:00:00'),
(258, 7, 15, '2024-01-03 14:47:49', '0000-00-00', '0000-00-00 00:00:00'),
(259, 7, 15, '2024-01-03 14:48:11', '0000-00-00', '0000-00-00 00:00:00'),
(260, 7, 15, '2024-01-03 14:48:46', '0000-00-00', '0000-00-00 00:00:00'),
(261, 7, 16, '2024-01-03 14:50:05', '0000-00-00', '0000-00-00 00:00:00'),
(262, 7, 16, '2024-01-03 14:50:43', '0000-00-00', '0000-00-00 00:00:00'),
(263, 1, 21, '2011-03-29 14:22:15', '0000-00-00', '0000-00-00 00:00:00'),
(264, 1, 21, '2011-03-29 14:22:15', '0000-00-00', '0000-00-00 00:00:00'),
(265, 1, 21, '2011-03-29 14:22:15', '0000-00-00', '0000-00-00 00:00:00'),
(266, 1, 22, '2011-03-29 14:22:15', '0000-00-00', '0000-00-00 00:00:00'),
(267, 1, 22, '2011-03-29 14:22:15', '0000-00-00', '0000-00-00 00:00:00'),
(268, 1, 22, '2011-03-29 14:22:15', '0000-00-00', '0000-00-00 00:00:00'),
(269, 1, 22, '2011-03-29 14:22:15', '0000-00-00', '0000-00-00 00:00:00'),
(270, 1, 22, '2011-03-29 14:22:15', '0000-00-00', '0000-00-00 00:00:00'),
(271, 1, 22, '2011-03-29 14:22:15', '0000-00-00', '0000-00-00 00:00:00'),
(272, 1, 22, '2011-03-29 14:22:15', '0000-00-00', '0000-00-00 00:00:00'),
(273, 1, 22, '2011-03-29 14:22:15', '0000-00-00', '0000-00-00 00:00:00'),
(274, 1, 22, '2011-03-29 14:22:15', '0000-00-00', '0000-00-00 00:00:00'),
(275, 1, 22, '2011-03-29 14:22:15', '2015-07-15', '0000-00-00 00:00:00'),
(276, 1, 22, '2011-03-29 14:22:15', '0000-00-00', '0000-00-00 00:00:00'),
(277, 1, 22, '2011-03-29 14:22:15', '0000-00-00', '0000-00-00 00:00:00'),
(278, 1, 23, '2011-03-29 14:22:15', '0000-00-00', '0000-00-00 00:00:00'),
(279, 1, 23, '2011-03-29 14:22:15', '0000-00-00', '0000-00-00 00:00:00'),
(280, 1, 23, '2011-03-29 14:22:15', '0000-00-00', '0000-00-00 00:00:00'),
(281, 1, 23, '2011-03-29 14:22:15', '0000-00-00', '0000-00-00 00:00:00'),
(282, 1, 23, '2011-03-29 14:22:15', '0000-00-00', '0000-00-00 00:00:00'),
(283, 1, 23, '2011-03-29 14:22:15', '0000-00-00', '0000-00-00 00:00:00'),
(284, 1, 23, '2011-03-29 14:22:15', '0000-00-00', '0000-00-00 00:00:00'),
(285, 1, 23, '2011-03-29 14:22:15', '2011-07-07', '0000-00-00 00:00:00'),
(286, 1, 23, '2011-03-29 14:22:15', '0000-00-00', '0000-00-00 00:00:00'),
(287, 1, 23, '2011-03-29 14:22:15', '0000-00-00', '0000-00-00 00:00:00'),
(288, 1, 23, '2011-03-29 14:22:15', '0000-00-00', '0000-00-00 00:00:00'),
(289, 1, 23, '2011-03-29 14:22:15', '0000-00-00', '0000-00-00 00:00:00'),
(290, 1, 23, '2011-03-29 14:22:15', '0000-00-00', '0000-00-00 00:00:00'),
(291, 1, 23, '2011-03-29 14:22:15', '0000-00-00', '0000-00-00 00:00:00'),
(292, 1, 24, '2011-03-29 14:22:15', '0000-00-00', '0000-00-00 00:00:00'),
(293, 1, 24, '2011-03-29 14:22:15', '0000-00-00', '0000-00-00 00:00:00'),
(294, 1, 24, '2011-03-29 14:22:15', '0000-00-00', '0000-00-00 00:00:00'),
(295, 1, 24, '2011-03-29 14:22:15', '0000-00-00', '0000-00-00 00:00:00'),
(296, 1, 25, '2011-03-29 14:22:15', '0000-00-00', '0000-00-00 00:00:00'),
(297, 1, 25, '2011-03-29 14:22:15', '0000-00-00', '0000-00-00 00:00:00'),
(298, 1, 25, '2011-03-29 14:22:15', '0000-00-00', '0000-00-00 00:00:00'),
(299, 1, 25, '2011-03-29 14:22:15', '0000-00-00', '0000-00-00 00:00:00'),
(300, 1, 25, '2011-03-29 14:22:15', '0000-00-00', '0000-00-00 00:00:00'),
(301, 1, 25, '2011-03-29 14:22:15', '0000-00-00', '0000-00-00 00:00:00'),
(302, 1, 25, '2011-03-29 14:22:15', '0000-00-00', '0000-00-00 00:00:00'),
(303, 1, 25, '2011-03-29 14:22:15', '0000-00-00', '0000-00-00 00:00:00'),
(304, 1, 25, '2011-03-29 14:22:15', '0000-00-00', '0000-00-00 00:00:00'),
(305, 1, 25, '2011-03-29 14:22:15', '0000-00-00', '0000-00-00 00:00:00'),
(306, 1, 25, '2011-03-29 14:22:15', '0000-00-00', '0000-00-00 00:00:00'),
(307, 1, 26, '2011-03-29 14:22:15', '0000-00-00', '0000-00-00 00:00:00'),
(308, 1, 26, '2011-03-29 14:22:15', '0000-00-00', '0000-00-00 00:00:00'),
(309, 1, 26, '2011-03-29 14:22:15', '0000-00-00', '0000-00-00 00:00:00'),
(310, 1, 26, '2011-03-29 14:22:15', '0000-00-00', '0000-00-00 00:00:00'),
(311, 1, 26, '2011-03-29 14:22:15', '0000-00-00', '0000-00-00 00:00:00'),
(312, 1, 26, '2011-03-29 14:22:15', '0000-00-00', '0000-00-00 00:00:00'),
(313, 1, 26, '2011-03-29 14:22:15', '0000-00-00', '0000-00-00 00:00:00'),
(314, 1, 26, '2011-03-29 14:22:15', '0000-00-00', '0000-00-00 00:00:00'),
(315, 1, 27, '2011-03-29 14:22:15', '0000-00-00', '0000-00-00 00:00:00'),
(316, 1, 27, '2011-03-29 14:22:15', '0000-00-00', '0000-00-00 00:00:00'),
(317, 1, 27, '2011-03-29 14:22:15', '0000-00-00', '0000-00-00 00:00:00'),
(318, 1, 27, '2011-03-29 14:22:15', '0000-00-00', '0000-00-00 00:00:00'),
(319, 1, 27, '2011-03-29 14:22:15', '0000-00-00', '0000-00-00 00:00:00'),
(320, 1, 27, '2011-03-29 14:22:15', '0000-00-00', '0000-00-00 00:00:00'),
(321, 1, 27, '2011-03-29 14:22:15', '0000-00-00', '0000-00-00 00:00:00'),
(322, 1, 27, '2011-03-29 14:22:15', '0000-00-00', '0000-00-00 00:00:00'),
(323, 1, 27, '2011-03-29 14:22:15', '0000-00-00', '0000-00-00 00:00:00'),
(324, 1, 27, '2011-03-29 14:22:15', '0000-00-00', '0000-00-00 00:00:00'),
(325, 1, 27, '2011-03-29 14:22:15', '0000-00-00', '0000-00-00 00:00:00'),
(326, 1, 27, '2011-03-29 14:22:15', '0000-00-00', '0000-00-00 00:00:00'),
(327, 1, 27, '2011-03-29 14:22:15', '0000-00-00', '0000-00-00 00:00:00'),
(328, 1, 27, '2011-03-29 14:22:15', '0000-00-00', '0000-00-00 00:00:00'),
(329, 1, 27, '2011-03-29 14:22:15', '0000-00-00', '0000-00-00 00:00:00'),
(330, 1, 27, '2011-03-29 14:22:15', '0000-00-00', '0000-00-00 00:00:00'),
(331, 1, 28, '2011-03-29 14:22:15', '0000-00-00', '0000-00-00 00:00:00'),
(332, 1, 28, '2011-03-29 14:22:15', '0000-00-00', '0000-00-00 00:00:00'),
(333, 1, 28, '2011-03-29 14:22:15', '0000-00-00', '0000-00-00 00:00:00'),
(334, 1, 28, '2011-03-29 14:22:15', '0000-00-00', '0000-00-00 00:00:00'),
(335, 1, 28, '2011-03-29 14:22:15', '0000-00-00', '0000-00-00 00:00:00'),
(336, 1, 28, '2011-03-29 14:22:15', '0000-00-00', '0000-00-00 00:00:00'),
(337, 1, 28, '2011-03-29 14:22:15', '0000-00-00', '0000-00-00 00:00:00'),
(338, 1, 28, '2011-03-29 14:22:15', '0000-00-00', '0000-00-00 00:00:00'),
(339, 1, 28, '2011-03-29 14:22:15', '2015-07-13', '0000-00-00 00:00:00'),
(340, 1, 29, '2011-03-29 14:22:15', '0000-00-00', '0000-00-00 00:00:00'),
(341, 1, 29, '2011-03-29 14:22:15', '0000-00-00', '0000-00-00 00:00:00'),
(342, 1, 29, '2011-03-29 14:22:15', '0000-00-00', '0000-00-00 00:00:00'),
(343, 1, 29, '2011-03-29 14:22:15', '0000-00-00', '0000-00-00 00:00:00'),
(344, 1, 29, '2011-03-29 14:22:15', '0000-00-00', '0000-00-00 00:00:00'),
(345, 1, 29, '2011-03-29 14:22:15', '0000-00-00', '0000-00-00 00:00:00'),
(346, 1, 29, '2011-03-29 14:22:15', '0000-00-00', '0000-00-00 00:00:00'),
(347, 1, 29, '2011-03-29 14:22:15', '0000-00-00', '0000-00-00 00:00:00'),
(348, 1, 30, '2011-03-29 14:22:15', '0000-00-00', '0000-00-00 00:00:00'),
(349, 1, 30, '2011-03-29 14:22:15', '0000-00-00', '0000-00-00 00:00:00'),
(350, 1, 30, '2011-03-29 14:22:15', '0000-00-00', '0000-00-00 00:00:00'),
(351, 1, 30, '2011-03-29 14:22:15', '2015-04-02', '0000-00-00 00:00:00'),
(352, 1, 30, '2011-03-29 14:22:15', '0000-00-00', '0000-00-00 00:00:00'),
(353, 1, 30, '2011-03-29 14:22:15', '0000-00-00', '0000-00-00 00:00:00'),
(354, 1, 30, '2011-03-29 14:22:15', '0000-00-00', '0000-00-00 00:00:00'),
(355, 1, 30, '2011-03-29 14:22:15', '0000-00-00', '0000-00-00 00:00:00'),
(356, 1, 30, '2011-03-29 14:22:15', '0000-00-00', '0000-00-00 00:00:00'),
(357, 1, 31, '2011-03-29 14:22:15', '0000-00-00', '0000-00-00 00:00:00'),
(358, 1, 31, '2011-03-29 14:22:15', '0000-00-00', '0000-00-00 00:00:00'),
(359, 1, 31, '2011-03-29 14:22:15', '0000-00-00', '0000-00-00 00:00:00'),
(360, 1, 31, '2011-03-29 14:22:15', '0000-00-00', '0000-00-00 00:00:00'),
(361, 1, 31, '2011-03-29 14:22:15', '0000-00-00', '0000-00-00 00:00:00'),
(362, 1, 31, '2011-03-29 14:22:15', '0000-00-00', '0000-00-00 00:00:00'),
(363, 1, 32, '2011-03-29 14:22:15', '2011-03-30', '2011-03-30 00:00:00'),
(363, 1, 33, '2011-03-30 18:15:34', '0000-00-00', '0000-00-00 00:00:00'),
(364, 1, 32, '2011-03-29 14:22:15', '2011-03-30', '2011-03-30 00:00:00'),
(364, 1, 33, '2011-03-30 18:15:41', '0000-00-00', '0000-00-00 00:00:00'),
(365, 1, 32, '2011-03-29 14:22:15', '2011-03-30', '2011-03-30 00:00:00'),
(365, 1, 33, '2011-03-30 18:15:52', '0000-00-00', '0000-00-00 00:00:00'),
(366, 1, 33, '2011-03-29 14:22:15', '0000-00-00', '0000-00-00 00:00:00'),
(367, 1, 33, '2011-03-29 14:22:15', '0000-00-00', '0000-00-00 00:00:00'),
(368, 1, 33, '2011-03-29 14:22:15', '0000-00-00', '0000-00-00 00:00:00'),
(369, 1, 33, '2011-03-29 14:22:15', '0000-00-00', '0000-00-00 00:00:00'),
(370, 1, 33, '2011-03-29 14:22:15', '0000-00-00', '0000-00-00 00:00:00'),
(371, 1, 33, '2011-03-29 14:22:15', '0000-00-00', '0000-00-00 00:00:00'),
(372, 1, 33, '2011-03-29 14:22:15', '0000-00-00', '0000-00-00 00:00:00'),
(373, 1, 33, '2011-03-29 14:22:15', '0000-00-00', '0000-00-00 00:00:00'),
(374, 1, 33, '2011-03-29 14:22:15', '0000-00-00', '0000-00-00 00:00:00'),
(375, 1, 33, '2011-03-29 14:22:15', '0000-00-00', '0000-00-00 00:00:00'),
(376, 1, 33, '2011-03-29 14:22:15', '0000-00-00', '0000-00-00 00:00:00'),
(377, 1, 33, '2011-03-29 14:22:15', '0000-00-00', '0000-00-00 00:00:00'),
(378, 1, 33, '2011-03-29 14:22:15', '0000-00-00', '0000-00-00 00:00:00'),
(379, 1, 33, '2011-03-29 14:22:15', '0000-00-00', '0000-00-00 00:00:00'),
(380, 1, 33, '2011-03-29 14:22:15', '0000-00-00', '0000-00-00 00:00:00'),
(381, 1, 33, '2011-03-29 14:22:15', '0000-00-00', '0000-00-00 00:00:00'),
(382, 1, 33, '2011-03-30 18:16:47', '2011-03-30', '0000-00-00 00:00:00'),
(382, 1, 34, '2011-03-29 14:22:15', '0000-00-00', '2011-03-30 00:00:00'),
(383, 1, 33, '2011-03-30 18:17:37', '0000-00-00', '0000-00-00 00:00:00'),
(383, 1, 34, '2011-03-29 14:22:15', '2011-03-30', '2011-03-30 00:00:00'),
(384, 1, 33, '2011-03-30 18:17:10', '0000-00-00', '0000-00-00 00:00:00'),
(384, 1, 34, '2011-03-29 14:22:15', '0000-00-00', '2011-03-30 00:00:00'),
(385, 1, 33, '2011-03-30 18:17:18', '0000-00-00', '0000-00-00 00:00:00'),
(385, 1, 34, '2011-03-29 14:22:15', '0000-00-00', '2011-03-30 00:00:00'),
(386, 1, 33, '2011-03-30 18:17:31', '0000-00-00', '0000-00-00 00:00:00'),
(386, 1, 34, '2011-03-29 14:22:15', '0000-00-00', '2011-03-30 00:00:00'),
(387, 1, 33, '2011-03-30 18:17:45', '0000-00-00', '0000-00-00 00:00:00'),
(387, 1, 34, '2011-03-29 14:22:15', '0000-00-00', '2011-03-30 00:00:00'),
(388, 1, 35, '2011-03-29 14:22:15', '0000-00-00', '0000-00-00 00:00:00'),
(389, 1, 36, '2011-03-29 14:22:15', '0000-00-00', '0000-00-00 00:00:00'),
(390, 1, 36, '2011-03-29 14:22:15', '0000-00-00', '0000-00-00 00:00:00'),
(391, 1, 36, '2011-03-29 14:22:15', '0000-00-00', '0000-00-00 00:00:00'),
(392, 1, 36, '2011-03-29 14:22:15', '0000-00-00', '0000-00-00 00:00:00'),
(393, 1, 36, '2011-03-29 14:22:15', '0000-00-00', '0000-00-00 00:00:00'),
(394, 1, 36, '2011-03-29 14:22:15', '0000-00-00', '0000-00-00 00:00:00'),
(395, 1, 36, '2011-03-29 14:22:15', '0000-00-00', '0000-00-00 00:00:00'),
(396, 1, 36, '2011-03-29 14:22:15', '0000-00-00', '0000-00-00 00:00:00'),
(397, 1, 37, '2011-03-29 14:22:15', '0000-00-00', '0000-00-00 00:00:00'),
(398, 1, 37, '2011-03-29 14:22:15', '0000-00-00', '0000-00-00 00:00:00'),
(399, 1, 37, '2011-03-29 14:22:15', '0000-00-00', '0000-00-00 00:00:00'),
(400, 1, 37, '2011-03-29 14:22:15', '0000-00-00', '0000-00-00 00:00:00'),
(401, 1, 37, '2011-03-29 14:22:15', '0000-00-00', '0000-00-00 00:00:00'),
(402, 1, 38, '2011-03-29 14:22:15', '0000-00-00', '0000-00-00 00:00:00'),
(403, 1, 38, '2011-03-29 14:22:15', '0000-00-00', '0000-00-00 00:00:00'),
(404, 1, 38, '2011-03-29 14:22:15', '0000-00-00', '0000-00-00 00:00:00'),
(405, 1, 38, '2011-03-29 14:22:15', '0000-00-00', '0000-00-00 00:00:00'),
(406, 1, 38, '2011-03-29 14:22:15', '0000-00-00', '0000-00-00 00:00:00'),
(407, 1, 38, '2011-03-29 14:22:15', '0000-00-00', '0000-00-00 00:00:00'),
(408, 1, 38, '2011-03-29 14:22:15', '0000-00-00', '0000-00-00 00:00:00'),
(409, 1, 38, '2011-03-29 14:22:15', '0000-00-00', '0000-00-00 00:00:00'),
(410, 1, 38, '2011-03-29 14:22:15', '0000-00-00', '0000-00-00 00:00:00'),
(411, 1, 38, '2011-03-29 14:22:15', '0000-00-00', '0000-00-00 00:00:00'),
(412, 1, 38, '2011-03-29 14:22:15', '0000-00-00', '0000-00-00 00:00:00'),
(413, 1, 38, '2011-03-29 14:22:15', '0000-00-00', '0000-00-00 00:00:00'),
(414, 1, 39, '2011-03-29 14:22:15', '0000-00-00', '0000-00-00 00:00:00'),
(415, 1, 40, '2011-03-29 14:22:15', '0000-00-00', '0000-00-00 00:00:00'),
(416, 1, 40, '2011-03-29 14:22:15', '0000-00-00', '0000-00-00 00:00:00'),
(417, 1, 40, '2011-03-29 14:22:15', '0000-00-00', '0000-00-00 00:00:00'),
(418, 1, 40, '2011-03-29 14:22:15', '0000-00-00', '0000-00-00 00:00:00'),
(419, 1, 40, '2011-03-29 14:22:15', '0000-00-00', '0000-00-00 00:00:00'),
(420, 1, 40, '2011-03-29 14:22:15', '0000-00-00', '0000-00-00 00:00:00'),
(421, 1, 41, '2011-03-29 14:22:15', '0000-00-00', '0000-00-00 00:00:00'),
(422, 1, 41, '2011-03-29 14:22:15', '2011-10-04', '0000-00-00 00:00:00'),
(423, 1, 41, '2011-03-29 14:22:15', '0000-00-00', '0000-00-00 00:00:00'),
(424, 1, 41, '2011-03-29 14:22:15', '0000-00-00', '0000-00-00 00:00:00'),
(425, 1, 41, '2011-03-29 14:22:15', '0000-00-00', '0000-00-00 00:00:00'),
(426, 1, 41, '2011-03-29 14:22:15', '0000-00-00', '0000-00-00 00:00:00'),
(427, 1, 41, '2011-03-29 14:22:15', '0000-00-00', '0000-00-00 00:00:00'),
(428, 1, 41, '2011-03-29 14:22:15', '0000-00-00', '0000-00-00 00:00:00'),
(429, 1, 41, '2011-03-29 14:22:15', '0000-00-00', '0000-00-00 00:00:00'),
(430, 1, 41, '2011-03-29 14:22:15', '0000-00-00', '0000-00-00 00:00:00'),
(431, 1, 41, '2011-03-29 14:22:15', '0000-00-00', '0000-00-00 00:00:00'),
(432, 1, 41, '2011-03-29 14:22:15', '0000-00-00', '0000-00-00 00:00:00'),
(433, 1, 42, '2011-03-29 14:22:15', '0000-00-00', '0000-00-00 00:00:00'),
(434, 1, 42, '2011-03-29 14:22:15', '0000-00-00', '0000-00-00 00:00:00'),
(435, 1, 42, '2011-03-29 14:22:15', '0000-00-00', '0000-00-00 00:00:00'),
(436, 1, 42, '2011-03-29 14:22:15', '0000-00-00', '0000-00-00 00:00:00'),
(437, 1, 43, '2011-03-29 14:22:15', '0000-00-00', '0000-00-00 00:00:00'),
(438, 1, 43, '2011-03-29 14:22:15', '0000-00-00', '0000-00-00 00:00:00'),
(439, 1, 43, '2011-03-29 14:22:15', '0000-00-00', '0000-00-00 00:00:00'),
(440, 1, 43, '2011-03-29 14:22:15', '0000-00-00', '0000-00-00 00:00:00'),
(441, 1, 43, '2011-03-29 14:22:15', '0000-00-00', '0000-00-00 00:00:00'),
(442, 1, 43, '2011-03-29 14:22:15', '0000-00-00', '0000-00-00 00:00:00'),
(443, 1, 43, '2011-03-29 14:22:15', '0000-00-00', '0000-00-00 00:00:00'),
(444, 1, 44, '2011-03-29 14:22:15', '0000-00-00', '0000-00-00 00:00:00'),
(445, 1, 44, '2011-03-29 14:22:15', '0000-00-00', '0000-00-00 00:00:00'),
(446, 1, 44, '2011-03-29 14:22:15', '2015-04-02', '0000-00-00 00:00:00'),
(447, 1, 44, '2011-03-29 14:22:15', '0000-00-00', '0000-00-00 00:00:00'),
(448, 1, 44, '2011-03-29 14:22:15', '0000-00-00', '0000-00-00 00:00:00'),
(449, 1, 44, '2011-03-29 14:22:15', '0000-00-00', '0000-00-00 00:00:00'),
(450, 1, 44, '2011-03-29 14:22:15', '0000-00-00', '0000-00-00 00:00:00'),
(451, 1, 44, '2011-03-29 14:22:15', '0000-00-00', '0000-00-00 00:00:00'),
(452, 1, 44, '2011-03-29 14:22:15', '0000-00-00', '0000-00-00 00:00:00'),
(453, 1, 44, '2011-03-29 14:22:15', '0000-00-00', '0000-00-00 00:00:00'),
(454, 1, 44, '2011-03-29 14:22:15', '0000-00-00', '0000-00-00 00:00:00'),
(455, 1, 44, '2011-03-29 14:22:15', '0000-00-00', '0000-00-00 00:00:00'),
(456, 1, 45, '2011-03-29 14:22:15', '0000-00-00', '0000-00-00 00:00:00'),
(457, 1, 45, '2011-03-29 14:22:15', '0000-00-00', '2011-05-19 00:00:00'),
(457, 1, 49, '2011-05-19 09:37:30', '2011-05-19', '0000-00-00 00:00:00'),
(458, 1, 45, '2011-03-29 14:22:15', '0000-00-00', '0000-00-00 00:00:00'),
(459, 1, 45, '2011-03-29 14:22:15', '0000-00-00', '0000-00-00 00:00:00'),
(460, 1, 45, '2011-03-29 14:22:15', '0000-00-00', '0000-00-00 00:00:00'),
(461, 1, 45, '2011-03-29 14:22:15', '0000-00-00', '0000-00-00 00:00:00'),
(462, 1, 45, '2011-03-29 14:22:15', '0000-00-00', '0000-00-00 00:00:00'),
(463, 1, 45, '2011-03-29 14:22:15', '0000-00-00', '0000-00-00 00:00:00'),
(464, 1, 45, '2011-03-29 14:22:15', '0000-00-00', '0000-00-00 00:00:00'),
(465, 1, 45, '2011-03-29 14:22:15', '0000-00-00', '0000-00-00 00:00:00'),
(466, 1, 45, '2011-03-29 14:22:15', '0000-00-00', '0000-00-00 00:00:00'),
(467, 1, 46, '2011-03-29 14:22:15', '0000-00-00', '0000-00-00 00:00:00'),
(468, 1, 46, '2011-03-29 14:22:15', '0000-00-00', '0000-00-00 00:00:00'),
(469, 1, 46, '2011-03-29 14:22:15', '0000-00-00', '0000-00-00 00:00:00'),
(470, 1, 46, '2011-03-29 14:22:15', '0000-00-00', '0000-00-00 00:00:00'),
(471, 1, 46, '2011-03-29 14:22:15', '0000-00-00', '0000-00-00 00:00:00'),
(472, 1, 46, '2011-03-29 14:22:15', '0000-00-00', '0000-00-00 00:00:00'),
(473, 1, 46, '2011-03-29 14:22:15', '0000-00-00', '0000-00-00 00:00:00'),
(474, 1, 46, '2011-03-29 14:22:15', '0000-00-00', '0000-00-00 00:00:00'),
(475, 1, 46, '2011-03-29 14:22:15', '0000-00-00', '0000-00-00 00:00:00'),
(476, 1, 47, '2011-03-29 14:22:15', '0000-00-00', '0000-00-00 00:00:00'),
(477, 1, 47, '2011-03-29 14:22:15', '0000-00-00', '0000-00-00 00:00:00'),
(478, 1, 47, '2011-03-29 14:22:15', '0000-00-00', '0000-00-00 00:00:00'),
(479, 1, 47, '2011-03-29 14:22:15', '0000-00-00', '0000-00-00 00:00:00'),
(480, 1, 47, '2011-03-29 14:22:15', '0000-00-00', '0000-00-00 00:00:00'),
(481, 1, 47, '2011-03-29 14:22:15', '0000-00-00', '0000-00-00 00:00:00'),
(482, 1, 48, '2011-03-29 14:22:15', '0000-00-00', '0000-00-00 00:00:00'),
(483, 1, 48, '2011-03-29 14:22:15', '0000-00-00', '0000-00-00 00:00:00'),
(484, 1, 48, '2011-03-29 14:22:15', '0000-00-00', '0000-00-00 00:00:00'),
(485, 1, 48, '2011-03-29 14:22:15', '0000-00-00', '0000-00-00 00:00:00'),
(486, 1, 48, '2011-03-29 14:22:15', '0000-00-00', '0000-00-00 00:00:00'),
(487, 1, 49, '2011-03-29 14:22:15', '0000-00-00', '0000-00-00 00:00:00'),
(488, 1, 49, '2011-03-29 14:22:15', '0000-00-00', '0000-00-00 00:00:00'),
(489, 1, 50, '2011-03-29 14:22:15', '0000-00-00', '0000-00-00 00:00:00'),
(490, 1, 50, '2011-03-29 14:22:15', '0000-00-00', '0000-00-00 00:00:00'),
(491, 1, 50, '2011-03-29 14:22:15', '0000-00-00', '0000-00-00 00:00:00'),
(492, 1, 50, '2011-03-29 14:22:15', '0000-00-00', '0000-00-00 00:00:00'),
(493, 1, 50, '2011-03-29 14:22:15', '0000-00-00', '0000-00-00 00:00:00'),
(494, 1, 50, '2011-03-29 14:22:15', '0000-00-00', '0000-00-00 00:00:00'),
(495, 1, 50, '2011-03-29 14:22:15', '0000-00-00', '0000-00-00 00:00:00'),
(496, 1, 50, '2011-03-29 14:22:15', '0000-00-00', '0000-00-00 00:00:00'),
(497, 1, 50, '2011-03-29 14:22:15', '2011-06-27', '0000-00-00 00:00:00'),
(498, 1, 50, '2011-03-29 14:22:15', '0000-00-00', '0000-00-00 00:00:00'),
(499, 1, 50, '2011-03-29 14:22:15', '0000-00-00', '0000-00-00 00:00:00'),
(500, 1, 51, '2011-03-29 14:22:15', '0000-00-00', '0000-00-00 00:00:00'),
(501, 1, 51, '2011-03-29 14:22:15', '0000-00-00', '0000-00-00 00:00:00'),
(502, 1, 51, '2011-03-29 14:22:15', '0000-00-00', '0000-00-00 00:00:00'),
(503, 1, 52, '2011-03-29 14:22:15', '0000-00-00', '0000-00-00 00:00:00'),
(504, 1, 52, '2011-03-29 14:22:15', '0000-00-00', '0000-00-00 00:00:00'),
(505, 1, 52, '2011-03-29 14:22:15', '0000-00-00', '0000-00-00 00:00:00'),
(506, 1, 52, '2011-03-29 14:22:15', '0000-00-00', '0000-00-00 00:00:00'),
(507, 1, 52, '2011-03-29 14:22:15', '0000-00-00', '0000-00-00 00:00:00'),
(508, 1, 52, '2011-03-29 14:22:15', '0000-00-00', '0000-00-00 00:00:00'),
(509, 1, 52, '2011-03-29 14:22:15', '0000-00-00', '0000-00-00 00:00:00'),
(510, 1, 52, '2011-03-29 14:22:15', '0000-00-00', '0000-00-00 00:00:00'),
(511, 1, 52, '2011-03-29 14:22:15', '0000-00-00', '0000-00-00 00:00:00'),
(512, 1, 52, '2011-03-29 14:22:15', '0000-00-00', '0000-00-00 00:00:00'),
(513, 1, 52, '2011-03-29 14:22:15', '0000-00-00', '0000-00-00 00:00:00'),
(514, 1, 52, '2011-03-29 14:22:15', '0000-00-00', '0000-00-00 00:00:00'),
(515, 1, 52, '2011-03-29 14:22:15', '0000-00-00', '0000-00-00 00:00:00'),
(516, 1, 52, '2011-03-29 14:22:15', '0000-00-00', '0000-00-00 00:00:00'),
(517, 1, 52, '2011-03-29 14:22:15', '0000-00-00', '0000-00-00 00:00:00'),
(518, 1, 52, '2011-03-29 14:22:15', '0000-00-00', '0000-00-00 00:00:00'),
(519, 1, 52, '2011-03-29 14:22:16', '0000-00-00', '0000-00-00 00:00:00'),
(520, 1, 52, '2011-03-29 14:22:16', '0000-00-00', '0000-00-00 00:00:00'),
(521, 1, 52, '2011-03-29 14:22:16', '0000-00-00', '0000-00-00 00:00:00'),
(522, 1, 52, '2011-03-29 14:22:16', '0000-00-00', '0000-00-00 00:00:00'),
(523, 1, 52, '2011-03-29 14:22:16', '0000-00-00', '0000-00-00 00:00:00'),
(524, 1, 52, '2011-03-29 14:22:16', '0000-00-00', '0000-00-00 00:00:00'),
(525, 1, 52, '2011-03-29 14:22:16', '0000-00-00', '0000-00-00 00:00:00'),
(526, 1, 52, '2011-03-29 14:22:16', '0000-00-00', '0000-00-00 00:00:00'),
(527, 1, 52, '2011-03-29 14:22:16', '0000-00-00', '0000-00-00 00:00:00'),
(528, 1, 52, '2011-03-29 14:22:16', '0000-00-00', '0000-00-00 00:00:00'),
(529, 1, 52, '2011-03-29 14:22:16', '2011-07-04', '0000-00-00 00:00:00'),
(530, 1, 52, '2011-03-29 14:22:16', '0000-00-00', '0000-00-00 00:00:00'),
(531, 1, 52, '2011-03-29 14:22:16', '0000-00-00', '0000-00-00 00:00:00'),
(532, 1, 52, '2011-03-29 14:22:16', '0000-00-00', '0000-00-00 00:00:00'),
(533, 1, 52, '2011-03-29 14:22:16', '0000-00-00', '0000-00-00 00:00:00'),
(534, 1, 53, '2011-03-29 14:22:16', '0000-00-00', '0000-00-00 00:00:00'),
(535, 1, 53, '2011-03-29 14:22:16', '0000-00-00', '0000-00-00 00:00:00'),
(536, 1, 53, '2011-03-29 14:22:16', '0000-00-00', '0000-00-00 00:00:00'),
(537, 1, 53, '2011-03-29 14:22:16', '0000-00-00', '0000-00-00 00:00:00'),
(538, 1, 53, '2011-03-29 14:22:16', '0000-00-00', '0000-00-00 00:00:00'),
(539, 1, 53, '2011-03-29 14:22:16', '0000-00-00', '0000-00-00 00:00:00'),
(540, 1, 53, '2011-03-29 14:22:16', '0000-00-00', '0000-00-00 00:00:00'),
(541, 1, 53, '2011-03-29 14:22:16', '0000-00-00', '0000-00-00 00:00:00'),
(542, 1, 53, '2011-03-29 14:22:16', '0000-00-00', '0000-00-00 00:00:00'),
(543, 1, 53, '2011-03-29 14:22:16', '0000-00-00', '0000-00-00 00:00:00'),
(544, 1, 53, '2011-03-29 14:22:16', '0000-00-00', '0000-00-00 00:00:00'),
(545, 1, 53, '2011-03-29 14:22:16', '0000-00-00', '0000-00-00 00:00:00'),
(546, 1, 53, '2011-03-29 14:22:16', '0000-00-00', '0000-00-00 00:00:00'),
(547, 1, 53, '2011-03-29 14:22:16', '0000-00-00', '0000-00-00 00:00:00'),
(548, 1, 54, '2011-03-29 14:22:16', '0000-00-00', '0000-00-00 00:00:00'),
(549, 1, 54, '2011-03-29 14:22:16', '0000-00-00', '0000-00-00 00:00:00'),
(550, 1, 54, '2011-03-29 14:22:16', '0000-00-00', '0000-00-00 00:00:00'),
(551, 1, 54, '2011-03-29 14:22:16', '0000-00-00', '0000-00-00 00:00:00'),
(552, 1, 55, '2011-03-29 14:22:16', '0000-00-00', '0000-00-00 00:00:00'),
(553, 1, 55, '2011-03-29 14:22:16', '0000-00-00', '0000-00-00 00:00:00'),
(554, 1, 56, '2011-03-29 14:22:16', '0000-00-00', '0000-00-00 00:00:00'),
(555, 1, 56, '2011-03-29 14:22:16', '0000-00-00', '0000-00-00 00:00:00'),
(556, 1, 56, '2011-03-29 14:22:16', '0000-00-00', '0000-00-00 00:00:00'),
(557, 1, 56, '2011-03-29 14:22:16', '0000-00-00', '0000-00-00 00:00:00'),
(558, 1, 57, '2011-03-29 14:22:16', '0000-00-00', '0000-00-00 00:00:00'),
(559, 1, 57, '2011-03-29 14:22:16', '0000-00-00', '0000-00-00 00:00:00'),
(560, 1, 57, '2011-03-29 14:22:16', '0000-00-00', '0000-00-00 00:00:00'),
(561, 1, 57, '2011-03-29 14:22:16', '0000-00-00', '0000-00-00 00:00:00'),
(562, 1, 58, '2011-03-29 14:22:16', '0000-00-00', '0000-00-00 00:00:00'),
(563, 1, 58, '2011-03-29 14:22:16', '0000-00-00', '0000-00-00 00:00:00'),
(564, 1, 59, '2011-03-29 14:22:16', '0000-00-00', '0000-00-00 00:00:00'),
(565, 1, 59, '2011-03-29 14:22:16', '0000-00-00', '0000-00-00 00:00:00'),
(566, 1, 59, '2011-03-29 14:22:16', '0000-00-00', '0000-00-00 00:00:00'),
(567, 1, 59, '2011-03-29 14:22:16', '0000-00-00', '0000-00-00 00:00:00'),
(568, 1, 59, '2011-03-29 14:22:16', '0000-00-00', '0000-00-00 00:00:00'),
(569, 1, 59, '2011-03-29 14:22:16', '0000-00-00', '0000-00-00 00:00:00'),
(570, 1, 59, '2011-03-29 14:22:16', '0000-00-00', '0000-00-00 00:00:00'),
(571, 1, 59, '2011-03-29 14:22:16', '0000-00-00', '0000-00-00 00:00:00'),
(572, 1, 59, '2011-03-29 14:22:16', '0000-00-00', '0000-00-00 00:00:00'),
(573, 1, 59, '2011-03-29 14:22:16', '0000-00-00', '0000-00-00 00:00:00'),
(574, 1, 59, '2011-03-29 14:22:16', '0000-00-00', '0000-00-00 00:00:00'),
(575, 1, 59, '2011-03-29 14:22:16', '0000-00-00', '0000-00-00 00:00:00'),
(576, 1, 59, '2011-03-29 14:22:16', '0000-00-00', '0000-00-00 00:00:00'),
(577, 1, 59, '2011-03-29 14:22:16', '0000-00-00', '0000-00-00 00:00:00'),
(578, 1, 59, '2011-03-29 14:22:16', '0000-00-00', '0000-00-00 00:00:00'),
(579, 1, 59, '2011-03-29 14:22:16', '0000-00-00', '0000-00-00 00:00:00'),
(580, 1, 59, '2011-03-29 14:22:16', '0000-00-00', '0000-00-00 00:00:00'),
(581, 1, 59, '2011-03-29 14:22:16', '0000-00-00', '0000-00-00 00:00:00'),
(582, 1, 59, '2011-03-29 14:22:16', '0000-00-00', '0000-00-00 00:00:00'),
(583, 1, 59, '2011-03-29 14:22:16', '2015-07-08', '0000-00-00 00:00:00'),
(584, 1, 59, '2011-03-29 14:22:16', '0000-00-00', '0000-00-00 00:00:00'),
(585, 1, 59, '2011-03-29 14:22:16', '0000-00-00', '0000-00-00 00:00:00'),
(586, 1, 59, '2011-03-29 14:22:16', '0000-00-00', '0000-00-00 00:00:00'),
(587, 1, 59, '2011-03-29 14:22:16', '0000-00-00', '0000-00-00 00:00:00'),
(588, 1, 59, '2011-03-29 14:22:16', '0000-00-00', '0000-00-00 00:00:00'),
(589, 1, 59, '2011-03-29 14:22:16', '0000-00-00', '0000-00-00 00:00:00'),
(590, 1, 59, '2011-03-29 14:22:16', '0000-00-00', '0000-00-00 00:00:00'),
(591, 1, 60, '2011-03-29 14:22:16', '0000-00-00', '0000-00-00 00:00:00'),
(592, 1, 60, '2011-03-29 14:22:16', '2011-07-08', '0000-00-00 00:00:00'),
(593, 1, 60, '2011-03-29 14:22:16', '0000-00-00', '0000-00-00 00:00:00'),
(594, 1, 60, '2011-03-29 14:22:16', '0000-00-00', '0000-00-00 00:00:00'),
(595, 1, 60, '2011-03-29 14:22:16', '0000-00-00', '0000-00-00 00:00:00'),
(596, 1, 60, '2011-03-29 14:22:16', '0000-00-00', '0000-00-00 00:00:00'),
(597, 1, 60, '2011-03-29 14:22:16', '0000-00-00', '0000-00-00 00:00:00'),
(598, 1, 61, '2011-03-29 14:22:16', '0000-00-00', '0000-00-00 00:00:00'),
(599, 1, 61, '2011-03-29 14:22:16', '0000-00-00', '0000-00-00 00:00:00'),
(600, 1, 61, '2011-03-29 14:22:16', '0000-00-00', '0000-00-00 00:00:00'),
(601, 1, 62, '2011-03-29 14:22:16', '0000-00-00', '0000-00-00 00:00:00'),
(602, 1, 62, '2011-03-29 14:22:16', '0000-00-00', '0000-00-00 00:00:00'),
(603, 1, 62, '2011-03-29 14:22:16', '0000-00-00', '0000-00-00 00:00:00'),
(604, 1, 62, '2011-03-29 14:22:16', '0000-00-00', '0000-00-00 00:00:00'),
(605, 1, 63, '2011-03-29 14:22:16', '0000-00-00', '0000-00-00 00:00:00'),
(606, 1, 64, '2011-03-29 14:22:16', '2011-12-12', '0000-00-00 00:00:00'),
(607, 1, 64, '2011-03-29 14:22:16', '0000-00-00', '0000-00-00 00:00:00'),
(608, 1, 64, '2011-03-29 14:22:16', '2015-02-24', '0000-00-00 00:00:00'),
(609, 1, 64, '2011-03-29 14:22:16', '0000-00-00', '0000-00-00 00:00:00'),
(610, 1, 65, '2011-03-29 14:22:16', '0000-00-00', '0000-00-00 00:00:00'),
(611, 1, 65, '2011-03-29 14:22:16', '0000-00-00', '0000-00-00 00:00:00'),
(612, 1, 65, '2011-03-29 14:22:16', '0000-00-00', '0000-00-00 00:00:00'),
(613, 1, 65, '2011-03-29 14:22:16', '0000-00-00', '0000-00-00 00:00:00'),
(614, 1, 65, '2011-03-29 14:22:16', '0000-00-00', '0000-00-00 00:00:00'),
(615, 1, 65, '2011-03-29 14:22:16', '0000-00-00', '0000-00-00 00:00:00'),
(616, 1, 65, '2011-03-29 14:22:16', '0000-00-00', '0000-00-00 00:00:00'),
(617, 1, 66, '2011-03-29 14:22:16', '0000-00-00', '0000-00-00 00:00:00'),
(618, 1, 66, '2011-03-29 14:22:16', '0000-00-00', '0000-00-00 00:00:00'),
(619, 1, 66, '2011-03-29 14:22:16', '0000-00-00', '0000-00-00 00:00:00'),
(620, 1, 67, '2011-03-29 14:22:16', '0000-00-00', '0000-00-00 00:00:00'),
(621, 1, 67, '2011-03-29 14:22:16', '0000-00-00', '0000-00-00 00:00:00'),
(622, 1, 67, '2011-03-29 14:22:16', '0000-00-00', '0000-00-00 00:00:00'),
(623, 1, 67, '2011-03-29 14:22:16', '0000-00-00', '0000-00-00 00:00:00'),
(624, 1, 67, '2011-03-29 14:22:16', '0000-00-00', '0000-00-00 00:00:00'),
(625, 1, 67, '2011-03-29 14:22:16', '2015-02-27', '0000-00-00 00:00:00'),
(626, 1, 67, '2011-03-29 14:22:16', '0000-00-00', '0000-00-00 00:00:00'),
(627, 1, 67, '2011-03-29 14:22:16', '0000-00-00', '0000-00-00 00:00:00'),
(628, 1, 67, '2011-03-29 14:22:16', '0000-00-00', '0000-00-00 00:00:00'),
(629, 1, 67, '2011-03-29 14:22:16', '0000-00-00', '0000-00-00 00:00:00'),
(630, 1, 67, '2011-03-29 14:22:16', '0000-00-00', '0000-00-00 00:00:00'),
(631, 1, 68, '2011-03-29 14:22:16', '0000-00-00', '0000-00-00 00:00:00'),
(632, 1, 68, '2011-03-29 14:22:16', '0000-00-00', '0000-00-00 00:00:00'),
(633, 1, 68, '2011-03-29 14:22:16', '0000-00-00', '0000-00-00 00:00:00'),
(634, 1, 68, '2011-03-29 14:22:16', '0000-00-00', '0000-00-00 00:00:00'),
(635, 1, 68, '2011-03-29 14:22:16', '0000-00-00', '0000-00-00 00:00:00'),
(636, 1, 68, '2011-03-29 14:22:16', '0000-00-00', '0000-00-00 00:00:00'),
(637, 1, 68, '2011-03-29 14:22:16', '0000-00-00', '0000-00-00 00:00:00'),
(638, 1, 69, '2011-03-29 14:22:16', '0000-00-00', '0000-00-00 00:00:00'),
(639, 1, 69, '2011-03-29 14:22:16', '0000-00-00', '0000-00-00 00:00:00'),
(640, 1, 69, '2011-03-29 14:22:16', '0000-00-00', '0000-00-00 00:00:00'),
(641, 1, 69, '2011-03-29 14:22:16', '0000-00-00', '0000-00-00 00:00:00'),
(642, 1, 69, '2011-03-29 14:22:16', '0000-00-00', '0000-00-00 00:00:00'),
(643, 1, 69, '2011-03-29 14:22:16', '0000-00-00', '0000-00-00 00:00:00'),
(644, 1, 69, '2011-03-29 14:22:16', '0000-00-00', '0000-00-00 00:00:00'),
(645, 1, 69, '2011-03-29 14:22:16', '0000-00-00', '0000-00-00 00:00:00'),
(646, 1, 70, '2011-03-29 14:22:16', '0000-00-00', '0000-00-00 00:00:00'),
(647, 1, 70, '2011-03-29 14:22:16', '0000-00-00', '0000-00-00 00:00:00'),
(648, 1, 70, '2011-03-29 14:22:16', '2013-03-26', '0000-00-00 00:00:00'),
(649, 1, 70, '2011-03-29 14:22:16', '0000-00-00', '0000-00-00 00:00:00'),
(650, 1, 70, '2011-03-29 14:22:16', '0000-00-00', '0000-00-00 00:00:00'),
(651, 1, 70, '2011-03-29 14:22:16', '0000-00-00', '0000-00-00 00:00:00'),
(652, 1, 70, '2011-03-29 14:22:16', '0000-00-00', '0000-00-00 00:00:00'),
(653, 1, 70, '2011-03-29 14:22:16', '0000-00-00', '0000-00-00 00:00:00'),
(654, 1, 70, '2011-03-29 14:22:16', '0000-00-00', '0000-00-00 00:00:00'),
(655, 1, 72, '2011-03-29 14:22:16', '0000-00-00', '0000-00-00 00:00:00'),
(656, 1, 72, '2011-03-29 14:22:16', '0000-00-00', '0000-00-00 00:00:00'),
(657, 1, 72, '2011-03-29 14:22:16', '0000-00-00', '0000-00-00 00:00:00'),
(658, 1, 72, '2011-03-29 14:22:16', '2011-07-08', '0000-00-00 00:00:00'),
(659, 1, 72, '2011-03-29 14:22:16', '0000-00-00', '0000-00-00 00:00:00'),
(660, 1, 72, '2011-03-29 14:22:16', '0000-00-00', '0000-00-00 00:00:00'),
(661, 1, 72, '2011-03-29 14:22:16', '0000-00-00', '0000-00-00 00:00:00'),
(662, 1, 72, '2011-03-29 14:22:16', '0000-00-00', '0000-00-00 00:00:00'),
(663, 1, 73, '2011-03-29 14:22:16', '0000-00-00', '0000-00-00 00:00:00'),
(664, 1, 73, '2011-03-29 14:22:16', '0000-00-00', '0000-00-00 00:00:00'),
(665, 1, 74, '2011-03-29 14:22:16', '0000-00-00', '0000-00-00 00:00:00'),
(666, 1, 74, '2011-03-29 14:22:16', '0000-00-00', '0000-00-00 00:00:00'),
(667, 1, 74, '2011-03-29 14:22:16', '0000-00-00', '0000-00-00 00:00:00'),
(668, 1, 74, '2011-03-29 14:22:16', '0000-00-00', '0000-00-00 00:00:00'),
(669, 1, 74, '2011-03-29 14:22:16', '0000-00-00', '0000-00-00 00:00:00'),
(670, 1, 74, '2011-03-29 14:22:16', '0000-00-00', '0000-00-00 00:00:00'),
(671, 1, 74, '2011-03-29 14:22:16', '0000-00-00', '0000-00-00 00:00:00'),
(672, 1, 74, '2011-03-29 14:22:16', '0000-00-00', '0000-00-00 00:00:00'),
(673, 1, 74, '2011-03-29 14:22:16', '0000-00-00', '0000-00-00 00:00:00'),
(674, 1, 75, '2011-03-29 14:22:16', '0000-00-00', '0000-00-00 00:00:00'),
(675, 1, 75, '2011-03-29 14:22:16', '0000-00-00', '0000-00-00 00:00:00'),
(676, 1, 75, '2011-03-29 14:22:16', '0000-00-00', '0000-00-00 00:00:00'),
(677, 1, 75, '2011-03-29 14:22:16', '0000-00-00', '0000-00-00 00:00:00'),
(678, 1, 75, '2011-03-29 14:22:16', '0000-00-00', '0000-00-00 00:00:00'),
(679, 1, 75, '2011-03-29 14:22:16', '0000-00-00', '0000-00-00 00:00:00'),
(680, 1, 75, '2011-03-29 14:22:16', '0000-00-00', '0000-00-00 00:00:00'),
(681, 1, 76, '2011-03-29 14:22:16', '0000-00-00', '0000-00-00 00:00:00'),
(682, 1, 76, '2011-03-29 14:22:16', '0000-00-00', '0000-00-00 00:00:00'),
(683, 1, 76, '2011-03-29 14:22:16', '0000-00-00', '0000-00-00 00:00:00'),
(684, 1, 76, '2011-03-29 14:22:16', '0000-00-00', '0000-00-00 00:00:00'),
(685, 1, 76, '2011-03-29 14:22:16', '0000-00-00', '0000-00-00 00:00:00'),
(686, 1, 76, '2011-03-29 14:22:16', '0000-00-00', '0000-00-00 00:00:00'),
(687, 1, 76, '2011-03-29 14:22:16', '0000-00-00', '0000-00-00 00:00:00'),
(688, 1, 76, '2011-03-29 14:22:16', '0000-00-00', '0000-00-00 00:00:00'),
(689, 1, 76, '2011-03-29 14:22:16', '0000-00-00', '0000-00-00 00:00:00'),
(690, 1, 76, '2011-03-29 14:22:16', '0000-00-00', '0000-00-00 00:00:00'),
(691, 1, 76, '2011-03-29 14:22:16', '0000-00-00', '0000-00-00 00:00:00'),
(692, 1, 76, '2011-03-29 14:22:16', '0000-00-00', '0000-00-00 00:00:00'),
(693, 1, 76, '2011-03-29 14:22:16', '0000-00-00', '0000-00-00 00:00:00'),
(694, 1, 76, '2011-03-29 14:22:16', '0000-00-00', '0000-00-00 00:00:00'),
(695, 1, 76, '2011-03-29 14:22:16', '0000-00-00', '0000-00-00 00:00:00'),
(696, 1, 76, '2011-03-29 14:22:16', '0000-00-00', '0000-00-00 00:00:00'),
(697, 1, 77, '2011-03-29 14:22:16', '0000-00-00', '0000-00-00 00:00:00'),
(698, 1, 77, '2011-03-29 14:22:16', '0000-00-00', '0000-00-00 00:00:00'),
(699, 1, 77, '2011-03-29 14:22:16', '0000-00-00', '0000-00-00 00:00:00'),
(700, 1, 77, '2011-03-29 14:22:16', '0000-00-00', '0000-00-00 00:00:00'),
(701, 1, 78, '2011-03-29 14:22:16', '0000-00-00', '0000-00-00 00:00:00'),
(702, 1, 78, '2011-03-29 14:22:16', '0000-00-00', '0000-00-00 00:00:00'),
(703, 1, 78, '2011-03-29 14:22:16', '0000-00-00', '0000-00-00 00:00:00'),
(704, 1, 78, '2011-03-29 14:22:16', '0000-00-00', '0000-00-00 00:00:00'),
(705, 1, 79, '2011-03-29 14:22:16', '0000-00-00', '0000-00-00 00:00:00'),
(706, 1, 79, '2011-03-29 14:22:16', '0000-00-00', '0000-00-00 00:00:00'),
(707, 1, 79, '2011-03-29 14:22:16', '0000-00-00', '0000-00-00 00:00:00'),
(708, 1, 80, '2011-03-29 14:22:16', '0000-00-00', '0000-00-00 00:00:00'),
(709, 1, 80, '2011-03-29 14:22:16', '0000-00-00', '0000-00-00 00:00:00'),
(710, 1, 80, '2011-03-29 14:22:16', '0000-00-00', '0000-00-00 00:00:00'),
(711, 1, 80, '2011-03-29 14:22:16', '0000-00-00', '0000-00-00 00:00:00'),
(712, 1, 80, '2011-03-29 14:22:16', '0000-00-00', '0000-00-00 00:00:00'),
(713, 1, 80, '2011-03-29 14:22:16', '0000-00-00', '0000-00-00 00:00:00'),
(714, 1, 80, '2011-03-29 14:22:16', '0000-00-00', '0000-00-00 00:00:00'),
(715, 1, 80, '2011-03-29 14:22:16', '0000-00-00', '0000-00-00 00:00:00'),
(716, 1, 80, '2011-03-29 14:22:16', '0000-00-00', '0000-00-00 00:00:00'),
(717, 1, 81, '2011-03-29 14:22:16', '0000-00-00', '0000-00-00 00:00:00'),
(718, 1, 83, '2011-03-29 14:22:16', '0000-00-00', '0000-00-00 00:00:00'),
(719, 1, 84, '2011-03-29 14:22:16', '0000-00-00', '0000-00-00 00:00:00'),
(720, 1, 85, '2011-03-29 14:22:16', '0000-00-00', '0000-00-00 00:00:00'),
(721, 1, 86, '2011-03-29 14:22:16', '0000-00-00', '0000-00-00 00:00:00'),
(722, 1, 86, '2011-03-29 14:22:16', '2014-04-28', '0000-00-00 00:00:00'),
(723, 1, 86, '2011-03-29 14:22:16', '2011-03-29', '0000-00-00 00:00:00'),
(724, 1, 86, '2011-03-29 14:22:16', '2011-03-29', '0000-00-00 00:00:00'),
(725, 1, 86, '2011-03-29 14:22:16', '2011-03-29', '0000-00-00 00:00:00'),
(726, 1, 87, '2011-03-29 14:22:16', '0000-00-00', '0000-00-00 00:00:00'),
(727, 1, 87, '2011-03-29 14:22:16', '0000-00-00', '0000-00-00 00:00:00'),
(728, 1, 87, '2011-03-29 14:22:16', '2014-04-28', '0000-00-00 00:00:00'),
(729, 1, 87, '2011-03-29 14:22:16', '0000-00-00', '0000-00-00 00:00:00'),
(730, 1, 87, '2011-03-29 14:22:16', '0000-00-00', '0000-00-00 00:00:00'),
(731, 1, 88, '2011-03-29 14:22:16', '0000-00-00', '0000-00-00 00:00:00'),
(732, 1, 89, '2011-03-29 14:22:16', '2011-07-07', '0000-00-00 00:00:00'),
(733, 1, 89, '2011-03-29 14:22:16', '0000-00-00', '0000-00-00 00:00:00'),
(734, 1, 89, '2011-03-29 14:22:16', '0000-00-00', '0000-00-00 00:00:00'),
(735, 1, 89, '2011-03-29 14:22:16', '0000-00-00', '0000-00-00 00:00:00'),
(736, 1, 89, '2011-03-29 14:22:16', '0000-00-00', '0000-00-00 00:00:00'),
(737, 1, 89, '2011-03-29 14:22:16', '0000-00-00', '0000-00-00 00:00:00'),
(738, 1, 90, '2011-03-29 14:22:16', '0000-00-00', '0000-00-00 00:00:00'),
(739, 1, 90, '2011-03-29 14:22:16', '0000-00-00', '0000-00-00 00:00:00'),
(740, 1, 91, '2011-03-29 14:22:16', '0000-00-00', '0000-00-00 00:00:00'),
(741, 1, 91, '2011-03-29 14:22:16', '0000-00-00', '0000-00-00 00:00:00'),
(742, 1, 91, '2011-03-29 14:22:16', '0000-00-00', '0000-00-00 00:00:00'),
(743, 1, 91, '2011-03-29 14:22:16', '0000-00-00', '0000-00-00 00:00:00'),
(744, 1, 91, '2011-03-29 14:22:16', '0000-00-00', '0000-00-00 00:00:00'),
(745, 1, 91, '2011-03-29 14:22:16', '0000-00-00', '0000-00-00 00:00:00'),
(746, 1, 92, '2011-03-29 14:22:16', '0000-00-00', '0000-00-00 00:00:00'),
(747, 1, 92, '2011-03-29 14:22:16', '0000-00-00', '0000-00-00 00:00:00'),
(748, 1, 93, '2011-03-29 14:22:16', '0000-00-00', '0000-00-00 00:00:00'),
(749, 1, 93, '2011-03-29 14:22:16', '0000-00-00', '0000-00-00 00:00:00'),
(750, 1, 94, '2011-03-29 14:22:16', '0000-00-00', '0000-00-00 00:00:00'),
(751, 1, 94, '2011-03-29 14:22:16', '0000-00-00', '0000-00-00 00:00:00'),
(752, 1, 94, '2011-03-29 14:22:16', '0000-00-00', '0000-00-00 00:00:00'),
(753, 1, 94, '2011-03-29 14:22:16', '0000-00-00', '0000-00-00 00:00:00'),
(754, 1, 94, '2011-03-29 14:22:16', '0000-00-00', '0000-00-00 00:00:00'),
(755, 1, 95, '2011-03-29 14:22:16', '0000-00-00', '0000-00-00 00:00:00'),
(756, 1, 96, '2011-03-29 14:22:16', '0000-00-00', '0000-00-00 00:00:00'),
(757, 1, 96, '2011-03-29 14:22:16', '0000-00-00', '0000-00-00 00:00:00'),
(758, 1, 96, '2011-03-29 14:22:16', '0000-00-00', '0000-00-00 00:00:00'),
(759, 1, 97, '2011-03-29 14:22:16', '0000-00-00', '0000-00-00 00:00:00'),
(760, 1, 98, '2011-03-29 14:22:16', '0000-00-00', '0000-00-00 00:00:00'),
(761, 1, 98, '2011-03-29 14:22:16', '0000-00-00', '0000-00-00 00:00:00'),
(762, 1, 98, '2011-03-29 14:22:16', '0000-00-00', '0000-00-00 00:00:00'),
(763, 1, 99, '2011-03-29 14:22:16', '0000-00-00', '0000-00-00 00:00:00'),
(764, 1, 99, '2011-03-29 14:22:16', '0000-00-00', '0000-00-00 00:00:00'),
(765, 1, 99, '2011-03-29 14:22:16', '0000-00-00', '0000-00-00 00:00:00'),
(766, 1, 99, '2011-03-29 14:22:16', '0000-00-00', '0000-00-00 00:00:00'),
(767, 1, 100, '2011-03-29 14:22:16', '0000-00-00', '0000-00-00 00:00:00'),
(768, 1, 101, '2011-03-29 14:22:16', '0000-00-00', '0000-00-00 00:00:00'),
(769, 1, 101, '2011-03-29 14:22:16', '2011-06-20', '0000-00-00 00:00:00'),
(770, 1, 101, '2011-03-29 14:22:16', '0000-00-00', '0000-00-00 00:00:00'),
(771, 1, 101, '2011-03-29 14:22:16', '0000-00-00', '0000-00-00 00:00:00'),
(772, 1, 101, '2011-03-29 14:22:16', '0000-00-00', '0000-00-00 00:00:00'),
(773, 1, 101, '2011-03-29 14:22:16', '0000-00-00', '0000-00-00 00:00:00'),
(774, 1, 101, '2011-03-29 14:22:16', '0000-00-00', '0000-00-00 00:00:00'),
(775, 1, 101, '2011-03-29 14:22:16', '0000-00-00', '0000-00-00 00:00:00'),
(776, 1, 101, '2011-03-29 14:22:16', '0000-00-00', '0000-00-00 00:00:00'),
(777, 1, 101, '2011-03-29 14:22:16', '0000-00-00', '0000-00-00 00:00:00'),
(778, 1, 101, '2011-03-29 14:22:16', '0000-00-00', '0000-00-00 00:00:00'),
(779, 1, 101, '2011-03-29 14:22:16', '0000-00-00', '0000-00-00 00:00:00'),
(780, 1, 101, '2011-03-29 14:22:16', '0000-00-00', '0000-00-00 00:00:00'),
(781, 1, 101, '2011-03-29 14:22:16', '0000-00-00', '0000-00-00 00:00:00'),
(782, 1, 102, '2011-03-29 14:22:16', '0000-00-00', '0000-00-00 00:00:00'),
(783, 1, 102, '2011-03-29 14:22:16', '0000-00-00', '0000-00-00 00:00:00'),
(784, 1, 102, '2011-03-29 14:22:16', '0000-00-00', '0000-00-00 00:00:00'),
(785, 1, 102, '2011-03-29 14:22:16', '0000-00-00', '0000-00-00 00:00:00'),
(786, 1, 102, '2011-03-29 14:22:16', '0000-00-00', '0000-00-00 00:00:00'),
(787, 1, 103, '2011-03-29 14:22:16', '2011-12-02', '0000-00-00 00:00:00'),
(788, 1, 103, '2011-03-29 14:22:16', '0000-00-00', '0000-00-00 00:00:00'),
(789, 1, 103, '2011-03-29 14:22:16', '0000-00-00', '0000-00-00 00:00:00'),
(790, 1, 103, '2011-03-29 14:22:16', '0000-00-00', '0000-00-00 00:00:00'),
(791, 1, 103, '2011-03-29 14:22:16', '0000-00-00', '0000-00-00 00:00:00'),
(792, 1, 103, '2011-03-29 14:22:16', '0000-00-00', '0000-00-00 00:00:00'),
(793, 1, 103, '2011-03-29 14:22:16', '0000-00-00', '0000-00-00 00:00:00'),
(794, 1, 103, '2011-03-29 14:22:16', '0000-00-00', '0000-00-00 00:00:00'),
(795, 1, 103, '2011-03-29 14:22:16', '0000-00-00', '0000-00-00 00:00:00'),
(796, 1, 103, '2011-03-29 14:22:16', '2016-10-07', '0000-00-00 00:00:00'),
(797, 1, 103, '2011-03-29 14:22:16', '2014-12-08', '0000-00-00 00:00:00'),
(798, 1, 104, '2011-03-29 14:22:16', '0000-00-00', '0000-00-00 00:00:00'),
(799, 1, 104, '2011-03-29 14:22:16', '0000-00-00', '0000-00-00 00:00:00'),
(800, 1, 104, '2011-03-29 14:22:16', '0000-00-00', '0000-00-00 00:00:00'),
(801, 1, 104, '2011-03-29 14:22:16', '0000-00-00', '0000-00-00 00:00:00'),
(802, 1, 104, '2011-03-29 14:22:16', '0000-00-00', '0000-00-00 00:00:00'),
(803, 1, 104, '2011-03-29 14:22:16', '0000-00-00', '0000-00-00 00:00:00'),
(804, 1, 104, '2011-03-29 14:22:16', '0000-00-00', '0000-00-00 00:00:00'),
(805, 1, 104, '2011-03-29 14:22:16', '0000-00-00', '0000-00-00 00:00:00'),
(806, 1, 104, '2011-03-29 14:22:16', '0000-00-00', '0000-00-00 00:00:00'),
(807, 1, 104, '2011-03-29 14:22:16', '0000-00-00', '0000-00-00 00:00:00'),
(808, 1, 104, '2011-03-29 14:22:16', '0000-00-00', '0000-00-00 00:00:00'),
(809, 1, 105, '2011-03-29 14:22:16', '0000-00-00', '0000-00-00 00:00:00'),
(810, 1, 105, '2011-03-29 14:22:16', '0000-00-00', '0000-00-00 00:00:00'),
(811, 1, 105, '2011-03-29 14:22:16', '0000-00-00', '0000-00-00 00:00:00'),
(812, 1, 106, '2011-03-29 14:22:16', '0000-00-00', '0000-00-00 00:00:00'),
(813, 1, 106, '2011-03-29 14:22:16', '0000-00-00', '0000-00-00 00:00:00'),
(814, 1, 106, '2011-03-29 14:22:16', '0000-00-00', '0000-00-00 00:00:00'),
(815, 1, 106, '2011-03-29 14:22:16', '0000-00-00', '0000-00-00 00:00:00'),
(816, 1, 106, '2011-03-29 14:22:16', '0000-00-00', '0000-00-00 00:00:00'),
(817, 1, 106, '2011-03-29 14:22:16', '0000-00-00', '0000-00-00 00:00:00'),
(818, 1, 106, '2011-03-29 14:22:16', '0000-00-00', '0000-00-00 00:00:00'),
(819, 1, 106, '2011-03-29 14:22:16', '0000-00-00', '0000-00-00 00:00:00'),
(820, 1, 106, '2011-03-29 14:22:16', '2015-03-10', '0000-00-00 00:00:00'),
(821, 1, 106, '2011-03-29 14:22:16', '0000-00-00', '0000-00-00 00:00:00'),
(822, 1, 106, '2011-03-29 14:22:16', '0000-00-00', '0000-00-00 00:00:00'),
(823, 1, 106, '2011-03-29 14:22:16', '0000-00-00', '0000-00-00 00:00:00'),
(824, 1, 106, '2011-03-29 14:22:16', '0000-00-00', '0000-00-00 00:00:00'),
(825, 1, 107, '2011-03-29 14:22:16', '0000-00-00', '0000-00-00 00:00:00'),
(826, 1, 107, '2011-03-29 14:22:16', '0000-00-00', '0000-00-00 00:00:00'),
(827, 1, 107, '2011-03-29 14:22:16', '0000-00-00', '0000-00-00 00:00:00'),
(828, 1, 107, '2011-03-29 14:22:16', '2016-09-01', '0000-00-00 00:00:00'),
(829, 1, 107, '2011-03-29 14:22:16', '0000-00-00', '0000-00-00 00:00:00'),
(830, 1, 107, '2011-03-29 14:22:16', '0000-00-00', '0000-00-00 00:00:00'),
(831, 1, 108, '2011-03-29 14:22:16', '0000-00-00', '0000-00-00 00:00:00'),
(832, 1, 108, '2011-03-29 14:22:16', '0000-00-00', '0000-00-00 00:00:00'),
(833, 1, 108, '2011-03-29 14:22:16', '0000-00-00', '0000-00-00 00:00:00'),
(834, 1, 108, '2011-03-29 14:22:16', '0000-00-00', '0000-00-00 00:00:00'),
(835, 1, 108, '2011-03-29 14:22:16', '0000-00-00', '0000-00-00 00:00:00'),
(836, 1, 108, '2011-03-29 14:22:16', '0000-00-00', '0000-00-00 00:00:00'),
(837, 1, 108, '2011-03-29 14:22:16', '0000-00-00', '0000-00-00 00:00:00'),
(838, 1, 108, '2011-03-29 14:22:16', '0000-00-00', '0000-00-00 00:00:00'),
(839, 1, 108, '2011-03-29 14:22:16', '0000-00-00', '0000-00-00 00:00:00'),
(840, 1, 108, '2011-03-29 14:22:16', '0000-00-00', '0000-00-00 00:00:00'),
(841, 1, 108, '2011-03-29 14:22:16', '0000-00-00', '0000-00-00 00:00:00'),
(842, 1, 108, '2011-03-29 14:22:16', '0000-00-00', '0000-00-00 00:00:00'),
(843, 1, 109, '2011-03-29 14:22:16', '0000-00-00', '0000-00-00 00:00:00'),
(844, 1, 109, '2011-03-29 14:22:16', '0000-00-00', '0000-00-00 00:00:00'),
(845, 1, 109, '2011-03-29 14:22:16', '0000-00-00', '0000-00-00 00:00:00'),
(846, 1, 109, '2011-03-29 14:22:16', '0000-00-00', '0000-00-00 00:00:00');
INSERT INTO `referentiel_nature_categorie` (`idNature`, `id_referentiel`, `id_categorie`, `Date_Debut`, `Date_Modif`, `Date_Fin`) VALUES
(847, 1, 109, '2011-03-29 14:22:16', '0000-00-00', '0000-00-00 00:00:00'),
(848, 1, 109, '2011-03-29 14:22:16', '0000-00-00', '0000-00-00 00:00:00'),
(849, 1, 110, '2011-03-29 14:22:16', '0000-00-00', '0000-00-00 00:00:00'),
(850, 1, 110, '2011-03-29 14:22:16', '0000-00-00', '0000-00-00 00:00:00'),
(851, 1, 110, '2011-03-29 14:22:16', '0000-00-00', '0000-00-00 00:00:00'),
(852, 1, 110, '2011-03-29 14:22:16', '0000-00-00', '0000-00-00 00:00:00'),
(853, 1, 110, '2011-03-29 14:22:16', '0000-00-00', '0000-00-00 00:00:00'),
(854, 1, 110, '2011-03-29 14:22:16', '0000-00-00', '0000-00-00 00:00:00'),
(855, 1, 110, '2011-03-29 14:22:16', '0000-00-00', '0000-00-00 00:00:00'),
(856, 1, 110, '2011-03-29 14:22:16', '0000-00-00', '0000-00-00 00:00:00'),
(857, 1, 110, '2011-03-29 14:22:16', '0000-00-00', '0000-00-00 00:00:00'),
(858, 1, 110, '2011-03-29 14:22:16', '0000-00-00', '0000-00-00 00:00:00'),
(859, 1, 110, '2011-03-29 14:22:16', '0000-00-00', '0000-00-00 00:00:00'),
(860, 1, 110, '2011-03-29 14:22:16', '0000-00-00', '0000-00-00 00:00:00'),
(861, 1, 110, '2011-03-29 14:22:16', '0000-00-00', '0000-00-00 00:00:00'),
(862, 1, 110, '2011-03-29 14:22:16', '0000-00-00', '0000-00-00 00:00:00'),
(863, 1, 110, '2011-03-29 14:22:16', '0000-00-00', '0000-00-00 00:00:00'),
(864, 1, 110, '2011-03-29 14:22:16', '0000-00-00', '0000-00-00 00:00:00'),
(865, 1, 110, '2011-03-29 14:22:16', '0000-00-00', '0000-00-00 00:00:00'),
(866, 1, 110, '2011-03-29 14:22:16', '0000-00-00', '0000-00-00 00:00:00'),
(867, 1, 110, '2011-03-29 14:22:16', '0000-00-00', '0000-00-00 00:00:00'),
(868, 1, 110, '2011-03-29 14:22:16', '0000-00-00', '0000-00-00 00:00:00'),
(869, 1, 110, '2011-03-29 14:22:16', '0000-00-00', '0000-00-00 00:00:00'),
(870, 1, 110, '2011-03-29 14:22:16', '0000-00-00', '0000-00-00 00:00:00'),
(871, 1, 110, '2011-03-29 14:22:16', '0000-00-00', '0000-00-00 00:00:00'),
(872, 1, 110, '2011-03-29 14:22:16', '0000-00-00', '0000-00-00 00:00:00'),
(873, 1, 110, '2011-03-29 14:22:16', '0000-00-00', '0000-00-00 00:00:00'),
(874, 1, 110, '2011-03-29 14:22:16', '0000-00-00', '0000-00-00 00:00:00'),
(875, 1, 110, '2011-03-29 14:22:16', '0000-00-00', '0000-00-00 00:00:00'),
(876, 1, 110, '2011-03-29 14:22:16', '0000-00-00', '0000-00-00 00:00:00'),
(877, 1, 111, '2011-03-29 14:22:16', '0000-00-00', '0000-00-00 00:00:00'),
(878, 1, 111, '2011-03-29 14:22:16', '0000-00-00', '0000-00-00 00:00:00'),
(879, 1, 111, '2011-03-29 14:22:16', '0000-00-00', '0000-00-00 00:00:00'),
(880, 1, 111, '2011-03-29 14:22:16', '0000-00-00', '0000-00-00 00:00:00'),
(881, 1, 111, '2011-03-29 14:22:16', '2014-04-08', '0000-00-00 00:00:00'),
(882, 1, 111, '2011-03-29 14:22:16', '0000-00-00', '0000-00-00 00:00:00'),
(883, 1, 111, '2011-03-29 14:22:16', '0000-00-00', '0000-00-00 00:00:00'),
(884, 1, 111, '2011-03-29 14:22:16', '0000-00-00', '0000-00-00 00:00:00'),
(885, 1, 111, '2011-03-29 14:22:16', '0000-00-00', '0000-00-00 00:00:00'),
(886, 1, 111, '2011-03-29 14:22:16', '0000-00-00', '0000-00-00 00:00:00'),
(887, 1, 111, '2011-03-29 14:22:16', '2015-03-10', '0000-00-00 00:00:00'),
(888, 1, 111, '2011-03-29 14:22:16', '0000-00-00', '0000-00-00 00:00:00'),
(889, 1, 111, '2011-03-29 14:22:16', '2015-03-12', '0000-00-00 00:00:00'),
(890, 1, 111, '2011-03-29 14:22:16', '0000-00-00', '0000-00-00 00:00:00'),
(891, 1, 112, '2011-03-29 14:22:16', '0000-00-00', '0000-00-00 00:00:00'),
(892, 1, 112, '2011-03-29 14:22:16', '0000-00-00', '0000-00-00 00:00:00'),
(893, 1, 112, '2011-03-29 14:22:16', '0000-00-00', '0000-00-00 00:00:00'),
(894, 1, 112, '2011-03-29 14:22:16', '0000-00-00', '0000-00-00 00:00:00'),
(895, 1, 112, '2011-03-29 14:22:16', '0000-00-00', '0000-00-00 00:00:00'),
(896, 1, 113, '2011-03-29 14:22:16', '0000-00-00', '0000-00-00 00:00:00'),
(897, 1, 113, '2011-03-29 14:22:16', '0000-00-00', '0000-00-00 00:00:00'),
(898, 1, 113, '2011-03-29 14:22:16', '0000-00-00', '0000-00-00 00:00:00'),
(899, 1, 113, '2011-03-29 14:22:16', '0000-00-00', '0000-00-00 00:00:00'),
(900, 1, 113, '2011-03-29 14:22:16', '0000-00-00', '0000-00-00 00:00:00'),
(901, 1, 113, '2011-03-29 14:22:16', '0000-00-00', '0000-00-00 00:00:00'),
(902, 1, 113, '2011-03-29 14:22:16', '0000-00-00', '0000-00-00 00:00:00'),
(903, 1, 113, '2011-03-29 14:22:16', '0000-00-00', '0000-00-00 00:00:00'),
(904, 1, 113, '2011-03-29 14:22:16', '0000-00-00', '0000-00-00 00:00:00'),
(905, 1, 113, '2011-03-29 14:22:16', '0000-00-00', '0000-00-00 00:00:00'),
(906, 1, 114, '2011-03-29 14:22:16', '0000-00-00', '0000-00-00 00:00:00'),
(907, 1, 114, '2011-03-29 14:22:16', '0000-00-00', '0000-00-00 00:00:00'),
(908, 1, 114, '2011-03-29 14:22:16', '0000-00-00', '0000-00-00 00:00:00'),
(909, 1, 114, '2011-03-29 14:22:16', '0000-00-00', '0000-00-00 00:00:00'),
(910, 1, 114, '2011-03-29 14:22:16', '0000-00-00', '0000-00-00 00:00:00'),
(911, 1, 115, '2011-03-29 14:22:16', '0000-00-00', '0000-00-00 00:00:00'),
(912, 1, 115, '2011-03-29 14:22:16', '0000-00-00', '0000-00-00 00:00:00'),
(913, 1, 115, '2011-03-29 14:22:16', '0000-00-00', '0000-00-00 00:00:00'),
(914, 1, 115, '2011-03-29 14:22:16', '0000-00-00', '0000-00-00 00:00:00'),
(915, 1, 115, '2011-03-29 14:22:16', '0000-00-00', '0000-00-00 00:00:00'),
(916, 1, 115, '2011-03-29 14:22:16', '0000-00-00', '0000-00-00 00:00:00'),
(1219, 1, 40, '2011-04-05 16:04:03', '0000-00-00', '0000-00-00 00:00:00'),
(1220, 1, 64, '2011-12-12 17:19:24', '0000-00-00', '0000-00-00 00:00:00'),
(1221, 1, 106, '2011-12-12 17:45:14', '0000-00-00', '0000-00-00 00:00:00'),
(1223, 1, 85, '2013-01-09 14:12:07', '2013-01-09', '2013-01-09 14:15:25'),
(1224, 1, 115, '2013-02-28 14:29:22', '2013-02-28', '0000-00-00 00:00:00'),
(1226, 1, 115, '2013-03-26 10:17:45', '2013-03-26', '0000-00-00 00:00:00'),
(1227, 1, 28, '2013-03-26 10:58:41', '2015-02-25', '0000-00-00 00:00:00'),
(1229, 1, 27, '2015-01-05 16:20:00', '0000-00-00', '0000-00-00 00:00:00'),
(1230, 1, 107, '2015-01-16 18:30:57', '2015-02-24', '0000-00-00 00:00:00'),
(1231, 1, 107, '2015-02-24 12:49:26', '0000-00-00', '0000-00-00 00:00:00'),
(1232, 1, 70, '2015-02-27 18:01:40', '2015-03-03', '2015-03-09 11:35:06'),
(1233, 1, 111, '2015-03-10 15:33:25', '2015-03-10', '0000-00-00 00:00:00'),
(1234, 1, 111, '2015-03-12 16:10:16', '0000-00-00', '0000-00-00 00:00:00'),
(1234, 1, 113, '2015-03-12 16:03:43', '0000-00-00', '2015-03-12 16:10:16'),
(1240, 1, 106, '2015-04-14 14:41:03', '0000-00-00', '2015-04-14 14:51:40'),
(1240, 1, 111, '2015-04-14 14:51:40', '0000-00-00', '0000-00-00 00:00:00'),
(1242, 1, 20, '2015-07-13 15:49:53', '0000-00-00', '0000-00-00 00:00:00'),
(1242, 1, 27, '2015-07-13 15:35:15', '2015-07-13', '2015-07-13 15:49:53'),
(1243, 1, 27, '2015-07-13 15:51:54', '2015-09-10', '0000-00-00 00:00:00'),
(1246, 1, 59, '2016-05-26 13:30:49', '0000-00-00', '0000-00-00 00:00:00'),
(1247, 1, 105, '2016-06-07 16:03:53', '2016-06-07', '0000-00-00 00:00:00'),
(1248, 1, 28, '2016-09-01 14:59:06', '2016-09-01', '0000-00-00 00:00:00');

-- --------------------------------------------------------

--
-- Structure de la table `referentiel_security_actionrisques`
--

