CREATE TABLE `indicateurs_gestion` (
  `idGestion` mediumint(9) NOT NULL,
  `idOrga` varchar(250) NOT NULL,
  `id_ind` mediumint(8) NOT NULL,
  `frequency` mediumint(8) DEFAULT '0',
  `dashboardFrequency` mediumint(8) NOT NULL,
  `pertinence` varchar(20) DEFAULT '0',
  `target` varchar(50) DEFAULT '',
  `deadline` datetime NOT NULL DEFAULT '0000-00-00 00:00:00',
  `Date_Debut` datetime NOT NULL DEFAULT '0000-00-00 00:00:00',
  `Date_Modif` date NOT NULL DEFAULT '0000-00-00',
  `Date_Fin` datetime NOT NULL DEFAULT '0000-00-00 00:00:00',
  `Affecte` binary(1) NOT NULL DEFAULT 't'
) ENGINE=InnoDB DEFAULT CHARSET=utf8;

--
-- Déchargement des données de la table `indicateurs_gestion`
--

INSERT INTO `indicateurs_gestion` (`idGestion`, `idOrga`, `id_ind`, `frequency`, `dashboardFrequency`, `pertinence`, `target`, `deadline`, `Date_Debut`, `Date_Modif`, `Date_Fin`, `Affecte`) VALUES
(10, '21//1-2-3-4//1[1]1-2[2]1-2-3[44]', 2, 4, 3, '1', '10', '2031-12-21 12:56:15', '2021-06-25 12:59:41', '0000-00-00', '0000-00-00 00:00:00', 0x74),
(11, '42//1-2-3-4//1[1]1-2[2]1-2-3[44]', 2, 4, 3, '1', '10', '2031-12-21 12:56:15', '2021-06-25 12:59:42', '0000-00-00', '0000-00-00 00:00:00', 0x74),
(12, '11//1-2-3-4//1[1]1-2[2]1-2-3[44]', 2, 4, 3, '1', '10', '2031-12-21 12:56:15', '2021-06-25 12:59:42', '0000-00-00', '0000-00-00 00:00:00', 0x74),
(13, '22//1-2-3-4//1[1]1-2[2]1-2-3[44]', 2, 4, 3, '1', '10', '2031-12-21 12:56:15', '2021-06-25 12:59:42', '0000-00-00', '0000-00-00 00:00:00', 0x74),
(14, '24//1-2-3-4//1[1]1-2[2]1-2-3[44]', 2, 4, 3, '1', '10', '2031-12-21 12:56:15', '2021-06-25 12:59:43', '0000-00-00', '0000-00-00 00:00:00', 0x74),
(21, '1//1//', 11, 4, 3, '2', '10', '2031-12-23 14:46:28', '2023-07-18 14:47:49', '0000-00-00', '2024-07-01 09:34:50', 0x74),
(22, '1//1//', 11, 4, 3, '2', '10', '2023-12-31 14:46:28', '2024-07-01 09:34:50', '0000-00-00', '2024-07-01 09:35:24', 0x74),
(23, '1//1//', 11, 4, 3, '2', '10', '2031-12-23 14:46:28', '2024-07-01 09:35:24', '0000-00-00', '0000-00-00 00:00:00', 0x74);

-- --------------------------------------------------------

--
-- Structure de la table `indicateurs_saisie`
--

CREATE TABLE `indicateurs_saisie` (
  `idIndSaisie` mediumint(8) NOT NULL,
  `idOrga` varchar(250) NOT NULL,
  `idIndicateur` mediumint(8) NOT NULL,
  `score` decimal(10,2) NOT NULL,
  `idDashboardScore` int(11) NOT NULL,
  `periode` varchar(250) NOT NULL,
  `typeNature` int(11) NOT NULL DEFAULT '0',
  `typResIden` varchar(10) NOT NULL DEFAULT 'ACT',
  `date_debut` datetime NOT NULL,
  `date_fin` datetime NOT NULL,
  `idUserModif` int(11) NOT NULL
) ENGINE=InnoDB DEFAULT CHARSET=utf8;

--
-- Déchargement des données de la table `indicateurs_saisie`
--

INSERT INTO `indicateurs_saisie` (`idIndSaisie`, `idOrga`, `idIndicateur`, `score`, `idDashboardScore`, `periode`, `typeNature`, `typResIden`, `date_debut`, `date_fin`, `idUserModif`) VALUES
(1, '1//1//', 11, 1.00, 19, '2025M01', 4, 'ACT', '2025-01-29 09:54:40', '0000-00-00 00:00:00', 174),
(2, '1//1//', 13, 0.08, 20, '2025M01', 4, 'ACT', '2025-01-29 09:54:40', '0000-00-00 00:00:00', 174),
(3, '1//1//', 11, 3.00, 19, '2025M01', 4, 'ACT', '2025-01-29 09:54:50', '0000-00-00 00:00:00', 174),
(4, '1//1//', 13, 0.08, 20, '2025M01', 4, 'ACT', '2025-01-29 09:54:50', '0000-00-00 00:00:00', 174),
(5, '1//1//', 11, 7.00, 21, '2025M01', 2, 'ACT', '2025-01-29 09:55:19', '0000-00-00 00:00:00', 174),
(6, '1//1//', 13, 0.58, 20, '2025M01', 2, 'ACT', '2025-01-29 09:55:19', '0000-00-00 00:00:00', 174),
(7, '1//1//', 11, 10.00, 21, '2025M01', 2, 'ACT', '2025-01-29 09:55:28', '0000-00-00 00:00:00', 174),
(8, '1//1//', 13, 0.58, 20, '2025M01', 2, 'ACT', '2025-01-29 09:55:28', '0000-00-00 00:00:00', 174);

-- --------------------------------------------------------

--
-- Structure de la table `indicateur_dashboard_frequency`
--

CREATE TABLE `indicateur_dashboard_frequency` (
  `idDashboardScore` mediumint(8) NOT NULL,
  `idOrga` varchar(250) NOT NULL,
  `idIndicateur` mediumint(8) NOT NULL,
  `dashboardScore` decimal(10,2) NOT NULL,
  `periode` varchar(250) NOT NULL,
  `typeNature` int(11) NOT NULL DEFAULT '0'
) ENGINE=InnoDB DEFAULT CHARSET=utf8;

--
-- Déchargement des données de la table `indicateur_dashboard_frequency`
--

INSERT INTO `indicateur_dashboard_frequency` (`idDashboardScore`, `idOrga`, `idIndicateur`, `dashboardScore`, `periode`, `typeNature`) VALUES
(6, '48//1-2-3//1[45]1-2[52]', 3, 2.00, '2020M12', 2),
(7, '21//1-2-3-4//1[1]1-2[2]1-2-3[44]', 2, 9.00, '2021Q02', 4),
(8, '21//1-2-3-4//1[1]1-2[2]1-2-3[44]', 2, 10.00, '2021Q01', 4),
(11, '21//1-2-3-4//1[1]1-2[2]1-2-3[44]', 2, 10.00, '2021Q04', 4),
(12, '1//1//', 11, 15.00, '2023Q03', 4),
(14, '1//1//', 11, 37.00, '2023Q02', 4),
(19, '1//1//', 11, 4.00, '2025Q01', 4),
(20, '1//1//', 13, 1.32, '2025Q01', 24),
(21, '1//1//', 11, 17.00, '2025Q01', 2);

-- --------------------------------------------------------

--
-- Structure de la table `indicateur_gestion_procedures`
--

CREATE TABLE `indicateur_gestion_procedures` (
  `idGestionSeuil` mediumint(8) NOT NULL,
  `id_procedure` mediumint(8) NOT NULL
) ENGINE=InnoDB DEFAULT CHARSET=utf8;

--
-- Déchargement des données de la table `indicateur_gestion_procedures`
--

INSERT INTO `indicateur_gestion_procedures` (`idGestionSeuil`, `id_procedure`) VALUES
(42, 2),
(27, 9),
(30, 9),
(33, 9),
(36, 9),
(39, 9),
(2, 22),
(3, 24);

-- --------------------------------------------------------

--
-- Structure de la table `indicateur_gestion_seuil`
--

CREATE TABLE `indicateur_gestion_seuil` (
  `idGestionSeuil` mediumint(9) NOT NULL,
  `idGestion` mediumint(9) NOT NULL,
  `idSeuil` mediumint(8) DEFAULT '0',
  `seuil_value` varchar(50) NOT NULL
) ENGINE=InnoDB DEFAULT CHARSET=utf8;

--
-- Déchargement des données de la table `indicateur_gestion_seuil`
--

INSERT INTO `indicateur_gestion_seuil` (`idGestionSeuil`, `idGestion`, `idSeuil`, `seuil_value`) VALUES
(1, 1, 1, '3'),
(2, 1, 2, '5'),
(3, 1, 3, '8'),
(4, 3, 1, '5'),
(5, 3, 2, '7'),
(6, 3, 3, '10'),
(7, 4, 1, '8'),
(8, 4, 2, '6'),
(9, 4, 3, '4'),
(10, 5, 1, '8'),
(11, 5, 2, '6'),
(12, 5, 3, '4'),
(13, 6, 1, '8'),
(14, 6, 2, '6'),
(15, 6, 3, '4'),
(16, 7, 1, '8'),
(17, 7, 2, '6'),
(18, 7, 3, '4'),
(19, 8, 1, '8'),
(20, 8, 2, '6'),
(21, 8, 3, '4'),
(22, 9, 1, '8'),
(23, 9, 2, '6'),
(24, 9, 3, '4'),
(25, 10, 1, '5'),
(26, 10, 2, '10'),
(27, 10, 3, '15'),
(28, 11, 1, '5'),
(29, 11, 2, '10'),
(30, 11, 3, '15'),
(31, 12, 1, '5'),
(32, 12, 2, '10'),
(33, 12, 3, '15'),
(34, 13, 1, '5'),
(35, 13, 2, '10'),
(36, 13, 3, '15'),
(37, 14, 1, '5'),
(38, 14, 2, '10'),
(39, 14, 3, '15'),
(40, 15, 1, '8'),
(41, 15, 2, '6'),
(42, 15, 3, '4'),
(43, 21, 1, ''),
(44, 21, 2, ''),
(45, 22, 1, '10'),
(46, 22, 2, '20'),
(47, 23, 1, '10'),
(48, 23, 2, '20'),
(49, 23, 3, '30');

-- --------------------------------------------------------

--
-- Structure de la table `indicateur_link_objectifs`
--

CREATE TABLE `indicateur_link_objectifs` (
  `id` int(11) NOT NULL,
  `idObjectif` int(11) NOT NULL,
  `idIndicateur` int(11) NOT NULL
) ENGINE=InnoDB DEFAULT CHARSET=utf8;

--
-- Déchargement des données de la table `indicateur_link_objectifs`
--

INSERT INTO `indicateur_link_objectifs` (`id`, `idObjectif`, `idIndicateur`) VALUES
(10, 2, 1),
(3, 1, 2),
(11, 1, 3),
(12, 1, 4),
(4, 2, 5),
(6, 1, 6),
(9, 1, 7),
(7, 2, 8),
(5, 2, 9),
(8, 1, 11),
(2, 1, 12),
(13, 1, 13);

-- --------------------------------------------------------

--
-- Structure de la table `indicateur_nature`
--

CREATE TABLE `indicateur_nature` (
  `idNature` int(11) NOT NULL,
  `nature` varchar(100) NOT NULL,
  `ordre` int(11) NOT NULL
) ENGINE=InnoDB DEFAULT CHARSET=utf8;

--
-- Déchargement des données de la table `indicateur_nature`
--

INSERT INTO `indicateur_nature` (`idNature`, `nature`, `ordre`) VALUES
(1, 'Numerique', 1),
(2, 'Booléen', 2),
(3, 'Pointeur', 3),
(4, 'Alpha-numerique', 4),
(5, 'Combination d\'Indicateurs', 5),
(6, 'Pourcentage', 6),
(7, 'Pourcentage', 6),
(8, 'Pourcentage', 6),
(9, 'Pourcentage', 6),
(10, 'Pourcentage', 6),
(11, 'Pourcentage', 6),
(12, 'Pourcentage', 6),
(13, 'Pourcentage', 6);

-- --------------------------------------------------------

--
-- Structure de la table `indicateur_objectifs`
--

CREATE TABLE `indicateur_objectifs` (
  `idObjectif` int(11) NOT NULL,
  `codeObjectif` varchar(40) NOT NULL,
  `libelle` varchar(100) NOT NULL,
  `description` mediumtext NOT NULL,
  `typ_iden` varchar(5) NOT NULL DEFAULT 'SPE',
  `date_debut` datetime NOT NULL DEFAULT '0000-00-00 00:00:00',
  `date_modif` datetime NOT NULL DEFAULT '0000-00-00 00:00:00',
  `date_fin` datetime NOT NULL DEFAULT '0000-00-00 00:00:00',
  `affecte` binary(1) NOT NULL DEFAULT 't'
) ENGINE=InnoDB DEFAULT CHARSET=utf8;

--
-- Déchargement des données de la table `indicateur_objectifs`
--

INSERT INTO `indicateur_objectifs` (`idObjectif`, `codeObjectif`, `libelle`, `description`, `typ_iden`, `date_debut`, `date_modif`, `date_fin`, `affecte`) VALUES
(1, 'obj1', 'stratégique', '', 'SPE', '2020-12-28 08:03:48', '0000-00-00 00:00:00', '0000-00-00 00:00:00', 0x74),
(2, 'obj2', 'Métier2', 'object', 'SPE', '2022-03-23 07:40:17', '0000-00-00 00:00:00', '0000-00-00 00:00:00', 0x74);

-- --------------------------------------------------------

--
-- Structure de la table `indicateur_typenature`
--

CREATE TABLE `indicateur_typenature` (
  `idIndicateur` mediumint(8) NOT NULL DEFAULT '0',
  `id_typenature` varchar(50) NOT NULL,
  `date_debut` datetime NOT NULL,
  `date_modif` date DEFAULT '0000-00-00',
  `date_fin` datetime NOT NULL DEFAULT '0000-00-00 00:00:00'
) ENGINE=InnoDB DEFAULT CHARSET=utf8;

--
-- Déchargement des données de la table `indicateur_typenature`
--

INSERT INTO `indicateur_typenature` (`idIndicateur`, `id_typenature`, `date_debut`, `date_modif`, `date_fin`) VALUES
(1, '4', '2020-01-07 14:14:55', '0000-00-00', '2024-07-01 09:33:36'),
(1, '4', '2024-07-01 09:33:36', '0000-00-00', '0000-00-00 00:00:00'),
(2, '4', '2022-03-23 08:40:53', '0000-00-00', '2024-07-01 09:32:28'),
(2, '4', '2024-07-01 09:32:28', '0000-00-00', '0000-00-00 00:00:00'),
(3, '4', '2020-01-20 12:32:48', '0000-00-00', '2024-07-01 09:33:44'),
(3, '4', '2024-07-01 09:33:44', '0000-00-00', '0000-00-00 00:00:00'),
(4, '4', '2021-06-25 14:06:50', '0000-00-00', '2024-07-01 09:33:50'),
(4, '4', '2024-07-01 09:33:50', '0000-00-00', '0000-00-00 00:00:00'),
(5, '4', '2022-03-23 08:42:15', '0000-00-00', '2024-07-01 09:32:48'),
(5, '4', '2024-07-01 09:32:48', '0000-00-00', '0000-00-00 00:00:00'),
(6, '4', '2021-07-05 08:39:43', '0000-00-00', '2024-07-01 09:33:05'),
(6, '4', '2024-07-01 09:33:05', '0000-00-00', '0000-00-00 00:00:00'),
(7, '4', '2021-07-05 08:40:07', '0000-00-00', '2024-07-01 09:33:29'),
(7, '4', '2024-07-01 09:33:29', '0000-00-00', '0000-00-00 00:00:00'),
(8, '4', '2021-07-05 08:40:30', '0000-00-00', '2024-07-01 09:33:12'),
(8, '4', '2024-07-01 09:33:12', '0000-00-00', '0000-00-00 00:00:00'),
(9, '4', '2021-07-05 08:40:46', '0000-00-00', '2024-07-01 09:32:56'),
(9, '4', '2024-07-01 09:32:56', '0000-00-00', '0000-00-00 00:00:00'),
(10, '2', '2021-12-07 11:49:27', '0000-00-00', '0000-00-00 00:00:00'),
(11, '4', '2022-03-21 12:21:58', '0000-00-00', '2024-07-01 09:33:22'),
(11, '4', '2024-07-01 09:33:22', '0000-00-00', '0000-00-00 00:00:00'),
(12, '3', '2023-06-05 00:14:00', '0000-00-00', '0000-00-00 00:00:00'),
(13, '1', '2023-07-18 14:40:52', '0000-00-00', '2024-07-01 09:34:01'),
(13, '1', '2024-07-01 09:34:01', '0000-00-00', '0000-00-00 00:00:00'),
(13, '2', '2023-07-18 14:40:52', '0000-00-00', '2024-07-01 09:34:01'),
(13, '2', '2024-07-01 09:34:01', '0000-00-00', '0000-00-00 00:00:00'),
(13, '3', '2023-07-18 14:40:52', '0000-00-00', '2024-07-01 09:34:01'),
(13, '3', '2024-07-01 09:34:01', '0000-00-00', '0000-00-00 00:00:00'),
(13, '4', '2023-07-18 14:40:52', '0000-00-00', '2024-07-01 09:34:01'),
(13, '4', '2024-07-01 09:34:01', '0000-00-00', '0000-00-00 00:00:00'),
(13, '5', '2023-07-18 14:40:52', '0000-00-00', '2024-07-01 09:34:01'),
(13, '5', '2024-07-01 09:34:01', '0000-00-00', '0000-00-00 00:00:00');

-- --------------------------------------------------------

--
-- Structure de la table `indicatorlimits`
--

CREATE TABLE `indicatorlimits` (
  `id_indicatorlimits` mediumint(8) UNSIGNED NOT NULL,
  `indicatorlimits_code` varchar(20) NOT NULL,
  `indicatorlimits_libelle` varchar(40) NOT NULL DEFAULT '',
  `indicatorlimits_description` varchar(250) NOT NULL DEFAULT '',
  `indicatorlimits_date_debut` datetime NOT NULL,
  `indicatorlimits_date_modif` date DEFAULT '0000-00-00',
  `indicatorlimits_date_fin` datetime DEFAULT '0000-00-00 00:00:00',
  `indicatorlimits_type_iden` char(3) NOT NULL DEFAULT 'SPE',
  `codecouleur` varchar(10) NOT NULL,
  `indicatorlimits_rang` int(3) NOT NULL,
  `Affecte` binary(1) NOT NULL DEFAULT 't'
) ENGINE=InnoDB DEFAULT CHARSET=utf8;

--
-- Déchargement des données de la table `indicatorlimits`
--

INSERT INTO `indicatorlimits` (`id_indicatorlimits`, `indicatorlimits_code`, `indicatorlimits_libelle`, `indicatorlimits_description`, `indicatorlimits_date_debut`, `indicatorlimits_date_modif`, `indicatorlimits_date_fin`, `indicatorlimits_type_iden`, `codecouleur`, `indicatorlimits_rang`, `Affecte`) VALUES
(1, 'seuil 1', 'seuil 1', '', '2020-05-18 10:34:32', '0000-00-00', '0000-00-00 00:00:00', 'SPE', 'GREEN', 5, 0x74),
(2, 'seuil 2', 'seuil 2', '', '2020-01-07 14:13:44', '0000-00-00', '0000-00-00 00:00:00', 'SPE', 'ORANGE', 10, 0x74),
(3, 'seuil 3', 'seuil 3', '', '2020-01-07 14:14:03', '0000-00-00', '0000-00-00 00:00:00', 'SPE', 'RED', 15, 0x74);

-- --------------------------------------------------------

--
-- Structure de la table `indicecouverture`
--

CREATE TABLE `indicecouverture` (
  `id_indicecouverture` mediumint(8) UNSIGNED NOT NULL,
  `indicecouverture_code` varchar(20) NOT NULL,
  `indicecouverture_libelle` varchar(40) NOT NULL DEFAULT '',
  `indicecouverture_description` varchar(250) NOT NULL,
  `indicecouverture_type_iden` char(3) NOT NULL DEFAULT 'SPE',
  `id_typenature` int(11) NOT NULL DEFAULT '2',
  `indicecouverture_date_debut` datetime NOT NULL,
  `indicecouverture_date_modif` date DEFAULT '0000-00-00',
  `indicecouverture_date_fin` datetime DEFAULT '0000-00-00 00:00:00',
  `indicecouverture_codecouleur` varchar(10) NOT NULL,
  `indicecouverture_rang` int(3) NOT NULL,
  `Affecte` binary(1) NOT NULL DEFAULT 't'
) ENGINE=InnoDB DEFAULT CHARSET=utf8;

--
-- Déchargement des données de la table `indicecouverture`
--

INSERT INTO `indicecouverture` (`id_indicecouverture`, `indicecouverture_code`, `indicecouverture_libelle`, `indicecouverture_description`, `indicecouverture_type_iden`, `id_typenature`, `indicecouverture_date_debut`, `indicecouverture_date_modif`, `indicecouverture_date_fin`, `indicecouverture_codecouleur`, `indicecouverture_rang`, `Affecte`) VALUES
(1, '1', 'Contrôlé', '', 'SPE', 4, '2021-07-01 07:33:45', '0000-00-00', '0000-00-00 00:00:00', 'GREEN', 5, 0x74),
(2, '2', 'Partiellement Contrôlé', '', 'SPE', 4, '2021-07-01 07:34:24', '0000-00-00', '0000-00-00 00:00:00', 'ORANGE', 10, 0x74),
(3, '3', 'Non Contrôlé', '', 'SPE', 4, '2021-07-01 07:34:50', '0000-00-00', '0000-00-00 00:00:00', 'RED', 15, 0x74),
(4, '1', 'Contrôlé', '', 'SPE', 2, '2022-09-07 10:59:02', '0000-00-00', '0000-00-00 00:00:00', 'GREEN', 5, 0x74),
(5, '2', 'partiellement contrôlé', '', 'SPE', 2, '2022-09-07 10:59:25', '0000-00-00', '0000-00-00 00:00:00', 'ORANGE', 10, 0x74),
(6, '3', 'non controlé', '', 'SPE', 2, '2022-09-07 10:59:43', '0000-00-00', '0000-00-00 00:00:00', 'RED', 15, 0x74);

-- --------------------------------------------------------

--
-- Structure de la table `jalon`
--

CREATE TABLE `jalon` (
  `id_jalon` mediumint(8) UNSIGNED NOT NULL,
  `jalon_dt_debut` date NOT NULL DEFAULT '0000-00-00',
  `jalon_dt_fin_theo` date NOT NULL DEFAULT '0000-00-00',
  `jalon_dt_fin_reel` datetime NOT NULL DEFAULT '0000-00-00 00:00:00',
  `idTypecarto` mediumint(8) NOT NULL
) ENGINE=InnoDB DEFAULT CHARSET=utf8;

--
-- Déchargement des données de la table `jalon`
--

INSERT INTO `jalon` (`id_jalon`, `jalon_dt_debut`, `jalon_dt_fin_theo`, `jalon_dt_fin_reel`, `idTypecarto`) VALUES
(1, '2012-01-01', '2016-12-31', '0000-00-00 00:00:00', 1),
(12, '2022-01-01', '2023-12-17', '0000-00-00 00:00:00', 2),
(13, '2022-01-01', '2023-12-17', '0000-00-00 00:00:00', 3),
(14, '2022-01-01', '2023-12-17', '0000-00-00 00:00:00', 4);

-- --------------------------------------------------------

--
-- Structure de la table `ldap_mapping`
--

CREATE TABLE `ldap_mapping` (
  `ldap_field` varchar(250) NOT NULL,
  `directory_field` varchar(250) NOT NULL,
  `tablename` varchar(250) NOT NULL
) ENGINE=InnoDB DEFAULT CHARSET=utf8;

--
-- Déchargement des données de la table `ldap_mapping`
--

INSERT INTO `ldap_mapping` (`ldap_field`, `directory_field`, `tablename`) VALUES
('facsimiletelephonenumber', 'fax', 'annuaire_detail'),
('givenname', 'prenom', 'annuaire'),
('mail', 'mail_per', 'annuaire'),
('mobile', 'tel_mobile', 'annuaire_detail'),
('overRightFirstLastName', '', 'on'),
('samaccountname', 'pnom', 'annuaire'),
('sn', 'nom', 'annuaire'),
('useraccountcontrol', 'TypRes_Iden', 'annuaire'),
('userprincipalname', 'login', 'annuaire');

-- --------------------------------------------------------

--
-- Structure de la table `ldap_sync_filter`
--

CREATE TABLE `ldap_sync_filter` (
  `email` varchar(250) NOT NULL,
  `type` varchar(15) NOT NULL
) ENGINE=InnoDB DEFAULT CHARSET=utf8;

--
-- Déchargement des données de la table `ldap_sync_filter`
--

INSERT INTO `ldap_sync_filter` (`email`, `type`) VALUES
('BCADdAEjXA0BIFV2VjxTMFElURUHNlZkWjkHK1VpCW5Xbg==', 'ldapUser'),
('BCMAaAciC3BTclVkAHEBRAVnDGpWaVUrDGAAbV9t', 'ldapUser'),
('BCMAfAciC3FTZFVsAG4BZQVsDGRWZ1VqDHsAeV9lXGQENAhuBGMLZlAwA25XeVBtDjdQN1U1VCkAOwAyVDgLNwR9AGcHZwsyUzlVLABmATIFZgw6VjxVYQw7ADBfM1wxBDQINAQvC0VQYAM1VzhQew5tUDtVaw==', 'ldapUser'),
('BCMAYAcyC3BTc1VkAG4BZQVsDGRWRVVnDGEAbl8uXDcEPwhg', 'ldapUser'),
('BCMAZAc8CyhTdFVyAGYBdgVFDGpWZ1VpDC0AYV9vXDk=', 'ldapUser'),
('BCMAZgcwC2tTdFVyAGYBdgVFDGpWZ1VpDC0AYV9vXDk=', 'ldapUser'),
('BCMDbgE2XCABNlVxVjpTP1E/USEHJ1ZjWicHc1VjCWJXZgN1VkBfM1ZmBDxVeAdhBWpSOw==', 'ldapUser'),
('BCMDbgE2XCABNlVxVjpTP1E/USEHMFZnWiEHZFVoCWBXcANjVkBfM1ZmBDxVeAdhBWpSOw==', 'ldapUser'),
('BCMDbgE2XCABNlVxVjpTP1E/USEHNVZiWjgHbFVkCUFXYQNkVmxff1ZnBD9VOw==', 'ldapUser'),
('BCoAaAc3C0VTY1VjAG8BKgVmDGdWaA==', 'ldapUser'),
('BCoAaAc8C0VTY1VjAG8BKgVmDGdWaA==', 'ldapUser'),
('BCQAaAcwC2tTYFVmAGYBdgVFDGpWZ1VpDC0AYV9vXDk=', 'ldapUser'),
('BCQAbQc4C2tTQVVjAGEBaAUrDGtWalVo', 'ldapUser'),
('BCQAcAciC2BTc1VBAGEBZgVpDCZWZlVqDG4=', 'ldapUser'),
('BCQAdgckC3VTZFVzAHUBbQV2DGdWd1VFDGEAYF9sXHoEMwhiBD8=', 'ldapUser'),
('BCQAYAciC3FTLFV0AHABYQV3DEhWZ1VnDG8ALF9jXDsEPQ==', 'ldapUser'),
('BCQAYAciC3FTLFVyAHYBdAVgDHpWc1VsDHAAbV9yXBQEMghvBD4LK1BhAzhXOQ==', 'ldapUser'),
('BCYDbwEkXDsBJ1VuVidTZVERUTcHNlZqWnsHZlVlCWw=', 'ldapUser'),
('BD0AaAciC0VTY1VjAG8BKgVmDGdWaA==', 'ldapUser'),
('BD0AagcwC0VTY1VjAG8BKgVmDGdWaA==', 'ldapUser'),
('BD0AaQclC0VTY1VjAG8BKgVmDGdWaA==', 'ldapUser'),
('BD0AawcwC0VTY1VjAG8BKgVmDGdWaA==', 'ldapUser'),
('BD0AbQc+C0VTY1VjAG8BKgVmDGdWaA==', 'ldapUser'),
('BD0AcQc3C0VTY1VjAG8BKgVmDGdWaA==', 'ldapUser'),
('BD0AcQc8C0VTY1VjAG8BKgVmDGdWaA==', 'ldapUser'),
('BD0AcQcjC2RTaFVvAGYBYQU3DEhWZ1VnDG8ALF9jXDsEPQ==', 'ldapUser'),
('BD0Adgc5C0VTY1VjAG8BKgVmDGdWaA==', 'ldapUser'),
('BD0AdgcmC0VTY1VjAG8BKgVmDGdWaA==', 'ldapUser'),
('BD0Adwc3C0VTY1VjAG8BKgVmDGdWaA==', 'ldapUser'),
('BD0Adwc8C0VTY1VjAG8BKgVmDGdWaA==', 'ldapUser'),
('BD0AdwclC0VTY1VjAG8BKgVmDGdWaA==', 'ldapUser'),
('BD0AdwcmC0VTY1VjAG8BKgVmDGdWaA==', 'ldapUser'),
('BD0AYgc8C0VTY1VjAG8BKgVmDGdWaA==', 'ldapUser'),
('BD0AYwc8C0VTY1VjAG8BKgVmDGdWaA==', 'ldapUser'),
('BD0AZAc8C0VTY1VjAG8BKgVmDGdWaA==', 'ldapUser'),
('BD0AZAcjC0VTY1VjAG8BKgVmDGdWaA==', 'ldapUser'),
('BD0AZgcyC0VTY1VjAG8BKgVmDGdWaA==', 'ldapUser'),
('BD0AZwciC0VTY1VjAG8BKgVmDGdWaA==', 'ldapUser'),
('BD0DaAE6XBIBMVVjVjlTeFEyUToHOQ==', 'ldapUser'),
('BD0DaAEtXBIBMVVjVjlTeFEyUToHOQ==', 'ldapUser'),
('BD0DaAEuXBIBMVVjVjlTeFEyUToHOQ==', 'ldapUser'),
('BD0DaAExXBIBMVVjVjlTeFEyUToHOQ==', 'ldapUser'),
('BD0DaQE8XBIBMVVjVjlTeFEyUToHOQ==', 'ldapUser'),
('BD0DawE+XBIBMVVjVjlTeFEyUToHOQ==', 'ldapUser'),
('BD0DawElXBIBMVVjVjlTeFEyUToHOQ==', 'ldapUser'),
('BD0DawEvXBIBMVVjVjlTeFEyUToHOQ==', 'ldapUser'),
('BD0DbgE8XBIBMVVjVjlTeFEyUToHOQ==', 'ldapUser'),
('BD0DbgE9XBIBMVVjVjlTeFEyUToHOQ==', 'ldapUser'),
('BD0DbwE9XBIBMVVjVjlTeFEyUToHOQ==', 'ldapUser'),
('BD0DcgElXDMBOlVvVjBTM1FgURUHNlZkWjkHK1VpCW5Xbg==', 'ldapUser'),
('BD0DcQEzXBIBMVVjVjlTeFEyUToHOQ==', 'ldapUser'),
('BD0DdAE+XBIBMVVjVjlTeFEyUToHOQ==', 'ldapUser'),
('BD0DdAE4XBIBMVVjVjlTeFEyUToHOQ==', 'ldapUser'),
('BD0DdAE5XBIBMVVjVjlTeFEyUToHOQ==', 'ldapUser'),
('BD0DdAEkXBIBMVVjVjlTeFEyUToHOQ==', 'ldapUser'),
('BD0DdQElXBIBMVVjVjlTeFEyUToHOQ==', 'ldapUser'),
('BD0DdQExXBIBMVVjVjlTeFEyUToHOQ==', 'ldapUser'),
('BD0DfAEwXBIBMVVjVjlTeFEyUToHOQ==', 'ldapUser'),
('BD0DfwElXBIBMVVjVjlTeFEyUToHOQ==', 'ldapUser'),
('BD0DYAE4XBIBMVVjVjlTeFEyUToHOQ==', 'ldapUser'),
('BD0DZAEtXBIBMVVjVjlTeFEyUToHOQ==', 'ldapUser'),
('BD0DZwE/XBIBMVVjVjlTeFEyUToHOQ==', 'ldapUser'),
('BD8AdQc1C3BTclVkAHEBRAVnDGpWaVUrDGAAbV9t', 'ldapUser'),
('BD8AdQc1C3ZTdFVxAGYBdgVzDGFWdlVqDHEAQl9iXDYEPAgjBDELalBv', 'ldapUser'),
('BDEAcAckC3ZTZFVzAEMBZgVnDGRWK1VmDGwAbw==', 'ldapUser'),
('BDEAcAclC2pTbFVgAHcBYQVhDHpWYFV1DGwAcF90XCcEIwhoBDwLYVBnAyVXFFA3DmxQOFUoVGcAYABv', 'ldapUser'),
('BDEAcQcwC25TaFVgAGcBRAVnDGpWaVUrDGAAbV9t', 'ldapUser'),
('BDEAdgc3C0VTY1VjAG8BKgVmDGdWaA==', 'ldapUser'),
('BDEAdgc8C0VTY1VjAG8BKgVmDGdWaA==', 'ldapUser'),
('BDEAKwcrC2RTYFVzAGwBcQV3DEhWZ1VnDG8ALF9jXDsEPQ==', 'ldapUser'),
('BDgAdwciC3BTcVVkAHEBcgVsDHtWalV3DEMAYF9iXDgEfghuBD0LaA==', 'ldapUser'),
('BDgAdwckC3ZTZFVzAEMBZgVnDGRWK1VmDGwAbw==', 'ldapUser'),
('BDIAaAciC3BTcVVkAHEBcgVsDHtWalV3DEMAYF9iXDgEfghuBD0LaA==', 'ldapUser'),
('BDIAaAckC3ZTZFVzAEMBZgVnDGRWK1VmDGwAbw==', 'ldapUser'),
('BDIAdgckC3VTZFVzAHUBbQV2DGdWd1VFDGEAYF9sXHoEMwhiBD8=', 'ldapUser'),
('BDIAYAciC2RTZVVsAGoBagVFDGpWZ1VpDC0AYV9vXDk=', 'ldapUser'),
('BDIAZAcyC25TdFVxAHYBdwVgDHpWRVVnDGEAbl8uXDcEPwhg', 'ldapUser'),
('BDIDZAE7XD8BMlVoVjlTFlEzUTcHOFYoWjYHalVn', 'ldapUser'),
('BDIDZQEnXDMBN1VsVjxTOFERUTQHOFYrWjcHZFV4CWBXaANnVi5fMlZrBD0=', 'bcmUser'),
('BDkAZgckC3ZTZFVzAEMBZgVnDGRWK1VmDGwAbw==', 'ldapUser'),
('BDkDaAEjXDcBIVVvVjBTIlEkUSUHFFZkWjcHaVUkCWJXbANr', 'ldapUser'),
('BDMAbQc0C2ZTalVyAGwBdAVgDHpWZFVxDGwAcF9AXDYEMghhBHwLZlBtAzo=', 'ldapUser'),
('BDQAbAciC2ZTblV3AGYBdgV8DHtWYFVkDHEAYV9oXDkEMQhkBD4LZ1BtAy9XdFAuDmpQbVU3VD0AbQBjVDsLNgR9ADEHZwtkUzdVLAA3ATUFMAxuVihVPQwzAGNfZFx5BGcIaARiCzxQMQNkV2BQNw5sUGxVM1Q2AHIAQlRpC2EEPAArBzILalNs', 'ldapUser'),
('BDUAdAckC2RTdVVoAGwBagV2DH1WdVV1DGwAcF90XBQEMghvBD4LK1BhAzhXOQ==', 'ldapUser'),
('BDUAdgckC3VTZFVzAHUBbQV2DGdWd1VFDGEAYF9sXHoEMwhiBD8=', 'ldapUser'),
('BDUAfQd8C2RTdFVlAGoBcAVFDGpWZ1VpDC0AYV9vXDk=', 'ldapUser'),
('BDUAZwciC3BTclVkAHEBRAVnDGpWaVUrDGAAbV9t', 'ldapUser'),
('BDUAZwciC3ZTdFVxAGYBdgVzDGFWdlVqDHEAQl9iXDYEPAgjBDELalBv', 'ldapUser'),
('BDUAZwcwC3BTclVkAHEBRAVnDGpWaVUrDGAAbV9t', 'ldapUser'),
('BDYAaAciC0VTY1VjAG8BKgVmDGdWaA==', 'ldapUser'),
('BDYAaAcjC0VTY1VjAG8BKgVmDGdWaA==', 'ldapUser'),
('BDYAagcwC0VTY1VjAG8BKgVmDGdWaA==', 'ldapUser'),
('BDYAaQclC0VTY1VjAG8BKgVmDGdWaA==', 'ldapUser'),
('BDYAawcwC0VTY1VjAG8BKgVmDGdWaA==', 'ldapUser'),
('BDYAbQc+C0VTY1VjAG8BKgVmDGdWaA==', 'ldapUser'),
('BDYAbQcwC0VTY1VjAG8BKgVmDGdWaA==', 'ldapUser'),
('BDYAdgc5C0VTY1VjAG8BKgVmDGdWaA==', 'ldapUser'),
('BDYAdgcmC0VTY1VjAG8BKgVmDGdWaA==', 'ldapUser'),
('BDYAdwclC0VTY1VjAG8BKgVmDGdWaA==', 'ldapUser'),
('BDYAdwcmC0VTY1VjAG8BKgVmDGdWaA==', 'ldapUser'),
('BDYAYgc8C0VTY1VjAG8BKgVmDGdWaA==', 'ldapUser'),
('BDYAYwc8C0VTY1VjAG8BKgVmDGdWaA==', 'ldapUser'),
('BDYAZAcjC0VTY1VjAG8BKgVmDGdWaA==', 'ldapUser'),
('BDYAZgciC3BTcVVkAHEBcgVsDHtWalV3DEMAYF9iXDgEfghuBD0LaA==', 'ldapUser'),
('BDYAZgckC3ZTZFVzAEMBZgVnDGRWK1VmDGwAbw==', 'ldapUser'),
('BDYAZwciC0VTY1VjAG8BKgVmDGdWaA==', 'ldapUser'),
('BDYDaAE6XBIBMVVjVjlTeFEyUToHOQ==', 'ldapUser'),
('BDYDaAEtXBIBMVVjVjlTeFEyUToHOQ==', 'ldapUser'),
('BDYDaAEuXBIBMVVjVjlTeFEyUToHOQ==', 'ldapUser'),
('BDYDaAExXBIBMVVjVjlTeFEyUToHOQ==', 'ldapUser'),
('BDYDaQE/XBIBMVVjVjlTeFEyUToHOQ==', 'ldapUser'),
('BDYDaQE8XBIBMVVjVjlTeFEyUToHOQ==', 'ldapUser'),
('BDYDaQExXBIBMVVjVjlTeFEyUToHOQ==', 'ldapUser'),
('BDYDawE+XBIBMVVjVjlTeFEyUToHOQ==', 'ldapUser'),
('BDYDawEvXBIBMVVjVjlTeFEyUToHOQ==', 'ldapUser'),
('BDYDbgE8XBIBMVVjVjlTeFEyUToHOQ==', 'ldapUser'),
('BDYDbgE9XBIBMVVjVjlTeFEyUToHOQ==', 'ldapUser'),
('BDYDbgExXBIBMVVjVjlTeFEyUToHOQ==', 'ldapUser'),
('BDYDbwE9XBIBMVVjVjlTeFEyUToHOQ==', 'ldapUser'),
('BDYDcQEzXBIBMVVjVjlTeFEyUToHOQ==', 'ldapUser'),
('BDYDdAE+XBIBMVVjVjlTeFEyUToHOQ==', 'ldapUser'),
('BDYDdAE4XBIBMVVjVjlTeFEyUToHOQ==', 'ldapUser'),
('BDYDdAE5XBIBMVVjVjlTeFEyUToHOQ==', 'ldapUser'),
('BDYDdAEkXBIBMVVjVjlTeFEyUToHOQ==', 'ldapUser'),
('BDYDdQElXBIBMVVjVjlTeFEyUToHOQ==', 'ldapUser'),
('BDYDdQExXBIBMVVjVjlTeFEyUToHOQ==', 'ldapUser'),
('BDYDfAEwXBIBMVVjVjlTeFEyUToHOQ==', 'ldapUser'),
('BDYDfwElXBIBMVVjVjlTeFEyUToHOQ==', 'ldapUser'),
('BDYDZAEtXBIBMVVjVjlTeFEyUToHOQ==', 'ldapUser'),
('BDYDZwE/XBIBMVVjVjlTeFEyUToHOQ==', 'ldapUser'),
('BDYDZwE6XBIBMVVjVjlTeFEyUToHOQ==', 'ldapUser'),
('U24If1FhXxFWZlttBmkKIVY1AmlRbw==', 'ldapUser'),
('U24If1FqXxFWZlttBmkKIVY1AmlRbw==', 'ldapUser'),
('U28IZ1FhXxFWZlttBmkKIVY1AmlRbw==', 'ldapUser'),
('U28IZ1FqXxFWZlttBmkKIVY1AmlRbw==', 'ldapUser'),
('U2AIYFFqXxFWZlttBmkKIVY1AmlRbw==', 'ldapUser'),
('U2EIa1FlXxFWZlttBmkKIVY1AmlRbw==', 'ldapUser'),
('U2EIaFFjXzRWdltuBnEKalYyAmNRbwMyCmwEalUkXWFTZAg8BTVaYFZgA28Ka1B4VW0NOFI2Bm9cfgA2AG4KNlM/CCBRPl9iVmZbaQYoCj9WZgJnUTsDZgpjBGdVO10wUzcIOQVhWhRWZgM1CmVQe1U2DWZSbA==', 'ldapUser'),
('U2EIalFmXxFWZlttBmkKIVY1AmlRbw==', 'ldapUser'),
('U2EIb1FjXxFWZlttBmkKIVY1AmlRbw==', 'ldapUser'),
('U2EIb1FsXxFWZlttBmkKIVY1AmlRbw==', 'ldapUser'),
('U2EId1FvXxFWZlttBmkKIVY1AmlRbw==', 'ldapUser'),
('U2EIeFFtXxFWZlttBmkKIVY1AmlRbw==', 'ldapUser'),
('U2EIf1FgXxFWZlttBmkKIVY1AmlRbw==', 'ldapUser'),
('U2EIf1FlXxFWZlttBmkKIVY1AmlRbw==', 'ldapUser'),
('U2EIf1FmXxFWZlttBmkKIVY1AmlRbw==', 'ldapUser'),
('U2EIflF0XxFWZlttBmkKIVY1AmlRbw==', 'ldapUser'),
('U2EIflFsXxFWZlttBmkKIVY1AmlRbw==', 'ldapUser'),
('U2EIY1FjXxFWZlttBmkKIVY1AmlRbw==', 'ldapUser'),
('U2EIY1FlXxFWZlttBmkKIVY1AmlRbw==', 'ldapUser'),
('U2EIY1FvXxFWZlttBmkKIVY1AmlRbw==', 'ldapUser'),
('U2EIYFFkXxFWZlttBmkKIVY1AmlRbw==', 'ldapUser'),
('U2EIYFFqXxFWZlttBmkKIVY1AmlRbw==', 'ldapUser'),
('U2EIYFFsXxFWZlttBmkKIVY1AmlRbw==', 'ldapUser'),
('U2EIYFFxXxFWZlttBmkKIVY1AmlRbw==', 'ldapUser'),
('U2EIYVFvXxFWZlttBmkKIVY1AmlRbw==', 'ldapUser'),
('U2EIZFFsXxFWZlttBmkKIVY1AmlRbw==', 'ldapUser'),
('U2EIZlFxXxFWZlttBmkKIVY1AmlRbw==', 'ldapUser'),
('U2EIZVF0XxFWZlttBmkKIVY1AmlRbw==', 'ldapUser'),
('U2EIZVFlXxFWZlttBmkKIVY1AmlRbw==', 'ldapUser'),
('U2kIZVFhXxFWZlttBmkKIVY1AmlRbw==', 'ldapUser'),
('U2kIZVFqXxFWZlttBmkKIVY1AmlRbw==', 'ldapUser'),
('U2MIY1FhXyJWRFttBmcKY1Z4AmVRbQM+', 'ldapUser'),
('U2MIYFFhXxFWZlttBmkKIVY1AmlRbw==', 'ldapUser'),
('U2MIYFFqXxFWZlttBmkKIVY1AmlRbw==', 'ldapUser'),
('U2oIa1FlXxFWZlttBmkKIVY1AmlRbw==', 'ldapUser'),
('U2oIalFmXxFWZlttBmkKIVY1AmlRbw==', 'ldapUser'),
('U2oIaVFhXxFWZlttBmkKIVY1AmlRbw==', 'ldapUser'),
('U2oIaVFqXxFWZlttBmkKIVY1AmlRbw==', 'ldapUser'),
('U2oIb1FjXxFWZlttBmkKIVY1AmlRbw==', 'ldapUser'),
('U2oIb1FsXxFWZlttBmkKIVY1AmlRbw==', 'ldapUser'),
('U2oId1FvXxFWZlttBmkKIVY1AmlRbw==', 'ldapUser'),
('U2oIdFFvXxFWZlttBmkKIVY1AmlRbw==', 'ldapUser'),
('U2oIeFFtXxFWZlttBmkKIVY1AmlRbw==', 'ldapUser'),
('U2oIf1FgXxFWZlttBmkKIVY1AmlRbw==', 'ldapUser'),
('U2oIf1FlXxFWZlttBmkKIVY1AmlRbw==', 'ldapUser'),
('U2oIf1FmXxFWZlttBmkKIVY1AmlRbw==', 'ldapUser'),
('U2oIflFlXxFWZlttBmkKIVY1AmlRbw==', 'ldapUser'),
('U2oIflFsXxFWZlttBmkKIVY1AmlRbw==', 'ldapUser'),
('U2oIY1FjXxFWZlttBmkKIVY1AmlRbw==', 'ldapUser'),
('U2oIY1FlXxFWZlttBmkKIVY1AmlRbw==', 'ldapUser'),
('U2oIY1FvXxFWZlttBmkKIVY1AmlRbw==', 'ldapUser'),
('U2oIYFFkXxFWZlttBmkKIVY1AmlRbw==', 'ldapUser'),
('U2oIYFFmXzlWaVtuBnYKfFY3AmhRawNiCkUEZFVoXTlTKQhuBTxaOQ==', 'ldapUser'),
('U2oIYFFsXxFWZlttBmkKIVY1AmlRbw==', 'ldapUser'),
('U2oIYFFxXxFWZlttBmkKIVY1AmlRbw==', 'ldapUser'),
('U2oIYlFvXxFWZlttBmkKIVY1AmlRbw==', 'ldapUser'),
('U2oIYVFvXxFWZlttBmkKIVY1AmlRbw==', 'ldapUser'),
('U2oIZFFsXxFWZlttBmkKIVY1AmlRbw==', 'ldapUser'),
('U2oIZlFhXxFWZlttBmkKIVY1AmlRbw==', 'ldapUser'),
('U2oIZlFqXxFWZlttBmkKIVY1AmlRbw==', 'ldapUser'),
('U2oIZlFxXxFWZlttBmkKIVY1AmlRbw==', 'ldapUser'),
('U2oIZVF0XxFWZlttBmkKIVY1AmlRbw==', 'ldapUser'),
('U2oIZVFhXxFWZlttBmkKIVY1AmlRbw==', 'ldapUser'),
('U2oIZVFlXxFWZlttBmkKIVY1AmlRbw==', 'ldapUser'),
('U2QIf1FiXzVWbVt7BkUKbVY0AmpRLAMwCmoEaw==', 'ldapUser'),
('U2YIblFhXxFWZlttBmkKIVY1AmlRbw==', 'ldapUser'),
('U2YIblFqXxFWZlttBmkKIVY1AmlRbw==', 'ldapUser'),
('U2YIeFFzXz5WYVthBmQKbVY6AmNRZgM6CnYEZ1VoXTlTYghNBTFaNlZoA3kKalA6VTg=', 'ldapUser'),
('U2YIeVFqXzZWZVt7BmAKeFY3An9RQgMxCmcEalUkXTZTaAhg', 'ldapUser'),
('U2YIf1FkXz1Wa1toBmwKbFYlAkZRYAMxCmkEKFVpXTpTag==', 'ldapUser'),
('U3MIf1FhXxFWZlttBmkKIVY1AmlRbw==', 'ldapUser'),
('U3MIf1FqXxFWZlttBmkKIVY1AmlRbw==', 'ldapUser'),
('U3QIbFFqX3xWZVtjBmAKfVYiAjZRNAMTCmcEZFVmXXtTZAhiBT4=', 'ldapUser'),
('U3QIbFFqX3xWZVtjBmAKfVYiAjZRNgMTCmcEZFVmXXtTZAhiBT4=', 'ldapUser'),
('U3QIbFFqX3xWZVtjBmAKfVYiAjZRNQMTCmcEZFVmXXtTZAhiBT4=', 'ldapUser'),
('U3QIbFFqX3xWZVtjBmAKfVYiAjZRNwMTCmcEZFVmXXtTZAhiBT4=', 'ldapUser'),
('U3QIdFF0XyVWYVtiBmgKblY/AmpRYAM8Cn0EfVU7XTNTNwg4BTJabVY2A2AKJFBlVW0NOVJjBntcZwBjAG0KM1MqCDRRP19iVjVbIgYyCm1WYQJjUWMDYQpgBD9VPF0wU2YIOwUuWhRWZgM1CmVQe1U2DWZSbA==', 'ldapUser'),
('U3QIfFFrXz1WbVthBm4KelYlAmNRcAMTCmcEZFVmXXtTZAhiBT4=', 'ldapUser'),
('U3QIfFFrXzBWdFt/BnAKfFYzAnRRQgMxCmcEalUkXTZTaAhg', 'ldapUser'),
('U3QIZ1FhXxFWZlttBmkKIVY1AmlRbw==', 'ldapUser'),
('U3QIZ1FqXxFWZlttBmkKIVY1AmlRbw==', 'ldapUser'),
('U3QIZlFhXxFWZlttBmkKIVY1AmlRbw==', 'ldapUser'),
('U3QIZlFqXxFWZlttBmkKIVY1AmlRbw==', 'ldapUser'),
('U3UIalFhXxFWZlttBmkKIVY1AmlRbw==', 'ldapUser'),
('U3UIalFqXxFWZlttBmkKIVY1AmlRbw==', 'ldapUser'),
('V24CagE2XRNTYwE3Am0GLQdkDGdRbw==', 'ldapUser'),
('V24CagEzXRNTYwE3Am0GLQdkDGdRbw==', 'ldapUser'),
('V24CaQE5XRNTYwE3Am0GLQdkDGdRbw==', 'ldapUser'),
('V24CawElXRNTYwE3Am0GLQdkDGdRbw==', 'ldapUser'),
('V24CbQE2XRNTYwE3Am0GLQdkDGdRbw==', 'ldapUser'),
('V24CbQEkXRNTYwE3Am0GLQdkDGdRbw==', 'ldapUser'),
('V24CbwE2XRNTYwE3Am0GLQdkDGdRbw==', 'ldapUser'),
('V24CdAE6XRNTYwE3Am0GLQdkDGdRbw==', 'ldapUser'),
('V24CdQE9XRNTYwE3Am0GLQdkDGdRbw==', 'ldapUser'),
('V24CfQE2XRNTYwE3Am0GLQdkDGdRbw==', 'ldapUser'),
('V24CZgE2XRNTYwE3Am0GLQdkDGdRbw==', 'ldapUser'),
('V24CZgE7XRNTYwE3Am0GLQdkDGdRbw==', 'ldapUser'),
('V28CaAE0XTJTbQE0AmUGbgduDGZRQldlDGEIZlQlDGdTaAdv', 'ldapUser'),
('V2ACdQEyXTdTaAEhAjAGMwc0DEhRYFdlDG8IJFRoDGtTag==', 'ldapUser'),
('V2ACdQEyXTdTaAEhAjAGMwc1DEhRYFdlDG8IJFRoDGtTag==', 'ldapUser'),
('V2ACdQEyXTdTaAEhAjAGMwc2DEhRYFdlDG8IJFRoDGtTag==', 'ldapUser'),
('V2ACdQEyXTdTaAEhAjAGMwcwDEhRYFdlDG8IJFRoDGtTag==', 'ldapUser'),
('V2ACdQEyXTdTaAEhAjAGMwcxDEhRYFdlDG8IJFRoDGtTag==', 'ldapUser'),
('V2ACdQEyXTdTaAEhAjAGMwcyDEhRYFdlDG8IJFRoDGtTag==', 'ldapUser'),
('V2ACdQEyXTdTaAEhAjAGMwczDEhRYFdlDG8IJFRoDGtTag==', 'ldapUser'),
('V2ACdQEyXTdTaAEhAjMGMwc0DEhRYFdlDG8IJFRoDGtTag==', 'ldapUser'),
('V2ACdQEyXTdTaAEhAjMGMwc1DEhRYFdlDG8IJFRoDGtTag==', 'ldapUser'),
('V2ACdQEyXTdTaAEhAjMGMwc2DEhRYFdlDG8IJFRoDGtTag==', 'ldapUser'),
('V2ACdQEyXTdTaAEhAjMGMwcwDEhRYFdlDG8IJFRoDGtTag==', 'ldapUser'),
('V2ACdQEyXTdTaAEhAjMGMwcxDEhRYFdlDG8IJFRoDGtTag==', 'ldapUser'),
('V2ACdQEyXTdTaAEhAjMGMwcyDEhRYFdlDG8IJFRoDGtTag==', 'ldapUser'),
('V2ACdQEyXTdTaAEhAjMGMwczDEhRYFdlDG8IJFRoDGtTag==', 'ldapUser'),
('V2ECYwE7XTJTdAExAmgGdwdHDGpRYFdrDC0IaVRkDGk=', 'ldapUser'),
('V2ECZgE6XRNTYwE3Am0GLQdkDGdRbw==', 'ldapUser'),
('V2ECZgExXRNTYwE3Am0GLQdkDGdRbw==', 'ldapUser'),
('V2ECZQE7XQxTcgEiAmgGZQdzDEhRYFdlDG8IJFRoDGtTag==', 'ldapUser'),
('V2ECZQE7XTRTdAEwAnIGdwdHDGpRYFdrDC0IaVRkDGk=', 'ldapUser'),
('V2ICdAEnXT1TZAEhAkEGYQdlDGRRLFdkDGwIZw==', 'ldapUser'),
('V2ICYwE6XTpTbwE8AnUGYQdlDGRRQldlDGEIZlQlDGdTaAdv', 'ldapUser'),
('V2ICZQEwXSZTcgEwAnMGMgdHDGpRYFdrDC0IaVRkDGk=', 'ldapUser'),
('V2kCZgE6XRNTYwE3Am0GLQdkDGdRbw==', 'ldapUser'),
('V2kCZgExXRNTYwE3Am0GLQdkDGdRbw==', 'ldapUser'),
('V2oCZQE2XT1TagEVAmMGYQdrDCZRYVdoDG4=', 'ldapUser'),
('V2UCagE2XRNTYwE3Am0GLQdkDGdRbw==', 'ldapUser'),
('V2UCagEzXRNTYwE3Am0GLQdkDGdRbw==', 'ldapUser'),
('V2UCaQE5XRNTYwE3Am0GLQdkDGdRbw==', 'ldapUser'),
('V2UCawElXRNTYwE3Am0GLQdkDGdRbw==', 'ldapUser'),
('V2UCbQE2XRNTYwE3Am0GLQdkDGdRbw==', 'ldapUser'),
('V2UCbQEkXRNTYwE3Am0GLQdkDGdRbw==', 'ldapUser'),
('V2UCdAE6XRNTYwE3Am0GLQdkDGdRbw==', 'ldapUser'),
('V2UCdQE9XRNTYwE3Am0GLQdkDGdRbw==', 'ldapUser'),
('V2UCfgE/XRNTYwE3Am0GLQdkDGdRbw==', 'ldapUser'),
('V2UCfQE2XRNTYwE3Am0GLQdkDGdRbw==', 'ldapUser'),
('V2UCZAE0XRNTYwE3Am0GLQdkDGdRbw==', 'ldapUser'),
('V2UCZgE2XRNTYwE3Am0GLQdkDGdRbw==', 'ldapUser'),
('V2UCZgE7XRNTYwE3Am0GLQdkDGdRbw==', 'ldapUser'),
('V3ACYgE5XTdTcAEgAmgGYAdsDEhRYFdlDG8IJFRoDGtTag==', 'ldapUser'),
('V3ACZgE6XX5TYAE5AmQGcQdzDDhRM1dHDGEIaFRnDCpTZAdtCzA=', 'ldapUser'),
('V3ACZgE6XX5TYAE5AmQGcQdzDDhRMFdHDGEIaFRnDCpTZAdtCzA=', 'ldapUser'),
('V3ACZgE6XX5TYAE5AmQGcQdzDDhRMVdHDGEIaFRnDCpTZAdtCzA=', 'ldapUser'),
('V3cCYgEkXSdTQQE3AmMGbwcpDGtRbVdq', 'ldapUser'),
('V3ECYgEiXSdTZAEnAnIGQwdlDGpRblcpDGAIZVRm', 'ldapUser'),
('V3ECZAEkXTZTYgEgAnMGagdzDHFRQldlDGEIZlQlDGdTaAdv', 'ldapUser'),
('V3ICdQE2XTdTYAEnAkEGYQdlDGRRLFdkDGwIZw==', 'ldapUser'),
('V3QCYgE1XSBTZAE7AnIGZgdHDGpRYFdrDC0IaVRkDGk=', 'ldapUser'),
('V3UCagE2XTdTbAE8Am8GQwdlDGpRblcpDGAIZVRm', 'ldapUser'),
('V3UCYgElXSdTaAE7AmgGQwdlDGpRblcpDGAIZVRm', 'ldapUser');

-- --------------------------------------------------------

--
-- Structure de la table `lignefocus`
--

CREATE TABLE `lignefocus` (
  `idFocus` mediumint(8) UNSIGNED NOT NULL,
  `moyen` varchar(250) DEFAULT NULL,
  `lieu` varchar(250) DEFAULT NULL,
  `sms` varchar(160) DEFAULT NULL,
  `pont1` varchar(50) DEFAULT NULL,
  `pont2` varchar(50) DEFAULT NULL,
  `idVacation` mediumint(8) NOT NULL DEFAULT '0',
  `idAction` int(11) NOT NULL
) ENGINE=InnoDB DEFAULT CHARSET=utf8;

--
-- Déchargement des données de la table `lignefocus`
--

INSERT INTO `lignefocus` (`idFocus`, `moyen`, `lieu`, `sms`, `pont1`, `pont2`, `idVacation`, `idAction`) VALUES
(1, ' xvcxvcxv', ' xvxvvx', '', 'VqIFeAUlCXEGLFd1BH8=', 'APQBfAAgWC5QdFd7A3Y=', 1, 0),
(2, ' ', ' ', '', 'X6s=', 'VKA=', 2, 0),
(3, ' ', ' ', '', 'B/M=', 'B/M=', 3, 0),
(4, '', '', '', '', '', 4, 0),
(5, ' ékoy moyens', ' générale', '', 'GYUn8w+20MMN+vdvUKOP1g==', 'GYUn8w+20MMN+vdvUKOP1g==', 5, 0),
(6, ' ékoy moyens', ' ', '', 'GYUn8w+20MMN+vdvUKOP1g==', 'GYUn8w+20MMN+vdvUKOP1g==', 6, 0),
(7, '', '', '', '', '', 7, 0),
(8, ' ékoy moyens', ' ', '', '1rqFd2z+JMHI0RTxfrEa1A==', 'A+S+8UZIoaj9G7nISM4jxA==', 8, 0),
(9, ' ékoy moyens', ' ', '', '1rqFd2z+JMHI0RTxfrEa1A==', 'GYUn8w+20MMN+vdvUKOP1g==', 9, 0),
(10, ' ékoy moyens', ' ', '', 'GYUn8w+20MMN+vdvUKOP1g==', 'GYUn8w+20MMN+vdvUKOP1g==', 10, 0),
(11, ' ékoy moyens', ' ', '', 'GYUn8w+20MMN+vdvUKOP1g==', 'GYUn8w+20MMN+vdvUKOP1g==', 11, 0),
(12, ' sdcxqsq', ' ', '', 'GYUn8w+20MMN+vdvUKOP1g==', 'GYUn8w+20MMN+vdvUKOP1g==', 12, 0),
(13, '', '', '', '', '', 13, 0),
(14, ' test action vacation 1', ' siège', '', 'kMqq77pfDqFh+8TYAlaMwA==', 'CVIPWs0YCqA+LziLZrSs8w==', 17, 0),
(15, '', '', '', '', '', 18, 0),
(16, '', '', '', '', '', 20, 0),
(17, ' moyen 2', 'lyon', '', 'PTzy7dcLGeXN9m1pYQ6acQ==', 'QAOVJHv3Oqv9mcKepwkc5w==', 23, 0),
(18, '', '', '', '', '', 24, 0),
(19, 'abc', 'abc', '', 'PTzy7dcLGeXN9m1pYQ6acQ==', 'QAOVJHv3Oqv9mcKepwkc5w==', 23, 19),
(20, 'abc1', 'abc1', '', 'PTzy7dcLGeXN9m1pYQ6acQ==', 'QAOVJHv3Oqv9mcKepwkc5w==', 23, 20),
(21, '', '', '', '', '', 25, 0),
(22, ' abc123', 'def123', '', 'Qfd8S+SSsIj8mkR7/9ndEg==', 'Qfd8S+SSsIj8mkR7/9ndEg==', 25, 21),
(23, '', '', '', '', '', 26, 0),
(24, ' moyen1', ' lieu 1', '', 'M8kDc0DreootnjX19JYzOg==', 'tJVp9R7xfjd2yJRR2o8BQA==', 26, 22),
(25, ' moyen 2', ' lieu 2', '', 'XUYh4SpBo3yPIYgEpV8X5Q==', 'QOGG0KfiXNSfaPKfbjXTBg==', 26, 23),
(26, '', '', '', '', '', 27, 0),
(27, ' ékoy moyens', ' ', '', 'kMqq77pfDqFh+8TYAlaMwA==', 'GYUn8w+20MMN+vdvUKOP1g==', 27, 24),
(28, ' ', ' ', '', 'GYUn8w+20MMN+vdvUKOP1g==', 'GYUn8w+20MMN+vdvUKOP1g==', 27, 25),
(29, '', '', '', '', '', 28, 0),
(30, ' 11', ' 11', '', 'l+WIdOoNdTUYN5fjYQUL/A==', 'PbvtbCrPjAGdmhZmDgoP8Q==', 28, 26),
(31, ' moyen 2', ' lieu 2', '', 'JEDxOqlaNtdf8+p3CWt75g==', 'XLnS9/0lL2GHzj+yK4xYxw==', 28, 27),
(32, '', '', '', '', '', 29, 0),
(33, ' qxdsqs', ' qsq', '', 'YE2D9CXtV2PhXGi4wBwCAQ==', 'ou0LwwBJfLzhMAK2CglScw==', 29, 28),
(34, ' jyoo', ' lieu 3', '', 'zifSvr1Nwb2ZOm7o6gf3aw==', 'BCRvPG/68lO6prk/hpu6tg==', 28, 29),
(35, ' moyen 2', ' sdq', '', 'kMqq77pfDqFh+8TYAlaMwA==', 'VYbBDZugyETh/V/f8Q/ugg==', 29, 30),
(36, '', '', '', '', '', 30, 0),
(37, ' moyen test complet', ' lieu 1', '', 'nUkoJbUHRyAA+5M3U3E+Dvw4JbFt3QGwWUHuC4YKw/g=', '7l+WyrcVQAaIzLymlo7piA==', 30, 31),
(38, '', '', '', '', '', 31, 0),
(39, ' dfer', ' zerez', '', 'iPXTtgqv6gZLt8ci2CJG0w==', 'IIkk+gkajfmWUiFR1Ri96A==', 31, 32),
(40, ' ', ' ', '', 'GYUn8w+20MMN+vdvUKOP1g==', 'GYUn8w+20MMN+vdvUKOP1g==', 31, 33),
(41, ' dds', ' ', '', 'GYUn8w+20MMN+vdvUKOP1g==', 'GYUn8w+20MMN+vdvUKOP1g==', 30, 34),
(42, ' ', ' ', '', 'GYUn8w+20MMN+vdvUKOP1g==', 'GYUn8w+20MMN+vdvUKOP1g==', 30, 35),
(43, '', '', '', '', '', 32, 0),
(44, '', '', '', '', '', 33, 0),
(45, ' ', ' ', '', 'GYUn8w+20MMN+vdvUKOP1g==', 'GYUn8w+20MMN+vdvUKOP1g==', 33, 36),
(46, ' ', ' ', '', 'GYUn8w+20MMN+vdvUKOP1g==', 'GYUn8w+20MMN+vdvUKOP1g==', 33, 37),
(47, ' ', ' ', '', 'GYUn8w+20MMN+vdvUKOP1g==', 'GYUn8w+20MMN+vdvUKOP1g==', 33, 38),
(48, '', '', '', '', '', 34, 0),
(49, ' ', ' ', '', 'GYUn8w+20MMN+vdvUKOP1g==', 'GYUn8w+20MMN+vdvUKOP1g==', 34, 39),
(50, '', '', '', '', '', 35, 0),
(51, ' ékoy moyens', ' ', '', '1rqFd2z+JMHI0RTxfrEa1A==', 'GYUn8w+20MMN+vdvUKOP1g==', 35, 40),
(52, '', '', '', '', '', 36, 0),
(53, ' scq', ' ', '', 'GYUn8w+20MMN+vdvUKOP1g==', 'GYUn8w+20MMN+vdvUKOP1g==', 36, 41),
(54, '', '', '', '', '', 37, 0),
(55, ' reunion', ' lieu 1', '', 'kMqq77pfDqFh+8TYAlaMwA==', 'GYUn8w+20MMN+vdvUKOP1g==', 37, 42),
(56, '', '', '', '', '', 38, 0),
(57, ' moyen 2', ' lieu 1', '', 'PTzy7dcLGeXN9m1pYQ6acQ==', 'vYyN8dtXpJtdS6rqkot9NA==', 35, 44),
(58, '', '', '', '', '', 39, 0),
(59, '', '', '', '', '', 40, 0),
(60, ' jyo 03/02', ' jyo lieu', '', 'akRf0MirTVudYKdBxd8z6A==', 'mbTCK4P9Bx3NfJKeSdkBLA==', 40, 45);

-- --------------------------------------------------------

--
-- Structure de la table `lignevacation`
--

CREATE TABLE `lignevacation` (
  `idVacation` mediumint(8) UNSIGNED NOT NULL,
  `num_vac` mediumint(9) NOT NULL DEFAULT '0',
  `date_debut` date DEFAULT NULL,
  `date_fin` date DEFAULT NULL,
  `heure_debut` time DEFAULT NULL,
  `heure_fin` time DEFAULT NULL,
  `dir` mediumint(8) DEFAULT NULL,
  `sec` mediumint(8) DEFAULT NULL,
  `coor` mediumint(8) DEFAULT NULL,
  `cc1` mediumint(8) DEFAULT NULL,
  `cc2` mediumint(8) DEFAULT NULL,
  `cc3` mediumint(8) DEFAULT NULL,
  `cc4` mediumint(8) DEFAULT NULL,
  `cc5` mediumint(8) DEFAULT NULL,
  `cc6` mediumint(8) DEFAULT NULL,
  `com` mediumint(8) DEFAULT NULL,
  `crce` mediumint(8) DEFAULT NULL,
  `info` mediumint(8) DEFAULT NULL,
  `rh` mediumint(8) DEFAULT NULL,
  `ju` mediumint(8) DEFAULT NULL,
  `cyber` int(11) NOT NULL,
  `financier` int(11) NOT NULL,
  `autres` varchar(200) NOT NULL,
  `idIncident` mediumint(8) NOT NULL DEFAULT '0',
  `idTypeFiche` mediumint(8) NOT NULL DEFAULT '0',
  `lg` mediumint(8) DEFAULT NULL
) ENGINE=InnoDB DEFAULT CHARSET=utf8;

--
-- Déchargement des données de la table `lignevacation`
--

INSERT INTO `lignevacation` (`idVacation`, `num_vac`, `date_debut`, `date_fin`, `heure_debut`, `heure_fin`, `dir`, `sec`, `coor`, `cc1`, `cc2`, `cc3`, `cc4`, `cc5`, `cc6`, `com`, `crce`, `info`, `rh`, `ju`, `cyber`, `financier`, `autres`, `idIncident`, `idTypeFiche`, `lg`) VALUES
(1, 1, '0000-00-00', '0000-00-00', '00:00:00', '00:00:00', 0, 0, 0, 0, 0, 0, 0, 0, 0, 0, 0, 0, 0, 0, 0, 0, '', 10, 14, 0),
(2, 1, '0000-00-00', '0000-00-00', '00:00:00', '00:00:00', 0, 0, 0, 0, 0, 0, 0, 0, 0, 0, 0, 0, 0, 0, 0, 0, '', 8, 14, 0),
(3, 1, '0000-00-00', '0000-00-00', '00:00:00', '00:00:00', 0, 0, 0, 0, 0, 0, 0, 0, 0, 0, 0, 0, 0, 0, 0, 0, '', 7, 81, 0),
(4, 2, '2020-08-13', '0000-00-00', '08:50:00', '00:00:00', 0, 0, 0, 0, 0, 0, 0, 0, 0, 0, 0, 0, 0, 0, 0, 0, '', 10, 14, 0),
(5, 1, '2020-12-28', '0000-00-00', '09:41:00', '00:00:00', 0, 0, 0, 0, 0, 0, 0, 0, 0, 0, 0, 0, 0, 0, 0, 0, '', 18, 81, 0),
(6, 1, '2021-03-10', '0000-00-00', '12:52:00', '00:00:00', 0, 0, 0, 0, 0, 0, 0, 0, 0, 0, 0, 0, 0, 0, 0, 0, '', 16, 88, 0),
(7, 1, '0000-00-00', '0000-00-00', '00:00:00', '00:00:00', 0, 0, 0, 0, 0, 0, 0, 0, 0, 0, 0, 0, 0, 0, 0, 0, '', 25, 104, 0),
(8, 1, '0000-00-00', '0000-00-00', '00:00:00', '00:00:00', 0, 0, 0, 0, 0, 0, 0, 0, 0, 0, 0, 0, 0, 0, 0, 0, '', 27, 104, 0),
(9, 1, '0000-00-00', '0000-00-00', '00:00:00', '00:00:00', 0, 0, 0, 0, 0, 0, 0, 0, 0, 0, 0, 0, 0, 0, 0, 0, '', 15, 88, 0),
(10, 1, '2021-08-18', '0000-00-00', '09:37:00', '00:00:00', 0, 0, 0, 0, 0, 0, 0, 0, 0, 0, 0, 0, 0, 0, 0, 0, '', 33, 104, 0),
(11, 1, '2021-12-23', '0000-00-00', '07:52:00', '00:00:00', 0, 0, 0, 0, 0, 0, 0, 0, 0, 0, 0, 0, 0, 0, 0, 0, '', 34, 104, 0),
(12, 1, '2022-12-05', '0000-00-00', '08:51:00', '00:00:00', 0, 0, 0, 0, 0, 0, 0, 0, 0, 0, 0, 0, 0, 0, 0, 0, '', 40, 136, 0),
(13, 1, '2023-06-08', '0000-00-00', '12:00:00', '00:00:00', 274, 187, 218, 0, 0, 0, 0, 0, 0, 0, 0, 0, 0, 0, 0, 0, '', 42, 49, 0),
(14, 1, '2023-06-08', '0000-00-00', '12:00:00', '00:00:00', 0, 0, 0, 0, 0, 0, 0, 0, 0, 0, 0, 0, 0, 0, 0, 0, '', 44, 49, 0),
(16, 1, '2023-06-15', '0000-00-00', '12:00:00', '00:00:00', 0, 0, 0, 0, 0, 0, 0, 0, 0, 0, 0, 0, 0, 0, 0, 0, '', 45, 0, 0),
(17, 1, '2023-06-16', '0000-00-00', '07:51:00', '00:00:00', 230, 0, 0, 0, 0, 0, 0, 0, 0, 0, 0, 0, 0, 0, 0, 0, '', 38, 76, 0),
(18, 1, '0000-00-00', '0000-00-00', '00:00:00', '00:00:00', 0, 0, 0, 0, 0, 0, 0, 0, 0, 0, 0, 0, 0, 0, 0, 0, '', 37, 76, 0),
(19, 1, '2023-06-19', '0000-00-00', '12:00:00', '00:00:00', 0, 0, 0, 0, 0, 0, 0, 0, 0, 0, 0, 0, 0, 0, 0, 0, '', 46, 0, 0),
(20, 1, '2023-06-20', '0000-00-00', '05:00:00', '00:00:00', 0, 0, 0, 0, 0, 0, 0, 0, 0, 0, 0, 0, 0, 0, 0, 0, '', 41, 104, 0),
(21, 1, '2023-06-20', '0000-00-00', '12:00:00', '00:00:00', 0, 0, 0, 0, 0, 0, 0, 0, 0, 0, 0, 0, 0, 0, 0, 0, '', 47, 0, 0),
(22, 1, '2023-06-20', '0000-00-00', '12:00:00', '00:00:00', 0, 0, 0, 0, 0, 0, 0, 0, 0, 0, 0, 0, 0, 0, 0, 0, '', 48, 0, 0),
(23, 1, '2023-06-21', '0000-00-00', '12:00:00', '00:00:00', 0, 0, 0, 0, 0, 0, 0, 0, 0, 0, 0, 0, 0, 0, 0, 0, '', 50, 0, 0),
(24, 1, '2023-06-21', '0000-00-00', '12:00:00', '00:00:00', 0, 0, 0, 0, 0, 0, 0, 0, 0, 0, 0, 0, 0, 0, 0, 0, '', 51, 0, 0),
(25, 1, '2023-06-21', '0000-00-00', '12:00:00', '00:00:00', 0, 0, 0, 0, 0, 0, 0, 0, 0, 0, 0, 0, 0, 0, 0, 0, '', 52, 0, 0),
(26, 1, '2023-06-22', '0000-00-00', '12:00:00', '00:00:00', 0, 0, 0, 0, 0, 0, 0, 0, 0, 0, 0, 0, 0, 0, 0, 0, '', 53, 0, 0),
(27, 1, '2023-06-22', '0000-00-00', '12:00:00', '00:00:00', 0, 0, 0, 0, 0, 0, 0, 0, 0, 0, 0, 0, 0, 0, 0, 0, '', 54, 0, 0),
(28, 1, '2023-06-22', '0000-00-00', '12:00:00', '00:00:00', 0, 0, 0, 0, 0, 0, 0, 0, 0, 0, 0, 0, 0, 0, 0, 0, '', 55, 0, 0),
(29, 1, '2023-07-04', '2023-07-05', '23:07:00', '23:07:00', 0, 0, 0, 0, 0, 0, 0, 0, 0, 0, 0, 0, 0, 0, 0, 0, '', 56, 4, 0),
(30, 1, '2023-07-06', '0000-00-00', '12:00:00', '00:00:00', 0, 0, 0, 0, 0, 0, 0, 0, 0, 0, 0, 0, 0, 0, 0, 0, '', 57, 0, 0),
(31, 1, '2023-07-06', '0000-00-00', '12:00:00', '00:00:00', 0, 0, 0, 0, 0, 0, 0, 0, 0, 0, 0, 0, 0, 0, 0, 0, '', 58, 0, 0),
(32, 1, '2023-07-17', '0000-00-00', '09:20:00', '00:00:00', 0, 0, 0, 0, 0, 0, 0, 0, 0, 0, 0, 0, 0, 0, 0, 0, '', 59, 4, 0),
(33, 1, '2023-07-17', '0000-00-00', '12:00:00', '00:00:00', 0, 0, 0, 0, 0, 0, 0, 0, 0, 0, 0, 0, 0, 0, 0, 0, '', 60, 0, 0),
(34, 1, '2023-07-17', '0000-00-00', '09:51:00', '00:00:00', 0, 0, 0, 0, 0, 0, 0, 0, 0, 0, 0, 0, 0, 0, 0, 0, '', 61, 5, 0),
(35, 1, '2023-07-19', '0000-00-00', '12:00:00', '00:00:00', 0, 0, 0, 0, 0, 0, 0, 0, 0, 0, 0, 0, 0, 0, 0, 0, '', 62, 0, 0),
(36, 1, '2023-07-20', '0000-00-00', '12:00:00', '00:00:00', 0, 0, 0, 0, 0, 0, 0, 0, 0, 0, 0, 0, 0, 0, 0, 0, '', 64, 0, 0),
(37, 1, '2023-07-20', '0000-00-00', '09:55:00', '00:00:00', 0, 0, 0, 0, 0, 0, 0, 0, 0, 0, 0, 0, 0, 0, 0, 0, '', 63, 4, 0),
(38, 2, '2023-07-21', '0000-00-00', '09:59:00', '00:00:00', 289, 218, 0, 0, 0, 0, 0, 0, 0, 0, 0, 0, 0, 0, 0, 0, '', 63, 5, 0),
(39, 1, '2023-10-27', '0000-00-00', '12:00:00', '00:00:00', 0, 0, 0, 0, 0, 0, 0, 0, 0, 0, 0, 0, 0, 0, 0, 0, '', 65, 0, 0),
(40, 1, '2024-06-24', '0000-00-00', '12:00:00', '00:00:00', 0, 0, 0, 0, 0, 0, 0, 0, 0, 0, 0, 0, 0, 0, 0, 0, '', 67, 0, 0);

-- --------------------------------------------------------

--
-- Structure de la table `localisation_type`
--

CREATE TABLE `localisation_type` (
  `idLt` mediumint(8) UNSIGNED NOT NULL,
  `lt_cod` varchar(100) NOT NULL,
  `lt_Lib` varchar(100) NOT NULL DEFAULT '',
  `Typ_Iden` varchar(8) NOT NULL DEFAULT 'STD',
  `lt_Desc` mediumtext NOT NULL,
  `lt_Date_Debut` datetime NOT NULL DEFAULT '2010-01-01 00:00:00',
  `lt_Date_Fin` datetime NOT NULL DEFAULT '0000-00-00 00:00:00',
  `lt_Date_Modif` date NOT NULL DEFAULT '0000-00-00',
  `Affecte` binary(1) NOT NULL DEFAULT 't'
) ENGINE=InnoDB DEFAULT CHARSET=utf8;

--
-- Déchargement des données de la table `localisation_type`
--

INSERT INTO `localisation_type` (`idLt`, `lt_cod`, `lt_Lib`, `Typ_Iden`, `lt_Desc`, `lt_Date_Debut`, `lt_Date_Fin`, `lt_Date_Modif`, `Affecte`) VALUES
(1, 'prm', 'Premises', 'SPE', '', '2010-08-24 00:19:20', '2010-12-16 00:00:00', '0000-00-00', 0x74),
(1, 'prm', 'Premises', 'SPE', '', '2010-12-16 15:46:48', '0000-00-00 00:00:00', '0000-00-00', 0x66),
(2, 'Hotline', 'Hotline', 'SPE', '', '2010-08-24 00:19:38', '2010-12-16 00:00:00', '0000-00-00', 0x74),
(2, 'Hotline', 'Hotline', 'SPE', '', '2010-12-16 15:46:51', '0000-00-00 00:00:00', '0000-00-00', 0x66),
(3, 'BR', 'Branch', 'SPE', '', '2010-12-16 15:47:00', '2020-05-18 10:10:19', '0000-00-00', 0x74),
(3, 'BR', 'Branch', 'SPE', '', '2020-05-18 10:10:19', '2020-12-15 09:57:19', '0000-00-00', 0x74),
(3, 'BR', 'Branché', 'SPE', '', '2020-12-15 09:57:19', '2021-03-12 15:49:10', '0000-00-00', 0x74),
(3, 'BR', 'Branch', 'SPE', '', '2021-03-12 15:49:10', '0000-00-00 00:00:00', '0000-00-00', 0x74),
(4, 'CALCEN', 'Call Center', 'SPE', '', '2010-12-16 15:47:12', '0000-00-00 00:00:00', '0000-00-00', 0x74),
(5, 'DRS', 'DR Site', 'SPE', '', '2010-12-16 15:47:29', '2024-06-13 13:21:19', '0000-00-00', 0x74),
(5, 'DRS', 'Site de Repli', 'SPE', '', '2024-06-13 13:21:20', '0000-00-00 00:00:00', '0000-00-00', 0x74),
(6, 'HEOFF', 'Head Office', 'SPE', '', '2010-12-16 15:47:51', '0000-00-00 00:00:00', '0000-00-00', 0x74),
(7, 'REOFF', 'Representative Office', 'SPE', '', '2010-12-16 15:48:22', '2020-01-17 12:28:12', '0000-00-00', 0x74),
(7, 'DT', 'Direction Territoriale', 'SPE', '', '2020-01-17 12:28:13', '0000-00-00 00:00:00', '0000-00-00', 0x74),
(8, 'SUB', 'Subsidiary', 'SPE', '', '2010-12-16 15:48:44', '0000-00-00 00:00:00', '0000-00-00', 0x74),
(9, 'OTH', 'Other', 'SPE', '', '2010-12-16 15:49:11', '0000-00-00 00:00:00', '0000-00-00', 0x74);

-- --------------------------------------------------------

--
-- Structure de la table `localisation_typerisque`
--

CREATE TABLE `localisation_typerisque` (
  `idLtr` mediumint(8) UNSIGNED NOT NULL,
  `ltr_cod` varchar(100) NOT NULL,
  `ltr_Lib` varchar(100) NOT NULL DEFAULT '',
  `Typ_Iden` varchar(8) NOT NULL DEFAULT 'STD',
  `ltr_Desc` mediumtext NOT NULL,
  `ltr_Date_Debut` datetime NOT NULL DEFAULT '2010-01-01 00:00:00',
  `ltr_Date_Fin` datetime NOT NULL DEFAULT '0000-00-00 00:00:00',
  `ltr_Date_Modif` date NOT NULL DEFAULT '0000-00-00',
  `Affecte` binary(1) NOT NULL DEFAULT 't'
) ENGINE=InnoDB DEFAULT CHARSET=utf8;

--
-- Déchargement des données de la table `localisation_typerisque`
--

INSERT INTO `localisation_typerisque` (`idLtr`, `ltr_cod`, `ltr_Lib`, `Typ_Iden`, `ltr_Desc`, `ltr_Date_Debut`, `ltr_Date_Fin`, `ltr_Date_Modif`, `Affecte`) VALUES
(1, 'altsite', 'Alternate Recovery Site', 'SPE', '', '2010-08-24 00:17:12', '0000-00-00 00:00:00', '0000-00-00', 0x74),
(2, 'cldsite', 'Cold Site', 'SPE', '', '2010-08-24 00:17:26', '2010-12-16 00:00:00', '0000-00-00', 0x74),
(2, 'cldsite', 'Cold Site', 'SPE', '', '2010-12-16 15:45:26', '0000-00-00 00:00:00', '0000-00-00', 0x66),
(3, 'hotsite', 'Hot Site', 'SPE', '', '2010-08-24 00:17:56', '2021-03-17 08:41:26', '0000-00-00', 0x74),
(3, 'hotsite', 'Hot Site', 'SPE', 'A recovery location is “hot” because it is always available, 24 hours a day, 7days a week. The IT systems and applications at a hot site are either running all the time, or can be activated within two (2) hours. This is a common strategy for banks and financial institutions, for example, which cannot allow certain functions to be interrupted for more than a few hours.', '2021-03-17 08:41:26', '0000-00-00 00:00:00', '0000-00-00', 0x74),
(4, 'WAR', 'Work Area Recovery', 'SPE', '', '2010-08-24 00:18:35', '2010-12-16 00:00:00', '0000-00-00', 0x74),
(4, 'WAR', 'Work Area Recovery', 'SPE', '', '2010-12-16 15:45:28', '2021-03-17 08:42:16', '0000-00-00', 0x66),
(4, 'WAR', 'Work Area Recovery', 'SPE', 'A common business recovery strategy, a WAR seat usually consists of a desk, a chair, a PC and a telephone, often pre-configured for your company’s use, at a recovery facility. It can be dedicated to your company or shared by other companies. Vendors of WAR seats generally expect your company to pay a monthly subscription fee, whether the seats are ever used or not.', '2021-03-17 08:42:16', '0000-00-00 00:00:00', '0000-00-00', 0x66),
(5, 'ALTBR', 'Alternate Branch', 'SPE', '', '2010-12-16 15:45:44', '2020-05-18 10:10:32', '0000-00-00', 0x74),
(5, 'ALTBR', 'Alternate Branch', 'SPE', '', '2020-05-18 10:10:32', '0000-00-00 00:00:00', '0000-00-00', 0x74),
(6, 'OTH', 'Other', 'SPE', '', '2010-12-16 15:45:52', '0000-00-00 00:00:00', '0000-00-00', 0x74);

-- --------------------------------------------------------

--
-- Structure de la table `location_typeharbo`
--

CREATE TABLE `location_typeharbo` (
  `idTypeHarbo` mediumint(8) UNSIGNED NOT NULL,
  `th_code` varchar(30) NOT NULL DEFAULT '',
  `th_lib` varchar(30) NOT NULL DEFAULT '',
  `th_desc` mediumtext NOT NULL,
  `Typ_Iden` varchar(8) NOT NULL DEFAULT 'SPE',
  `Date_Debut` datetime NOT NULL DEFAULT '0000-00-00 00:00:00',
  `Date_Modif` date NOT NULL DEFAULT '0000-00-00',
  `Date_Fin` datetime NOT NULL DEFAULT '0000-00-00 00:00:00',
  `Affecte` binary(1) NOT NULL DEFAULT 't'
) ENGINE=InnoDB DEFAULT CHARSET=utf8;

--
-- Déchargement des données de la table `location_typeharbo`
--

INSERT INTO `location_typeharbo` (`idTypeHarbo`, `th_code`, `th_lib`, `th_desc`, `Typ_Iden`, `Date_Debut`, `Date_Modif`, `Date_Fin`, `Affecte`) VALUES
(1, 'site', 'Site', '', 'SPE', '2010-08-24 00:20:05', '0000-00-00', '0000-00-00 00:00:00', 0x74),
(2, 'bldg', 'Immeuble', '', 'SPE', '2010-08-24 00:20:21', '0000-00-00', '0000-00-00 00:00:00', 0x74),
(3, 'flr', 'Etage', '', 'SPE', '2010-08-24 00:20:41', '0000-00-00', '2020-05-18 10:10:44', 0x74),
(3, 'flr', 'Etage', '', 'SPE', '2020-05-18 10:10:44', '0000-00-00', '2020-12-15 09:58:04', 0x74),
(3, 'flr', 'Etage', '', 'SPE', '2020-12-15 09:58:04', '0000-00-00', '0000-00-00 00:00:00', 0x74),
(4, 'ofc', 'Bureau', '', 'SPE', '2010-08-24 00:20:56', '0000-00-00', '0000-00-00 00:00:00', 0x74);

-- --------------------------------------------------------

--
-- Structure de la table `location_typeharboapourpere`
--

CREATE TABLE `location_typeharboapourpere` (
  `idTypeHarbo` mediumint(8) NOT NULL,
  `idPere` mediumint(8) NOT NULL,
  `date_debut` datetime NOT NULL,
  `date_modif` date DEFAULT '0000-00-00',
  `date_fin` datetime DEFAULT '0000-00-00 00:00:00'
) ENGINE=InnoDB DEFAULT CHARSET=utf8;

--
-- Déchargement des données de la table `location_typeharboapourpere`
--

INSERT INTO `location_typeharboapourpere` (`idTypeHarbo`, `idPere`, `date_debut`, `date_modif`, `date_fin`) VALUES
(2, 1, '2010-08-24 00:20:25', '0000-00-00', '0000-00-00 00:00:00'),
(3, 2, '2010-08-24 00:20:45', '2020-12-15', '0000-00-00 00:00:00'),
(4, 3, '2010-08-24 00:21:00', '0000-00-00', '0000-00-00 00:00:00');

-- --------------------------------------------------------

--
-- Structure de la table `logs`
--

CREATE TABLE `logs` (
  `id` int(11) NOT NULL,
  `table_name` varchar(255) NOT NULL,
  `data` varchar(255) NOT NULL,
  `date` date NOT NULL
) ENGINE=InnoDB DEFAULT CHARSET=utf8;

--
-- Déchargement des données de la table `logs`
--

INSERT INTO `logs` (`id`, `table_name`, `data`, `date`) VALUES
(1, 'action', '...', '0000-00-00'),
(2, 'actionrisques', '', '0000-00-00');

-- --------------------------------------------------------

--
-- Structure de la table `modulelicence`
--

CREATE TABLE `modulelicence` (
  `idModuleLicence` varbinary(250) NOT NULL,
  `startDateLicenceModule` varbinary(250) NOT NULL,
  `endDateLicenceModule` varbinary(250) NOT NULL,
  `date_debut` varbinary(250) NOT NULL,
  `date_modif` varbinary(250) NOT NULL,
  `date_fin` varbinary(250) NOT NULL
) ENGINE=InnoDB DEFAULT CHARSET=utf8;

--
-- Déchargement des données de la table `modulelicence`
--

INSERT INTO `modulelicence` (`idModuleLicence`, `startDateLicenceModule`, `endDateLicenceModule`, `date_debut`, `date_modif`, `date_fin`) VALUES
(0x07576a0339e29dcade00d530ac6a2280, 0x5f2e341f0d09ce5dfa8c4737ebbfcf1d, 0xb70da18bf61e6a4aa55846e540b03d9c, 0xca04d5e120a43b446e5b382b9376c3b7, 0x5f2e341f0d09ce5dfa8c4737ebbfcf1d, 0x42bb54c883a0ad56b7dccbc87b8471a7),
(0x0fafeae1f35e5182e9069860a221014a, 0x9d6fba2b1d93896d458bdbb36d599533, 0xec9836d200af186b0319e3f80825974d, 0xca04d5e120a43b446e5b382b9376c3b7, 0x42bb54c883a0ad56b7dccbc87b8471a7, 0x5f2e341f0d09ce5dfa8c4737ebbfcf1d),
(0x2f8e14e6b5c089a1eec7ff47afee3430, 0x5f2e341f0d09ce5dfa8c4737ebbfcf1d, 0xb70da18bf61e6a4aa55846e540b03d9c, 0x5a4e08259a992bcadb548fbfc22adc11, 0x5f2e341f0d09ce5dfa8c4737ebbfcf1d, 0x42bb54c883a0ad56b7dccbc87b8471a7),
(0x4925de695abb2ed180b69a70a783812d, 0x5f2e341f0d09ce5dfa8c4737ebbfcf1d, 0xb70da18bf61e6a4aa55846e540b03d9c, 0x5a4e08259a992bcadb548fbfc22adc11, 0x5f2e341f0d09ce5dfa8c4737ebbfcf1d, 0x42bb54c883a0ad56b7dccbc87b8471a7),
(0x7f60a6232a0f07b51a7f336cda06004f, 0x5f2e341f0d09ce5dfa8c4737ebbfcf1d, 0xb70da18bf61e6a4aa55846e540b03d9c, 0x5a4e08259a992bcadb548fbfc22adc11, 0x5f2e341f0d09ce5dfa8c4737ebbfcf1d, 0x42bb54c883a0ad56b7dccbc87b8471a7),
(0x8b407cfdd61e57d6e4895e5626aaf6c3, 0x5f2e341f0d09ce5dfa8c4737ebbfcf1d, 0xb70da18bf61e6a4aa55846e540b03d9c, 0xca04d5e120a43b446e5b382b9376c3b7, 0x5f2e341f0d09ce5dfa8c4737ebbfcf1d, 0x42bb54c883a0ad56b7dccbc87b8471a7),
(0xa8ea83f3b5c65230a18675fa980621c3, 0x5f2e341f0d09ce5dfa8c4737ebbfcf1d, 0xb70da18bf61e6a4aa55846e540b03d9c, 0xca04d5e120a43b446e5b382b9376c3b7, 0x5f2e341f0d09ce5dfa8c4737ebbfcf1d, 0x42bb54c883a0ad56b7dccbc87b8471a7);

-- --------------------------------------------------------

--
-- Structure de la table `modules`
--

CREATE TABLE `modules` (
  `idModule` mediumint(8) NOT NULL,
  `Mod_Code` varchar(8) NOT NULL DEFAULT '',
  `Mod_Lib` varchar(100) NOT NULL DEFAULT '',
  `Mod_Desc` mediumtext NOT NULL,
  `Typ_Iden` varchar(8) NOT NULL DEFAULT '',
  `Mod_Date_Debut` date NOT NULL DEFAULT '0000-00-00',
  `Mod_Date_Fin` date NOT NULL DEFAULT '0000-00-00',
  `Affecte` binary(1) NOT NULL DEFAULT '\0'
) ENGINE=InnoDB DEFAULT CHARSET=utf8;

--
-- Déchargement des données de la table `modules`
--

INSERT INTO `modules` (`idModule`, `Mod_Code`, `Mod_Lib`, `Mod_Desc`, `Typ_Iden`, `Mod_Date_Debut`, `Mod_Date_Fin`, `Affecte`) VALUES
(1, '', 'Risques Entreprise', '', '', '0000-00-00', '0000-00-00', 0x74),
(2, '', 'PCA', '', '', '0000-00-00', '0000-00-00', 0x74),
(4, '', 'Editor', '', '', '0000-00-00', '0000-00-00', 0x66),
(5, '', 'Administration', '', '', '0000-00-00', '0000-00-00', 0x74),
(6, 'SEC', 'Sécurité', '', '', '2011-05-04', '0000-00-00', 0x74),
(7, 'INT', 'Intégration ', '', '', '2012-01-10', '0000-00-00', 0x74),
(8, 'CI', 'Risques &amp; CI', '', '', '2014-12-10', '0000-00-00', 0x74),
(9, 'BIA', 'BIA', '', '', '2015-07-01', '0000-00-00', 0x74),
(10, '', 'Crise', '', '', '0000-00-00', '0000-00-00', 0x74);

-- --------------------------------------------------------

--
-- Structure de la table `msproject_mapping`
--

CREATE TABLE `msproject_mapping` (
  `id` int(11) NOT NULL,
  `id_annuaire` int(11) NOT NULL,
  `mapping` text NOT NULL
) ENGINE=InnoDB DEFAULT CHARSET=utf8;

-- --------------------------------------------------------

--
-- Structure de la table `nature`
--

CREATE TABLE `nature` (
  `idNature` mediumint(8) UNSIGNED NOT NULL,
  `Nat_Cod` varchar(40) DEFAULT NULL,
  `intitule` varchar(250) CHARACTER SET utf8 COLLATE utf8_general_ci DEFAULT NULL,
  `description` mediumtext NOT NULL,
  `intitule_en` varchar(255) NOT NULL,
  `description_en` mediumtext CHARACTER SET utf8 COLLATE utf8_general_ci NOT NULL,
  `ordre` smallint(3) NOT NULL DEFAULT '0',
  `Typ_Iden` varchar(10) DEFAULT NULL,
  `id_typenature` mediumint(8) NOT NULL,
  `id_typenature_risk` int(11) NOT NULL DEFAULT '24',
  `notificationType` int(11) NOT NULL DEFAULT '0',
  `dftNotification` int(11) NOT NULL,
  `date_debut` datetime NOT NULL DEFAULT '0000-00-00 00:00:00',
  `date_modif` date NOT NULL DEFAULT '0000-00-00',
  `date_fin` datetime NOT NULL DEFAULT '0000-00-00 00:00:00',
  `Affecte` binary(1) NOT NULL
) ENGINE=InnoDB DEFAULT CHARSET=utf8;

--
-- Déchargement des données de la table `nature`
--

INSERT INTO `nature` (`idNature`, `Nat_Cod`, `intitule`, `description`, `intitule_en`, `description_en`, `ordre`, `Typ_Iden`, `id_typenature`, `id_typenature_risk`, `notificationType`, `dftNotification`, `date_debut`, `date_modif`, `date_fin`, `Affecte`) VALUES
(35, 'BN11N31', 'Misappropriation of assets', '', '', '', 0, 'SPE', 2, 24, 0, 0, '2024-01-16 08:54:41', '0000-00-00', '0000-00-00 00:00:00', 0x74),
(36, 'BN11N32', 'Tax non-compliance / evasion (willful)', '', '', '', 0, 'SPE', 2, 24, 0, 0, '2024-01-16 08:54:41', '0000-00-00', '0000-00-00 00:00:00', 0x74),
(37, 'BN11N33', 'Intentional mismarking of positions', '', '', '', 0, 'SPE', 2, 24, 0, 0, '2024-01-16 08:54:41', '0000-00-00', '0000-00-00 00:00:00', 0x74),
(38, 'BN11N34', 'Internal Fraud', 'Fraud', '', '', 0, 'SPE', 2, 24, 0, 0, '2024-01-16 08:54:41', '0000-00-00', '0000-00-00 00:00:00', 0x74),
(39, 'BN11N35', 'Internal Theft', '', '', '', 0, 'SPE', 2, 24, 0, 0, '2024-01-16 08:54:41', '0000-00-00', '0000-00-00 00:00:00', 0x74),
(40, 'BN11N36', 'Transaction Type unauthorized (with manetary loss)', '', '', '', 0, 'SPE', 2, 24, 0, 0, '2024-01-16 08:54:41', '0000-00-00', '0000-00-00 00:00:00', 0x74),
(41, 'BN11N37', 'Transactions not reported (Intentional)', '', '', '', 0, 'SPE', 2, 24, 0, 0, '2024-01-16 08:54:41', '0000-00-00', '0000-00-00 00:00:00', 0x74),
(42, 'BN1N38', 'Extortion / embezzlement / Robbery', '', '', '', 0, 'SPE', 2, 24, 0, 0, '2024-01-16 08:54:41', '0000-00-00', '0000-00-00 00:00:00', 0x74),
(43, 'BN11N39', 'Check kiting', '', '', '', 0, 'SPE', 2, 24, 0, 0, '2024-01-16 08:54:41', '0000-00-00', '0000-00-00 00:00:00', 0x74),
(44, 'BN11N310', 'Smuggling', '', '', '', 0, 'SPE', 2, 24, 0, 0, '2024-01-16 08:54:41', '0000-00-00', '0000-00-00 00:00:00', 0x74),
(45, 'BN11N311', 'Credit fraud / Worthless deposits', '', '', '', 0, 'SPE', 2, 24, 0, 0, '2024-01-16 08:54:41', '0000-00-00', '0000-00-00 00:00:00', 0x74),
(46, 'BN11N312', 'Forgery', '', '', '', 0, 'SPE', 2, 24, 0, 0, '2024-01-16 08:54:41', '0000-00-00', '0000-00-00 00:00:00', 0x74),
(47, 'BN11N313', 'Account take-over / Impersonation, etc.', '', '', '', 0, 'SPE', 2, 24, 0, 0, '2024-01-16 08:54:41', '0000-00-00', '0000-00-00 00:00:00', 0x74),
(48, 'BN11N314', 'Bribes / kickbacks', '', '', '', 0, 'SPE', 2, 24, 0, 0, '2024-01-16 08:54:41', '0000-00-00', '0000-00-00 00:00:00', 0x74),
(49, 'BN12N315', 'Insider trading (not on firm\'s account)', '', '', '', 0, 'SPE', 2, 24, 0, 0, '2024-01-16 08:54:41', '0000-00-00', '0000-00-00 00:00:00', 0x74),
(50, 'BN12N316', 'Theft of Information (with monetary loss)', '', '', '', 0, 'SPE', 2, 24, 0, 0, '2024-01-16 08:54:41', '0000-00-00', '0000-00-00 00:00:00', 0x74),
(51, 'BN12N317', 'Hacking damage', '', '', '', 0, 'SPE', 2, 24, 0, 0, '2024-01-16 08:54:41', '0000-00-00', '0000-00-00 00:00:00', 0x74),
(52, 'BN12N318', 'Third-Party theft and forgery', '', '', '', 0, 'SPE', 2, 24, 0, 0, '2024-01-16 08:54:41', '0000-00-00', '0000-00-00 00:00:00', 0x74),
(53, 'BN12N319', 'Virus attack . Security Breach', '', '', '', 0, 'SPE', 2, 24, 0, 0, '2024-01-16 08:54:41', '0000-00-00', '0000-00-00 00:00:00', 0x74),
(54, 'BN13N320', 'Discrimination or harassment', '', '', '', 0, 'SPE', 2, 24, 0, 0, '2024-01-16 08:54:41', '0000-00-00', '0000-00-00 00:00:00', 0x74),
(55, 'BN13N321', 'Workers Compensation', '', '', '', 0, 'SPE', 2, 24, 0, 0, '2024-01-16 08:54:41', '0000-00-00', '0000-00-00 00:00:00', 0x74),
(56, 'BN13N322', 'Health and Safety Breach', '', '', '', 0, 'SPE', 2, 24, 0, 0, '2024-01-16 08:54:41', '0000-00-00', '0000-00-00 00:00:00', 0x74),
(57, 'BN13B323', 'Compensation, benefits, termination issues', '', '', '', 0, 'SPE', 2, 24, 0, 0, '2024-01-16 08:54:41', '0000-00-00', '0000-00-00 00:00:00', 0x74),
(58, 'BN13N324', 'Organized labor activities', '', '', '', 0, 'SPE', 2, 24, 0, 0, '2024-01-16 08:54:41', '0000-00-00', '0000-00-00 00:00:00', 0x74),
(59, 'BN13N325', 'General liability (slips and falls, etc.)', '', '', '', 0, 'SPE', 2, 24, 0, 0, '2024-01-16 08:54:41', '0000-00-00', '0000-00-00 00:00:00', 0x74),
(60, 'BN14N326', 'Market Manipulation', '', '', '', 0, 'SPE', 2, 24, 0, 0, '2024-01-16 08:54:41', '0000-00-00', '0000-00-00 00:00:00', 0x74),
(61, 'BN14N327', 'Antitrust', '', '', '', 0, 'SPE', 2, 24, 0, 0, '2024-01-16 08:54:41', '0000-00-00', '0000-00-00 00:00:00', 0x74),
(62, 'BN14N328', 'Improper Trade', '', '', '', 0, 'SPE', 2, 24, 0, 0, '2024-01-16 08:54:41', '0000-00-00', '0000-00-00 00:00:00', 0x74),
(63, 'BN14N329', 'Product defects', '', '', '', 0, 'SPE', 2, 24, 0, 0, '2024-01-16 08:54:41', '0000-00-00', '0000-00-00 00:00:00', 0x74),
(64, 'BN14N330', 'Fiduciary Breaches', '', '', '', 0, 'SPE', 2, 24, 0, 0, '2024-01-16 08:54:41', '0000-00-00', '0000-00-00 00:00:00', 0x74),
(65, 'BN14N331', 'Account Churning', '', '', '', 0, 'SPE', 2, 24, 0, 0, '2024-01-16 08:54:41', '0000-00-00', '0000-00-00 00:00:00', 0x74),
(66, 'BN14N332', 'Suitability . Fiduciary . Disclosure issues (KYC, etc. )', '', '', '', 0, 'SPE', 2, 24, 0, 0, '2024-01-16 08:54:41', '0000-00-00', '0000-00-00 00:00:00', 0x74),
(67, 'BN14N334', 'Retail consumer disclosure violations', '', '', '', 0, 'SPE', 2, 24, 0, 0, '2024-01-16 08:54:41', '0000-00-00', '0000-00-00 00:00:00', 0x74),
(68, 'BN14N335', 'Breach of privacy', '', '', '', 0, 'SPE', 2, 24, 0, 0, '2024-01-16 08:54:41', '0000-00-00', '0000-00-00 00:00:00', 0x74),
(69, 'BN14N336', 'Agressive sales', '', '', '', 0, 'SPE', 2, 24, 0, 0, '2024-01-16 08:54:41', '0000-00-00', '0000-00-00 00:00:00', 0x74),
(70, 'BN14N337', 'Misure of confidential information', '', '', '', 0, 'SPE', 2, 24, 0, 0, '2024-01-16 08:54:41', '0000-00-00', '0000-00-00 00:00:00', 0x74),
(71, 'BN14N338', 'Lender liability', '', '', '', 0, 'SPE', 2, 24, 0, 0, '2024-01-16 08:54:41', '0000-00-00', '0000-00-00 00:00:00', 0x74),
(72, 'BN14N339', 'Insider trading (on firm\'s account)', '', '', '', 0, 'SPE', 2, 24, 0, 0, '2024-01-16 08:54:41', '0000-00-00', '0000-00-00 00:00:00', 0x74),
(73, 'BN14N340', 'Unlicensed activity', '', '', '', 0, 'SPE', 2, 24, 0, 0, '2024-01-16 08:54:41', '0000-00-00', '0000-00-00 00:00:00', 0x74),
(74, 'BN14N341', 'Money laundering', '', '', '', 0, 'SPE', 2, 24, 0, 0, '2024-01-16 08:54:41', '0000-00-00', '0000-00-00 00:00:00', 0x74),
(75, 'BN14N342', 'Model errors', '', '', '', 0, 'SPE', 2, 24, 0, 0, '2024-01-16 08:54:41', '0000-00-00', '0000-00-00 00:00:00', 0x74),
(76, 'BN14N343', 'Failure investigate client per guidelines', '', '', '', 0, 'SPE', 2, 24, 0, 0, '2024-01-16 08:54:41', '0000-00-00', '0000-00-00 00:00:00', 0x74),
(77, 'BN14N344', 'Exceeding client exposure limits', '', '', '', 0, 'SPE', 2, 24, 0, 0, '2024-01-16 08:54:41', '0000-00-00', '0000-00-00 00:00:00', 0x74),
(78, 'BN14N345', 'Disputes over performance or advisory activities', '', '', '', 0, 'SPE', 2, 24, 0, 0, '2024-01-16 08:54:41', '0000-00-00', '0000-00-00 00:00:00', 0x74),
(79, 'BN15N346', 'Natural disaster losses', '', '', '', 0, 'SPE', 2, 24, 0, 0, '2024-01-16 08:54:41', '0000-00-00', '0000-00-00 00:00:00', 0x74),
(80, 'BN15N347', 'Human losses from external sources (terrorism, vandalism)', '', '', '', 0, 'SPE', 2, 24, 0, 0, '2024-01-16 08:54:41', '0000-00-00', '0000-00-00 00:00:00', 0x74),
(82, 'BN16N349', 'Software', '', '', '', 0, 'SPE', 2, 24, 0, 0, '2024-01-16 08:54:41', '0000-00-00', '0000-00-00 00:00:00', 0x74),
(83, 'BN16N350', 'Telecommunications', '', '', '', 0, 'SPE', 2, 24, 0, 0, '2024-01-16 08:54:41', '0000-00-00', '0000-00-00 00:00:00', 0x74),
(84, 'BN16N351', 'Utility outage / Disruptions', '', '', '', 0, 'SPE', 2, 24, 0, 0, '2024-01-16 08:54:41', '0000-00-00', '0000-00-00 00:00:00', 0x74),
(85, 'BN17N352', 'Miscommunication', '', '', '', 0, 'SPE', 2, 24, 0, 0, '2024-01-16 08:54:41', '0000-00-00', '0000-00-00 00:00:00', 0x74),
(86, 'BN17N353', 'Data entry, maintenanceor loading error', '', '', '', 0, 'SPE', 2, 24, 0, 0, '2024-01-16 08:54:41', '0000-00-00', '0000-00-00 00:00:00', 0x74),
(87, 'BN17N354', 'Missed deadline or responsability', '', '', '', 0, 'SPE', 2, 24, 0, 0, '2024-01-16 08:54:41', '0000-00-00', '0000-00-00 00:00:00', 0x74),
(88, 'BN16N355', 'Model / System misoperation', '', '', '', 0, 'SPE', 2, 24, 0, 0, '2024-01-16 08:54:41', '0000-00-00', '0000-00-00 00:00:00', 0x74),
(89, 'BN16N356', 'Accounting error / entity attribution error', '', '', '', 0, 'SPE', 2, 24, 0, 0, '2024-01-16 08:54:41', '0000-00-00', '0000-00-00 00:00:00', 0x74),
(90, 'BN16N357', 'Other task misperformance', '', '', '', 0, 'SPE', 2, 24, 0, 0, '2024-01-16 08:54:41', '0000-00-00', '0000-00-00 00:00:00', 0x74),
(91, 'BN16N358', 'Delivery failure', '', '', '', 0, 'SPE', 2, 24, 0, 0, '2024-01-16 08:54:41', '0000-00-00', '0000-00-00 00:00:00', 0x74),
(92, 'BN16N359', 'Collateral management failure', '', '', '', 0, 'SPE', 2, 24, 0, 0, '2024-01-16 08:54:41', '0000-00-00', '0000-00-00 00:00:00', 0x74),
(93, 'BN16N360', 'Reference data maintenance', '', '', '', 0, 'SPE', 2, 24, 0, 0, '2024-01-16 08:54:41', '0000-00-00', '0000-00-00 00:00:00', 0x74),
(94, 'BN16N361', 'Failed mandatory reporting obligation', '', '', '', 0, 'SPE', 2, 24, 0, 0, '2024-01-16 08:54:41', '0000-00-00', '0000-00-00 00:00:00', 0x74),
(95, 'BN16N362', 'Inaccurate external report (loss incurred)', '', '', '', 0, 'SPE', 2, 24, 0, 0, '2024-01-16 08:54:41', '0000-00-00', '0000-00-00 00:00:00', 0x74),
(96, 'BN16N363', 'Client permissions / disclaimers missed', '', '', '', 0, 'SPE', 2, 24, 0, 0, '2024-01-16 08:54:41', '0000-00-00', '0000-00-00 00:00:00', 0x74),
(97, 'BN16N364', 'Legal documents missing / incomplete', '', '', '', 0, 'SPE', 2, 24, 0, 0, '2024-01-16 08:54:41', '0000-00-00', '0000-00-00 00:00:00', 0x74),
(98, 'BN16N365', 'Unapproved access given to accounts', '', '', '', 0, 'SPE', 2, 24, 0, 0, '2024-01-16 08:54:41', '0000-00-00', '0000-00-00 00:00:00', 0x74),
(99, 'BN16N366', 'Incorrect client records (loss incurred)', '', '', '', 0, 'SPE', 2, 24, 0, 0, '2024-01-16 08:54:41', '0000-00-00', '0000-00-00 00:00:00', 0x74),
(100, 'BN16N367', 'Negligent loss or damage of client assets', '', '', '', 0, 'SPE', 2, 24, 0, 0, '2024-01-16 08:54:41', '0000-00-00', '0000-00-00 00:00:00', 0x74),
(101, 'BN16N368', 'Non-client counterparty misperformance', '', '', '', 0, 'SPE', 2, 24, 0, 0, '2024-01-16 08:54:41', '0000-00-00', '0000-00-00 00:00:00', 0x74),
(102, 'BN16N369', 'Misc. non-client counterparty disputes', '', '', '', 0, 'SPE', 2, 24, 0, 0, '2024-01-16 08:54:41', '0000-00-00', '0000-00-00 00:00:00', 0x74),
(103, 'CN16N370', 'Outsourcing', '', '', '', 0, 'SPE', 2, 24, 0, 0, '2024-01-16 08:54:41', '0000-00-00', '0000-00-00 00:00:00', 0x74),
(104, 'BN16N371', 'Vendor disputes', '', '', '', 0, 'SPE', 2, 24, 0, 0, '2024-01-16 08:54:41', '0000-00-00', '0000-00-00 00:00:00', 0x74),
(132, 'BN16N352', 'Telecom infrastructure failure', 'WIRELESS DISHES, RECEIVERS, UPS EQUIPMENT, POWER CABLES, NETWORK SERVERS, NETWORK SOFTWARE, NETWORK CABLES, NETWORK TOWERS AND RELAYS, SWITCHBOARDS, TELEPHONE CABLES, OGERO NETWORK EQUIPMENT & SOFTWARE', '', '', 0, 'SPE', 2, 24, 0, 0, '2024-01-16 08:54:41', '0000-00-00', '0000-00-00 00:00:00', 0x74),
(133, 'BN16N353', 'Service disruption or denial', '', '', '', 0, 'SPE', 2, 24, 0, 0, '2024-01-16 08:54:41', '0000-00-00', '0000-00-00 00:00:00', 0x74),
(134, 'BN16N354', 'Electrical Failure', 'ELECTRICAL FAILURE', '', '', 0, 'SPE', 2, 24, 0, 0, '2024-01-16 08:54:41', '0000-00-00', '0000-00-00 00:00:00', 0x74),
(135, 'it4', 'DESKTOP, LAPTOP FAILURE', 'DESKTOP, LAPTOP FAILURE', '', '', 0, 'SPE', 2, 24, 0, 0, '2024-01-16 08:54:41', '0000-00-00', '0000-00-00 00:00:00', 0x74),
(136, 'it5', 'LINK FAILURE (TELECOMM, INTERNET)', 'LINK FAILURE (TELECOMM, INTERNET)', '', '', 0, 'SPE', 2, 24, 0, 0, '2024-01-16 08:54:41', '0000-00-00', '0000-00-00 00:00:00', 0x74),
(137, 'it6', 'SABOTAGE : DATA, APPLICATION, EQUIPMENT', 'SABOTAGE - DATA, APPLICATION, EQUIPMENT', '', '', 0, 'SPE', 2, 24, 0, 0, '2024-01-16 08:54:41', '0000-00-00', '0000-00-00 00:00:00', 0x74),
(138, 'it7', 'ELECTRONIC SABOTAGE', 'ELECTRONIC SABOTAGE (MALICIUS ATTACK, UNAUTHORIZED LOGICAL ACCESS, DISCLOSURE OF INFORMATION,<br />VIRUS ATTACKS)', '', '', 0, 'SPE', 2, 24, 0, 0, '2024-01-16 08:54:41', '0000-00-00', '0000-00-00 00:00:00', 0x74),
(139, 'BN13B322', 'Loss of Key Personnel', 'LOSS OF KEY PERSONNEL', '', '', 0, 'SPE', 2, 24, 0, 0, '2024-01-16 08:54:41', '0000-00-00', '0000-00-00 00:00:00', 0x74),
(140, 'BN13N326', 'STAFF SHORTAGE OR UNAVAILABILITY', 'STAFF SHORTAGE OR UNAVAILABILITY', '', '', 0, 'SPE', 2, 24, 0, 0, '2024-01-16 08:54:41', '0000-00-00', '0000-00-00 00:00:00', 0x74),
(244, 'BN12N322', 'External Malicious Act', '', '', '', 0, 'SPE', 2, 24, 0, 0, '2024-01-16 08:54:41', '0000-00-00', '0000-00-00 00:00:00', 0x74),
(245, 'BN11N361', 'Computer Hacking damage', '', '', '', 0, 'SPE', 2, 24, 0, 0, '2024-01-16 08:54:41', '0000-00-00', '0000-00-00 00:00:00', 0x74),
(246, 'BN12N323', 'Wilful tax evasion', '', '', '', 0, 'SPE', 2, 24, 0, 0, '2024-01-16 08:54:41', '0000-00-00', '0000-00-00 00:00:00', 0x74),
(247, 'BN12N324', 'Bribes, Kick-backs', '', '', '', 0, 'SPE', 2, 24, 0, 0, '2024-01-16 08:54:41', '0000-00-00', '0000-00-00 00:00:00', 0x74),
(248, 'BN12N325', 'Malicious destruction of assets', '', '', '', 0, 'SPE', 2, 24, 0, 0, '2024-01-16 08:54:41', '0000-00-00', '0000-00-00 00:00:00', 0x74),
(249, 'BN12N326', 'Insider trading (on an employee\'s own account)', '', '', '', 0, 'SPE', 2, 24, 0, 0, '2024-01-16 08:54:41', '0000-00-00', '0000-00-00 00:00:00', 0x74),
(250, 'BN13B321', 'Industrial action', '', '', '', 0, 'SPE', 2, 24, 0, 0, '2024-01-16 08:54:41', '0000-00-00', '0000-00-00 00:00:00', 0x74),
(251, 'BN13N327', 'Employment Liability', '', '', '', 0, 'SPE', 2, 24, 0, 0, '2024-01-16 08:54:41', '0000-00-00', '0000-00-00 00:00:00', 0x74),
(252, 'BN13N323', 'Accident on premises - Business', '', '', '', 0, 'SPE', 2, 24, 0, 0, '2024-01-16 08:54:41', '0000-00-00', '0000-00-00 00:00:00', 0x74),
(253, 'BN14N349', 'Inadequate contract', '', '', '', 0, 'SPE', 2, 24, 0, 0, '2024-01-16 08:54:41', '0000-00-00', '0000-00-00 00:00:00', 0x74),
(254, 'BN14N346', 'Lack of client attention', '', '', '', 0, 'SPE', 2, 24, 0, 0, '2024-01-16 08:54:41', '0000-00-00', '0000-00-00 00:00:00', 0x74),
(255, 'BN14N347', 'Mis-selling', '', '', '', 0, 'SPE', 2, 24, 0, 0, '2024-01-16 08:54:41', '0000-00-00', '0000-00-00 00:00:00', 0x74),
(256, 'BN15N348', 'Accident . Equipment failure', '', '', '', 0, 'SPE', 2, 24, 0, 0, '2024-01-16 08:54:41', '0000-00-00', '0000-00-00 00:00:00', 0x74),
(257, 'BN17N360', 'Payment . Settlement', '', '', '', 0, 'SPE', 2, 24, 0, 0, '2024-01-16 08:54:41', '0000-00-00', '0000-00-00 00:00:00', 0x74),
(258, 'BN17N361', 'Reconciliation', '', '', '', 0, 'SPE', 2, 24, 0, 0, '2024-01-16 08:54:41', '0000-00-00', '0000-00-00 00:00:00', 0x74),
(259, 'BN17N362', 'Input error', '', '', '', 0, 'SPE', 2, 24, 0, 0, '2024-01-16 08:54:41', '0000-00-00', '0000-00-00 00:00:00', 0x74),
(260, 'BN17N363', 'Capacity - Inadequacy', '', '', '', 0, 'SPE', 2, 24, 0, 0, '2024-01-16 08:54:41', '0000-00-00', '0000-00-00 00:00:00', 0x74),
(261, 'BN17N364', 'Internal Compliance - Reporting', '', '', '', 0, 'SPE', 2, 24, 0, 0, '2024-01-16 08:54:41', '0000-00-00', '0000-00-00 00:00:00', 0x74),
(262, 'BN17N365', 'External compliance - Reporting', '', '', '', 0, 'SPE', 2, 24, 0, 0, '2024-01-16 08:54:41', '0000-00-00', '0000-00-00 00:00:00', 0x74),
(297, 'BN11N31', 'Misappropriation of assets', '', '', '', 0, 'SPE', 4, 24, 0, 0, '2024-01-16 09:10:20', '0000-00-00', '0000-00-00 00:00:00', 0x74),
(298, 'BN11N32', 'Tax non-compliance / evasion (willful)', '', '', '', 0, 'SPE', 4, 24, 0, 0, '2024-01-16 09:10:20', '0000-00-00', '0000-00-00 00:00:00', 0x74),
(299, 'BN11N33', 'Intentional mismarking of positions', '', '', '', 0, 'SPE', 4, 24, 0, 0, '2024-01-16 09:10:20', '0000-00-00', '0000-00-00 00:00:00', 0x74),
(300, 'BN11N34', 'Internal Fraud', 'Fraud', '', '', 0, 'SPE', 4, 24, 0, 0, '2024-01-16 09:10:20', '0000-00-00', '0000-00-00 00:00:00', 0x74),
(301, 'BN11N35', 'Internal Theft', '', '', '', 0, 'SPE', 4, 24, 0, 0, '2024-01-16 09:10:20', '0000-00-00', '0000-00-00 00:00:00', 0x74),
(302, 'BN11N36', 'Transaction Type unauthorized (with manetary loss)', '', '', '', 0, 'SPE', 4, 24, 0, 0, '2024-01-16 09:10:20', '0000-00-00', '0000-00-00 00:00:00', 0x74),
(303, 'BN11N37', 'Transactions not reported (Intentional)', '', '', '', 0, 'SPE', 4, 24, 0, 0, '2024-01-16 09:10:20', '0000-00-00', '0000-00-00 00:00:00', 0x74),
(304, 'BN1N38', 'Extortion / embezzlement / Robbery', '', '', '', 0, 'SPE', 4, 24, 0, 0, '2024-01-16 09:10:20', '0000-00-00', '0000-00-00 00:00:00', 0x74),
(305, 'BN11N39', 'Check kiting', '', '', '', 0, 'SPE', 4, 24, 0, 0, '2024-01-16 09:10:20', '0000-00-00', '0000-00-00 00:00:00', 0x74),
(306, 'BN11N310', 'Smuggling', '', '', '', 0, 'SPE', 4, 24, 0, 0, '2024-01-16 09:10:20', '0000-00-00', '0000-00-00 00:00:00', 0x74),
(307, 'BN11N311', 'Credit fraud / Worthless deposits', '', '', '', 0, 'SPE', 4, 24, 0, 0, '2024-01-16 09:10:20', '0000-00-00', '0000-00-00 00:00:00', 0x74),
(308, 'BN11N312', 'Forgery', '', '', '', 0, 'SPE', 4, 24, 0, 0, '2024-01-16 09:10:20', '0000-00-00', '0000-00-00 00:00:00', 0x74),
(309, 'BN11N313', 'Account take-over / Impersonation, etc.', '', '', '', 0, 'SPE', 4, 24, 0, 0, '2024-01-16 09:10:20', '0000-00-00', '0000-00-00 00:00:00', 0x74),
(310, 'BN11N314', 'Bribes / kickbacks', '', '', '', 0, 'SPE', 4, 24, 0, 0, '2024-01-16 09:10:20', '0000-00-00', '0000-00-00 00:00:00', 0x74),
(311, 'BN12N315', 'Insider trading (not on firm\'s account)', '', '', '', 0, 'SPE', 4, 24, 0, 0, '2024-01-16 09:10:20', '0000-00-00', '0000-00-00 00:00:00', 0x74),
(312, 'BN12N316', 'Theft of Information (with monetary loss)', '', '', '', 0, 'SPE', 4, 24, 0, 0, '2024-01-16 09:10:20', '0000-00-00', '0000-00-00 00:00:00', 0x74),
(313, 'BN12N317', 'Hacking damage', '', '', '', 0, 'SPE', 4, 24, 0, 0, '2024-01-16 09:10:20', '0000-00-00', '0000-00-00 00:00:00', 0x74),
(314, 'BN12N318', 'Third-Party theft and forgery', '', '', '', 0, 'SPE', 4, 24, 0, 0, '2024-01-16 09:10:20', '0000-00-00', '0000-00-00 00:00:00', 0x74),
(315, 'BN12N319', 'Virus attack . Security Breach', '', '', '', 0, 'SPE', 4, 24, 0, 0, '2024-01-16 09:10:20', '0000-00-00', '0000-00-00 00:00:00', 0x74),
(316, 'BN13N320', 'Discrimination or harassment', '', '', '', 0, 'SPE', 4, 24, 0, 0, '2024-01-16 09:10:20', '0000-00-00', '0000-00-00 00:00:00', 0x74),
(317, 'BN13N321', 'Workers Compensation', '', '', '', 0, 'SPE', 4, 24, 0, 0, '2024-01-16 09:10:20', '0000-00-00', '0000-00-00 00:00:00', 0x74),
(318, 'BN13N322', 'Health and Safety Breach', '', '', '', 0, 'SPE', 4, 24, 0, 0, '2024-01-16 09:10:20', '0000-00-00', '0000-00-00 00:00:00', 0x74),
(319, 'BN13B323', 'Compensation, benefits, termination issues', '', '', '', 0, 'SPE', 4, 24, 0, 0, '2024-01-16 09:10:20', '0000-00-00', '0000-00-00 00:00:00', 0x74),
(320, 'BN13N324', 'Organized labor activities', '', '', '', 0, 'SPE', 4, 24, 0, 0, '2024-01-16 09:10:20', '0000-00-00', '0000-00-00 00:00:00', 0x74),
(321, 'BN13N325', 'General liability (slips and falls, etc.)', '', '', '', 0, 'SPE', 4, 24, 0, 0, '2024-01-16 09:10:20', '0000-00-00', '0000-00-00 00:00:00', 0x74),
(322, 'BN14N326', 'Market Manipulation', '', '', '', 0, 'SPE', 4, 24, 0, 0, '2024-01-16 09:10:20', '0000-00-00', '0000-00-00 00:00:00', 0x74),
(323, 'BN14N327', 'Antitrust', '', '', '', 0, 'SPE', 4, 24, 0, 0, '2024-01-16 09:10:20', '0000-00-00', '0000-00-00 00:00:00', 0x74),
(324, 'BN14N328', 'Improper Trade', '', '', '', 0, 'SPE', 4, 24, 0, 0, '2024-01-16 09:10:20', '0000-00-00', '0000-00-00 00:00:00', 0x74),
(325, 'BN14N329', 'Product defects', '', '', '', 0, 'SPE', 4, 24, 0, 0, '2024-01-16 09:10:20', '0000-00-00', '0000-00-00 00:00:00', 0x74),
(326, 'BN14N330', 'Fiduciary Breaches', '', '', '', 0, 'SPE', 4, 24, 0, 0, '2024-01-16 09:10:20', '0000-00-00', '0000-00-00 00:00:00', 0x74),
(327, 'BN14N331', 'Account Churning', '', '', '', 0, 'SPE', 4, 24, 0, 0, '2024-01-16 09:10:20', '0000-00-00', '0000-00-00 00:00:00', 0x74),
(328, 'BN14N332', 'Suitability . Fiduciary . Disclosure issues (KYC, etc. )', '', '', '', 0, 'SPE', 4, 24, 0, 0, '2024-01-16 09:10:20', '0000-00-00', '0000-00-00 00:00:00', 0x74),
(329, 'BN14N334', 'Retail consumer disclosure violations', '', '', '', 0, 'SPE', 4, 24, 0, 0, '2024-01-16 09:10:20', '0000-00-00', '0000-00-00 00:00:00', 0x74),
(330, 'BN14N335', 'Breach of privacy', '', '', '', 0, 'SPE', 4, 24, 0, 0, '2024-01-16 09:10:20', '0000-00-00', '0000-00-00 00:00:00', 0x74),
(331, 'BN14N336', 'Agressive sales', '', '', '', 0, 'SPE', 4, 24, 0, 0, '2024-01-16 09:10:20', '0000-00-00', '0000-00-00 00:00:00', 0x74),
(332, 'BN14N337', 'Misure of confidential information', '', '', '', 0, 'SPE', 4, 24, 0, 0, '2024-01-16 09:10:20', '0000-00-00', '0000-00-00 00:00:00', 0x74),
(333, 'BN14N338', 'Lender liability', '', '', '', 0, 'SPE', 4, 24, 0, 0, '2024-01-16 09:10:20', '0000-00-00', '0000-00-00 00:00:00', 0x74),
(334, 'BN14N339', 'Insider trading (on firm\'s account)', '', '', '', 0, 'SPE', 4, 24, 0, 0, '2024-01-16 09:10:20', '0000-00-00', '0000-00-00 00:00:00', 0x74),
(335, 'BN14N340', 'Unlicensed activity', '', '', '', 0, 'SPE', 4, 24, 0, 0, '2024-01-16 09:10:20', '0000-00-00', '0000-00-00 00:00:00', 0x74),
(336, 'BN14N341', 'Money laundering', '', '', '', 0, 'SPE', 4, 24, 0, 0, '2024-01-16 09:10:20', '0000-00-00', '0000-00-00 00:00:00', 0x74),
(337, 'BN14N342', 'Model errors', '', '', '', 0, 'SPE', 4, 24, 0, 0, '2024-01-16 09:10:20', '0000-00-00', '0000-00-00 00:00:00', 0x74),
(338, 'BN14N343', 'Failure investigate client per guidelines', '', '', '', 0, 'SPE', 4, 24, 0, 0, '2024-01-16 09:10:20', '0000-00-00', '0000-00-00 00:00:00', 0x74),
(339, 'BN14N344', 'Exceeding client exposure limits', '', '', '', 0, 'SPE', 4, 24, 0, 0, '2024-01-16 09:10:20', '0000-00-00', '0000-00-00 00:00:00', 0x74),
(340, 'BN14N345', 'Disputes over performance or advisory activities', '', '', '', 0, 'SPE', 4, 24, 0, 0, '2024-01-16 09:10:20', '0000-00-00', '0000-00-00 00:00:00', 0x74),
(341, 'BN15N346', 'Natural disaster losses', '', '', '', 0, 'SPE', 4, 24, 0, 0, '2024-01-16 09:10:20', '0000-00-00', '0000-00-00 00:00:00', 0x74),
(342, 'BN15N347', 'Human losses from external sources (terrorism, vandalism)', '', '', '', 0, 'SPE', 4, 24, 0, 0, '2024-01-16 09:10:20', '0000-00-00', '0000-00-00 00:00:00', 0x74),
(344, 'BN16N349', 'Software', '', '', '', 0, 'SPE', 4, 24, 0, 0, '2024-01-16 09:10:20', '0000-00-00', '0000-00-00 00:00:00', 0x74),
(345, 'BN16N350', 'Telecommunications', '', '', '', 0, 'SPE', 4, 24, 0, 0, '2024-01-16 09:10:20', '0000-00-00', '0000-00-00 00:00:00', 0x74),
(346, 'BN16N351', 'Utility outage / Disruptions', '', '', '', 0, 'SPE', 4, 24, 0, 0, '2024-01-16 09:10:20', '0000-00-00', '0000-00-00 00:00:00', 0x74),
(347, 'BN17N352', 'Miscommunication', '', '', '', 0, 'SPE', 4, 24, 0, 0, '2024-01-16 09:10:20', '0000-00-00', '0000-00-00 00:00:00', 0x74),
(348, 'BN17N353', 'Data entry, maintenanceor loading error', '', '', '', 0, 'SPE', 4, 24, 0, 0, '2024-01-16 09:10:20', '0000-00-00', '0000-00-00 00:00:00', 0x74),
(349, 'BN17N354', 'Missed deadline or responsability', '', '', '', 0, 'SPE', 4, 24, 0, 0, '2024-01-16 09:10:20', '0000-00-00', '0000-00-00 00:00:00', 0x74),
(350, 'BN16N355', 'Model / System misoperation', '', '', '', 0, 'SPE', 4, 24, 0, 0, '2024-01-16 09:10:20', '0000-00-00', '0000-00-00 00:00:00', 0x74),
(351, 'BN16N356', 'Accounting error / entity attribution error', '', '', '', 0, 'SPE', 4, 24, 0, 0, '2024-01-16 09:10:20', '0000-00-00', '0000-00-00 00:00:00', 0x74),
(352, 'BN16N357', 'Other task misperformance', '', '', '', 0, 'SPE', 4, 24, 0, 0, '2024-01-16 09:10:20', '0000-00-00', '0000-00-00 00:00:00', 0x74),
(353, 'BN16N358', 'Delivery failure', '', '', '', 0, 'SPE', 4, 24, 0, 0, '2024-01-16 09:10:20', '0000-00-00', '0000-00-00 00:00:00', 0x74),
(354, 'BN16N359', 'Collateral management failure', '', '', '', 0, 'SPE', 4, 24, 0, 0, '2024-01-16 09:10:20', '0000-00-00', '0000-00-00 00:00:00', 0x74),
(355, 'BN16N360', 'Reference data maintenance', '', '', '', 0, 'SPE', 4, 24, 0, 0, '2024-01-16 09:10:20', '0000-00-00', '0000-00-00 00:00:00', 0x74),
(356, 'BN16N361', 'Failed mandatory reporting obligation', '', '', '', 0, 'SPE', 4, 24, 0, 0, '2024-01-16 09:10:20', '0000-00-00', '0000-00-00 00:00:00', 0x74),
(357, 'BN16N362', 'Inaccurate external report (loss incurred)', '', '', '', 0, 'SPE', 4, 24, 0, 0, '2024-01-16 09:10:20', '0000-00-00', '0000-00-00 00:00:00', 0x74),
(358, 'BN16N363', 'Client permissions / disclaimers missed', '', '', '', 0, 'SPE', 4, 24, 0, 0, '2024-01-16 09:10:20', '0000-00-00', '0000-00-00 00:00:00', 0x74),
(359, 'BN16N364', 'Legal documents missing / incomplete', '', '', '', 0, 'SPE', 4, 24, 0, 0, '2024-01-16 09:10:20', '0000-00-00', '0000-00-00 00:00:00', 0x74),
(360, 'BN16N365', 'Unapproved access given to accounts', '', '', '', 0, 'SPE', 4, 24, 0, 0, '2024-01-16 09:10:20', '0000-00-00', '0000-00-00 00:00:00', 0x74),
(361, 'BN16N366', 'Incorrect client records (loss incurred)', '', '', '', 0, 'SPE', 4, 24, 0, 0, '2024-01-16 09:10:20', '0000-00-00', '0000-00-00 00:00:00', 0x74),
(362, 'BN16N367', 'Negligent loss or damage of client assets', '', '', '', 0, 'SPE', 4, 24, 0, 0, '2024-01-16 09:10:20', '0000-00-00', '0000-00-00 00:00:00', 0x74),
(363, 'BN16N368', 'Non-client counterparty misperformance', '', '', '', 0, 'SPE', 4, 24, 0, 0, '2024-01-16 09:10:20', '0000-00-00', '0000-00-00 00:00:00', 0x74),
(364, 'BN16N369', 'Misc. non-client counterparty disputes', '', '', '', 0, 'SPE', 4, 24, 0, 0, '2024-01-16 09:10:20', '0000-00-00', '0000-00-00 00:00:00', 0x74),
(365, 'CN16N370', 'Outsourcing', '', '', '', 0, 'SPE', 4, 24, 0, 0, '2024-01-16 09:10:20', '0000-00-00', '0000-00-00 00:00:00', 0x74),
(366, 'BN16N371', 'Vendor disputes', '', '', '', 0, 'SPE', 4, 24, 0, 0, '2024-01-16 09:10:20', '0000-00-00', '0000-00-00 00:00:00', 0x74),
(394, 'BN16N352', 'Telecom infrastructure failure', 'WIRELESS DISHES, RECEIVERS, UPS EQUIPMENT, POWER CABLES, NETWORK SERVERS, NETWORK SOFTWARE, NETWORK CABLES, NETWORK TOWERS AND RELAYS, SWITCHBOARDS, TELEPHONE CABLES, OGERO NETWORK EQUIPMENT & SOFTWARE', '', '', 0, 'SPE', 4, 24, 0, 0, '2024-01-16 09:10:20', '0000-00-00', '0000-00-00 00:00:00', 0x74),
(395, 'BN16N353', 'Service disruption or denial', '', '', '', 0, 'SPE', 4, 24, 0, 0, '2024-01-16 09:10:20', '0000-00-00', '0000-00-00 00:00:00', 0x74),
(396, 'BN16N354', 'Electrical Failure', 'ELECTRICAL FAILURE', '', '', 0, 'SPE', 4, 24, 0, 0, '2024-01-16 09:10:20', '0000-00-00', '0000-00-00 00:00:00', 0x74),
(397, 'it4', 'DESKTOP, LAPTOP FAILURE', 'DESKTOP, LAPTOP FAILURE', '', '', 0, 'SPE', 4, 24, 0, 0, '2024-01-16 09:10:20', '0000-00-00', '0000-00-00 00:00:00', 0x74),
(398, 'it5', 'LINK FAILURE (TELECOMM, INTERNET)', 'LINK FAILURE (TELECOMM, INTERNET)', '', '', 0, 'SPE', 4, 24, 0, 0, '2024-01-16 09:10:20', '0000-00-00', '0000-00-00 00:00:00', 0x74),
(399, 'it6', 'SABOTAGE : DATA, APPLICATION, EQUIPMENT', 'SABOTAGE - DATA, APPLICATION, EQUIPMENT', '', '', 0, 'SPE', 4, 24, 0, 0, '2024-01-16 09:10:20', '0000-00-00', '0000-00-00 00:00:00', 0x74),
(400, 'it7', 'ELECTRONIC SABOTAGE', 'ELECTRONIC SABOTAGE (MALICIUS ATTACK, UNAUTHORIZED LOGICAL ACCESS, DISCLOSURE OF INFORMATION,<br />VIRUS ATTACKS)', '', '', 0, 'SPE', 4, 24, 0, 0, '2024-01-16 09:10:20', '0000-00-00', '0000-00-00 00:00:00', 0x74),
(401, 'BN13B322', 'Loss of Key Personnel', 'LOSS OF KEY PERSONNEL', '', '', 0, 'SPE', 4, 24, 0, 0, '2024-01-16 09:10:20', '0000-00-00', '0000-00-00 00:00:00', 0x74),
(402, 'BN13N326', 'STAFF SHORTAGE OR UNAVAILABILITY', 'STAFF SHORTAGE OR UNAVAILABILITY', '', '', 0, 'SPE', 4, 24, 0, 0, '2024-01-16 09:10:20', '0000-00-00', '0000-00-00 00:00:00', 0x74),
(506, 'BN12N322', 'External Malicious Act', '', '', '', 0, 'SPE', 4, 24, 0, 0, '2024-01-16 09:10:20', '0000-00-00', '0000-00-00 00:00:00', 0x74),
(507, 'BN11N361', 'Computer Hacking damage', '', '', '', 0, 'SPE', 4, 24, 0, 0, '2024-01-16 09:10:20', '0000-00-00', '0000-00-00 00:00:00', 0x74),
(508, 'BN12N323', 'Wilful tax evasion', '', '', '', 0, 'SPE', 4, 24, 0, 0, '2024-01-16 09:10:20', '0000-00-00', '0000-00-00 00:00:00', 0x74),
(509, 'BN12N324', 'Bribes, Kick-backs', '', '', '', 0, 'SPE', 4, 24, 0, 0, '2024-01-16 09:10:20', '0000-00-00', '0000-00-00 00:00:00', 0x74),
(510, 'BN12N325', 'Malicious destruction of assets', '', '', '', 0, 'SPE', 4, 24, 0, 0, '2024-01-16 09:10:20', '0000-00-00', '0000-00-00 00:00:00', 0x74),
(511, 'BN12N326', 'Insider trading (on an employee\'s own account)', '', '', '', 0, 'SPE', 4, 24, 0, 0, '2024-01-16 09:10:20', '0000-00-00', '0000-00-00 00:00:00', 0x74),
(512, 'BN13B321', 'Industrial action', '', '', '', 0, 'SPE', 4, 24, 0, 0, '2024-01-16 09:10:20', '0000-00-00', '0000-00-00 00:00:00', 0x74),
(513, 'BN13N327', 'Employment Liability', '', '', '', 0, 'SPE', 4, 24, 0, 0, '2024-01-16 09:10:20', '0000-00-00', '0000-00-00 00:00:00', 0x74),
(514, 'BN13N323', 'Accident on premises - Business', '', '', '', 0, 'SPE', 4, 24, 0, 0, '2024-01-16 09:10:20', '0000-00-00', '0000-00-00 00:00:00', 0x74),
(515, 'BN14N349', 'Inadequate contract', '', '', '', 0, 'SPE', 4, 24, 0, 0, '2024-01-16 09:10:20', '0000-00-00', '0000-00-00 00:00:00', 0x74),
(516, 'BN14N346', 'Lack of client attention', '', '', '', 0, 'SPE', 4, 24, 0, 0, '2024-01-16 09:10:20', '0000-00-00', '0000-00-00 00:00:00', 0x74),
(517, 'BN14N347', 'Mis-selling', '', '', '', 0, 'SPE', 4, 24, 0, 0, '2024-01-16 09:10:20', '0000-00-00', '0000-00-00 00:00:00', 0x74),
(518, 'BN15N348', 'Accident . Equipment failure', '', '', '', 0, 'SPE', 4, 24, 0, 0, '2024-01-16 09:10:20', '0000-00-00', '0000-00-00 00:00:00', 0x74),
(519, 'BN17N360', 'Payment . Settlement', '', '', '', 0, 'SPE', 4, 24, 0, 0, '2024-01-16 09:10:20', '0000-00-00', '0000-00-00 00:00:00', 0x74),
(520, 'BN17N361', 'Reconciliation', '', '', '', 0, 'SPE', 4, 24, 0, 0, '2024-01-16 09:10:20', '0000-00-00', '0000-00-00 00:00:00', 0x74),
(521, 'BN17N362', 'Input error', '', '', '', 0, 'SPE', 4, 24, 0, 0, '2024-01-16 09:10:20', '0000-00-00', '0000-00-00 00:00:00', 0x74),
(522, 'BN17N363', 'Capacity - Inadequacy', '', '', '', 0, 'SPE', 4, 24, 0, 0, '2024-01-16 09:10:20', '0000-00-00', '0000-00-00 00:00:00', 0x74),
(523, 'BN17N364', 'Internal Compliance - Reporting', '', '', '', 0, 'SPE', 4, 24, 0, 0, '2024-01-16 09:10:20', '0000-00-00', '0000-00-00 00:00:00', 0x74),
(524, 'BN17N365', 'External compliance - Reporting', '', '', '', 0, 'SPE', 4, 24, 0, 0, '2024-01-16 09:10:20', '0000-00-00', '0000-00-00 00:00:00', 0x74),
(787, '01MktngA01A019', 'Produits/services sur march', 'Positionnement des produits/services sur des march', '', '', 0, 'SPE', 4, 24, 0, 0, '2024-01-16 10:07:09', '0000-00-00', '2024-02-06 02:37:40', 0x74),
(787, '01MktngA01A019', 'Produits.services sur marchés', 'Positionnement des produits/services sur des marchés', '', '', 0, 'SPE', 4, 24, 0, 0, '2024-02-06 02:37:40', '0000-00-00', '0000-00-00 00:00:00', 0x74),
(788, '01MktngA01A021', 'Evaluation ad', 'Evaluation ad', '', '', 0, 'SPE', 4, 24, 0, 0, '2024-01-16 10:07:09', '0000-00-00', '0000-00-00 00:00:00', 0x74),
(789, '01MktngA01B023', 'connaissance clients', 'Connaissance des profils et des attentes de nos clients (incluant le SI associ', '', '', 0, 'SPE', 4, 24, 0, 0, '2024-01-16 10:07:09', '0000-00-00', '2024-02-06 02:38:51', 0x74),
(789, '01MktngA01B023', 'Connaissance clients', 'Connaissance des profils et des attentes des clients (incluant le SI associé)', '', '', 0, 'SPE', 4, 24, 0, 0, '2024-02-06 02:38:51', '0000-00-00', '0000-00-00 00:00:00', 0x74),
(790, '01MktngA02A019.1', 'Segmentation de l\'offre', 'Segmentation de l\'offre', '', '', 0, 'SPE', 4, 24, 0, 0, '2024-01-16 10:07:09', '0000-00-00', '0000-00-00 00:00:00', 0x74),
(791, '01MktngA02A289', 'Fixation appropri', 'Fixation appropri', '', '', 0, 'SPE', 4, 24, 0, 0, '2024-01-16 10:07:09', '0000-00-00', '0000-00-00 00:00:00', 0x74),
(792, '01MktngA02A291.1', 'Perte (incl. Opportunit', 'Perte ou non acquisition de clients Grands Comptes', '', '', 0, 'SPE', 4, 24, 0, 0, '2024-01-16 10:07:09', '0000-00-00', '2024-02-06 02:40:35', 0x74),
(792, '01MktngA02A291.1', 'Perte (incl. Opportunité)', 'Perte ou non acquisition de clients Grands Comptes', '', '', 0, 'SPE', 4, 24, 0, 0, '2024-02-06 02:40:35', '0000-00-00', '0000-00-00 00:00:00', 0x74),
(793, '01MktngA02A291.2', 'mauvaise segmentation offre', 'Incapacit', '', '', 0, 'SPE', 4, 24, 0, 0, '2024-01-16 10:07:09', '0000-00-00', '0000-00-00 00:00:00', 0x74),
(794, '01MktngA02A292', 'd', 'D', '', '', 0, 'SPE', 4, 24, 0, 0, '2024-01-16 10:07:09', '0000-00-00', '0000-00-00 00:00:00', 0x74),
(795, '01MktngA02A293', 'Cycle de vie du produit', 'Gestion du cycle de vie du produit', '', '', 0, 'SPE', 4, 24, 0, 0, '2024-01-16 10:07:09', '0000-00-00', '0000-00-00 00:00:00', 0x74),
(796, '01MktngA02A51', 'Dispo.Int', 'Disponibilit', '', '', 0, 'SPE', 4, 24, 0, 0, '2024-01-16 10:07:09', '0000-00-00', '2024-02-06 02:41:08', 0x74),
(796, '01MktngA02A51', 'Dispo.Int', 'Disponibilité', '', '', 0, 'SPE', 4, 24, 0, 0, '2024-02-06 02:41:08', '0000-00-00', '0000-00-00 00:00:00', 0x74),
(797, '01MktngA02B023.1', 'compr', 'Compr', '', '', 0, 'SPE', 4, 24, 0, 0, '2024-01-16 10:07:09', '0000-00-00', '0000-00-00 00:00:00', 0x74),
(798, '01MktngA02P262.8', 'Gestion de produits', 'Gestion de produits', '', '', 0, 'SPE', 4, 24, 0, 0, '2024-01-16 10:07:09', '0000-00-00', '0000-00-00 00:00:00', 0x74),
(799, '01MktngA02P308', 'Fluidit', 'Fluidit', '', '', 0, 'SPE', 4, 24, 0, 0, '2024-01-16 10:07:09', '0000-00-00', '2024-02-06 02:41:55', 0x74),
(799, '01MktngA02P308', 'Fluidité', 'Fluidité', '', '', 0, 'SPE', 4, 24, 0, 0, '2024-02-06 02:41:55', '0000-00-00', '0000-00-00 00:00:00', 0x74),
(800, '01MktngA02P308.1', 'R', 'R', '', '', 0, 'SPE', 4, 24, 0, 0, '2024-01-16 10:07:09', '0000-00-00', '0000-00-00 00:00:00', 0x74),
(801, '01MktngA02P308.4', 'Service aux entreprises', 'Processus de fourniture de services Entreprise', '', '', 0, 'SPE', 4, 24, 0, 0, '2024-01-16 10:07:09', '0000-00-00', '0000-00-00 00:00:00', 0x74),
(802, '01MktngA03A288', 'Marque: Construction, rebranding', 'Strat', '', '', 0, 'SPE', 4, 24, 0, 0, '2024-01-16 10:07:09', '0000-00-00', '0000-00-00 00:00:00', 0x74),
(803, '01MktngA03A288.10', 'Implantation Marque Globale', 'Co', '', '', 0, 'SPE', 4, 24, 0, 0, '2024-01-16 10:07:09', '0000-00-00', '0000-00-00 00:00:00', 0x74),
(804, '01MktngA03A288.11', 'Respect marque ', 'Respect des promesses de la marque o', '', '', 0, 'SPE', 4, 24, 0, 0, '2024-01-16 10:07:09', '0000-00-00', '0000-00-00 00:00:00', 0x74),
(805, '01MktngA03A288.12', 'Pr', 'Pr', '', '', 0, 'SPE', 4, 24, 0, 0, '2024-01-16 10:07:09', '0000-00-00', '0000-00-00 00:00:00', 0x74),
(806, '01MktngA03A288.13', 'Conditions d\'attribution licences', 'Ma', '', '', 0, 'SPE', 4, 24, 0, 0, '2024-01-16 10:07:09', '0000-00-00', '0000-00-00 00:00:00', 0x74),
(807, '01MktngA03A288.14', 'Mauvaise r', 'Mauvaise r', '', '', 0, 'SPE', 4, 24, 0, 0, '2024-01-16 10:07:09', '0000-00-00', '0000-00-00 00:00:00', 0x74),
(808, '01MktngA03A288.15', 'Changt Culturel/jeune', 'Changement d\'attitudes culturelles - segment Jeunes -', '', '', 0, 'SPE', 4, 24, 0, 0, '2024-01-16 10:07:09', '0000-00-00', '0000-00-00 00:00:00', 0x74),
(809, '01MktngA03A288.16', 'risque d\'', 'Faible valeur des marques, ', '', '', 0, 'SPE', 4, 24, 0, 0, '2024-01-16 10:07:09', '2011-07-07', '0000-00-00 00:00:00', 0x74),
(810, '01MktngA03A288.3', 'Contr', 'Contr', '', '', 0, 'SPE', 4, 24, 0, 0, '2024-01-16 10:07:09', '0000-00-00', '0000-00-00 00:00:00', 0x74),
(811, '01MktngA03A288.4', 'coordination marque selon march', 'Coordination en mati', '', '', 0, 'SPE', 4, 24, 0, 0, '2024-01-16 10:07:09', '0000-00-00', '0000-00-00 00:00:00', 0x74),
(812, '01MktngA03A288.5', 'Marketing annonceurs valeur de la marque', 'D', '', '', 0, 'SPE', 4, 24, 0, 0, '2024-01-16 10:07:09', '0000-00-00', '0000-00-00 00:00:00', 0x74),
(813, '01MktngA03A288.6', 'Perception par les annonceurs', 'Perception de la marque comme d', '', '', 0, 'SPE', 4, 24, 0, 0, '2024-01-16 10:07:09', '0000-00-00', '0000-00-00 00:00:00', 0x74),
(814, '01MktngA03A288.7', 'Capacit', 'Capacit', '', '', 0, 'SPE', 4, 24, 0, 0, '2024-01-16 10:07:09', '0000-00-00', '0000-00-00 00:00:00', 0x74),
(815, '01MktngA03A288.9', 'Reconnaissance de la marque', 'Reconnaissance de la marque', '', '', 0, 'SPE', 4, 24, 0, 0, '2024-01-16 10:07:09', '0000-00-00', '0000-00-00 00:00:00', 0x74),
(816, '01MktngA04A020', 'Efficacit', 'Efficacit', '', '', 0, 'SPE', 4, 24, 0, 0, '2024-01-16 10:07:09', '0000-00-00', '0000-00-00 00:00:00', 0x74),
(817, '01MktngA04A020.1', 'Ma', 'Ma', '', '', 0, 'SPE', 4, 24, 0, 0, '2024-01-16 10:07:09', '0000-00-00', '0000-00-00 00:00:00', 0x74),
(818, '01MktngA04B024', 'connaissance nouveaux produits', 'Connaissance et promotion des nouveaux produits', '', '', 0, 'SPE', 4, 24, 0, 0, '2024-01-16 10:07:09', '0000-00-00', '0000-00-00 00:00:00', 0x74),
(819, '01MktngA04B024.1', 'Ev', 'Ev', '', '', 0, 'SPE', 4, 24, 0, 0, '2024-01-16 10:07:09', '0000-00-00', '0000-00-00 00:00:00', 0x74),
(820, '02VentesB01A017', 'Ma', 'Ma', '', '', 0, 'SPE', 4, 24, 0, 0, '2024-01-16 10:07:09', '0000-00-00', '0000-00-00 00:00:00', 0x74),
(821, '02VentesB01B025', 'Ma', 'Ma', '', '', 0, 'SPE', 4, 24, 0, 0, '2024-01-16 10:07:09', '0000-00-00', '0000-00-00 00:00:00', 0x74),
(822, '02VentesB01B295', 'Homog', 'Homog', '', '', 0, 'SPE', 4, 24, 0, 0, '2024-01-16 10:07:09', '0000-00-00', '0000-00-00 00:00:00', 0x74),
(823, '02VentesB01B297.1', 'Canaux de vente communs', 'Canaux de vente communs pour le Groupe', '', '', 0, 'SPE', 4, 24, 0, 0, '2024-01-16 10:07:09', '0000-00-00', '0000-00-00 00:00:00', 0x74),
(824, '02VentesB01B297.2', 'Mauvaise optimisation g', 'Non optimisation des points de vente de d', '', '', 0, 'SPE', 4, 24, 0, 0, '2024-01-16 10:07:09', '0000-00-00', '0000-00-00 00:00:00', 0x74),
(825, '02VentesB01B298', 'Fiabilit', 'Fiabilit', '', '', 0, 'SPE', 4, 24, 0, 0, '2024-01-16 10:07:09', '0000-00-00', '0000-00-00 00:00:00', 0x74),
(826, '02VentesB01B302', 'Ma', 'Ma', '', '', 0, 'SPE', 4, 24, 0, 0, '2024-01-16 10:07:09', '0000-00-00', '0000-00-00 00:00:00', 0x74),
(827, '02VentesB01B302.2', 'Coh', 'Coordination et non-comp', '', '', 0, 'SPE', 4, 24, 0, 0, '2024-01-16 10:07:09', '0000-00-00', '0000-00-00 00:00:00', 0x74),
(828, '02VentesB01B302.3', 'Coh', 'Coh', '', '', 0, 'SPE', 4, 24, 0, 0, '2024-01-16 10:07:09', '0000-00-00', '0000-00-00 00:00:00', 0x74),
(829, '02VentesB01B302.5', 'Gestion du d', 'Gestion du d', '', '', 0, 'SPE', 4, 24, 0, 0, '2024-01-16 10:07:09', '0000-00-00', '0000-00-00 00:00:00', 0x74),
(830, '02VentesB01B302.7', 'diminution revenus en filiales', 'Vitesse de diminution des revenus en filiales', '', '', 0, 'SPE', 4, 24, 0, 0, '2024-01-16 10:07:09', '0000-00-00', '0000-00-00 00:00:00', 0x74),
(831, '02VentesB02B026', 'vendeurs recrut', 'Vendeurs recrut', '', '', 0, 'SPE', 4, 24, 0, 0, '2024-01-16 10:07:09', '0000-00-00', '0000-00-00 00:00:00', 0x74),
(832, '02VentesB02B027', 'Motivation  force de vente', 'Motivation de la force de vente', '', '', 0, 'SPE', 4, 24, 0, 0, '2024-01-16 10:07:09', '0000-00-00', '0000-00-00 00:00:00', 0x74),
(833, '02VentesB02B028', 'Connaissance Produits Services/vendeurs', 'Connaissance des produits et services (par les vendeurs)', '', '', 0, 'SPE', 4, 24, 0, 0, '2024-01-16 10:07:09', '0000-00-00', '0000-00-00 00:00:00', 0x74),
(834, '02VentesB02B028.1', 'Promotions connues/vendeurs', 'Connaissance et promotion des nouveaux produits par les vendeurs', '', '', 0, 'SPE', 4, 24, 0, 0, '2024-01-16 10:07:09', '0000-00-00', '0000-00-00 00:00:00', 0x74),
(835, '02VentesB02B028.3', 'Nouveau mod', 'Nouveau mod', '', '', 0, 'SPE', 4, 24, 0, 0, '2024-01-16 10:07:09', '0000-00-00', '0000-00-00 00:00:00', 0x74),
(836, '02VentesB02B294', 'Alignement Commissions/obj strat', 'Prime de commissionnement align', '', '', 0, 'SPE', 4, 24, 0, 0, '2024-01-16 10:07:09', '0000-00-00', '0000-00-00 00:00:00', 0x74),
(837, '02VentesB02B303', 'Comp', 'Comp', '', '', 0, 'SPE', 4, 24, 0, 0, '2024-01-16 10:07:09', '0000-00-00', '0000-00-00 00:00:00', 0x74),
(838, '02VentesB02D032', 'Qualit', 'Qualit', '', '', 0, 'SPE', 4, 24, 0, 0, '2024-01-16 10:07:09', '0000-00-00', '0000-00-00 00:00:00', 0x74),
(839, '02VentesB03B022', '% part-march', 'Parts de march', '', '', 0, 'SPE', 4, 24, 0, 0, '2024-01-16 10:07:09', '0000-00-00', '0000-00-00 00:00:00', 0x74),
(840, '02VentesB03B022.1', 'Optimiser revenus annonceurs  ', 'Optimiser les revenus par clients  ', '', '', 0, 'SPE', 4, 24, 0, 0, '2024-01-16 10:07:09', '0000-00-00', '0000-00-00 00:00:00', 0x74),
(841, '02VentesB03B022.2', 'Co', 'Co', '', '', 0, 'SPE', 4, 24, 0, 0, '2024-01-16 10:07:09', '0000-00-00', '0000-00-00 00:00:00', 0x74),
(842, '02VentesB03B022.3', 'contr', 'Capture de nouveaux clients avec contr', '', '', 0, 'SPE', 4, 24, 0, 0, '2024-01-16 10:07:09', '0000-00-00', '0000-00-00 00:00:00', 0x74),
(843, '02VentesB03B022.4', 'Perte de parts de march', 'Perte de parts de march', '', '', 0, 'SPE', 4, 24, 0, 0, '2024-01-16 10:07:09', '0000-00-00', '0000-00-00 00:00:00', 0x74),
(844, '02VentesB03B023.2', 'Profils annonceurs remont', 'Connaissance des profils des annonceurs  (', '', '', 0, 'SPE', 4, 24, 0, 0, '2024-01-16 10:07:09', '0000-00-00', '0000-00-00 00:00:00', 0x74),
(845, '02VentesB03B023.3', 'Mise ', 'Mise ', '', '', 0, 'SPE', 4, 24, 0, 0, '2024-01-16 10:07:09', '0000-00-00', '0000-00-00 00:00:00', 0x74),
(846, '02VentesB03B023.4', 'Optimiser les  outils  vente Gd Comptes', 'Optimisation des outils de soutien ', '', '', 0, 'SPE', 4, 24, 0, 0, '2024-01-16 10:07:09', '0000-00-00', '0000-00-00 00:00:00', 0x74),
(847, '02VentesB03B023.5', 'Segmentation client hors marque blanche', 'Segmentation Client adopt', '', '', 0, 'SPE', 4, 24, 0, 0, '2024-01-16 10:07:09', '0000-00-00', '0000-00-00 00:00:00', 0x74),
(848, '02VentesB03B029', 'Augmentation CA/nouveaux usages', 'D', '', '', 0, 'SPE', 4, 24, 0, 0, '2024-01-16 10:07:09', '0000-00-00', '0000-00-00 00:00:00', 0x74),
(849, '02VentesB03B029.1', 'Augementation CA/nouveaux services', 'D', '', '', 0, 'SPE', 4, 24, 0, 0, '2024-01-16 10:07:09', '0000-00-00', '0000-00-00 00:00:00', 0x74),
(850, '02VentesB03B029.2', 'Augmentation ventes/nouveaux Prod&Serv', 'D', '', '', 0, 'SPE', 4, 24, 0, 0, '2024-01-16 10:07:09', '0000-00-00', '0000-00-00 00:00:00', 0x74),
(851, '02VentesB03B029.3', 'D', 'D', '', '', 0, 'SPE', 4, 24, 0, 0, '2024-01-16 10:07:09', '0000-00-00', '0000-00-00 00:00:00', 0x74),
(852, '02VentesB03B299', 'Marges raisonnables sur l\'Outsourcing', 'Obtention de marges raisonnables sur l\'Outsourcing', '', '', 0, 'SPE', 4, 24, 0, 0, '2024-01-16 10:07:09', '0000-00-00', '0000-00-00 00:00:00', 0x74),
(853, '02VentesB03B299.1', 'Gest des contrats Outsourcing', 'Gestion des contrats d\'Outsourcing', '', '', 0, 'SPE', 4, 24, 0, 0, '2024-01-16 10:07:09', '0000-00-00', '0000-00-00 00:00:00', 0x74),
(854, '02VentesB03B299.2', 'Ctrl achats Outsourcing/Internet-filiale', 'Contr', '', '', 0, 'SPE', 4, 24, 0, 0, '2024-01-16 10:07:09', '0000-00-00', '0000-00-00 00:00:00', 0x74),
(855, '03InnovatP01G058', 'Gestion des changements technologiques', 'Gestion des changements technologiques', '', '', 0, 'SPE', 4, 24, 0, 0, '2024-01-16 10:07:09', '0000-00-00', '0000-00-00 00:00:00', 0x74),
(856, '03InnovatP01N012', 'Choix technologiques', 'Choix technologiques', '', '', 0, 'SPE', 4, 24, 0, 0, '2024-01-16 10:07:09', '0000-00-00', '0000-00-00 00:00:00', 0x74),
(857, '03InnovatP01N012.1', 'Innovation technologique non norm', 'Entreprendre le lancement d\'une innovation de technologie ou d\'usage non assis sur une norme ou assis sur une norme non finalis', '', '', 0, 'SPE', 4, 24, 0, 0, '2024-01-16 10:07:09', '0000-00-00', '0000-00-00 00:00:00', 0x74),
(858, '03InnovatP01N012.3', 'Plans de replis/innovation', 'Existence de solutions de secours en mati', '', '', 0, 'SPE', 4, 24, 0, 0, '2024-01-16 10:07:09', '0000-00-00', '0000-00-00 00:00:00', 0x74),
(859, '03InnovatP01N012.4', 'Non existance alerte techno/ Innov', 'Absence de circuit d\'escalade et de d', '', '', 0, 'SPE', 4, 24, 0, 0, '2024-01-16 10:07:09', '0000-00-00', '0000-00-00 00:00:00', 0x74),
(860, '03InnovatP01N012.5', 'Mq. Invest: Perd comp', 'Perte de comp', '', '', 0, 'SPE', 4, 24, 0, 0, '2024-01-16 10:07:09', '0000-00-00', '0000-00-00 00:00:00', 0x74),
(861, '03InnovatP01N012.6', 'resistance changement techno', 'Processus de d', '', '', 0, 'SPE', 4, 24, 0, 0, '2024-01-16 10:07:09', '0000-00-00', '0000-00-00 00:00:00', 0x74),
(862, '03InnovatP01N012.7', 'D', 'Processus de d', '', '', 0, 'SPE', 4, 24, 0, 0, '2024-01-16 10:07:09', '0000-00-00', '0000-00-00 00:00:00', 0x74),
(863, '03InnovatP01N280.3', 'Mon', 'Risque de d', '', '', 0, 'SPE', 4, 24, 0, 0, '2024-01-16 10:07:09', '0000-00-00', '0000-00-00 00:00:00', 0x74),
(864, '03InnovatP02P262', 'D', 'Respect du calendrier de sortie pour les nouveaux produits et services', '', '', 0, 'SPE', 4, 24, 0, 0, '2024-01-16 10:07:09', '0000-00-00', '0000-00-00 00:00:00', 0x74),
(865, '03InnovatP02P262.10', 'Capacit', 'Capacit', '', '', 0, 'SPE', 4, 24, 0, 0, '2024-01-16 10:07:09', '0000-00-00', '0000-00-00 00:00:00', 0x74),
(866, '03InnovatP02P262.12', 'insuffisances ', 'Capacit', '', '', 0, 'SPE', 4, 24, 0, 0, '2024-01-16 10:07:09', '0000-00-00', '0000-00-00 00:00:00', 0x74),
(867, '03InnovatP02P262.2', 'Processus & SI disponibles/nx produits', 'Disponibilit', '', '', 0, 'SPE', 4, 24, 0, 0, '2024-01-16 10:07:09', '0000-00-00', '0000-00-00 00:00:00', 0x74),
(868, '03InnovatP02P262.3', 'Time to market et innovation', 'Time to market et innovation', '', '', 0, 'SPE', 4, 24, 0, 0, '2024-01-16 10:07:09', '0000-00-00', '0000-00-00 00:00:00', 0x74),
(869, '03InnovatP02P262.5', 'Time to Market/nx produits et services', 'Time to Market pour les nouveaux produits et services', '', '', 0, 'SPE', 4, 24, 0, 0, '2024-01-16 10:07:09', '0000-00-00', '0000-00-00 00:00:00', 0x74),
(870, '03InnovatP02P262.6', 'Ressources pour le Dev de produits', 'Manque de ressources pour le d', '', '', 0, 'SPE', 4, 24, 0, 0, '2024-01-16 10:07:09', '0000-00-00', '0000-00-00 00:00:00', 0x74),
(871, '03InnovatP02P310', 'D', 'D', '', '', 0, 'SPE', 4, 24, 0, 0, '2024-01-16 10:07:09', '0000-00-00', '0000-00-00 00:00:00', 0x74),
(872, '03InnovatP03A290', 'Descriptions des relations m', 'D', '', '', 0, 'SPE', 4, 24, 0, 0, '2024-01-16 10:07:09', '0000-00-00', '0000-00-00 00:00:00', 0x74),
(873, '03InnovatP03A291', 'Offres Grands Comptes', 'Offre multiple pour le segment gd compte', '', '', 0, 'SPE', 4, 24, 0, 0, '2024-01-16 10:07:09', '0000-00-00', '0000-00-00 00:00:00', 0x74),
(874, '03InnovatP03B024.2', 'Appropriation nx services par clients', 'Appropriation des nouveaux services par les clients', '', '', 0, 'SPE', 4, 24, 0, 0, '2024-01-16 10:07:09', '0000-00-00', '0000-00-00 00:00:00', 0x74),
(875, '03InnovatP03P262.11', 'Capacit', 'Capacit', '', '', 0, 'SPE', 4, 24, 0, 0, '2024-01-16 10:07:09', '0000-00-00', '0000-00-00 00:00:00', 0x74),
(876, '03InnovatP03P262.4', 'QS nlles offres/(d', 'Qualit', '', '', 0, 'SPE', 4, 24, 0, 0, '2024-01-16 10:07:09', '0000-00-00', '0000-00-00 00:00:00', 0x74),
(877, '03InnovatP03P262.9', 'QS en phases de croissance des nx serv.', 'QS durant les phases de croissance des nouveaux services', '', '', 0, 'SPE', 4, 24, 0, 0, '2024-01-16 10:07:09', '0000-00-00', '0000-00-00 00:00:00', 0x74),
(878, '03InnovatP03P308.2', 'Ergonomie des nouveaux services', 'Ergonomie des nouveaux services', '', '', 0, 'SPE', 4, 24, 0, 0, '2024-01-16 10:07:09', '0000-00-00', '0000-00-00 00:00:00', 0x74),
(879, '03InnovatP03Q098.1', 'D', 'D', '', '', 0, 'SPE', 4, 24, 0, 0, '2024-01-16 10:07:09', '0000-00-00', '0000-00-00 00:00:00', 0x74),
(880, '03InnovatP03Q106', 'Tests pr', 'Tests pr', '', '', 0, 'SPE', 4, 24, 0, 0, '2024-01-16 10:07:09', '0000-00-00', '0000-00-00 00:00:00', 0x74),
(881, '03InnovatP04G328.1', 'Dev du r', 'D', '', '', 0, 'SPE', 4, 24, 0, 0, '2024-01-16 10:07:09', '0000-00-00', '0000-00-00 00:00:00', 0x74),
(882, '03InnovatP04P311', 'Capacité', 'Capacité', '', '', 0, 'SPE', 4, 24, 0, 0, '2024-01-16 10:07:09', '0000-00-00', '0000-00-00 00:00:00', 0x74),
(883, '03InnovatP04P312', 'Compatibilité', 'Compatibilité', '', '', 0, 'SPE', 4, 24, 0, 0, '2024-01-16 10:07:09', '0000-00-00', '0000-00-00 00:00:00', 0x74),
(884, '03InnovatP04P313.1', 'Co', 'Co', '', '', 0, 'SPE', 4, 24, 0, 0, '2024-01-16 10:07:09', '0000-00-00', '0000-00-00 00:00:00', 0x74),
(885, '03InnovatP04Q098.2', 'Risque projets Moe', 'Risque projets Moe', '', '', 0, 'SPE', 4, 24, 0, 0, '2024-01-16 10:07:09', '0000-00-00', '0000-00-00 00:00:00', 0x74),
(886, '03InnovatP04Q098.3', 'Risque projets M', 'Risque m', '', '', 0, 'SPE', 4, 24, 0, 0, '2024-01-16 10:07:09', '0000-00-00', '0000-00-00 00:00:00', 0x74),
(887, '04QualiteD02D020', 'Satisfaction des audiences', 'Satisfaction des audiences', '', '', 0, 'SPE', 4, 24, 0, 0, '2024-01-16 10:07:09', '0000-00-00', '0000-00-00 00:00:00', 0x74),
(888, '04QualiteD02E037.2', 'Niveau de QS per', 'Niveau de qualit', '', '', 0, 'SPE', 4, 24, 0, 0, '2024-01-16 10:07:09', '0000-00-00', '0000-00-00 00:00:00', 0x74),
(889, '04QualiteD02E314', 'Satisfaction-SC gd Comptes', 'Satisfaction Service Clients gd Compte', '', '', 0, 'SPE', 4, 24, 0, 0, '2024-01-16 10:07:09', '0000-00-00', '0000-00-00 00:00:00', 0x74),
(890, '04QualiteD02D034', 'Satisfaction consultants', 'Satisfaction consultants', '', '', 0, 'SPE', 4, 24, 0, 0, '2024-01-16 10:07:09', '0000-00-00', '0000-00-00 00:00:00', 0x74),
(891, '04QualiteD02E037', 'Qualité', 'Qualité', '', '', 0, 'SPE', 4, 24, 0, 0, '2024-01-16 10:07:09', '0000-00-00', '0000-00-00 00:00:00', 0x74),
(892, '04QualiteD02E037.1', 'Allocation ressources SC et R', 'Allocation ressources SC et Recla', '', '', 0, 'SPE', 4, 24, 0, 0, '2024-01-16 10:07:09', '0000-00-00', '0000-00-00 00:00:00', 0x74),
(893, '04QualiteD02E037.3', 'Ma', 'Ma', '', '', 0, 'SPE', 4, 24, 0, 0, '2024-01-16 10:07:09', '0000-00-00', '0000-00-00 00:00:00', 0x74),
(894, '04QualiteD02E040', 'Disponibilité', 'Disponibilité', '', '', 0, 'SPE', 4, 24, 0, 0, '2024-01-16 10:07:09', '0000-00-00', '0000-00-00 00:00:00', 0x74),
(895, '04QualiteD02E040.1', 'March', 'March', '', '', 0, 'SPE', 4, 24, 0, 0, '2024-01-16 10:07:09', '0000-00-00', '0000-00-00 00:00:00', 0x74),
(896, '04QualiteD02E040.2', 'Dispo insuffisante des centres d\'appel', 'Disponibilité', '', '', 0, 'SPE', 4, 24, 0, 0, '2024-01-16 10:07:09', '0000-00-00', '0000-00-00 00:00:00', 0x74),
(897, '04QualiteD02E041', 'Respect des engagements commerciaux', 'Respect des engagements commerciaux France  ', '', '', 0, 'SPE', 4, 24, 0, 0, '2024-01-16 10:07:09', '0000-00-00', '0000-00-00 00:00:00', 0x74);
INSERT INTO `nature` (`idNature`, `Nat_Cod`, `intitule`, `description`, `intitule_en`, `description_en`, `ordre`, `Typ_Iden`, `id_typenature`, `id_typenature_risk`, `notificationType`, `dftNotification`, `date_debut`, `date_modif`, `date_fin`, `Affecte`) VALUES
(898, '04QualiteD02E041.2', 'Doc Mkt et Ventes annonceurs/consultants', 'Qualité', '', '', 0, 'SPE', 4, 24, 0, 0, '2024-01-16 10:07:09', '0000-00-00', '0000-00-00 00:00:00', 0x74),
(899, '04QualiteD02E042', 'Qualité', 'Qualité', '', '', 0, 'SPE', 4, 24, 0, 0, '2024-01-16 10:07:09', '0000-00-00', '0000-00-00 00:00:00', 0x74),
(900, '04QualiteD02E042.1', 'D', 'D', '', '', 0, 'SPE', 4, 24, 0, 0, '2024-01-16 10:07:09', '0000-00-00', '0000-00-00 00:00:00', 0x74),
(901, '04QualiteD02E042.2', 'Mauvais traitement des r', 'Mauvais traitement des r', '', '', 0, 'SPE', 4, 24, 0, 0, '2024-01-16 10:07:09', '0000-00-00', '0000-00-00 00:00:00', 0x74),
(902, '04QualiteD02E315', 'Niveau qualité', 'Niveau de qualité', '', '', 0, 'SPE', 4, 24, 0, 0, '2024-01-16 10:07:09', '0000-00-00', '0000-00-00 00:00:00', 0x74),
(903, '04QualiteD02E317', 'standard de services h', 'Standards de service inhomog', '', '', 0, 'SPE', 4, 24, 0, 0, '2024-01-16 10:07:09', '0000-00-00', '0000-00-00 00:00:00', 0x74),
(904, '04QualiteD02E318', 'Demande ce changements clients correcte', 'Ex', '', '', 0, 'SPE', 4, 24, 0, 0, '2024-01-16 10:07:09', '0000-00-00', '0000-00-00 00:00:00', 0x74),
(905, '04QualiteD02E319', 'Churn des clients', 'Churn des clients', '', '', 0, 'SPE', 4, 24, 0, 0, '2024-01-16 10:07:09', '0000-00-00', '0000-00-00 00:00:00', 0x74),
(906, '04QualiteD02A017.1', 'Consolidation et optim. des op', 'Consolidation et optimisation des op', '', '', 0, 'SPE', 4, 24, 0, 0, '2024-01-16 10:07:09', '2011-03-30', '0000-00-00 00:00:00', 0x74),
(907, '04QualiteD02B300', 'Offres trop sp', 'Offres de solutions-clients trop sp', '', '', 0, 'SPE', 4, 24, 0, 0, '2024-01-16 10:07:09', '0000-00-00', '0000-00-00 00:00:00', 0x74),
(908, '04QualiteD02D030.2', 'Ciblage de l\'annonceur', 'Les op', '', '', 0, 'SPE', 4, 24, 0, 0, '2024-01-16 10:07:09', '0000-00-00', '0000-00-00 00:00:00', 0x74),
(909, '04QualiteD02D306', 'Qualit', 'Qualit', '', '', 0, 'SPE', 4, 24, 0, 0, '2024-01-16 10:07:09', '0000-00-00', '0000-00-00 00:00:00', 0x74),
(910, '04QualiteD02E041.3', 'Engagements non tenables/clients', 'Engagements non soutenables faits vis-', '', '', 0, 'SPE', 4, 24, 0, 0, '2024-01-16 10:07:09', '0000-00-00', '0000-00-00 00:00:00', 0x74),
(911, '04QualiteD02P036.1', 'Impacts budget/QS Gd comptes', 'Impact des efforts du budget sur la Qualit', '', '', 0, 'SPE', 4, 24, 0, 0, '2024-01-16 10:07:09', '0000-00-00', '0000-00-00 00:00:00', 0x74),
(912, '05CommdsF01F052.1', 'Ma', 'Ma', '', '', 0, 'SPE', 4, 24, 0, 0, '2024-01-16 10:07:09', '0000-00-00', '0000-00-00 00:00:00', 0x74),
(913, '05CommdsF02F053', 'Impay', 'Impay', '', '', 0, 'SPE', 4, 24, 0, 0, '2024-01-16 10:07:09', '0000-00-00', '0000-00-00 00:00:00', 0x74),
(914, '05CommdsF02F053.10', 'Recouvrement des cr', 'Recouvrement des cr', '', '', 0, 'SPE', 4, 24, 0, 0, '2024-01-16 10:07:09', '0000-00-00', '0000-00-00 00:00:00', 0x74),
(915, '05CommdsF02F053.11', 'Surveillance des en-cours de facturation', 'Surveillance des en-cours de facturation', '', '', 0, 'SPE', 4, 24, 0, 0, '2024-01-16 10:07:09', '0000-00-00', '0000-00-00 00:00:00', 0x74),
(916, '05CommdsF02F053.13', 'Ctrl int: facturation et recouvrement', 'Contr', '', '', 0, 'SPE', 4, 24, 0, 0, '2024-01-16 10:07:09', '0000-00-00', '0000-00-00 00:00:00', 0x74),
(917, '05CommdsF02F053.14', 'Commandes / clients insolvables', 'Commandes accept', '', '', 0, 'SPE', 4, 24, 0, 0, '2024-01-16 10:07:09', '0000-00-00', '0000-00-00 00:00:00', 0x74),
(918, '05CommdsF02F053.3', 'Impay', 'Impay', '', '', 0, 'SPE', 4, 24, 0, 0, '2024-01-16 10:07:09', '0000-00-00', '0000-00-00 00:00:00', 0x74),
(919, '05CommdsF02F053.5', 'Impay', 'Impay', '', '', 0, 'SPE', 4, 24, 0, 0, '2024-01-16 10:07:09', '0000-00-00', '0000-00-00 00:00:00', 0x74),
(920, '05CommdsF02F053.8', 'Impay', 'Autres Impay', '', '', 0, 'SPE', 4, 24, 0, 0, '2024-01-16 10:07:09', '0000-00-00', '0000-00-00 00:00:00', 0x74),
(921, '05CommdsF03F056', 'Fiabilit', 'Fiabilit', '', '', 0, 'SPE', 4, 24, 0, 0, '2024-01-16 10:07:09', '0000-00-00', '0000-00-00 00:00:00', 0x74),
(922, '05CommdsF03F056.1', 'Fiabilit', 'Fiabilit', '', '', 0, 'SPE', 4, 24, 0, 0, '2024-01-16 10:07:09', '0000-00-00', '0000-00-00 00:00:00', 0x74),
(923, '05CommdsF03F056.3', 'Fiabilit', 'Fiabilit', '', '', 0, 'SPE', 4, 24, 0, 0, '2024-01-16 10:07:09', '0000-00-00', '0000-00-00 00:00:00', 0x74),
(924, '05CommdsF03F056.4', 'Int', 'Contestation de l\'int', '', '', 0, 'SPE', 4, 24, 0, 0, '2024-01-16 10:07:09', '0000-00-00', '0000-00-00 00:00:00', 0x74),
(925, '05CommdsF03F056.5', 'Sur-paiement des co', 'Sur-paiement des co', '', '', 0, 'SPE', 4, 24, 0, 0, '2024-01-16 10:07:09', '0000-00-00', '0000-00-00 00:00:00', 0x74),
(926, '05CommdsF05F321', 'Exhaustivit', 'Qualit', '', '', 0, 'SPE', 4, 24, 0, 0, '2024-01-16 10:07:09', '0000-00-00', '0000-00-00 00:00:00', 0x74),
(927, '05CommdsF05F321.1', 'Exhaustivit', 'Exhaustivit', '', '', 0, 'SPE', 4, 24, 0, 0, '2024-01-16 10:07:09', '0000-00-00', '0000-00-00 00:00:00', 0x74),
(928, '05CommdsF05F321.10', 'D', 'D', '', '', 0, 'SPE', 4, 24, 0, 0, '2024-01-16 10:07:09', '0000-00-00', '0000-00-00 00:00:00', 0x74),
(929, '05CommdsF05F321.11', 'D', 'D', '', '', 0, 'SPE', 4, 24, 0, 0, '2024-01-16 10:07:09', '0000-00-00', '0000-00-00 00:00:00', 0x74),
(930, '05CommdsF05F321.16', 'Sous-facturation services (donn', 'Sous-facturation pour des services existants (contenus de donn', '', '', 0, 'SPE', 4, 24, 0, 0, '2024-01-16 10:07:09', '0000-00-00', '0000-00-00 00:00:00', 0x74),
(931, '05CommdsF05F321.17', 'Facturation inad', 'Facturation inad', '', '', 0, 'SPE', 4, 24, 0, 0, '2024-01-16 10:07:09', '0000-00-00', '0000-00-00 00:00:00', 0x74),
(932, '05CommdsF05F321.3', 'Coh', 'Coh', '', '', 0, 'SPE', 4, 24, 0, 0, '2024-01-16 10:07:09', '0000-00-00', '0000-00-00 00:00:00', 0x74),
(933, '05CommdsF05F321.5', 'Exhaustivit', 'Exhaustivit', '', '', 0, 'SPE', 4, 24, 0, 0, '2024-01-16 10:07:09', '0000-00-00', '0000-00-00 00:00:00', 0x74),
(934, '05CommdsF05F321.7', 'Exhaustivit', 'Exhaustivit', '', '', 0, 'SPE', 4, 24, 0, 0, '2024-01-16 10:07:09', '0000-00-00', '0000-00-00 00:00:00', 0x74),
(935, '05CommdsF05F321.8', 'Capacit', 'Capacit', '', '', 0, 'SPE', 4, 24, 0, 0, '2024-01-16 10:07:09', '0000-00-00', '0000-00-00 00:00:00', 0x74),
(936, '05CommdsF05F322', 'Fiabilit', 'Fiabilit', '', '', 0, 'SPE', 4, 24, 0, 0, '2024-01-16 10:07:09', '0000-00-00', '0000-00-00 00:00:00', 0x74),
(937, '05CommdsF05F322', 'Fiabilit', 'Fiabilit', '', '', 0, 'SPE', 4, 24, 0, 0, '2024-01-16 10:07:09', '0000-00-00', '0000-00-00 00:00:00', 0x74),
(938, '05CommdsF06F324', 'facturation pour le compte de tiers', 'Ma', '', '', 0, 'SPE', 4, 24, 0, 0, '2024-01-16 10:07:09', '0000-00-00', '0000-00-00 00:00:00', 0x74),
(939, '06AchatsL01L082', 'Gest\' fournisseurs - marketing achats', 'Ma', '', '', 0, 'SPE', 4, 24, 0, 0, '2024-01-16 10:07:09', '0000-00-00', '0000-00-00 00:00:00', 0x74),
(940, '06AchatsL01L082.2', 'D', 'D', '', '', 0, 'SPE', 4, 24, 0, 0, '2024-01-16 10:07:09', '0000-00-00', '0000-00-00 00:00:00', 0x74),
(941, '06AchatsL01L082.3', 'D', 'D', '', '', 0, 'SPE', 4, 24, 0, 0, '2024-01-16 10:07:09', '0000-00-00', '0000-00-00 00:00:00', 0x74),
(942, '06AchatsL01L082.4', 'Diversification forte fournisseurs cl', 'Diversification excessive en fournisseurs cl', '', '', 0, 'SPE', 4, 24, 0, 0, '2024-01-16 10:07:09', '0000-00-00', '0000-00-00 00:00:00', 0x74),
(943, '06AchatsL01L082.7', 'Fournisseur ', 'Fournisseur ', '', '', 0, 'SPE', 4, 24, 0, 0, '2024-01-16 10:07:09', '0000-00-00', '0000-00-00 00:00:00', 0x74),
(944, '06AchatsL01L271.7', 'Faillite d\'un fournisseur', 'Faillite d\'un fournisseur', '', '', 0, 'SPE', 4, 24, 0, 0, '2024-01-16 10:07:09', '0000-00-00', '0000-00-00 00:00:00', 0x74),
(945, '06AchatsL02L077.1', 'Fonction Achats Grands Comptes', 'Fonction Achats Grands Comptes', '', '', 0, 'SPE', 4, 24, 0, 0, '2024-01-16 10:07:09', '0000-00-00', '0000-00-00 00:00:00', 0x74),
(946, '06AchatsL02L086', 'Prise en compte et satisf besoin.interne', 'Prise en compte et satisfaction des besoins en interne', '', '', 0, 'SPE', 4, 24, 0, 0, '2024-01-16 10:07:09', '2011-10-04', '0000-00-00 00:00:00', 0x74),
(947, '06AchatsL02L087', 'Exc', 'Exc', '', '', 0, 'SPE', 4, 24, 0, 0, '2024-01-16 10:07:09', '0000-00-00', '0000-00-00 00:00:00', 0x74),
(948, '06AchatsL02L089', 'QS cycle de vie des produits&services', 'Prise en compte de la qualit', '', '', 0, 'SPE', 4, 24, 0, 0, '2024-01-16 10:07:09', '0000-00-00', '0000-00-00 00:00:00', 0x74),
(949, '06AchatsL02L271', 'Efficacit', 'Niveau d\'efficacit', '', '', 0, 'SPE', 4, 24, 0, 0, '2024-01-16 10:07:09', '0000-00-00', '0000-00-00 00:00:00', 0x74),
(950, '06AchatsL02L271.1', 'fournisseurs - mise en concurrence', 'Processus de s', '', '', 0, 'SPE', 4, 24, 0, 0, '2024-01-16 10:07:09', '0000-00-00', '0000-00-00 00:00:00', 0x74),
(951, '06AchatsL02L271.15', 'Pilotage du processus Achats (filiales)', 'Qualit', '', '', 0, 'SPE', 4, 24, 0, 0, '2024-01-16 10:07:09', '0000-00-00', '0000-00-00 00:00:00', 0x74),
(952, '06AchatsL02L271.16', 'Contr', 'Contr', '', '', 0, 'SPE', 4, 24, 0, 0, '2024-01-16 10:07:09', '0000-00-00', '0000-00-00 00:00:00', 0x74),
(953, '06AchatsL02L271.3', 'op', 'Pertinence des op', '', '', 0, 'SPE', 4, 24, 0, 0, '2024-01-16 10:07:09', '0000-00-00', '0000-00-00 00:00:00', 0x74),
(954, '06AchatsL02L271.5', 'Niveau d\'efficacit', 'Niveau d\'efficacit', '', '', 0, 'SPE', 4, 24, 0, 0, '2024-01-16 10:07:09', '0000-00-00', '0000-00-00 00:00:00', 0x74),
(955, '06AchatsL02M336', 'Organisation non homog', 'Organisation non homog', '', '', 0, 'SPE', 4, 24, 0, 0, '2024-01-16 10:07:09', '0000-00-00', '0000-00-00 00:00:00', 0x74),
(956, '06AchatsL02V274', 'Prestations intellect. et consultance', 'Achats de prestations intellectuelles et de consultance', '', '', 0, 'SPE', 4, 24, 0, 0, '2024-01-16 10:07:09', '0000-00-00', '0000-00-00 00:00:00', 0x74),
(957, '07ApprovM01L271.6', 'Absence Appro. de bout-en-bout', 'Absence appro de bout-en-bout', '', '', 0, 'SPE', 4, 24, 0, 0, '2024-01-16 10:07:09', '0000-00-00', '0000-00-00 00:00:00', 0x74),
(958, '07ApprovM01M241', 'Ma', 'Ma', '', '', 0, 'SPE', 4, 24, 0, 0, '2024-01-16 10:07:09', '0000-00-00', '0000-00-00 00:00:00', 0x74),
(959, '07ApprovM01M272', 'Stocks non ajust', 'Stocks non ajust', '', '', 0, 'SPE', 4, 24, 0, 0, '2024-01-16 10:07:09', '0000-00-00', '0000-00-00 00:00:00', 0x74),
(960, '07ApprovM01M272.1', 'P', 'Approvisionnement  (p', '', '', 0, 'SPE', 4, 24, 0, 0, '2024-01-16 10:07:09', '0000-00-00', '0000-00-00 00:00:00', 0x74),
(961, '08LogistiqV01V095', 'Optim co', 'Optimisation des co', '', '', 0, 'SPE', 4, 24, 0, 0, '2024-01-16 10:07:09', '0000-00-00', '0000-00-00 00:00:00', 0x74),
(962, '08LogistiqV01V096', 'Optimisation du parc auto', 'Optimisation du parc auto', '', '', 0, 'SPE', 4, 24, 0, 0, '2024-01-16 10:07:09', '0000-00-00', '0000-00-00 00:00:00', 0x74),
(963, '08LogistiqV01V097', 'Frais de voyage et de d', 'Ma', '', '', 0, 'SPE', 4, 24, 0, 0, '2024-01-16 10:07:09', '0000-00-00', '0000-00-00 00:00:00', 0x74),
(964, '08LogistiqV01V339', 'Optimisation des co', 'Optimisation des co', '', '', 0, 'SPE', 4, 24, 0, 0, '2024-01-16 10:07:09', '0000-00-00', '0000-00-00 00:00:00', 0x74),
(965, '08LogistiqV01V339.1', 'Gestion des baux immobiliers', 'Politique de lib', '', '', 0, 'SPE', 4, 24, 0, 0, '2024-01-16 10:07:09', '0000-00-00', '0000-00-00 00:00:00', 0x74),
(966, '08LogistiqV01V340', 'Assurance \'immobilier et des v', 'Assurance de l\'immobilier et des v', '', '', 0, 'SPE', 4, 24, 0, 0, '2024-01-16 10:07:09', '0000-00-00', '0000-00-00 00:00:00', 0x74),
(967, '08LogistiqV01V341', 'QS services internes au personnel', 'Qualit', '', '', 0, 'SPE', 4, 24, 0, 0, '2024-01-16 10:07:09', '0000-00-00', '0000-00-00 00:00:00', 0x74),
(968, '09PlanifQ01H076', 'Ma', 'Ma', '', '', 0, 'SPE', 4, 24, 0, 0, '2024-01-16 10:07:09', '0000-00-00', '0000-00-00 00:00:00', 0x74),
(969, '09PlanifQ01L077', 'SI Achats', 'SI Achats', '', '', 0, 'SPE', 4, 24, 0, 0, '2024-01-16 10:07:09', '0000-00-00', '0000-00-00 00:00:00', 0x74),
(970, '09PlanifQ01P308.3', 'IT adaptable-nx services', 'Adaptabilit', '', '', 0, 'SPE', 4, 24, 0, 0, '2024-01-16 10:07:09', '0000-00-00', '0000-00-00 00:00:00', 0x74),
(971, '09PlanifQ01Q098.4', 'Risque MOE IT  (Innovation)', 'Risque sur les MOE IT / innovation', '', '', 0, 'SPE', 4, 24, 0, 0, '2024-01-16 10:07:09', '0000-00-00', '0000-00-00 00:00:00', 0x74),
(972, '09PlanifQ01Q346', 'Mod', 'Existence d\'un mod', '', '', 0, 'SPE', 4, 24, 0, 0, '2024-01-16 10:07:09', '0000-00-00', '0000-00-00 00:00:00', 0x74),
(973, '09PlanifQ01Q357', 'Supervision des flux applicatifs', 'Supervision des flux applicatifs (vendre, para', '', '', 0, 'SPE', 4, 24, 0, 0, '2024-01-16 10:07:09', '0000-00-00', '0000-00-00 00:00:00', 0x74),
(974, '09PlanifQ01Q357.1', 'facturation obsol', 'Syst', '', '', 0, 'SPE', 4, 24, 0, 0, '2024-01-16 10:07:09', '0000-00-00', '0000-00-00 00:00:00', 0x74),
(975, '09PlanifQ01Q358', 'Int', 'Perte de donn', '', '', 0, 'SPE', 4, 24, 0, 0, '2024-01-16 10:07:09', '0000-00-00', '0000-00-00 00:00:00', 0x74),
(976, '09PlanifQ01Q358.1', 'Perte des outils communication interne', 'Perte des outils de communication interne', '', '', 0, 'SPE', 4, 24, 0, 0, '2024-01-16 10:07:09', '0000-00-00', '0000-00-00 00:00:00', 0x74),
(977, '09PlanifQ01Q409', 'Sous-usage potentialit', 'Sous-utilisation des potentialit', '', '', 0, 'SPE', 4, 24, 0, 0, '2024-01-16 10:07:09', '0000-00-00', '0000-00-00 00:00:00', 0x74),
(978, '09PlanifQ01Q410', 'Qualit', 'Qualit', '', '', 0, 'SPE', 4, 24, 0, 0, '2024-01-16 10:07:09', '0000-00-00', '0000-00-00 00:00:00', 0x74),
(979, '09PlanifQ01T360', 'SI RH et reporting financier', 'SI RH et reporting financier', '', '', 0, 'SPE', 4, 24, 0, 0, '2024-01-16 10:07:09', '0000-00-00', '0000-00-00 00:00:00', 0x74),
(980, '09PlanifQ02G058.1', 'invest en techno en voie d\'obsolescence', 'Investissement massif dans une technologie en voie d\'obsolescence, write-off d\'une technologie suite ', '', '', 0, 'SPE', 4, 24, 0, 0, '2024-01-16 10:07:09', '0000-00-00', '0000-00-00 00:00:00', 0x74),
(981, '10DevG03Q328.3', 'Architecture cloud externe', 'Architecture cloud computing externe', '', '', 0, 'SPE', 4, 24, 0, 0, '2024-01-16 10:07:09', '2011-05-19', '0000-00-00 00:00:00', 0x74),
(982, '09PlanifQ02L089.1', 'Obsolescence r', 'Obsolescence du r', '', '', 0, 'SPE', 4, 24, 0, 0, '2024-01-16 10:07:09', '0000-00-00', '0000-00-00 00:00:00', 0x74),
(983, '09PlanifQ02L089.2', 'Obsolescence des technologies SI', 'Obsolescence des technologies SI', '', '', 0, 'SPE', 4, 24, 0, 0, '2024-01-16 10:07:09', '0000-00-00', '0000-00-00 00:00:00', 0x74),
(984, '09PlanifQ02L089.3', 'Syst', 'Syst', '', '', 0, 'SPE', 4, 24, 0, 0, '2024-01-16 10:07:09', '0000-00-00', '0000-00-00 00:00:00', 0x74),
(985, '09PlanifQ02L089.4', 'Co', 'Co', '', '', 0, 'SPE', 4, 24, 0, 0, '2024-01-16 10:07:09', '0000-00-00', '0000-00-00 00:00:00', 0x74),
(986, '09PlanifQ02Q044.1', 'Obsolescence invests/', 'Obsolescence des investissements suite ', '', '', 0, 'SPE', 4, 24, 0, 0, '2024-01-16 10:07:09', '0000-00-00', '0000-00-00 00:00:00', 0x74),
(987, '09PlanifQ02Q098', 'Strat', 'Strat', '', '', 0, 'SPE', 4, 24, 0, 0, '2024-01-16 10:07:09', '0000-00-00', '0000-00-00 00:00:00', 0x74),
(988, '09PlanifQ02Q351', 'D', 'D', '', '', 0, 'SPE', 4, 24, 0, 0, '2024-01-16 10:07:09', '0000-00-00', '0000-00-00 00:00:00', 0x74),
(989, '09PlanifQ02Q353', 'Obsolescence techno/ fournisseur', 'Obsolescence d\'une technologie, disparition d\'un fournisseur', '', '', 0, 'SPE', 4, 24, 0, 0, '2024-01-16 10:07:09', '0000-00-00', '0000-00-00 00:00:00', 0x74),
(990, '09PlanifQ02S162.1', 'P', 'P', '', '', 0, 'SPE', 4, 24, 0, 0, '2024-01-16 10:07:09', '0000-00-00', '0000-00-00 00:00:00', 0x74),
(991, '09PlanifQ03G062.2', 'Synergies Groupe/achat de capacit', 'Synergies Groupe/filiale pour l\'achat de capacit', '', '', 0, 'SPE', 4, 24, 0, 0, '2024-01-16 10:07:09', '0000-00-00', '0000-00-00 00:00:00', 0x74),
(992, '09PlanifQ03G329', 'Coh', 'Non alignement, sur les objectifs \'business\' du Groupe, des d', '', '', 0, 'SPE', 4, 24, 0, 0, '2024-01-16 10:07:09', '0000-00-00', '0000-00-00 00:00:00', 0x74),
(993, '09PlanifQ03Q099', 'Gouvernance et synergie Groupe SI', 'Gouvernance et synergie Groupe SI', '', '', 0, 'SPE', 4, 24, 0, 0, '2024-01-16 10:07:09', '0000-00-00', '0000-00-00 00:00:00', 0x74),
(994, '09PlanifQ03Q099.1', 'Mutualiser les technos Groupe', 'Capacit', '', '', 0, 'SPE', 4, 24, 0, 0, '2024-01-16 10:07:09', '0000-00-00', '0000-00-00 00:00:00', 0x74),
(995, '09PlanifQ03Q099.3', 'Contr', 'Contr', '', '', 0, 'SPE', 4, 24, 0, 0, '2024-01-16 10:07:09', '0000-00-00', '0000-00-00 00:00:00', 0x74),
(996, '09PlanifQ03Q099.4', 'synergies SI (ex. sp', 'Sous-exploitation des synergies du Groupe en mati', '', '', 0, 'SPE', 4, 24, 0, 0, '2024-01-16 10:07:09', '0000-00-00', '0000-00-00 00:00:00', 0x74),
(997, '09PlanifQ03Q099.5', 'Planifi dev SI et objectifs business', 'Priorit', '', '', 0, 'SPE', 4, 24, 0, 0, '2024-01-16 10:07:09', '0000-00-00', '0000-00-00 00:00:00', 0x74),
(998, '09PlanifQ03Q107', 'Hi', 'Hi', '', '', 0, 'SPE', 4, 24, 0, 0, '2024-01-16 10:07:09', '0000-00-00', '0000-00-00 00:00:00', 0x74),
(999, '09PlanifQ03Q343', 'Volume financier IT (plan strat', 'Volume financier consacr', '', '', 0, 'SPE', 4, 24, 0, 0, '2024-01-16 10:07:09', '0000-00-00', '0000-00-00 00:00:00', 0x74),
(1000, '10DevG01G059', 'Saturation IT et r', 'Saturation IT et r', '', '', 0, 'SPE', 4, 24, 0, 0, '2024-01-16 10:07:09', '0000-00-00', '0000-00-00 00:00:00', 0x74),
(1001, '10DevG01G059.1', 'Sous-dimensionnement IT ou r', 'Sous-dimensionnement IT ou r', '', '', 0, 'SPE', 4, 24, 0, 0, '2024-01-16 10:07:09', '0000-00-00', '0000-00-00 00:00:00', 0x74),
(1002, '10DevG01G325', 'optim tx de charge IT - applications', 'Usage optimis', '', '', 0, 'SPE', 4, 24, 0, 0, '2024-01-16 10:07:09', '0000-00-00', '0000-00-00 00:00:00', 0x74),
(1003, '10DevG01G325.1', 'Adaptation des capacit', 'Adaptation des capacit', '', '', 0, 'SPE', 4, 24, 0, 0, '2024-01-16 10:07:09', '0000-00-00', '0000-00-00 00:00:00', 0x74),
(1004, '10DevG01G329.1', 'Mise en commun IT et r', 'Mise en commun IT et r', '', '', 0, 'SPE', 4, 24, 0, 0, '2024-01-16 10:07:09', '0000-00-00', '0000-00-00 00:00:00', 0x74),
(1005, '10DevG01H331', 'co', 'Optimisation des co', '', '', 0, 'SPE', 4, 24, 0, 0, '2024-01-16 10:07:09', '0000-00-00', '0000-00-00 00:00:00', 0x74),
(1006, '10DevG02G062', 'Ma', 'Ma', '', '', 0, 'SPE', 4, 24, 0, 0, '2024-01-16 10:07:09', '0000-00-00', '0000-00-00 00:00:00', 0x74),
(1007, '10DevG02G062.3', 'Pr', 'Incapacit', '', '', 0, 'SPE', 4, 24, 0, 0, '2024-01-16 10:07:09', '0000-00-00', '0000-00-00 00:00:00', 0x74),
(1008, '10DevG02G062.4', 'Infrastructure technique adapt', 'Manque d\'infrastructure technique adapt', '', '', 0, 'SPE', 4, 24, 0, 0, '2024-01-16 10:07:09', '0000-00-00', '0000-00-00 00:00:00', 0x74),
(1009, '10DevG02G066', 'Production pour les annonceurs', 'Retard / Interruption de production pour les annonceurs', '', '', 0, 'SPE', 4, 24, 0, 0, '2024-01-16 10:07:09', '0000-00-00', '0000-00-00 00:00:00', 0x74),
(1010, '10DevG02N404.5', 'Partage donn', 'Partage de donn', '', '', 0, 'SPE', 4, 24, 0, 0, '2024-01-16 10:07:09', '0000-00-00', '0000-00-00 00:00:00', 0x74),
(1011, '10DevG03Q344', 'Maitrise des nouvelles technos', 'Capacit', '', '', 0, 'SPE', 4, 24, 0, 0, '2024-01-16 10:07:09', '0000-00-00', '0000-00-00 00:00:00', 0x74),
(1012, '10DevG03Q347', 'Processus de choix des composants SI', 'Processus de choix des composants SI', '', '', 0, 'SPE', 4, 24, 0, 0, '2024-01-16 10:07:09', '0000-00-00', '0000-00-00 00:00:00', 0x74),
(1013, '10DevG04G328', 'gds projets techn. et dev. nx services', 'Gestion des grands projets techniques et d', '', '', 0, 'SPE', 4, 24, 0, 0, '2024-01-16 10:07:09', '0000-00-00', '0000-00-00 00:00:00', 0x74),
(1014, '10DevG04G328.2', 'Mise en place Projets Gd comptes', 'Ma', '', '', 0, 'SPE', 4, 24, 0, 0, '2024-01-16 10:07:09', '0000-00-00', '0000-00-00 00:00:00', 0x74),
(1015, '10DevG04Q104', 'Relation m', 'Ma', '', '', 0, 'SPE', 4, 24, 0, 0, '2024-01-16 10:07:09', '0000-00-00', '0000-00-00 00:00:00', 0x74),
(1016, '10DevG04Q104.1', 'Ma', 'Lancement, conduite et d', '', '', 0, 'SPE', 4, 24, 0, 0, '2024-01-16 10:07:09', '0000-00-00', '0000-00-00 00:00:00', 0x74),
(1017, '10DevG04Q104.2', 'Ma', 'Ma', '', '', 0, 'SPE', 4, 24, 0, 0, '2024-01-16 10:07:09', '0000-00-00', '0000-00-00 00:00:00', 0x74),
(1018, '10DevG04Q104.3', 'projet/objectifs (Co', 'Projets et programmes n\'atteignant pas les objectifs Business (Co', '', '', 0, 'SPE', 4, 24, 0, 0, '2024-01-16 10:07:09', '0000-00-00', '0000-00-00 00:00:00', 0x74),
(1019, '10DevG04Q104.4', 'Ma', 'Ma', '', '', 0, 'SPE', 4, 24, 0, 0, '2024-01-16 10:07:09', '0000-00-00', '0000-00-00 00:00:00', 0x74),
(1020, '10DevG04Q104.5', 'Ma', 'Ma', '', '', 0, 'SPE', 4, 24, 0, 0, '2024-01-16 10:07:09', '0000-00-00', '0000-00-00 00:00:00', 0x74),
(1021, '10DevG04Q349', 'Corps social / rythme des changements', 'Acceptation par le corps social du rythme des changements', '', '', 0, 'SPE', 4, 24, 0, 0, '2024-01-16 10:07:09', '2011-06-27', '0000-00-00 00:00:00', 0x74),
(1022, '10DevG04R134.5', 'D', 'D', '', '', 0, 'SPE', 4, 24, 0, 0, '2024-01-16 10:07:09', '0000-00-00', '0000-00-00 00:00:00', 0x74),
(1023, '10DevG04X410', 'Ma', 'Ma', '', '', 0, 'SPE', 4, 24, 0, 0, '2024-01-16 10:07:09', '0000-00-00', '0000-00-00 00:00:00', 0x74),
(1024, '10DevG05Q105', 'Ma', 'Ma', '', '', 0, 'SPE', 4, 24, 0, 0, '2024-01-16 10:07:09', '0000-00-00', '0000-00-00 00:00:00', 0x74),
(1025, '10DevG05Q105.1', 'QS fournisseurs impactant QS finale', 'Qualit', '', '', 0, 'SPE', 4, 24, 0, 0, '2024-01-16 10:07:09', '0000-00-00', '0000-00-00 00:00:00', 0x74),
(1026, '10DevG05Q105.2', 'Fourniture de solutions en SI', 'Fourniture de solutions en SI', '', '', 0, 'SPE', 4, 24, 0, 0, '2024-01-16 10:07:09', '0000-00-00', '0000-00-00 00:00:00', 0x74),
(1027, '11ExploitH01H070', 'Vuln', 'Vuln', '', '', 0, 'SPE', 4, 24, 0, 0, '2024-01-16 10:07:09', '0000-00-00', '0000-00-00 00:00:00', 0x74),
(1028, '11ExploitH01H070.11', 'Panne hebergement majeure', 'Panne hebergement majeure', '', '', 0, 'SPE', 4, 24, 0, 0, '2024-01-16 10:07:09', '0000-00-00', '0000-00-00 00:00:00', 0x74),
(1029, '11ExploitH01H070.12', 'Intrusion', 'Intrusion', '', '', 0, 'SPE', 4, 24, 0, 0, '2024-01-16 10:07:09', '0000-00-00', '0000-00-00 00:00:00', 0x74),
(1030, '11ExploitH01H070.13', 'Piratage administratifs et supervision', 'Piratage externe des syst', '', '', 0, 'SPE', 4, 24, 0, 0, '2024-01-16 10:07:09', '0000-00-00', '0000-00-00 00:00:00', 0x74),
(1031, '11ExploitH01H070.14', 'Virus ', 'Propagation d\'un virus ', '', '', 0, 'SPE', 4, 24, 0, 0, '2024-01-16 10:07:09', '0000-00-00', '0000-00-00 00:00:00', 0x74),
(1032, '11ExploitH01H070.15', 'Virus ', 'Propagation d\'un virus ', '', '', 0, 'SPE', 4, 24, 0, 0, '2024-01-16 10:07:09', '0000-00-00', '0000-00-00 00:00:00', 0x74),
(1033, '11ExploitH01H070.16', 'Serveurs noms de domaines (DNS)', 'Vuln', '', '', 0, 'SPE', 4, 24, 0, 0, '2024-01-16 10:07:09', '0000-00-00', '0000-00-00 00:00:00', 0x74),
(1034, '11ExploitH01H070.18', 'Vuln', 'Vuln', '', '', 0, 'SPE', 4, 24, 0, 0, '2024-01-16 10:07:09', '0000-00-00', '0000-00-00 00:00:00', 0x74),
(1035, '11ExploitH01H070.19', 'Contr', 'Contr', '', '', 0, 'SPE', 4, 24, 0, 0, '2024-01-16 10:07:09', '0000-00-00', '0000-00-00 00:00:00', 0x74),
(1036, '11ExploitH01H070.2', 'Perte du contr', 'Perte du contr', '', '', 0, 'SPE', 4, 24, 0, 0, '2024-01-16 10:07:09', '0000-00-00', '0000-00-00 00:00:00', 0x74),
(1037, '11ExploitH01H070.23', 'Panne R', 'Panne R', '', '', 0, 'SPE', 4, 24, 0, 0, '2024-01-16 10:07:09', '0000-00-00', '0000-00-00 00:00:00', 0x74),
(1038, '11ExploitH01H070.24', 'Modif inappropri', 'Changements inappropri', '', '', 0, 'SPE', 4, 24, 0, 0, '2024-01-16 10:07:09', '0000-00-00', '0000-00-00 00:00:00', 0x74),
(1039, '11ExploitH01H070.25', 'D', 'D', '', '', 0, 'SPE', 4, 24, 0, 0, '2024-01-16 10:07:09', '0000-00-00', '0000-00-00 00:00:00', 0x74),
(1040, '11ExploitH01H070.26', 'Panne SI majeure ', 'Panne SI majeure (associ', '', '', 0, 'SPE', 4, 24, 0, 0, '2024-01-16 10:07:09', '0000-00-00', '0000-00-00 00:00:00', 0x74),
(1041, '11ExploitH01H070.27', 'Piratage, attaque logique des syst', 'Piratage, attaque logique des syst', '', '', 0, 'SPE', 4, 24, 0, 0, '2024-01-16 10:07:09', '0000-00-00', '0000-00-00 00:00:00', 0x74),
(1042, '11ExploitH01H070.3', 'Grande panne r', 'Grande panne r', '', '', 0, 'SPE', 4, 24, 0, 0, '2024-01-16 10:07:09', '0000-00-00', '0000-00-00 00:00:00', 0x74),
(1043, '11ExploitH01H070.4.1', 'Central. gestion r', 'Centralisation de la gestion du r', '', '', 0, 'SPE', 4, 24, 0, 0, '2024-01-16 10:07:09', '0000-00-00', '0000-00-00 00:00:00', 0x74),
(1044, '11ExploitH01H070.4.2', 'Central gestion appli. et BDD (exploit)', 'Centralisation de la gestion des applications et des bases de donn', '', '', 0, 'SPE', 4, 24, 0, 0, '2024-01-16 10:07:09', '0000-00-00', '0000-00-00 00:00:00', 0x74),
(1045, '11ExploitH01H070.5', 'D', 'D', '', '', 0, 'SPE', 4, 24, 0, 0, '2024-01-16 10:07:09', '0000-00-00', '0000-00-00 00:00:00', 0x74),
(1046, '11ExploitH01H070.6', 'D', 'D', '', '', 0, 'SPE', 4, 24, 0, 0, '2024-01-16 10:07:09', '0000-00-00', '0000-00-00 00:00:00', 0x74),
(1047, '11ExploitH01H070.9', 'Capacit', 'Capacit', '', '', 0, 'SPE', 4, 24, 0, 0, '2024-01-16 10:07:09', '0000-00-00', '0000-00-00 00:00:00', 0x74),
(1048, '11ExploitH01H270', 'Destruction ou alt', 'Destruction ou alt', '', '', 0, 'SPE', 4, 24, 0, 0, '2024-01-16 10:07:09', '0000-00-00', '0000-00-00 00:00:00', 0x74),
(1049, '11ExploitH01Q108.2', 'S', 'S', '', '', 0, 'SPE', 4, 24, 0, 0, '2024-01-16 10:07:09', '0000-00-00', '0000-00-00 00:00:00', 0x74),
(1050, '11ExploitH01Q108.5', 'Virus et intrusion logique (IT - r', 'Attaque virale et intrusion logique (s', '', '', 0, 'SPE', 4, 24, 0, 0, '2024-01-16 10:07:09', '0000-00-00', '0000-00-00 00:00:00', 0x74),
(1051, '11ExploitH01Q108.6', 'Fiabilit', 'Fiabilit', '', '', 0, 'SPE', 4, 24, 0, 0, '2024-01-16 10:07:09', '0000-00-00', '0000-00-00 00:00:00', 0x74),
(1052, '11ExploitH01Q110', 'Indisponibilit', 'Indisponibilit', '', '', 0, 'SPE', 4, 24, 0, 0, '2024-01-16 10:07:09', '0000-00-00', '0000-00-00 00:00:00', 0x74),
(1053, '11ExploitH01Q110.1', 'Plan de crise et continuit', 'Existence de plan de crise et de plan de continuit', '', '', 0, 'SPE', 4, 24, 0, 0, '2024-01-16 10:07:09', '2011-07-04', '0000-00-00 00:00:00', 0x74),
(1054, '11ExploitH01Q110.2', 'Indisponibilit', 'Indisponibilit', '', '', 0, 'SPE', 4, 24, 0, 0, '2024-01-16 10:07:09', '0000-00-00', '0000-00-00 00:00:00', 0x74),
(1055, '11ExploitH01Q110.4', 'Indisponibilit', 'Indisponibilit', '', '', 0, 'SPE', 4, 24, 0, 0, '2024-01-16 10:07:09', '0000-00-00', '0000-00-00 00:00:00', 0x74),
(1056, '11ExploitH01Q354', 'Infrastructure de communications IT', 'Gestion de l\'infrastructure de communications de donn', '', '', 0, 'SPE', 4, 24, 0, 0, '2024-01-16 10:07:09', '0000-00-00', '0000-00-00 00:00:00', 0x74),
(1057, '11ExploitH01V200', 'Plan de secours et de reprise IT/r', 'Plan de secours / continuit', '', '', 0, 'SPE', 4, 24, 0, 0, '2024-01-16 10:07:09', '0000-00-00', '0000-00-00 00:00:00', 0x74),
(1058, '11ExploitH02G327', 'Qualit', 'Qualit', '', '', 0, 'SPE', 4, 24, 0, 0, '2024-01-16 10:07:09', '0000-00-00', '0000-00-00 00:00:00', 0x74),
(1059, '11ExploitH02G327.2', 'Perturbation du service aux annonceurs', 'Perturbation du service aux annonceurs', '', '', 0, 'SPE', 4, 24, 0, 0, '2024-01-16 10:07:09', '0000-00-00', '0000-00-00 00:00:00', 0x74),
(1060, '11ExploitH02G327.3', 'Perturbation du service aux consultants', 'Perturbation du service aux consultants', '', '', 0, 'SPE', 4, 24, 0, 0, '2024-01-16 10:07:09', '0000-00-00', '0000-00-00 00:00:00', 0x74),
(1061, '11ExploitH02G327.4', 'Perturbation du service aux utilisateurs', 'Perturbation du service aux utilisateurs int.', '', '', 0, 'SPE', 4, 24, 0, 0, '2024-01-16 10:07:09', '0000-00-00', '0000-00-00 00:00:00', 0x74),
(1062, '11ExploitH02G327.5', 'Perturbation bureaut. aux utilisateurs', 'Perturbation bureaut. aux utilisateurs int.', '', '', 0, 'SPE', 4, 24, 0, 0, '2024-01-16 10:07:09', '0000-00-00', '0000-00-00 00:00:00', 0x74),
(1063, '11ExploitH02G327.6', 'Perturb. messag/r', 'Perturbation messag/r', '', '', 0, 'SPE', 4, 24, 0, 0, '2024-01-16 10:07:09', '0000-00-00', '0000-00-00 00:00:00', 0x74),
(1064, '11ExploitH02H070.10', 'Protection equipements IT (physique)', 'Protection des ', '', '', 0, 'SPE', 4, 24, 0, 0, '2024-01-16 10:07:09', '0000-00-00', '0000-00-00 00:00:00', 0x74),
(1065, '11ExploitH02H071', 'Qualit', 'Qualit', '', '', 0, 'SPE', 4, 24, 0, 0, '2024-01-16 10:07:09', '0000-00-00', '0000-00-00 00:00:00', 0x74),
(1066, '11ExploitH02H071.1', 'Non qualit', 'Non qualit', '', '', 0, 'SPE', 4, 24, 0, 0, '2024-01-16 10:07:09', '0000-00-00', '0000-00-00 00:00:00', 0x74),
(1067, '11ExploitH02H072', 'QS R', 'Non ma', '', '', 0, 'SPE', 4, 24, 0, 0, '2024-01-16 10:07:09', '0000-00-00', '0000-00-00 00:00:00', 0x74),
(1068, '11ExploitH02H072.1', 'Maintenance du r', 'Niveau de maintenance du r', '', '', 0, 'SPE', 4, 24, 0, 0, '2024-01-16 10:07:09', '0000-00-00', '0000-00-00 00:00:00', 0x74),
(1069, '11ExploitH02H072.2', 'Arr', 'Arr', '', '', 0, 'SPE', 4, 24, 0, 0, '2024-01-16 10:07:09', '0000-00-00', '0000-00-00 00:00:00', 0x74),
(1070, '11ExploitH02H075', 'Rupture du stock de maintenance', 'Rupture du stock de maintenance', '', '', 0, 'SPE', 4, 24, 0, 0, '2024-01-16 10:07:09', '0000-00-00', '0000-00-00 00:00:00', 0x74),
(1071, '11ExploitH02Q352', 'Ma', 'Ma', '', '', 0, 'SPE', 4, 24, 0, 0, '2024-01-16 10:07:09', '0000-00-00', '0000-00-00 00:00:00', 0x74),
(1072, '11ExploitH03H333', 'Cout et QS maintenance sous-trait', 'Contr', '', '', 0, 'SPE', 4, 24, 0, 0, '2024-01-16 10:07:09', '0000-00-00', '0000-00-00 00:00:00', 0x74),
(1073, '11ExploitH03H333.1', 'co', 'Contr', '', '', 0, 'SPE', 4, 24, 0, 0, '2024-01-16 10:07:09', '0000-00-00', '0000-00-00 00:00:00', 0x74),
(1074, '11ExploitH03H333.3', 'Maintenance pr', 'Maintenance pr', '', '', 0, 'SPE', 4, 24, 0, 0, '2024-01-16 10:07:09', '0000-00-00', '0000-00-00 00:00:00', 0x74),
(1075, '11ExploitH03H333.4', 'Contrats partenaires/sous-traitants ', 'Ma', '', '', 0, 'SPE', 4, 24, 0, 0, '2024-01-16 10:07:09', '0000-00-00', '0000-00-00 00:00:00', 0x74),
(1076, '11ExploitH04Q108', 'Protection logique appli. et donn', 'Protection logique des applications et des donn', '', '', 0, 'SPE', 4, 24, 0, 0, '2024-01-16 10:07:09', '0000-00-00', '0000-00-00 00:00:00', 0x74),
(1077, '11ExploitH04Q108.4', 'Protection des donn', 'Protection des donn', '', '', 0, 'SPE', 4, 24, 0, 0, '2024-01-16 10:07:09', '0000-00-00', '0000-00-00 00:00:00', 0x74),
(1078, '11ExploitH06H070.17', 'local techn.strat', 'Impossibilit', '', '', 0, 'SPE', 4, 24, 0, 0, '2024-01-16 10:07:09', '0000-00-00', '0000-00-00 00:00:00', 0x74),
(1079, '11ExploitH06H269', 'Destruction d\'un b', 'Destruction d\'un b', '', '', 0, 'SPE', 4, 24, 0, 0, '2024-01-16 10:07:09', '0000-00-00', '0000-00-00 00:00:00', 0x74),
(1080, '11ExploitH06Q111', 'Protection physique centres de calcul', 'Protection physique des centres de calcul', '', '', 0, 'SPE', 4, 24, 0, 0, '2024-01-16 10:07:09', '0000-00-00', '0000-00-00 00:00:00', 0x74),
(1081, '11ExploitH06Q111.1', 'Incendies, intrusion physique ', 'Incendies, intrusion physique (s', '', '', 0, 'SPE', 4, 24, 0, 0, '2024-01-16 10:07:09', '0000-00-00', '0000-00-00 00:00:00', 0x74),
(1082, '11ExploitH07H072.3', 'D', 'D', '', '', 0, 'SPE', 4, 24, 0, 0, '2024-01-16 10:07:09', '0000-00-00', '0000-00-00 00:00:00', 0x74),
(1083, '11ExploitH07Q112', 'Indisponibilit', 'Indisponibilit', '', '', 0, 'SPE', 4, 24, 0, 0, '2024-01-16 10:07:09', '0000-00-00', '0000-00-00 00:00:00', 0x74),
(1084, '11ExploitH07Q112.1', 'Traitement des avis de panne', 'Traitement non performant des avis de panne', '', '', 0, 'SPE', 4, 24, 0, 0, '2024-01-16 10:07:09', '0000-00-00', '0000-00-00 00:00:00', 0x74),
(1085, '11ExploitH07Q112.2', 'Indisponibilit', 'Indisponibilit', '', '', 0, 'SPE', 4, 24, 0, 0, '2024-01-16 10:07:09', '0000-00-00', '0000-00-00 00:00:00', 0x74),
(1086, '11ExploitH08Q113', 'Efficience r', 'Efficience de la r', '', '', 0, 'SPE', 4, 24, 0, 0, '2024-01-16 10:07:09', '0000-00-00', '0000-00-00 00:00:00', 0x74),
(1087, '11ExploitH08Q113.1', 'Communication IT/utilisateurs internes', 'Mauvaise communication entre le SI et les utilisateurs internes', '', '', 0, 'SPE', 4, 24, 0, 0, '2024-01-16 10:07:09', '0000-00-00', '0000-00-00 00:00:00', 0x74),
(1088, '12RessHumT01H074', 'Ma', 'Non ma', '', '', 0, 'SPE', 4, 24, 0, 0, '2024-01-16 10:07:09', '0000-00-00', '0000-00-00 00:00:00', 0x74),
(1089, '12RessHumT01L088', 'Gestion ad', 'Gestion ad', '', '', 0, 'SPE', 4, 24, 0, 0, '2024-01-16 10:07:09', '0000-00-00', '0000-00-00 00:00:00', 0x74),
(1090, '12RessHumT01Q100', 'Gestion des comp', 'Gestion des comp', '', '', 0, 'SPE', 4, 24, 0, 0, '2024-01-16 10:07:09', '0000-00-00', '0000-00-00 00:00:00', 0x74),
(1091, '12RessHumT01Q100.1', 'Dev d\'une comp', 'D', '', '', 0, 'SPE', 4, 24, 0, 0, '2024-01-16 10:07:09', '0000-00-00', '0000-00-00 00:00:00', 0x74),
(1092, '12RessHumT01Q356', 'Disparition des soutiens m', 'Disparition des soutiens m', '', '', 0, 'SPE', 4, 24, 0, 0, '2024-01-16 10:07:09', '0000-00-00', '0000-00-00 00:00:00', 0x74),
(1093, '12RessHumT01R379', 'M', 'Professionnalisation de la fonction Finance (dont les m', '', '', 0, 'SPE', 4, 24, 0, 0, '2024-01-16 10:07:09', '0000-00-00', '0000-00-00 00:00:00', 0x74),
(1094, '12RessHumT01T115', 'Ad', 'Ad', '', '', 0, 'SPE', 4, 24, 0, 0, '2024-01-16 10:07:09', '0000-00-00', '0000-00-00 00:00:00', 0x74),
(1095, '12RessHumT01T115.1', 'Gestion des comp', 'Capacit', '', '', 0, 'SPE', 4, 24, 0, 0, '2024-01-16 10:07:09', '0000-00-00', '0000-00-00 00:00:00', 0x74),
(1096, '12RessHumT01T115.10', 'Gestion des comp', 'Gestion des comp', '', '', 0, 'SPE', 4, 24, 0, 0, '2024-01-16 10:07:09', '0000-00-00', '0000-00-00 00:00:00', 0x74),
(1097, '12RessHumT01T115.2', 'Personnel local /nlles acquisitions', 'Qualit', '', '', 0, 'SPE', 4, 24, 0, 0, '2024-01-16 10:07:09', '0000-00-00', '0000-00-00 00:00:00', 0x74),
(1098, '12RessHumT01T115.3', 'Identification comp', 'Incapacit', '', '', 0, 'SPE', 4, 24, 0, 0, '2024-01-16 10:07:09', '0000-00-00', '0000-00-00 00:00:00', 0x74),
(1099, '12RessHumT01T115.5', 'Co', 'Co', '', '', 0, 'SPE', 4, 24, 0, 0, '2024-01-16 10:07:09', '0000-00-00', '0000-00-00 00:00:00', 0x74),
(1100, '12RessHumT01T115.6', 'Gestion des int', 'Gestion des int', '', '', 0, 'SPE', 4, 24, 0, 0, '2024-01-16 10:07:09', '0000-00-00', '0000-00-00 00:00:00', 0x74),
(1101, '12RessHumT01T115.8', 'Effectifs d\'Etat Major', 'Effectifs d\'Etat Major', '', '', 0, 'SPE', 4, 24, 0, 0, '2024-01-16 10:07:09', '0000-00-00', '0000-00-00 00:00:00', 0x74),
(1102, '12RessHumT01T124.1', 'Gest des comp', 'Gestion des comp', '', '', 0, 'SPE', 4, 24, 0, 0, '2024-01-16 10:07:09', '0000-00-00', '0000-00-00 00:00:00', 0x74),
(1103, '12RessHumT01T124.2', 'Co', 'Co', '', '', 0, 'SPE', 4, 24, 0, 0, '2024-01-16 10:07:09', '0000-00-00', '0000-00-00 00:00:00', 0x74),
(1104, '12RessHumT01T126', 'Ratio charges RH/CA et perf. concurrents', 'D', '', '', 0, 'SPE', 4, 24, 0, 0, '2024-01-16 10:07:09', '0000-00-00', '0000-00-00 00:00:00', 0x74),
(1105, '12RessHumT01T126.1', 'Turnover du personnel', 'Turnover excessif ou insuffisant du personnel', '', '', 0, 'SPE', 4, 24, 0, 0, '2024-01-16 10:07:09', '0000-00-00', '0000-00-00 00:00:00', 0x74),
(1106, '12RessHumT01T126.2', 'Sous- ou sur- effectifs', 'Sous- ou sur- effectifs', '', '', 0, 'SPE', 4, 24, 0, 0, '2024-01-16 10:07:09', '0000-00-00', '0000-00-00 00:00:00', 0x74),
(1107, '12RessHumT01T126.3', 'R', 'respect de la r', '', '', 0, 'SPE', 4, 24, 0, 0, '2024-01-16 10:07:09', '0000-00-00', '0000-00-00 00:00:00', 0x74),
(1108, '12RessHumT01T126.4', 'Tenue des objectifs de mobilit', 'Tenue des objectifs de mobilit', '', '', 0, 'SPE', 4, 24, 0, 0, '2024-01-16 10:07:09', '0000-00-00', '0000-00-00 00:00:00', 0x74),
(1109, '12RessHumT01T126.5', 'Turnover des vendeurs', 'Turnover des vendeurs', '', '', 0, 'SPE', 4, 24, 0, 0, '2024-01-16 10:07:09', '0000-00-00', '0000-00-00 00:00:00', 0x74),
(1110, '12RessHumT01T126.6', 'Augmentation de la masse salariale', 'Augmentation excessive de la masse salariale', '', '', 0, 'SPE', 4, 24, 0, 0, '2024-01-16 10:07:09', '0000-00-00', '0000-00-00 00:00:00', 0x74),
(1111, '12RessHumT01T126.7', 'Mobilit', 'Mobilit', '', '', 0, 'SPE', 4, 24, 0, 0, '2024-01-16 10:07:09', '0000-00-00', '0000-00-00 00:00:00', 0x74),
(1112, '12RessHumT01T126.9', 'Controlling, d', 'Controlling, d', '', '', 0, 'SPE', 4, 24, 0, 0, '2024-01-16 10:07:09', '0000-00-00', '0000-00-00 00:00:00', 0x74),
(1113, '12RessHumT01T362', 'Dimension. Comp', 'Dimensionnement, comp', '', '', 0, 'SPE', 4, 24, 0, 0, '2024-01-16 10:07:09', '0000-00-00', '0000-00-00 00:00:00', 0x74),
(1114, '12RessHumT01T411', 'Pilotage et optimisation de la formation', 'Pilotage et optimisation de la formation', '', '', 0, 'SPE', 4, 24, 0, 0, '2024-01-16 10:07:09', '0000-00-00', '0000-00-00 00:00:00', 0x74),
(1115, '12RessHumT02T116', 'Postes cl', 'Vacances sur les postes cl', '', '', 0, 'SPE', 4, 24, 0, 0, '2024-01-16 10:07:09', '0000-00-00', '0000-00-00 00:00:00', 0x74),
(1116, '12RessHumT02T116.1', 'Personnes cl', 'Manque de plan de succession pour les d', '', '', 0, 'SPE', 4, 24, 0, 0, '2024-01-16 10:07:09', '2011-07-08', '0000-00-00 00:00:00', 0x74),
(1117, '12RessHumT02T118', 'Mobilit', 'Mobilit', '', '', 0, 'SPE', 4, 24, 0, 0, '2024-01-16 10:07:09', '0000-00-00', '0000-00-00 00:00:00', 0x74),
(1118, '12RessHumT02T118.1', 'Contraintes mobilit', 'Contraintes ', '', '', 0, 'SPE', 4, 24, 0, 0, '2024-01-16 10:07:09', '0000-00-00', '0000-00-00 00:00:00', 0x74),
(1119, '12RessHumT02T122', 'Visibilit', 'Visibilit', '', '', 0, 'SPE', 4, 24, 0, 0, '2024-01-16 10:07:09', '0000-00-00', '0000-00-00 00:00:00', 0x74),
(1120, '12RessHumT02T122.1', 'Carri', 'Gestion d', '', '', 0, 'SPE', 4, 24, 0, 0, '2024-01-16 10:07:09', '0000-00-00', '0000-00-00 00:00:00', 0x74),
(1121, '12RessHumT02T125', 'Evaluer et d', 'Capacit', '', '', 0, 'SPE', 4, 24, 0, 0, '2024-01-16 10:07:09', '0000-00-00', '0000-00-00 00:00:00', 0x74),
(1122, '12RessHumT03T119', 'Conflits sociaux', 'Conflits sociaux', '', '', 0, 'SPE', 4, 24, 0, 0, '2024-01-16 10:07:09', '0000-00-00', '0000-00-00 00:00:00', 0x74),
(1123, '12RessHumT03T119.2', 'Conflits sociaux / Relation syndicats', 'Conflits sociaux / Relation avec les syndicats', '', '', 0, 'SPE', 4, 24, 0, 0, '2024-01-16 10:07:09', '0000-00-00', '0000-00-00 00:00:00', 0x74),
(1124, '12RessHumT03T244', 'Instances repr', 'Fonctionnement des instances repr', '', '', 0, 'SPE', 4, 24, 0, 0, '2024-01-16 10:07:09', '0000-00-00', '0000-00-00 00:00:00', 0x74),
(1125, '12RessHumT05T115.7', 'Recours ', 'Recours ', '', '', 0, 'SPE', 4, 24, 0, 0, '2024-01-16 10:07:09', '0000-00-00', '0000-00-00 00:00:00', 0x74),
(1126, '12RessHumT05T127', 'Recrutement (salaire) court moyen terme', 'Recrutement des meilleurs sur le march', '', '', 0, 'SPE', 4, 24, 0, 0, '2024-01-16 10:07:09', '0000-00-00', '0000-00-00 00:00:00', 0x74),
(1127, '12RessHumT05T363', 'Loyaut', 'Loyaut', '', '', 0, 'SPE', 4, 24, 0, 0, '2024-01-16 10:07:09', '0000-00-00', '0000-00-00 00:00:00', 0x74),
(1128, '12RessHumT05T402', 'S', 'S', '', '', 0, 'SPE', 4, 24, 0, 0, '2024-01-16 10:07:09', '0000-00-00', '0000-00-00 00:00:00', 0x74),
(1129, '12RessHumT06T128', 'Gest individ. Rh et processus paie (QS)', 'Qualit', '', '', 0, 'SPE', 4, 24, 0, 0, '2024-01-16 10:07:09', '0000-00-00', '0000-00-00 00:00:00', 0x74),
(1130, '12RessHumT07T359.1', 'R', 'R', '', '', 0, 'SPE', 4, 24, 0, 0, '2024-01-16 10:07:09', '2011-12-12', '0000-00-00 00:00:00', 0x74),
(1131, '12RessHumT07T359.2', 'Absent', 'Absent', '', '', 0, 'SPE', 4, 24, 0, 0, '2024-01-16 10:07:09', '0000-00-00', '0000-00-00 00:00:00', 0x74),
(1132, '12RessHumT07T359.3', 'Instabilit', 'P', '', '', 0, 'SPE', 4, 24, 0, 0, '2024-01-16 10:07:09', '0000-00-00', '0000-00-00 00:00:00', 0x74),
(1133, '12RessHumT07T359.5', 'Motivation du personnel (filiale)', 'Motivation du personnel (filiale)', '', '', 0, 'SPE', 4, 24, 0, 0, '2024-01-16 10:07:09', '0000-00-00', '0000-00-00 00:00:00', 0x74),
(1134, '12RessHumT08B027.1', 'Paiement et commission. des vendeurs ', 'Paiement et commissionnement des vendeurs ', '', '', 0, 'SPE', 4, 24, 0, 0, '2024-01-16 10:07:09', '0000-00-00', '0000-00-00 00:00:00', 0x74),
(1135, '12RessHumT08T124', 'R', 'Diff', '', '', 0, 'SPE', 4, 24, 0, 0, '2024-01-16 10:07:09', '0000-00-00', '0000-00-00 00:00:00', 0x74),
(1136, '12RessHumT08T364', 'Perf. Individ-collect variables-int', 'Performance individuelle et collective (dont dispositif des parts variables et int', '', '', 0, 'SPE', 4, 24, 0, 0, '2024-01-16 10:07:09', '0000-00-00', '0000-00-00 00:00:00', 0x74),
(1137, '12RessHumT08T364.1', 'Reconnaissance <> R', 'Pratiques de la reconnaissance par diff', '', '', 0, 'SPE', 4, 24, 0, 0, '2024-01-16 10:07:09', '0000-00-00', '0000-00-00 00:00:00', 0x74),
(1138, '12RessHumT08T364.2', 'Crit', 'Qualit', '', '', 0, 'SPE', 4, 24, 0, 0, '2024-01-16 10:07:09', '0000-00-00', '0000-00-00 00:00:00', 0x74),
(1139, '12RessHumT08T364.3', 'Objectifs/impact sur la part variable', 'Qualit', '', '', 0, 'SPE', 4, 24, 0, 0, '2024-01-16 10:07:09', '0000-00-00', '0000-00-00 00:00:00', 0x74),
(1140, '12RessHumT08T365', 'Ad', 'Ad', '', '', 0, 'SPE', 4, 24, 0, 0, '2024-01-16 10:07:09', '0000-00-00', '0000-00-00 00:00:00', 0x74),
(1141, '12RessHumT09V189', 'S', 'S', '', '', 0, 'SPE', 4, 24, 0, 0, '2024-01-16 10:07:09', '0000-00-00', '0000-00-00 00:00:00', 0x74),
(1142, '12RessHumT09V189.3', 'S', 'S', '', '', 0, 'SPE', 4, 24, 0, 0, '2024-01-16 10:07:09', '0000-00-00', '0000-00-00 00:00:00', 0x74),
(1143, '12RessHumT09V189.5', 'Accidents sur le lieu de travail', 'Accidents sur le lieu de travail', '', '', 0, 'SPE', 4, 24, 0, 0, '2024-01-16 10:07:09', '0000-00-00', '0000-00-00 00:00:00', 0x74),
(1144, '13FinancR01N015', 'Endettement global / Panne de liquidit', 'Endettement global / Panne de liquidit', '', '', 0, 'SPE', 4, 24, 0, 0, '2024-01-16 10:07:09', '0000-00-00', '0000-00-00 00:00:00', 0x74),
(1145, '13FinancR01N015.1', 'D', 'D', '', '', 0, 'SPE', 4, 24, 0, 0, '2024-01-16 10:07:09', '0000-00-00', '0000-00-00 00:00:00', 0x74),
(1146, '13FinancR01R135', 'Ma', 'Ma', '', '', 0, 'SPE', 4, 24, 0, 0, '2024-01-16 10:07:09', '0000-00-00', '0000-00-00 00:00:00', 0x74),
(1147, '13FinancR01R135.1', 'Variation de taux de change', 'Variation de taux de change', '', '', 0, 'SPE', 4, 24, 0, 0, '2024-01-16 10:07:09', '0000-00-00', '0000-00-00 00:00:00', 0x74),
(1148, '13FinancR01R135.2', 'Risque de devise', 'Risque de devise', '', '', 0, 'SPE', 4, 24, 0, 0, '2024-01-16 10:07:09', '0000-00-00', '0000-00-00 00:00:00', 0x74),
(1149, '13FinancR01R135.3', 'Ren', 'Ren', '', '', 0, 'SPE', 4, 24, 0, 0, '2024-01-16 10:07:09', '0000-00-00', '0000-00-00 00:00:00', 0x74),
(1150, '13FinancR01R135.4', 'Tr', 'Tr', '', '', 0, 'SPE', 4, 24, 0, 0, '2024-01-16 10:07:09', '0000-00-00', '0000-00-00 00:00:00', 0x74),
(1151, '13FinancR01R136', 'Ma', 'Ma', '', '', 0, 'SPE', 4, 24, 0, 0, '2024-01-16 10:07:09', '0000-00-00', '0000-00-00 00:00:00', 0x74),
(1152, '13FinancR01R138', 'Optimisation de la Gest de la tr', 'Optimisation de la gestion de la tr', '', '', 0, 'SPE', 4, 24, 0, 0, '2024-01-16 10:07:09', '0000-00-00', '0000-00-00 00:00:00', 0x74),
(1153, '13FinancR01R175', 'Respect clauses bancaires contractuelles', 'Respect des clauses bancaires contractuelles', '', '', 0, 'SPE', 4, 24, 0, 0, '2024-01-16 10:07:09', '0000-00-00', '0000-00-00 00:00:00', 0x74),
(1154, '13FinancR01R368', 'CashFlow filiales: financement groupe', 'Disposer des cash flow des filiales b', '', '', 0, 'SPE', 4, 24, 0, 0, '2024-01-16 10:07:09', '0000-00-00', '0000-00-00 00:00:00', 0x74),
(1155, '13FinancR02R203.1', 'Business model fournisseurs', 'Non concordance entre revenus et couts fournisseurs', '', '', 0, 'SPE', 4, 24, 0, 0, '2024-01-16 10:07:09', '0000-00-00', '0000-00-00 00:00:00', 0x74),
(1156, '13FinancR02R236.1', 'Tenus des livraisons strat/budget', 'Capacit', '', '', 0, 'SPE', 4, 24, 0, 0, '2024-01-16 10:07:09', '0000-00-00', '0000-00-00 00:00:00', 0x74),
(1157, '13FinancR02R369.1', 'Cash Flow n', 'Cash Flow n', '', '', 0, 'SPE', 4, 24, 0, 0, '2024-01-16 10:07:09', '0000-00-00', '0000-00-00 00:00:00', 0x74),
(1158, '13FinancR02R370.1', 'Impairment - Goodwill', 'Impairment - Goodwill', '', '', 0, 'SPE', 4, 24, 0, 0, '2024-01-16 10:07:09', '0000-00-00', '0000-00-00 00:00:00', 0x74),
(1159, '13FinancR02R371.1', 'Impairment - Goodwill (filiales)', 'Impairment - Goodwill (filiales)', '', '', 0, 'SPE', 4, 24, 0, 0, '2024-01-16 10:07:09', '0000-00-00', '0000-00-00 00:00:00', 0x74),
(1160, '13FinancR02R371.2', 'Impairment - Goodwill (Groupe)', 'Impairment - Goodwill (groupes)', '', '', 0, 'SPE', 4, 24, 0, 0, '2024-01-16 10:07:09', '0000-00-00', '0000-00-00 00:00:00', 0x74),
(1161, '13FinancR02R372', 'Tenue des objectifs strat', 'Tenue des objectifs strat', '', '', 0, 'SPE', 4, 24, 0, 0, '2024-01-16 10:07:09', '0000-00-00', '0000-00-00 00:00:00', 0x74),
(1162, '13FinancR03R133', 'Ma', 'Ma', '', '', 0, 'SPE', 4, 24, 0, 0, '2024-01-16 10:07:09', '0000-00-00', '0000-00-00 00:00:00', 0x74),
(1163, '13FinancR03R133.1', 'Strat', 'Strat', '', '', 0, 'SPE', 4, 24, 0, 0, '2024-01-16 10:07:09', '0000-00-00', '0000-00-00 00:00:00', 0x74),
(1164, '13FinancR03R133.2', 'Evaluation du Goodwill/co', 'Risque de sur', '', '', 0, 'SPE', 4, 24, 0, 0, '2024-01-16 10:07:09', '0000-00-00', '0000-00-00 00:00:00', 0x74),
(1165, '13FinancR03R133.3', 'due diligence\'/comm financi', 'Identification des risques en cours de \'due diligence\' ', '', '', 0, 'SPE', 4, 24, 0, 0, '2024-01-16 10:07:09', '0000-00-00', '0000-00-00 00:00:00', 0x74),
(1166, '13FinancR03R133.4', 'Frais structure manag', 'Frais de structure (Surco', '', '', 0, 'SPE', 4, 24, 0, 0, '2024-01-16 10:07:09', '0000-00-00', '0000-00-00 00:00:00', 0x74),
(1167, '13FinancR03R133.6', 'Exist. de filiales/\'entit', 'Existence de filiales ou d\'entit', '', '', 0, 'SPE', 4, 24, 0, 0, '2024-01-16 10:07:09', '0000-00-00', '0000-00-00 00:00:00', 0x74),
(1168, '13FinancR03R133.8', 'Simplification portefeuille de filiales', 'Simplification du portefeuille de filiales', '', '', 0, 'SPE', 4, 24, 0, 0, '2024-01-16 10:07:09', '0000-00-00', '0000-00-00 00:00:00', 0x74),
(1169, '13FinancR03R380', 'Portefeuille filiales non consolid', 'Connaissance du portefeuille de filiales non consolid', '', '', 0, 'SPE', 4, 24, 0, 0, '2024-01-16 10:07:09', '0000-00-00', '0000-00-00 00:00:00', 0x74),
(1170, '13FinancR04Q345', 'Investissements SI inutiles', 'Investissements SI inutiles', '', '', 0, 'SPE', 4, 24, 0, 0, '2024-01-16 10:07:09', '0000-00-00', '0000-00-00 00:00:00', 0x74),
(1171, '13FinancR04R134', 'Ma', 'Ma', '', '', 0, 'SPE', 4, 24, 0, 0, '2024-01-16 10:07:09', '0000-00-00', '0000-00-00 00:00:00', 0x74),
(1172, '13FinancR04R134.1', 'Manque d\'investissement', 'Manque d\'investissement hypoth', '', '', 0, 'SPE', 4, 24, 0, 0, '2024-01-16 10:07:09', '0000-00-00', '0000-00-00 00:00:00', 0x74),
(1173, '13FinancR04R134.11', 'Concertation d', 'Non observance des crit', '', '', 0, 'SPE', 4, 24, 0, 0, '2024-01-16 10:07:09', '0000-00-00', '0000-00-00 00:00:00', 0x74),
(1174, '13FinancR04R134.3', 'Capacit', 'Capacit', '', '', 0, 'SPE', 4, 24, 0, 0, '2024-01-16 10:07:09', '0000-00-00', '0000-00-00 00:00:00', 0x74),
(1175, '13FinancR04R134.6', 'invests en phase avec la strat', 'Investissements en phase avec la strat', '', '', 0, 'SPE', 4, 24, 0, 0, '2024-01-16 10:07:09', '0000-00-00', '0000-00-00 00:00:00', 0x74),
(1176, '13FinancR04R134.7', 'Investissements non rentables', 'Investissements non rentables', '', '', 0, 'SPE', 4, 24, 0, 0, '2024-01-16 10:07:09', '0000-00-00', '0000-00-00 00:00:00', 0x74),
(1177, '13FinancR04R134.8', 'Pertinence couverture commerciale', 'D', '', '', 0, 'SPE', 4, 24, 0, 0, '2024-01-16 10:07:09', '0000-00-00', '0000-00-00 00:00:00', 0x74),
(1178, '13FinancR04R134.9', 'Non exhaustivit', 'Non exhaustivit', '', '', 0, 'SPE', 4, 24, 0, 0, '2024-01-16 10:07:09', '0000-00-00', '0000-00-00 00:00:00', 0x74),
(1179, '14ControlR06L081.1', 'Qualit', 'Qualit', '', '', 0, 'SPE', 4, 24, 0, 0, '2024-01-16 10:07:09', '0000-00-00', '0000-00-00 00:00:00', 0x74),
(1180, '14ControlR06R236', 'Pr', 'Qualit', '', '', 0, 'SPE', 4, 24, 0, 0, '2024-01-16 10:07:09', '0000-00-00', '0000-00-00 00:00:00', 0x74),
(1181, '14ControlR06R236.3', 'Reporting et r', 'Adapter le reporting afin de comparer les r', '', '', 0, 'SPE', 4, 24, 0, 0, '2024-01-16 10:07:09', '0000-00-00', '0000-00-00 00:00:00', 0x74),
(1182, '14ControlR06R300', 'Gest.Ma', 'Gestion et ma', '', '', 0, 'SPE', 4, 24, 0, 0, '2024-01-16 10:07:09', '2011-07-08', '0000-00-00 00:00:00', 0x74),
(1183, '14ControlR06R300.2', 'Conf.Gest.Ma', 'Gestion et ma', '', '', 0, 'SPE', 4, 24, 0, 0, '2024-01-16 10:07:09', '0000-00-00', '0000-00-00 00:00:00', 0x74),
(1184, '14ControlR06R300.3', 'Conf.Gest.Ma', 'Gestion et ma', '', '', 0, 'SPE', 4, 24, 0, 0, '2024-01-16 10:07:09', '0000-00-00', '0000-00-00 00:00:00', 0x74),
(1185, '14ControlR06R300.4', 'Conf.Gest.Ma', 'Gestion et ma', '', '', 0, 'SPE', 4, 24, 0, 0, '2024-01-16 10:07:09', '0000-00-00', '0000-00-00 00:00:00', 0x74),
(1186, '14ControlR06R369', 'Filiales/plan de finan.tr', 'Pilotage financier des filiales (plan de financement, pr', '', '', 0, 'SPE', 4, 24, 0, 0, '2024-01-16 10:07:09', '0000-00-00', '0000-00-00 00:00:00', 0x74),
(1187, '14ControlR07R238', 'Connaissance co', 'Bonne connaissance des co', '', '', 0, 'SPE', 4, 24, 0, 0, '2024-01-16 10:07:09', '0000-00-00', '0000-00-00 00:00:00', 0x74),
(1188, '14ControlR07R238.1', 'Gest vis ', 'Pertinence des syst', '', '', 0, 'SPE', 4, 24, 0, 0, '2024-01-16 10:07:09', '0000-00-00', '0000-00-00 00:00:00', 0x74),
(1189, '15CptaFiscR08R016.3', 'Conformit', 'Conformit', '', '', 0, 'SPE', 4, 24, 0, 0, '2024-01-16 10:07:09', '0000-00-00', '0000-00-00 00:00:00', 0x74),
(1190, '15CptaFiscR08R144', 'Ma', 'Ma', '', '', 0, 'SPE', 4, 24, 0, 0, '2024-01-16 10:07:09', '0000-00-00', '0000-00-00 00:00:00', 0x74),
(1191, '15CptaFiscR08R144.1', 'Taxe sur l\'immobilier et les v', 'Taxe sur l\'immobilier et les v', '', '', 0, 'SPE', 4, 24, 0, 0, '2024-01-16 10:07:09', '0000-00-00', '0000-00-00 00:00:00', 0x74),
(1192, '15CptaFiscR08R144.2', 'Strat', 'Strat', '', '', 0, 'SPE', 4, 24, 0, 0, '2024-01-16 10:07:09', '0000-00-00', '0000-00-00 00:00:00', 0x74);
INSERT INTO `nature` (`idNature`, `Nat_Cod`, `intitule`, `description`, `intitule_en`, `description_en`, `ordre`, `Typ_Iden`, `id_typenature`, `id_typenature_risk`, `notificationType`, `dftNotification`, `date_debut`, `date_modif`, `date_fin`, `Affecte`) VALUES
(1193, '15CptaFiscR08R144.3', 'Conformit', 'Non conformit', '', '', 0, 'SPE', 4, 24, 0, 0, '2024-01-16 10:07:09', '0000-00-00', '0000-00-00 00:00:00', 0x74),
(1194, '15CptaFiscR08R147', 'Qualit', 'Qualit', '', '', 0, 'SPE', 4, 24, 0, 0, '2024-01-16 10:07:09', '0000-00-00', '0000-00-00 00:00:00', 0x74),
(1195, '15CptaFiscR08R205.1', 'prestations intercompagnies ', 'Traitement des prestations intercompagnies (dont conformit', '', '', 0, 'SPE', 4, 24, 0, 0, '2024-01-16 10:07:09', '0000-00-00', '0000-00-00 00:00:00', 0x74),
(1196, '15CptaFiscR08R382', 'TVA sur les services Internet', 'Impl', '', '', 0, 'SPE', 4, 24, 0, 0, '2024-01-16 10:07:09', '0000-00-00', '0000-00-00 00:00:00', 0x74),
(1197, '15CptaFiscR08T276', 'D', 'Qualit', '', '', 0, 'SPE', 4, 24, 0, 0, '2024-01-16 10:07:09', '0000-00-00', '0000-00-00 00:00:00', 0x74),
(1198, '15CptaFiscR09L085', 'R', 'Respect des r', '', '', 0, 'SPE', 4, 24, 0, 0, '2024-01-16 10:07:09', '0000-00-00', '0000-00-00 00:00:00', 0x74),
(1199, '15CptaFiscR09R145', 'Pratiques comptables Groupe', 'Qualit', '', '', 0, 'SPE', 4, 24, 0, 0, '2024-01-16 10:07:09', '0000-00-00', '0000-00-00 00:00:00', 0x74),
(1200, '15CptaFiscR09R145.1', 'Conformit', 'Conformit', '', '', 0, 'SPE', 4, 24, 0, 0, '2024-01-16 10:07:09', '0000-00-00', '0000-00-00 00:00:00', 0x74),
(1201, '15CptaFiscR09R145.3', 'Gestion des cr', 'Gestion des cr', '', '', 0, 'SPE', 4, 24, 0, 0, '2024-01-16 10:07:09', '0000-00-00', '0000-00-00 00:00:00', 0x74),
(1202, '15CptaFiscR09R145.5', 'Reconnaissance de revenu', 'Reconnaissance de revenu', '', '', 0, 'SPE', 4, 24, 0, 0, '2024-01-16 10:07:09', '0000-00-00', '0000-00-00 00:00:00', 0x74),
(1203, '15CptaFiscR09R145.7', 'Obligations compta.management et loi', 'Incapacit', '', '', 0, 'SPE', 4, 24, 0, 0, '2024-01-16 10:07:09', '0000-00-00', '0000-00-00 00:00:00', 0x74),
(1204, '15CptaFiscR09R145.8', 'Non conformit', 'Non conformit', '', '', 0, 'SPE', 4, 24, 0, 0, '2024-01-16 10:07:09', '0000-00-00', '0000-00-00 00:00:00', 0x74),
(1205, '15CptaFiscR10P250', 'Valorisation de la propri', 'Valorisation de la propri', '', '', 0, 'SPE', 4, 24, 0, 0, '2024-01-16 10:07:09', '0000-00-00', '0000-00-00 00:00:00', 0x74),
(1206, '15CptaFiscR10R132', 'Ma', 'Ma', '', '', 0, 'SPE', 4, 24, 0, 0, '2024-01-16 10:07:09', '0000-00-00', '0000-00-00 00:00:00', 0x74),
(1207, '15CptaFiscR10R132.2', 'Gestion parc informatique et bureautique', 'Gestion du parc informatique et bureautique', '', '', 0, 'SPE', 4, 24, 0, 0, '2024-01-16 10:07:09', '0000-00-00', '0000-00-00 00:00:00', 0x74),
(1208, '15CptaFiscR10R132.3', 'Ma', 'Ma', '', '', 0, 'SPE', 4, 24, 0, 0, '2024-01-16 10:07:09', '0000-00-00', '0000-00-00 00:00:00', 0x74),
(1209, '15CptaFiscR10R141', 'Ma', 'Ma', '', '', 0, 'SPE', 4, 24, 0, 0, '2024-01-16 10:07:09', '0000-00-00', '0000-00-00 00:00:00', 0x74),
(1210, '15CptaFiscR10R141.1', 'Mauvais calcul des provisions', 'Mauvais calcul des provisions', '', '', 0, 'SPE', 4, 24, 0, 0, '2024-01-16 10:07:09', '0000-00-00', '0000-00-00 00:00:00', 0x74),
(1211, '15CptaFiscR10R143.2', 'Rapprochements bancaires', 'Rapprochements bancaires', '', '', 0, 'SPE', 4, 24, 0, 0, '2024-01-16 10:07:09', '0000-00-00', '0000-00-00 00:00:00', 0x74),
(1212, '15CptaFiscR10R146.2', 'Fiabilit', 'Fiabilit', '', '', 0, 'SPE', 4, 24, 0, 0, '2024-01-16 10:07:09', '0000-00-00', '0000-00-00 00:00:00', 0x74),
(1213, '15CptaFiscR10R146.3', 'Traitement prestations inter-filiales', 'Traitement des prestations intercos (filiales)', '', '', 0, 'SPE', 4, 24, 0, 0, '2024-01-16 10:07:09', '0000-00-00', '0000-00-00 00:00:00', 0x74),
(1214, '15CptaFiscR10R146.7', 'Activit', 'Activit', '', '', 0, 'SPE', 4, 24, 0, 0, '2024-01-16 10:07:09', '0000-00-00', '0000-00-00 00:00:00', 0x74),
(1215, '15CptaFiscR10R146.8', 'Syst', 'Syst', '', '', 0, 'SPE', 4, 24, 0, 0, '2024-01-16 10:07:09', '0000-00-00', '0000-00-00 00:00:00', 0x74),
(1216, '15CptaFiscR10R146.9', 'Fiabilit', 'Repr', '', '', 0, 'SPE', 4, 24, 0, 0, '2024-01-16 10:07:09', '0000-00-00', '0000-00-00 00:00:00', 0x74),
(1217, '15CptaFiscR10R205', 'Prestations intercompagnies', 'Traitement des prestations intercompagnies (dont conformit', '', '', 0, 'SPE', 4, 24, 0, 0, '2024-01-16 10:07:09', '0000-00-00', '0000-00-00 00:00:00', 0x74),
(1218, '15CptaFiscR10R242', 'Ma', 'Ma', '', '', 0, 'SPE', 4, 24, 0, 0, '2024-01-16 10:07:09', '0000-00-00', '0000-00-00 00:00:00', 0x74),
(1219, '15CptaFiscR10R243', 'Ma', 'Ma', '', '', 0, 'SPE', 4, 24, 0, 0, '2024-01-16 10:07:09', '0000-00-00', '0000-00-00 00:00:00', 0x74),
(1220, '15CptaFiscR10R247', 'Fiabilit', 'Fiabilit', '', '', 0, 'SPE', 4, 24, 0, 0, '2024-01-16 10:07:09', '0000-00-00', '0000-00-00 00:00:00', 0x74),
(1221, '15CptaFiscR11R176', 'Qualit', 'Qualit', '', '', 0, 'SPE', 4, 24, 0, 0, '2024-01-16 10:07:09', '0000-00-00', '0000-00-00 00:00:00', 0x74),
(1222, '15CptaFiscR11R176.1', 'Qualit', 'Qualit', '', '', 0, 'SPE', 4, 24, 0, 0, '2024-01-16 10:07:09', '0000-00-00', '0000-00-00 00:00:00', 0x74),
(1223, '15CptaFiscR11R176.2', 'Homog', 'Homog', '', '', 0, 'SPE', 4, 24, 0, 0, '2024-01-16 10:07:09', '0000-00-00', '0000-00-00 00:00:00', 0x74),
(1224, '15CptaFiscR11R176.3', 'Qualit', 'Qualit', '', '', 0, 'SPE', 4, 24, 0, 0, '2024-01-16 10:07:09', '0000-00-00', '0000-00-00 00:00:00', 0x74),
(1225, '15CptaFiscR12L084', 'Engagements hors bilan (Achats)', 'Connaissance des engagements hors bilan (Achats)', '', '', 0, 'SPE', 4, 24, 0, 0, '2024-01-16 10:07:09', '0000-00-00', '0000-00-00 00:00:00', 0x74),
(1226, '15CptaFiscR12R134.10', 'Engagement du volume d\'invests ', 'Engagement du volume d\'investissements', '', '', 0, 'SPE', 4, 24, 0, 0, '2024-01-16 10:07:09', '0000-00-00', '0000-00-00 00:00:00', 0x74),
(1227, '15CptaFiscR12R201', 'Ma', 'Ma', '', '', 0, 'SPE', 4, 24, 0, 0, '2024-01-16 10:07:09', '0000-00-00', '0000-00-00 00:00:00', 0x74),
(1228, '15CptaFiscR12R201.2', 'Connaissance des engagements hors bilans', 'Connaissance des engagements hors bilans', '', '', 0, 'SPE', 4, 24, 0, 0, '2024-01-16 10:07:09', '0000-00-00', '0000-00-00 00:00:00', 0x74),
(1229, '15CptaFiscR13R377', 'Communication des cons', 'Communication des cons', '', '', 0, 'SPE', 4, 24, 0, 0, '2024-01-16 10:07:09', '0000-00-00', '0000-00-00 00:00:00', 0x74),
(1230, '15CptaFiscR13R377.1', 'Reconnaissance du chiffre d\'affaires', 'Reconnaissance du chiffre d\'affaires', '', '', 0, 'SPE', 4, 24, 0, 0, '2024-01-16 10:07:09', '0000-00-00', '0000-00-00 00:00:00', 0x74),
(1231, '15CptaFiscR13T245', 'IFRS: Engagements/obligations/Rh', 'IFRS: Maitrise des engagements et obligations ', '', '', 0, 'SPE', 4, 24, 0, 0, '2024-01-16 10:07:09', '0000-00-00', '0000-00-00 00:00:00', 0x74),
(1232, '15CptaFiscR14R204', 'Coordination communication financi', 'Coordination des filiales cot', '', '', 0, 'SPE', 4, 24, 0, 0, '2024-01-16 10:07:09', '0000-00-00', '0000-00-00 00:00:00', 0x74),
(1233, '15CptaFiscR14R204.1', 'Disclosure\' / information erron', 'Disclosure\' (impact ', '', '', 0, 'SPE', 4, 24, 0, 0, '2024-01-16 10:07:09', '0000-00-00', '0000-00-00 00:00:00', 0x74),
(1234, '15CptaFiscR14R367', 'Suivi des projets strat', 'Non suivi des projets strat', '', '', 0, 'SPE', 4, 24, 0, 0, '2024-01-16 10:07:09', '0000-00-00', '0000-00-00 00:00:00', 0x74),
(1235, '15CptaFiscR14R378', 'contr', 'Respect des obligations l', '', '', 0, 'SPE', 4, 24, 0, 0, '2024-01-16 10:07:09', '0000-00-00', '0000-00-00 00:00:00', 0x74),
(1236, '15CptaFiscR14R378.1', 'Justesse document de r', 'Exactitude des donn', '', '', 0, 'SPE', 4, 24, 0, 0, '2024-01-16 10:07:09', '0000-00-00', '0000-00-00 00:00:00', 0x74),
(1237, '15CptaFiscR14R378.2', 'Tenue des obligations AMF', 'Tenue des obligations AMF', '', '', 0, 'SPE', 4, 24, 0, 0, '2024-01-16 10:07:09', '0000-00-00', '0000-00-00 00:00:00', 0x74),
(1238, '15CptaFiscR14R378.3', 'Conformit', 'Conformit', '', '', 0, 'SPE', 4, 24, 0, 0, '2024-01-16 10:07:09', '0000-00-00', '0000-00-00 00:00:00', 0x74),
(1239, '15CptaFiscR14R378.4', 'Auditabilit', 'Auditabilit', '', '', 0, 'SPE', 4, 24, 0, 0, '2024-01-16 10:07:09', '0000-00-00', '0000-00-00 00:00:00', 0x74),
(1240, '15CptaFiscR14R378.7', 'P', 'Conformit', '', '', 0, 'SPE', 4, 24, 0, 0, '2024-01-16 10:07:09', '0000-00-00', '0000-00-00 00:00:00', 0x74),
(1241, '16ConformS01L079', 'R', 'Respect des dispositions l', '', '', 0, 'SPE', 4, 24, 0, 0, '2024-01-16 10:07:09', '0000-00-00', '0000-00-00 00:00:00', 0x74),
(1242, '16ConformS03R237', 'R', 'Application de la r', '', '', 0, 'SPE', 4, 24, 0, 0, '2024-01-16 10:07:09', '0000-00-00', '0000-00-00 00:00:00', 0x74),
(1243, '16ConformS04Y397', 'Obligations  de service public via PB', 'Obligations de d', '', '', 0, 'SPE', 4, 24, 0, 0, '2024-01-16 10:07:09', '0000-00-00', '0000-00-00 00:00:00', 0x74),
(1244, '16ConformS05S150', 'Responsabilit', 'Prise en compte de la responsabilit', '', '', 0, 'SPE', 4, 24, 0, 0, '2024-01-16 10:07:09', '0000-00-00', '0000-00-00 00:00:00', 0x74),
(1245, '16ConformS06P307.2', 'Ident.clients-partages acteurs autres', 'Gestion de l\'identit', '', '', 0, 'SPE', 4, 24, 0, 0, '2024-01-16 10:07:09', '0000-00-00', '0000-00-00 00:00:00', 0x74),
(1246, '16ConformS06S161', 'Donn', 'Utilisation des donn', '', '', 0, 'SPE', 4, 24, 0, 0, '2024-01-16 10:07:09', '0000-00-00', '0000-00-00 00:00:00', 0x74),
(1247, '16ConformS06S161.1', 'Donn', 'Protection des donn', '', '', 0, 'SPE', 4, 24, 0, 0, '2024-01-16 10:07:09', '0000-00-00', '0000-00-00 00:00:00', 0x66),
(1248, '16ConformS06S161.2', 'Traitement des donn', 'Non application des lois de protection des donn', '', '', 0, 'SPE', 4, 24, 0, 0, '2024-01-16 10:07:09', '0000-00-00', '0000-00-00 00:00:00', 0x66),
(1249, '16ConformS06S407', 'Donn', 'Traitement automatis', '', '', 0, 'SPE', 4, 24, 0, 0, '2024-01-16 10:07:09', '2011-03-29', '0000-00-00 00:00:00', 0x74),
(1250, '16ConformS07S260', 'Droit concurr.. regl.,d', 'Respect du droit de la concurrence, de la r', '', '', 0, 'SPE', 4, 24, 0, 0, '2024-01-16 10:07:09', '0000-00-00', '0000-00-00 00:00:00', 0x74),
(1251, '16ConformS07S260.2', 'Pratiques de vente', 'Pratiques de vente', '', '', 0, 'SPE', 4, 24, 0, 0, '2024-01-16 10:07:09', '0000-00-00', '0000-00-00 00:00:00', 0x74),
(1252, '16ConformS07S260.6', 'Droit de la concurrence', 'Concurrence (agences de publicit', '', '', 0, 'SPE', 4, 24, 0, 0, '2024-01-16 10:07:09', '0000-00-00', '0000-00-00 00:00:00', 0x74),
(1253, '16ConformS07S260.7', 'Evolution de la r', 'Evolution de la r', '', '', 0, 'SPE', 4, 24, 0, 0, '2024-01-16 10:07:09', '0000-00-00', '0000-00-00 00:00:00', 0x74),
(1254, '16ConformS07S260.8', 'Litige vente forc', 'Litige d', '', '', 0, 'SPE', 4, 24, 0, 0, '2024-01-16 10:07:09', '0000-00-00', '0000-00-00 00:00:00', 0x74),
(1255, '16ConformS08S387.1', 'L', 'Non conformit', '', '', 0, 'SPE', 4, 24, 0, 0, '2024-01-16 10:07:09', '0000-00-00', '0000-00-00 00:00:00', 0x74),
(1256, '16ConformS09S149', 'Capacit', 'Capacit', '', '', 0, 'SPE', 4, 24, 0, 0, '2024-01-16 10:07:09', '2011-07-07', '0000-00-00 00:00:00', 0x74),
(1257, '16ConformS09S149.1', 'Recyclage des materiaux usag', 'Respect de la l', '', '', 0, 'SPE', 4, 24, 0, 0, '2024-01-16 10:07:09', '0000-00-00', '0000-00-00 00:00:00', 0x74),
(1258, '16ConformS09S149.3', 'S', 'S', '', '', 0, 'SPE', 4, 24, 0, 0, '2024-01-16 10:07:09', '0000-00-00', '0000-00-00 00:00:00', 0x74),
(1259, '16ConformS09S385', 'Dev durable - charte de l\'ONU -', 'D', '', '', 0, 'SPE', 4, 24, 0, 0, '2024-01-16 10:07:09', '0000-00-00', '0000-00-00 00:00:00', 0x74),
(1260, '16ConformS09S385.1', 'Resp. environn.(recyclage ', 'Responsabilit', '', '', 0, 'SPE', 4, 24, 0, 0, '2024-01-16 10:07:09', '0000-00-00', '0000-00-00 00:00:00', 0x74),
(1261, '16ConformS09S386.1', 'Risque ', 'Risque ', '', '', 0, 'SPE', 4, 24, 0, 0, '2024-01-16 10:07:09', '0000-00-00', '0000-00-00 00:00:00', 0x74),
(1262, '16ConformS10S403', 'Respect du Droit du Travail', 'Respect du Droit du Travail', '', '', 0, 'SPE', 4, 24, 0, 0, '2024-01-16 10:07:09', '0000-00-00', '0000-00-00 00:00:00', 0x74),
(1263, '16ConformS10S403.1', 'Droit du travail local (filiales)', 'Respect du droit du travail local (filiales)', '', '', 0, 'SPE', 4, 24, 0, 0, '2024-01-16 10:07:09', '0000-00-00', '0000-00-00 00:00:00', 0x74),
(1264, '17LegalS11L078', 'Ma', 'Ma', '', '', 0, 'SPE', 4, 24, 0, 0, '2024-01-16 10:07:09', '0000-00-00', '0000-00-00 00:00:00', 0x74),
(1265, '17LegalS11L090', 'Contrats (respect obligations fourn.)', 'Management des contrats (respect des obligations fournisseurs)', '', '', 0, 'SPE', 4, 24, 0, 0, '2024-01-16 10:07:09', '0000-00-00', '0000-00-00 00:00:00', 0x74),
(1266, '17LegalS11S153', 'Vision globale des contrats', 'Vision globale des contrats', '', '', 0, 'SPE', 4, 24, 0, 0, '2024-01-16 10:07:09', '0000-00-00', '0000-00-00 00:00:00', 0x74),
(1267, '17LegalS11S153.1', 'Contrats:clauses/resp. trop faibles', 'Clauses contractuelles stipulant des responsabilit', '', '', 0, 'SPE', 4, 24, 0, 0, '2024-01-16 10:07:09', '0000-00-00', '0000-00-00 00:00:00', 0x74),
(1268, '17LegalS11S153.2', 'Contrats types inappropri', 'Manque de transparence des contrats et litiges correspondants (standards de contrat inappropri', '', '', 0, 'SPE', 4, 24, 0, 0, '2024-01-16 10:07:09', '0000-00-00', '0000-00-00 00:00:00', 0x74),
(1269, '17LegalS11S393', 'Contrats:pr', 'Qualit', '', '', 0, 'SPE', 4, 24, 0, 0, '2024-01-16 10:07:09', '0000-00-00', '0000-00-00 00:00:00', 0x74),
(1270, '17LegalS12S164', 'Assurance resp. civile des dirigeants', 'Assurance responsabilit', '', '', 0, 'SPE', 4, 24, 0, 0, '2024-01-16 10:07:09', '0000-00-00', '0000-00-00 00:00:00', 0x74),
(1271, '17LegalS12S164.1', 'Respons. Civile dirigeants', 'Responsabilit', '', '', 0, 'SPE', 4, 24, 0, 0, '2024-01-16 10:07:09', '0000-00-00', '0000-00-00 00:00:00', 0x74),
(1272, '17LegalS13S165', 'March', 'Capacit', '', '', 0, 'SPE', 4, 24, 0, 0, '2024-01-16 10:07:09', '0000-00-00', '0000-00-00 00:00:00', 0x74),
(1273, '17LegalS13S165.1', 'Respons. risques assurables/couverture', 'D', '', '', 0, 'SPE', 4, 24, 0, 0, '2024-01-16 10:07:09', '0000-00-00', '0000-00-00 00:00:00', 0x74),
(1274, '17LegalS14A288.8', 'Contrefa', 'Contrefa', '', '', 0, 'SPE', 4, 24, 0, 0, '2024-01-16 10:07:09', '0000-00-00', '0000-00-00 00:00:00', 0x74),
(1275, '17LegalS14P261', 'Protection des savoir-faire techno.', 'Protection des savoir-faire technologiques', '', '', 0, 'SPE', 4, 24, 0, 0, '2024-01-16 10:07:09', '0000-00-00', '0000-00-00 00:00:00', 0x74),
(1276, '17LegalS14P261.1', 'Protection propri', 'propri', '', '', 0, 'SPE', 4, 24, 0, 0, '2024-01-16 10:07:09', '0000-00-00', '0000-00-00 00:00:00', 0x74),
(1277, '17LegalS14S166.1', 'Brevets et concurrence: couverture', 'Politique de d', '', '', 0, 'SPE', 4, 24, 0, 0, '2024-01-16 10:07:09', '0000-00-00', '0000-00-00 00:00:00', 0x74),
(1278, '17LegalS14S166.2', 'Contrefa', 'Non protection des brevets et de la propri', '', '', 0, 'SPE', 4, 24, 0, 0, '2024-01-16 10:07:09', '0000-00-00', '0000-00-00 00:00:00', 0x74),
(1279, '17LegalS15S249', 'Connaissance des risques au sein du Gp', 'Connaissance des risques au sein du Groupe', '', '', 0, 'SPE', 4, 24, 0, 0, '2024-01-16 10:07:09', '0000-00-00', '0000-00-00 00:00:00', 0x74),
(1280, '17LegalS16S390.1', 'Processus de documentation', 'Processus de documentation', '', '', 0, 'SPE', 4, 24, 0, 0, '2024-01-16 10:07:09', '0000-00-00', '0000-00-00 00:00:00', 0x74),
(1281, '17LegalS16S390.2', 'Conservation des contrats clients', 'Qualit', '', '', 0, 'SPE', 4, 24, 0, 0, '2024-01-16 10:07:09', '0000-00-00', '0000-00-00 00:00:00', 0x74),
(1282, '17LegalS16S390.4', 'Conservation doc.juridiques ', 'Qualit', '', '', 0, 'SPE', 4, 24, 0, 0, '2024-01-16 10:07:09', '0000-00-00', '0000-00-00 00:00:00', 0x74),
(1283, '17LegalS17S408', 'Litiges avec les Agences de Publicit', 'Litiges avec les Agences de Publicit', '', '', 0, 'SPE', 4, 24, 0, 0, '2024-01-16 10:07:09', '0000-00-00', '0000-00-00 00:00:00', 0x74),
(1284, '18SecuriteY01G063', 'Protection des actifs d\'infrastructures ', 'Protection des actifs d\'infrastructures (en tenant compte de la couverture des assurances)', '', '', 0, 'SPE', 4, 24, 0, 0, '2024-01-16 10:07:09', '0000-00-00', '0000-00-00 00:00:00', 0x74),
(1285, '18SecuriteY01G063.1', 'Catastrophes naturelles', 'Catastrophes naturelles (traitement de leur impact sur les ressources IT)', '', '', 0, 'SPE', 4, 24, 0, 0, '2024-01-16 10:07:09', '0000-00-00', '0000-00-00 00:00:00', 0x74),
(1286, '18SecuriteY01G063.2', 'Protection des actifs r', 'Protection des actifs r', '', '', 0, 'SPE', 4, 24, 0, 0, '2024-01-16 10:07:09', '0000-00-00', '0000-00-00 00:00:00', 0x74),
(1287, '18SecuriteY02M338', 'Dommages physiques sur des stocks ', 'Dommages physiques sur des stocks de mat', '', '', 0, 'SPE', 4, 24, 0, 0, '2024-01-16 10:07:09', '0000-00-00', '0000-00-00 00:00:00', 0x74),
(1288, '18SecuriteY02V191', 'Contr', 'Contr', '', '', 0, 'SPE', 4, 24, 0, 0, '2024-01-16 10:07:09', '0000-00-00', '0000-00-00 00:00:00', 0x74),
(1289, '18SecuriteY02V192', 'Incendie', 'Incendie', '', '', 0, 'SPE', 4, 24, 0, 0, '2024-01-16 10:07:09', '0000-00-00', '0000-00-00 00:00:00', 0x74),
(1290, '18SecuriteY02V193', 'Inondations', 'Inondations', '', '', 0, 'SPE', 4, 24, 0, 0, '2024-01-16 10:07:09', '0000-00-00', '0000-00-00 00:00:00', 0x74),
(1291, '18SecuriteY03P307', 'Cryptologie', 'Cryptologie', '', '', 0, 'SPE', 4, 24, 0, 0, '2024-01-16 10:07:09', '0000-00-00', '0000-00-00 00:00:00', 0x74),
(1292, '18SecuriteY04B296', 'Fraude de la part des distributeurs', 'Fraude de la part des distributeurs', '', '', 0, 'SPE', 4, 24, 0, 0, '2024-01-16 10:07:09', '0000-00-00', '0000-00-00 00:00:00', 0x74),
(1293, '18SecuriteY04L271.2', 'Fraudes', 'Fraudes', '', '', 0, 'SPE', 4, 24, 0, 0, '2024-01-16 10:07:09', '2011-06-20', '0000-00-00 00:00:00', 0x74),
(1294, '18SecuriteY04M092', 'D', 'D', '', '', 0, 'SPE', 4, 24, 0, 0, '2024-01-16 10:07:09', '0000-00-00', '0000-00-00 00:00:00', 0x74),
(1295, '18SecuriteY04M337', 'Vol ou perte d\'actifs physiques', 'Vol ou perte d\'actifs physiques', '', '', 0, 'SPE', 4, 24, 0, 0, '2024-01-16 10:07:09', '0000-00-00', '0000-00-00 00:00:00', 0x74),
(1296, '18SecuriteY04M337.2', 'S', 'S', '', '', 0, 'SPE', 4, 24, 0, 0, '2024-01-16 10:07:09', '0000-00-00', '0000-00-00 00:00:00', 0x74),
(1297, '18SecuriteY04Q108.1', 'Vol d\'', 'Vol d\'', '', '', 0, 'SPE', 4, 24, 0, 0, '2024-01-16 10:07:09', '0000-00-00', '0000-00-00 00:00:00', 0x74),
(1298, '18SecuriteY04R142', 'Fraudes internes ou externes', 'Fraudes internes ou externes ', '', '', 0, 'SPE', 4, 24, 0, 0, '2024-01-16 10:07:09', '0000-00-00', '0000-00-00 00:00:00', 0x74),
(1299, '18SecuriteY04R142.1', 'Fraude clients - usage appli web -', 'Fraude provenant des clients - dont usage frauduleux du web -', '', '', 0, 'SPE', 4, 24, 0, 0, '2024-01-16 10:07:09', '0000-00-00', '0000-00-00 00:00:00', 0x74),
(1300, '18SecuriteY04R142.2', 'Piratage externe dans un but de fraude ', 'Piratage externe des syst', '', '', 0, 'SPE', 4, 24, 0, 0, '2024-01-16 10:07:09', '0000-00-00', '0000-00-00 00:00:00', 0x74),
(1301, '18SecuriteY04R142.5', 'Fraude interne/actifs de l\'entreprise', 'Fraude de la part des employ', '', '', 0, 'SPE', 4, 24, 0, 0, '2024-01-16 10:07:09', '0000-00-00', '0000-00-00 00:00:00', 0x74),
(1302, '18SecuriteY04R143', 'S', 'S', '', '', 0, 'SPE', 4, 24, 0, 0, '2024-01-16 10:07:09', '0000-00-00', '0000-00-00 00:00:00', 0x74),
(1303, '18SecuriteY04R143.3', 'Contr', 'Qualit', '', '', 0, 'SPE', 4, 24, 0, 0, '2024-01-16 10:07:09', '0000-00-00', '0000-00-00 00:00:00', 0x74),
(1304, '18SecuriteY04R143.4', 'Ctrl int. tr', 'Qualit', '', '', 0, 'SPE', 4, 24, 0, 0, '2024-01-16 10:07:09', '0000-00-00', '0000-00-00 00:00:00', 0x74),
(1305, '18SecuriteY04S162.2', 'Paiement ind', 'Paiement ind', '', '', 0, 'SPE', 4, 24, 0, 0, '2024-01-16 10:07:09', '0000-00-00', '0000-00-00 00:00:00', 0x74),
(1306, '18SecuriteY05M093', 'S', 'S', '', '', 0, 'SPE', 4, 24, 0, 0, '2024-01-16 10:07:09', '0000-00-00', '0000-00-00 00:00:00', 0x74),
(1307, '18SecuriteY05M093.2', 'S', 'S', '', '', 0, 'SPE', 4, 24, 0, 0, '2024-01-16 10:07:09', '0000-00-00', '0000-00-00 00:00:00', 0x74),
(1308, '18SecuriteY05V179', 'S', 'S', '', '', 0, 'SPE', 4, 24, 0, 0, '2024-01-16 10:07:09', '0000-00-00', '0000-00-00 00:00:00', 0x74),
(1309, '18SecuriteY05V189.1', 'Destructions de locaux, risque personnes', 'Destructions de locaux, terrorisme, risque sur la personne des employ', '', '', 0, 'SPE', 4, 24, 0, 0, '2024-01-16 10:07:09', '0000-00-00', '0000-00-00 00:00:00', 0x74),
(1310, '18SecuriteY05V189.4', 'Menaces sur le personnel ', 'Menaces sur le personnel ', '', '', 0, 'SPE', 4, 24, 0, 0, '2024-01-16 10:07:09', '0000-00-00', '0000-00-00 00:00:00', 0x74),
(1311, '18SecuriteY06E043', 'D', 'D', '', '', 0, 'SPE', 4, 24, 0, 0, '2024-01-16 10:07:09', '2011-12-02', '0000-00-00 00:00:00', 0x74),
(1312, '18SecuriteY06E043.1', 'S', 'S', '', '', 0, 'SPE', 4, 24, 0, 0, '2024-01-16 10:07:09', '0000-00-00', '0000-00-00 00:00:00', 0x74),
(1313, '18SecuriteY06L090.1', 'Echanges avec les tiers', 'Fuite d\'informations dans les ', '', '', 0, 'SPE', 4, 24, 0, 0, '2024-01-16 10:07:09', '0000-00-00', '0000-00-00 00:00:00', 0x74),
(1314, '18SecuriteY06L090.2', 'S', 'S', '', '', 0, 'SPE', 4, 24, 0, 0, '2024-01-16 10:07:09', '0000-00-00', '0000-00-00 00:00:00', 0x74),
(1315, '18SecuriteY06N013.4', 'Partenariats/propri', 'Partenariats fournisseurs: risque de fuite de propri', '', '', 0, 'SPE', 4, 24, 0, 0, '2024-01-16 10:07:09', '0000-00-00', '0000-00-00 00:00:00', 0x74),
(1316, '18SecuriteY06S407.1', 'Vol fichiers (RH, BDD, clients,', 'Protection des fichiers contre le vol', '', '', 0, 'SPE', 4, 24, 0, 0, '2024-01-16 10:07:09', '0000-00-00', '0000-00-00 00:00:00', 0x74),
(1317, '18SecuriteY06V194', 'Intell. ', 'Intelligence ', '', '', 0, 'SPE', 4, 24, 0, 0, '2024-01-16 10:07:09', '0000-00-00', '0000-00-00 00:00:00', 0x74),
(1318, '18SecuriteY06V194.1', 'Protection des donn', 'Protection des donn', '', '', 0, 'SPE', 4, 24, 0, 0, '2024-01-16 10:07:09', '0000-00-00', '0000-00-00 00:00:00', 0x74),
(1319, '18SecuriteY06X406.3', 'Fichiers de personnel vols (Filiales)', 'Protection des fichiers de personnel contre les vols filiales', '', '', 0, 'SPE', 4, 24, 0, 0, '2024-01-16 10:07:09', '0000-00-00', '0000-00-00 00:00:00', 0x74),
(1320, '18SecuriteY06X406.4', 'La S', 'La S', '', '', 0, 'SPE', 4, 24, 0, 0, '2024-01-16 10:07:09', '0000-00-00', '0000-00-00 00:00:00', 0x74),
(1321, '18SecuriteY06X406.6', 'Information Client dont donn', 'Acc', '', '', 0, 'SPE', 4, 24, 0, 0, '2024-01-16 10:07:09', '0000-00-00', '0000-00-00 00:00:00', 0x74),
(1322, '19StratComN02L271.4', 'Dualit', 'Risques li', '', '', 0, 'SPE', 4, 24, 0, 0, '2024-01-16 10:07:09', '0000-00-00', '0000-00-00 00:00:00', 0x74),
(1323, '19StratComN02N013', 'Gest des alliances et dev partenaires.', 'Gestion des alliances et d', '', '', 0, 'SPE', 4, 24, 0, 0, '2024-01-16 10:07:09', '0000-00-00', '0000-00-00 00:00:00', 0x74),
(1324, '19StratComN02N013.1', 'Gest des alliances et dev part filiales', 'Gestion des alliances et d', '', '', 0, 'SPE', 4, 24, 0, 0, '2024-01-16 10:07:09', '0000-00-00', '0000-00-00 00:00:00', 0x74),
(1325, '19StratComN02N013.2', 'Gest du d', 'Gestion du d', '', '', 0, 'SPE', 4, 24, 0, 0, '2024-01-16 10:07:09', '0000-00-00', '0000-00-00 00:00:00', 0x74),
(1326, '19StratComN02N013.3', 'Capture de la valeur par nos partenaires', 'Capture de la valeur par nos partenaires', '', '', 0, 'SPE', 4, 24, 0, 0, '2024-01-16 10:07:09', '0000-00-00', '0000-00-00 00:00:00', 0x74),
(1327, '19StratComN02N013.5', 'Clients perdus en faveur des partenaires', 'Clients perdus en faveur des partenaires', '', '', 0, 'SPE', 4, 24, 0, 0, '2024-01-16 10:07:09', '0000-00-00', '0000-00-00 00:00:00', 0x74),
(1328, '19StratComN02N277', 'Ma', 'Ma', '', '', 0, 'SPE', 4, 24, 0, 0, '2024-01-16 10:07:09', '0000-00-00', '0000-00-00 00:00:00', 0x74),
(1329, '19StratComN02N279', 'Acteurs de droits num', 'Acteurs de droits num', '', '', 0, 'SPE', 4, 24, 0, 0, '2024-01-16 10:07:09', '0000-00-00', '0000-00-00 00:00:00', 0x74),
(1330, '19StratComN02P263', 'Capacit', 'Capacit', '', '', 0, 'SPE', 4, 24, 0, 0, '2024-01-16 10:07:09', '0000-00-00', '0000-00-00 00:00:00', 0x74),
(1331, '19StratComN02P263.1', 'Ctrl d\'acc', 'Acc', '', '', 0, 'SPE', 4, 24, 0, 0, '2024-01-16 10:07:09', '0000-00-00', '0000-00-00 00:00:00', 0x74),
(1332, '19StratComN02P313', 'Partenariats strat', 'Partenariats strat', '', '', 0, 'SPE', 4, 24, 0, 0, '2024-01-16 10:07:09', '0000-00-00', '0000-00-00 00:00:00', 0x74),
(1333, '19StratComN03N031.6', 'Equipes ext support bas', 'Equipes ext support bas', '', '', 0, 'SPE', 4, 24, 0, 0, '2024-01-16 10:07:09', '0000-00-00', '0000-00-00 00:00:00', 0x74),
(1334, '19StratComN03N404.9', 'Activit', 'Activit', '', '', 0, 'SPE', 4, 24, 0, 0, '2024-01-16 10:07:09', '0000-00-00', '0000-00-00 00:00:00', 0x74),
(1335, '19StratComN03Y401', 'Instabilit', 'Instabilit', '', '', 0, 'SPE', 4, 24, 0, 0, '2024-01-16 10:07:09', '0000-00-00', '0000-00-00 00:00:00', 0x74),
(1336, '19StratComN04N012.21', 'March', 'Positionnement par rapport au march', '', '', 0, 'SPE', 4, 24, 0, 0, '2024-01-16 10:07:09', '0000-00-00', '0000-00-00 00:00:00', 0x74),
(1337, '19StratComN04N012.22', 'Etablissement commerce hors France', 'Etablissement d\'une base commerciale hors France', '', '', 0, 'SPE', 4, 24, 0, 0, '2024-01-16 10:07:09', '0000-00-00', '0000-00-00 00:00:00', 0x74),
(1338, '19StratComN04N012.8', 'Perspectives de croissance ', 'Internet (non r', '', '', 0, 'SPE', 4, 24, 0, 0, '2024-01-16 10:07:09', '0000-00-00', '0000-00-00 00:00:00', 0x74),
(1339, '19StratComN04N254', 'Transformation mod', 'Transformation du mod', '', '', 0, 'SPE', 4, 24, 0, 0, '2024-01-16 10:07:09', '0000-00-00', '0000-00-00 00:00:00', 0x74),
(1340, '19StratComN04N254.12', 'Croissance VA/nx usages par l\'innovation', 'Croissance du revenu par les nouveaux usages r', '', '', 0, 'SPE', 4, 24, 0, 0, '2024-01-16 10:07:09', '0000-00-00', '0000-00-00 00:00:00', 0x74),
(1341, '19StratComN04N254.13', 'Offres innov. suffisante/business model', 'Flux suffisant d\'offres innovantes pour maintenir un avantage comp', '', '', 0, 'SPE', 4, 24, 0, 0, '2024-01-16 10:07:09', '0000-00-00', '0000-00-00 00:00:00', 0x74),
(1342, '19StratComN04N254.16', 'Transformation du mod', 'Transformation du mod', '', '', 0, 'SPE', 4, 24, 0, 0, '2024-01-16 10:07:09', '0000-00-00', '0000-00-00 00:00:00', 0x74),
(1343, '19StratComN04N254.19', 'Mod', 'Transformation du mod', '', '', 0, 'SPE', 4, 24, 0, 0, '2024-01-16 10:07:09', '0000-00-00', '0000-00-00 00:00:00', 0x74),
(1344, '19StratComN04N254.2', 'P', 'P', '', '', 0, 'SPE', 4, 24, 0, 0, '2024-01-16 10:07:09', '0000-00-00', '0000-00-00 00:00:00', 0x74),
(1345, '19StratComN04N254.4', 'Transformationmod', 'Transformation du mod', '', '', 0, 'SPE', 4, 24, 0, 0, '2024-01-16 10:07:09', '0000-00-00', '0000-00-00 00:00:00', 0x74),
(1346, '19StratComN04N254.8', 'Audience', 'Audience', '', '', 0, 'SPE', 4, 24, 0, 0, '2024-01-16 10:07:09', '0000-00-00', '0000-00-00 00:00:00', 0x74),
(1347, '19StratComN04N278', 'Frein au Dev / exces d\'', 'Frein au d', '', '', 0, 'SPE', 4, 24, 0, 0, '2024-01-16 10:07:09', '0000-00-00', '0000-00-00 00:00:00', 0x74),
(1348, '19StratComN04P309', 'Compromis innov/invest techno', 'Compromis entre innovation et invest. Techno. (yc en externe)', '', '', 0, 'SPE', 4, 24, 0, 0, '2024-01-16 10:07:09', '0000-00-00', '0000-00-00 00:00:00', 0x74),
(1349, '19StratComN05N254.10', 'Saturation du march', 'Saturation du march', '', '', 0, 'SPE', 4, 24, 0, 0, '2024-01-16 10:07:09', '0000-00-00', '0000-00-00 00:00:00', 0x74),
(1350, '19StratComN05N254.11', 'Fluctuation de l\'', 'Fluctuation de l\'', '', '', 0, 'SPE', 4, 24, 0, 0, '2024-01-16 10:07:09', '0000-00-00', '0000-00-00 00:00:00', 0x74),
(1351, '19StratComN05N254.15', 'Guerre des prix et des services', 'Guerre des prix et des services', '', '', 0, 'SPE', 4, 24, 0, 0, '2024-01-16 10:07:09', '0000-00-00', '0000-00-00 00:00:00', 0x74),
(1352, '19StratComN05N254.9', 'Dynamique d', 'Dynamique d', '', '', 0, 'SPE', 4, 24, 0, 0, '2024-01-16 10:07:09', '0000-00-00', '0000-00-00 00:00:00', 0x74),
(1353, '19StratComN05N280.1', 'Nouvel Entrant Publicit', 'risque type google sur la publicit', '', '', 0, 'SPE', 4, 24, 0, 0, '2024-01-16 10:07:09', '0000-00-00', '0000-00-00 00:00:00', 0x74),
(1354, '19StratComN05N280.6', 'Guerre des prix', 'Guerre des prix', '', '', 0, 'SPE', 4, 24, 0, 0, '2024-01-16 10:07:09', '0000-00-00', '0000-00-00 00:00:00', 0x74),
(1355, '19StratComN06A018', 'conception offres/r', 'Anticiper et int', '', '', 0, 'SPE', 4, 24, 0, 0, '2024-01-16 10:07:09', '0000-00-00', '0000-00-00 00:00:00', 0x74),
(1356, '19StratComN06N404', 'Strat', 'strat', '', '', 0, 'SPE', 4, 24, 0, 0, '2024-01-16 10:07:09', '0000-00-00', '0000-00-00 00:00:00', 0x74),
(1357, '19StratComN06N404.1', 'Autorit', 'Risque de mesures que pourraient prendre les autorit', '', '', 0, 'SPE', 4, 24, 0, 0, '2024-01-16 10:07:09', '0000-00-00', '0000-00-00 00:00:00', 0x74),
(1358, '19StratComN06N404.10', 'Evolution de la r', 'Evolution de la r', '', '', 0, 'SPE', 4, 24, 0, 0, '2024-01-16 10:07:09', '0000-00-00', '0000-00-00 00:00:00', 0x74),
(1359, '19StratComN06N404.14', 'Anticipation contraintes r', 'Anticipation de nouvelles contraintes r', '', '', 0, 'SPE', 4, 24, 0, 0, '2024-01-16 10:07:09', '0000-00-00', '0000-00-00 00:00:00', 0x74),
(1360, '19StratComN06N404.2', 'Structuration du lobbying r', 'Structuration du lobbying r', '', '', 0, 'SPE', 4, 24, 0, 0, '2024-01-16 10:07:09', '0000-00-00', '0000-00-00 00:00:00', 0x74),
(1361, '19StratComN06S162', 'Paiement ', 'Paiement ', '', '', 0, 'SPE', 4, 24, 0, 0, '2024-01-16 10:07:09', '0000-00-00', '0000-00-00 00:00:00', 0x74),
(1362, '19StratComN06S383', 'Evolution du Droit de l\'Internet/mobile', 'Evolution du Droit de l\'Internet (droit du contenu)', '', '', 0, 'SPE', 4, 24, 0, 0, '2024-01-16 10:07:09', '0000-00-00', '0000-00-00 00:00:00', 0x74),
(1363, '19StratComN06S384', 'Droit du Travail/Europe', 'Travaux du Conseil de l\'Europe sur le Droit du Travail', '', '', 0, 'SPE', 4, 24, 0, 0, '2024-01-16 10:07:09', '0000-00-00', '0000-00-00 00:00:00', 0x74),
(1364, '19StratComN06S391', 'N', 'N', '', '', 0, 'SPE', 4, 24, 0, 0, '2024-01-16 10:07:09', '0000-00-00', '0000-00-00 00:00:00', 0x74),
(1365, '19StratComN06S394', 'Evolution l', 'Evolution l', '', '', 0, 'SPE', 4, 24, 0, 0, '2024-01-16 10:07:09', '0000-00-00', '0000-00-00 00:00:00', 0x74),
(1366, '19StratComN06S395', 'Surr', 'Surr', '', '', 0, 'SPE', 4, 24, 0, 0, '2024-01-16 10:07:09', '0000-00-00', '0000-00-00 00:00:00', 0x74),
(1367, '19StratComN08N405', 'Communication publique et crise', 'Ma', '', '', 0, 'SPE', 4, 24, 0, 0, '2024-01-16 10:07:09', '0000-00-00', '0000-00-00 00:00:00', 0x74),
(1368, '19StratComN08N405.1', 'Attaque m', 'Attaque m', '', '', 0, 'SPE', 4, 24, 0, 0, '2024-01-16 10:07:09', '0000-00-00', '0000-00-00 00:00:00', 0x74),
(1369, '19StratComN08N405.2', 'M', 'M', '', '', 0, 'SPE', 4, 24, 0, 0, '2024-01-16 10:07:09', '0000-00-00', '0000-00-00 00:00:00', 0x74),
(1370, '19StratComN08N405.5', 'Image/r', 'Image/r', '', '', 0, 'SPE', 4, 24, 0, 0, '2024-01-16 10:07:09', '0000-00-00', '0000-00-00 00:00:00', 0x74),
(1371, '19StratComN08N405.6', 'Gestion et communication de crise', 'Gestion des crises et de la communication de crise', '', '', 0, 'SPE', 4, 24, 0, 0, '2024-01-16 10:07:09', '0000-00-00', '0000-00-00 00:00:00', 0x74),
(1372, '19StratComN08N405.7', 'Communication publique sans autorisation', 'Communication publique mal conduite ou men', '', '', 0, 'SPE', 4, 24, 0, 0, '2024-01-16 10:07:09', '0000-00-00', '0000-00-00 00:00:00', 0x74),
(1373, '19StratComX01F053.7', 'Int', 'Erreurs d\'enregistrement ou de mise ', '', '', 0, 'SPE', 4, 24, 0, 0, '2024-01-16 10:07:09', '0000-00-00', '0000-00-00 00:00:00', 0x74),
(1374, '19StratComX01L083', 'Principes ', 'Principes ', '', '', 0, 'SPE', 4, 24, 0, 0, '2024-01-16 10:07:09', '0000-00-00', '0000-00-00 00:00:00', 0x74),
(1375, '19StratComX01L087.2', 'Contr', 'Contr', '', '', 0, 'SPE', 4, 24, 0, 0, '2024-01-16 10:07:09', '0000-00-00', '0000-00-00 00:00:00', 0x74),
(1376, '19StratComX01L087.3', 'Commande d\'achats de mat', 'Absence de contr', '', '', 0, 'SPE', 4, 24, 0, 0, '2024-01-16 10:07:09', '0000-00-00', '0000-00-00 00:00:00', 0x74),
(1377, '19StratComX01L271.8', 'Processus Achat/directives Opex et Capex', 'Processus Achat (non respect des directives Groupe et non contr', '', '', 0, 'SPE', 4, 24, 0, 0, '2024-01-16 10:07:09', '0000-00-00', '0000-00-00 00:00:00', 0x74),
(1378, '19StratComX01N405.3', 'Ethique: pr', 'Comportement non ', '', '', 0, 'SPE', 4, 24, 0, 0, '2024-01-16 10:07:09', '0000-00-00', '0000-00-00 00:00:00', 0x74),
(1379, '19StratComX01Q108.3', 'Politique risques/s', 'Mise en oeuvre des politiques Risques, Contr', '', '', 0, 'SPE', 4, 24, 0, 0, '2024-01-16 10:07:09', '0000-00-00', '0000-00-00 00:00:00', 0x74),
(1380, '19StratComX01Q355', 'Usage non prof. SI/Internet/Mobile', 'Usage non professionnel des moyens (SI, Internet, Mobile)', '', '', 0, 'SPE', 4, 24, 0, 0, '2024-01-16 10:07:09', '0000-00-00', '0000-00-00 00:00:00', 0x74),
(1381, '19StratComX01R140', 'Contr', 'Qualit', '', '', 0, 'SPE', 4, 24, 0, 0, '2024-01-16 10:07:09', '0000-00-00', '0000-00-00 00:00:00', 0x74),
(1382, '19StratComX01R142.4', 'Comportement contraire ', 'Comportement contraire ', '', '', 0, 'SPE', 4, 24, 0, 0, '2024-01-16 10:07:09', '0000-00-00', '0000-00-00 00:00:00', 0x74),
(1383, '19StratComX01R143.1', 'Ma', 'Ma', '', '', 0, 'SPE', 4, 24, 0, 0, '2024-01-16 10:07:09', '0000-00-00', '0000-00-00 00:00:00', 0x74),
(1384, '19StratComX01R383', 'S', 'S', '', '', 0, 'SPE', 4, 24, 0, 0, '2024-01-16 10:07:09', '0000-00-00', '0000-00-00 00:00:00', 0x74),
(1385, '19StratComX01S160', 'D', 'Respect des obligations de soci', '', '', 0, 'SPE', 4, 24, 0, 0, '2024-01-16 10:07:09', '0000-00-00', '0000-00-00 00:00:00', 0x74),
(1386, '19StratComX01S160.1', 'Non respect des r', 'Non respect des r', '', '', 0, 'SPE', 4, 24, 0, 0, '2024-01-16 10:07:09', '0000-00-00', '0000-00-00 00:00:00', 0x74),
(1387, '19StratComX01S389', 'appliquer la charte d\'', 'Capacit', '', '', 0, 'SPE', 4, 24, 0, 0, '2024-01-16 10:07:09', '0000-00-00', '0000-00-00 00:00:00', 0x74),
(1388, '19StratComX01T002', 'Ctrl int/D', 'Environnement de contr', '', '', 0, 'SPE', 4, 24, 0, 0, '2024-01-16 10:07:09', '0000-00-00', '0000-00-00 00:00:00', 0x74),
(1389, '19StratComX01T002.1', 'D', 'D', '', '', 0, 'SPE', 4, 24, 0, 0, '2024-01-16 10:07:09', '0000-00-00', '0000-00-00 00:00:00', 0x74),
(1390, '19StratComX01T002.2', 'Conformit', 'Conformit', '', '', 0, 'SPE', 4, 24, 0, 0, '2024-01-16 10:07:09', '0000-00-00', '0000-00-00 00:00:00', 0x74),
(1391, '19StratComX01T130', 'Ethique/politique-sanctions-juridique', 'Respect de l\'', '', '', 0, 'SPE', 4, 24, 0, 0, '2024-01-16 10:07:09', '0000-00-00', '0000-00-00 00:00:00', 0x74),
(1392, '19StratComX01T130.1', 'Com./sanctions disciplinaire-exemplarit', 'Communication sur les sanctions disciplinaires (exemplarit', '', '', 0, 'SPE', 4, 24, 0, 0, '2024-01-16 10:07:09', '0000-00-00', '0000-00-00 00:00:00', 0x74),
(1393, '19StratComX01V194.2', 'Vol information et n', 'Non int', '', '', 0, 'SPE', 4, 24, 0, 0, '2024-01-16 10:07:09', '0000-00-00', '0000-00-00 00:00:00', 0x74),
(1394, '19StratComX01X282', 'D', 'D', '', '', 0, 'SPE', 4, 24, 0, 0, '2024-01-16 10:07:09', '0000-00-00', '0000-00-00 00:00:00', 0x74),
(1395, '19StratComX01X282.1', 'mandats bancaires-autoris. de paiements', 'Mise ', '', '', 0, 'SPE', 4, 24, 0, 0, '2024-01-16 10:07:09', '0000-00-00', '0000-00-00 00:00:00', 0x74),
(1396, '19StratComX01X284', 'Clart', 'Clart', '', '', 0, 'SPE', 4, 24, 0, 0, '2024-01-16 10:07:09', '0000-00-00', '0000-00-00 00:00:00', 0x74),
(1397, '19StratComX01X286.1', 'Contr', 'Contr', '', '', 0, 'SPE', 4, 24, 0, 0, '2024-01-16 10:07:09', '0000-00-00', '0000-00-00 00:00:00', 0x74),
(1398, '19StratComX01X406', 'Politique de s', 'Politique g', '', '', 0, 'SPE', 4, 24, 0, 0, '2024-01-16 10:07:09', '0000-00-00', '0000-00-00 00:00:00', 0x74),
(1399, '19StratComX01X406.2', 'S', 'S', '', '', 0, 'SPE', 4, 24, 0, 0, '2024-01-16 10:07:09', '0000-00-00', '0000-00-00 00:00:00', 0x74),
(1400, '19StratComX01X413', 'Efficacit', 'Efficacit', '', '', 0, 'SPE', 4, 24, 0, 0, '2024-01-16 10:07:09', '0000-00-00', '0000-00-00 00:00:00', 0x74),
(1401, '20MngtX02L080', 'Ad', 'Ad', '', '', 0, 'SPE', 4, 24, 0, 0, '2024-01-16 10:07:09', '0000-00-00', '0000-00-00 00:00:00', 0x74),
(1402, '20MngtX02N259', 'Pilotage portefeuille activit', 'Pilotage du portefeuille d\'activit', '', '', 0, 'SPE', 4, 24, 0, 0, '2024-01-16 10:07:09', '0000-00-00', '0000-00-00 00:00:00', 0x74),
(1403, '20MngtX02N259.1', 'Pilotage implantations g', 'Pilotage des implantations g', '', '', 0, 'SPE', 4, 24, 0, 0, '2024-01-16 10:07:09', '0000-00-00', '0000-00-00 00:00:00', 0x74),
(1404, '20MngtX02N259.2', 'Changement m', 'D', '', '', 0, 'SPE', 4, 24, 0, 0, '2024-01-16 10:07:09', '0000-00-00', '0000-00-00 00:00:00', 0x74),
(1405, '20MngtX02N259.6', 'Pil transform. groupe dont Digital 2015', 'Pilotage de la transformation du groupe dont Digital 2015', '', '', 0, 'SPE', 4, 24, 0, 0, '2024-01-16 10:07:09', '0000-00-00', '0000-00-00 00:00:00', 0x74),
(1406, '20MngtX02P035', 'Ouvert du corps social ', 'Le corps social du groupe doit s\'ouvrir ', '', '', 0, 'SPE', 4, 24, 0, 0, '2024-01-16 10:07:09', '0000-00-00', '0000-00-00 00:00:00', 0x74),
(1407, '20MngtX02P036', 'Ad', 'Ad', '', '', 0, 'SPE', 4, 24, 0, 0, '2024-01-16 10:07:09', '0000-00-00', '0000-00-00 00:00:00', 0x74),
(1408, '20MngtX02P264', 'Red', 'Capacit', '', '', 0, 'SPE', 4, 24, 0, 0, '2024-01-16 10:07:09', '0000-00-00', '0000-00-00 00:00:00', 0x74),
(1409, '20MngtX02P264.1', 'Cr', 'Cr', '', '', 0, 'SPE', 4, 24, 0, 0, '2024-01-16 10:07:09', '0000-00-00', '0000-00-00 00:00:00', 0x74),
(1410, '20MngtX02P264.2', 'Insuffisance ressources innovation-R&D', 'Allocation insuffisante des ressources de PJ-R&D', '', '', 0, 'SPE', 4, 24, 0, 0, '2024-01-16 10:07:09', '0000-00-00', '0000-00-00 00:00:00', 0x74),
(1411, '20MngtX02Q342', 'Capacit', 'Capacit', '', '', 0, 'SPE', 4, 24, 0, 0, '2024-01-16 10:07:09', '0000-00-00', '0000-00-00 00:00:00', 0x74),
(1412, '20MngtX02X001.1', 'Conformit', 'Conformit', '', '', 0, 'SPE', 4, 24, 0, 0, '2024-01-16 10:07:09', '0000-00-00', '0000-00-00 00:00:00', 0x74),
(1413, '20MngtX02X281.2', 'D', 'Assimilation et ex', '', '', 0, 'SPE', 4, 24, 0, 0, '2024-01-16 10:07:09', '0000-00-00', '0000-00-00 00:00:00', 0x74),
(1414, '20MngtX02X283', 'Incitation Innov et prise de risque', 'Incitation ', '', '', 0, 'SPE', 4, 24, 0, 0, '2024-01-16 10:07:09', '0000-00-00', '0000-00-00 00:00:00', 0x74),
(1415, '20MngtX03Q348', 'Qualit', 'Maintien de la qualit', '', '', 0, 'SPE', 4, 24, 0, 0, '2024-01-16 10:07:09', '0000-00-00', '0000-00-00 00:00:00', 0x74),
(1416, '20MngtX03R366', 'D', 'D', '', '', 0, 'SPE', 4, 24, 0, 0, '2024-01-16 10:07:09', '0000-00-00', '0000-00-00 00:00:00', 0x74),
(1417, '20MngtX03X285.1', 'Suivi d', 'Prise en compte dans les d', '', '', 0, 'SPE', 4, 24, 0, 0, '2024-01-16 10:07:09', '0000-00-00', '0000-00-00 00:00:00', 0x74),
(1418, '20MngtX03X285.2', 'statut l', 'Diff', '', '', 0, 'SPE', 4, 24, 0, 0, '2024-01-16 10:07:09', '0000-00-00', '0000-00-00 00:00:00', 0x74),
(1419, '20MngtX03X285.7', 'Relations avec les minoritaires', 'Relations avec les minoritaires (niveau de contr', '', '', 0, 'SPE', 4, 24, 0, 0, '2024-01-16 10:07:09', '0000-00-00', '0000-00-00 00:00:00', 0x74),
(1420, '20MngtX04X252', 'Pilotage transverses et synergies Groupe', 'Pilotage des actions transverses et synergies entre les soci', '', '', 0, 'SPE', 4, 24, 0, 0, '2024-01-16 10:07:09', '0000-00-00', '0000-00-00 00:00:00', 0x74),
(1421, '20MngtX04X252.10', 'Priorisation ressources:innovat./Dev.', 'Allocation de ressources autres que R&D aux projets de service r', '', '', 0, 'SPE', 4, 24, 0, 0, '2024-01-16 10:07:09', '0000-00-00', '0000-00-00 00:00:00', 0x74),
(1422, '20MngtX04X252.11', 'D', 'D', '', '', 0, 'SPE', 4, 24, 0, 0, '2024-01-16 10:07:09', '0000-00-00', '0000-00-00 00:00:00', 0x74),
(1423, '20MngtX04X252.13', 'Synergies entre entit', 'Incapacit', '', '', 0, 'SPE', 4, 24, 0, 0, '2024-01-16 10:07:09', '0000-00-00', '0000-00-00 00:00:00', 0x74),
(1424, '20MngtX04X252.3', 'Capitalisation des bonnes pratiques', 'Capitalisation des bonnes pratiques', '', '', 0, 'SPE', 4, 24, 0, 0, '2024-01-16 10:07:09', '0000-00-00', '0000-00-00 00:00:00', 0x74),
(1425, '20MngtX04X252.4', 'Structure organisationnelle', 'Structure organisationnelle', '', '', 0, 'SPE', 4, 24, 0, 0, '2024-01-16 10:07:09', '0000-00-00', '0000-00-00 00:00:00', 0x74),
(1426, '20MngtX04X252.5', 'Optimisation des synergies Groupe ', 'Optimisation des synergies au sein du Groupe (en intra-filiale)', '', '', 0, 'SPE', 4, 24, 0, 0, '2024-01-16 10:07:09', '0000-00-00', '0000-00-00 00:00:00', 0x74),
(1427, '20MngtX04X252.6', 'Adaptation processus/', 'Adaptation des processus internes pour mettre en oeuvre les ', '', '', 0, 'SPE', 4, 24, 0, 0, '2024-01-16 10:07:09', '0000-00-00', '0000-00-00 00:00:00', 0x74),
(1428, '20MngtX04X252.8', 'Pratique non conforme aux orienta.groupe', 'Pratiques locales non conformes aux orientations du groupe', '', '', 0, 'SPE', 4, 24, 0, 0, '2024-01-16 10:07:09', '0000-00-00', '0000-00-00 00:00:00', 0x74),
(1429, '20MngtX04X281.6', 'strat', 'D', '', '', 0, 'SPE', 4, 24, 0, 0, '2024-01-16 10:07:09', '0000-00-00', '0000-00-00 00:00:00', 0x74),
(1430, '20MngtX05R133.7', 'Int', 'Ma', '', '', 0, 'SPE', 4, 24, 0, 0, '2024-01-16 10:07:09', '0000-00-00', '0000-00-00 00:00:00', 0x74),
(1431, '20MngtX05X281', 'Valeurs du groupe aux filiales', 'Communication et adh', '', '', 0, 'SPE', 4, 24, 0, 0, '2024-01-16 10:07:09', '0000-00-00', '0000-00-00 00:00:00', 0x74),
(1432, '20MngtX05X281.1', 'Qualit', 'Qualit', '', '', 0, 'SPE', 4, 24, 0, 0, '2024-01-16 10:07:09', '0000-00-00', '0000-00-00 00:00:00', 0x74),
(1433, '20MngtX05X281.3', 'Leadership-communication / managers', 'Manque de \'leadership\' et de communication au niveau des managers', '', '', 0, 'SPE', 4, 24, 0, 0, '2024-01-16 10:07:09', '0000-00-00', '0000-00-00 00:00:00', 0x74),
(1434, '20MngtX05X281.4', 'D', 'D', '', '', 0, 'SPE', 4, 24, 0, 0, '2024-01-16 10:07:09', '0000-00-00', '0000-00-00 00:00:00', 0x74),
(1435, '20MngtX06X252.7', 'D', 'D', '', '', 0, 'SPE', 4, 24, 0, 0, '2024-01-16 10:07:09', '0000-00-00', '0000-00-00 00:00:00', 0x74),
(1436, '20MngtX06X285', 'Dispositif de corporate governance', 'Dispositif de corporate governance: pactes d\'actionnaires, nominations d\'administrateurs, d', '', '', 0, 'SPE', 4, 24, 0, 0, '2024-01-16 10:07:09', '0000-00-00', '0000-00-00 00:00:00', 0x74),
(1437, '20MngtX06X285.17', 'nouveau mod', 'Mise en place d\'un nouveau mod', '', '', 0, 'SPE', 4, 24, 0, 0, '2024-01-16 10:07:09', '0000-00-00', '0000-00-00 00:00:00', 0x74),
(1438, '20MngtX06X285.3', 'conflits d\'int', 'Arbitrage des conflits d\'int', '', '', 0, 'SPE', 4, 24, 0, 0, '2024-01-16 10:07:09', '0000-00-00', '0000-00-00 00:00:00', 0x74),
(1439, '20MngtX06X285.5', 'Droits-obliga.mandataires soc.-filiales', 'Droits et obligations des mandataires sociaux dans les filiales', '', '', 0, 'SPE', 4, 24, 0, 0, '2024-01-16 10:07:09', '0000-00-00', '0000-00-00 00:00:00', 0x74),
(1440, '20MngtX06X285.8', 'gouv.en accord/pratiques internationales', 'Cadre de gouvernance en accord avec les meilleures pratiques internationales', '', '', 0, 'SPE', 4, 24, 0, 0, '2024-01-16 10:07:09', '0000-00-00', '0000-00-00 00:00:00', 0x74),
(1441, '06AchatsL01L082.5', 'D', 'D', '', '', 0, 'SPE', 4, 24, 0, 0, '2024-01-16 10:07:09', '0000-00-00', '2024-02-05 09:35:34', 0x74),
(1441, '06AchatsL01L082.5', 'D', 'D', '', '', 0, 'SPE', 4, 24, 0, 0, '2024-02-05 09:35:34', '0000-00-00', '0000-00-00 00:00:00', 0x66),
(1442, '12RessHumT07T359.0', 'Resistance au changement du management', 'Resistance au changement du management', '', '', 0, 'SPE', 4, 24, 0, 0, '2024-01-16 10:07:09', '0000-00-00', '0000-00-00 00:00:00', 0x74),
(1443, '19StratComN04N254.17', 'Non retour de la croissance du CA', 'Non retour de la croissance du CA', '', '', 0, 'SPE', 4, 24, 0, 0, '2024-01-16 10:07:09', '0000-00-00', '0000-00-00 00:00:00', 0x74),
(1444, 'Santé au travail', 'Sant', 'Sant', '', '', 0, 'SPE', 4, 24, 0, 0, '2024-01-16 10:07:09', '0000-00-00', '2024-02-05 09:34:26', 0x74),
(1444, 'Santé au travail', 'Sant', 'Sant', '', '', 0, 'SPE', 4, 24, 0, 0, '2024-02-05 09:34:26', '0000-00-00', '0000-00-00 00:00:00', 0x74),
(1445, '16ConformS11S01', 'Service Universel (respect du cdc)', 'Service Universel (respect du cahier des charges)', '', '', 0, 'SPE', 4, 24, 0, 0, '2024-01-16 10:07:09', '0000-00-00', '0000-00-00 00:00:00', 0x74),
(1446, '20MngtX06X285.9', 'Perte de comp', 'Perte de comp', '', '', 0, 'SPE', 4, 24, 0, 0, '2024-01-16 10:07:09', '0000-00-00', '0000-00-00 00:00:00', 0x74),
(1447, 'test', 'test', 'test', '', '', 0, 'SPE', 4, 24, 0, 0, '2024-01-16 10:07:09', '0000-00-00', '2024-02-05 09:35:20', 0x74),
(1447, 'test', 'test', 'test', '', '', 0, 'SPE', 4, 24, 0, 0, '2024-02-05 09:35:20', '0000-00-00', '0000-00-00 00:00:00', 0x74),
(1448, '20MngtX06X285.10', 'Instabilit', 'Instabilit', '', '', 0, 'SPE', 4, 24, 0, 0, '2024-01-16 10:07:09', '0000-00-00', '0000-00-00 00:00:00', 0x74),
(1449, '03InnovatP01N280.4', 'Tenue de la promesse utilisateurs', 'Tenue de la promesse utilisateurs et de l\'audience (fixe et mobile)', '', '', 0, 'SPE', 4, 24, 0, 0, '2024-01-16 10:07:09', '0000-00-00', '0000-00-00 00:00:00', 0x74),
(1450, 'Tablette Vision', 'Poste de travail Vente', 'Poste de travail des vendeurs (projet Vision)', '', '', 0, 'SPE', 4, 24, 0, 0, '2024-01-16 10:07:09', '0000-00-00', '2024-02-05 09:34:47', 0x74),
(1450, 'Tablette Vision', 'Poste de travail Vente', 'Poste de travail des vendeurs (projet Vision)', '', '', 0, 'SPE', 4, 24, 0, 0, '2024-02-05 09:34:47', '0000-00-00', '0000-00-00 00:00:00', 0x74),
(1451, '02Ventes B03B029.4', 'Augmentation CA.nouveaux clients', 'Augmentation CA/nouveaux clients', '', '', 0, 'SPE', 4, 24, 0, 0, '2024-01-16 10:07:09', '0000-00-00', '0000-00-00 00:00:00', 0x74),
(1452, '19StratComN05N254.16', 'R', 'D', '', '', 0, 'SPE', 4, 24, 0, 0, '2024-01-16 10:07:09', '0000-00-00', '2024-02-05 09:35:54', 0x74),
(1452, '19StratComN05N254.16', 'R', 'D', '', '', 0, 'SPE', 4, 24, 0, 0, '2024-02-05 09:35:54', '0000-00-00', '0000-00-00 00:00:00', 0x66),
(1453, '19StratComN05N254.21', 'Risque de march', 'D', '', '', 0, 'SPE', 4, 24, 0, 0, '2024-01-16 10:07:09', '0000-00-00', '0000-00-00 00:00:00', 0x74),
(1454, 'supprimé', 'supprim', 'supprim', '', '', 0, 'SPE', 4, 24, 0, 0, '2024-01-16 10:07:09', '0000-00-00', '0000-00-00 00:00:00', 0x66),
(1455, '20MngtX02Q343', 'Compr', 'Compr', '', '', 0, 'SPE', 4, 24, 0, 0, '2024-01-16 10:07:09', '0000-00-00', '0000-00-00 00:00:00', 0x74),
(1456, '20MngtX02X281.3', 'Assimil. et ex', 'Assimilation et ex', '', '', 0, 'SPE', 4, 24, 0, 0, '2024-01-16 10:07:09', '0000-00-00', '0000-00-00 00:00:00', 0x74),
(1457, '07ApprovM02.1', 'P', 'PB : contamination op', '', '', 0, 'SPE', 4, 24, 0, 0, '2024-01-16 10:07:09', '0000-00-00', '2024-02-05 09:35:37', 0x74),
(1457, '07ApprovM02.1', 'P', 'PB : contamination op', '', '', 0, 'SPE', 4, 24, 0, 0, '2024-02-05 09:35:37', '0000-00-00', '0000-00-00 00:00:00', 0x66),
(1458, '07ApprovM02.2', 'qualit', 'D', '', '', 0, 'SPE', 4, 24, 0, 0, '2024-01-16 10:07:09', '0000-00-00', '0000-00-00 00:00:00', 0x74),
(1459, '07ApprovM02.3', 'Controle parution', 'Contr', '', '', 0, 'SPE', 4, 24, 0, 0, '2024-01-16 10:07:09', '0000-00-00', '0000-00-00 00:00:00', 0x74),
(1460, '07ApprovM02.2', 'Fraicheur des donn', 'D', '', '', 0, 'SPE', 4, 24, 0, 0, '2024-01-16 10:07:09', '0000-00-00', '0000-00-00 00:00:00', 0x74),
(1461, '07ApprovM02.3', 'Mauvais param', 'Des mauvaises infos remontent suite ', '', '', 0, 'SPE', 4, 24, 0, 0, '2024-01-16 10:07:09', '0000-00-00', '0000-00-00 00:00:00', 0x74),
(1462, '20MngtX02N259.7', 'Complexit', 'Complexit', '', '', 0, 'SPE', 4, 24, 0, 0, '2024-01-16 10:07:09', '0000-00-00', '0000-00-00 00:00:00', 0x74),
(1463, '07ApprovM02.4', 'Qualit', 'Qualit', '', '', 0, 'SPE', 4, 24, 0, 0, '2024-01-16 10:07:09', '0000-00-00', '2024-02-05 09:35:45', 0x74),
(1463, '07ApprovM02.4', 'Qualit', 'Qualit', '', '', 0, 'SPE', 4, 24, 0, 0, '2024-02-05 09:35:45', '0000-00-00', '0000-00-00 00:00:00', 0x66),
(1464, 'erreur admin', 'erreur d\'administration', 'erreur d\'administration', '', '', 0, 'SPE', 4, 24, 0, 0, '2024-01-16 10:07:09', '0000-00-00', '2024-02-05 09:33:38', 0x66),
(1464, 'erreur admin', 'erreur d\'administration', 'erreur d\'administration', '', '', 0, 'SPE', 4, 24, 0, 0, '2024-02-05 09:33:38', '0000-00-00', '2024-02-05 09:34:56', 0x66),
(1464, 'erreur admin', 'erreur d\'administration', 'erreur d\'administration', '', '', 0, 'SPE', 4, 24, 0, 0, '2024-02-05 09:34:56', '0000-00-00', '0000-00-00 00:00:00', 0x74),
(1465, '02VentesB03B100', 'Co', 'Adapter sa structure de co', '', '', 0, 'SPE', 4, 24, 0, 0, '2024-01-16 10:07:09', '0000-00-00', '2024-02-05 09:35:41', 0x74),
(1465, '02VentesB03B100', 'Co', 'Adapter sa structure de co', '', '', 0, 'SPE', 4, 24, 0, 0, '2024-02-05 09:35:41', '0000-00-00', '0000-00-00 00:00:00', 0x66),
(1466, '07ApprovM03.01', 'Ma', 'Ma', '', '', 0, 'SPE', 4, 24, 0, 0, '2024-01-16 10:07:09', '0000-00-00', '2024-02-05 09:35:51', 0x74),
(1466, '07ApprovM03.01', 'Ma', 'Ma', '', '', 0, 'SPE', 4, 24, 0, 0, '2024-02-05 09:35:51', '0000-00-00', '0000-00-00 00:00:00', 0x66),
(1467, '07ApprovM04.01', 'Assurer Qualit', 'Qualit', '', '', 0, 'SPE', 4, 24, 0, 0, '2024-01-16 10:07:09', '0000-00-00', '0000-00-00 00:00:00', 0x74),
(1468, '12RessHumT01T126.10', 'Adaptation du corps social au num', 'Vitesse et co', '', '', 0, 'SPE', 4, 24, 0, 0, '2024-01-16 10:07:09', '0000-00-00', '0000-00-00 00:00:00', 0x74),
(1469, '19StratComN03Y402', 'instabilit', 'D', '', '', 0, 'SPE', 4, 24, 0, 0, '2024-01-16 10:07:09', '0000-00-00', '0000-00-00 00:00:00', 0x74),
(1470, '03InnovatP01N280.5', 'Tenue de la pr', 'Assurer la performance des marques', '', '', 0, 'SPE', 4, 24, 0, 0, '2024-01-16 10:07:09', '0000-00-00', '0000-00-00 00:00:00', 0x74),
(1471, 'BN12N320', 'Phishing Attack', 'Deceptive emails, messages, or websites to obtain sensitive information', '', '', 0, 'SPE', 2, 24, 0, 0, '2024-01-18 10:51:40', '0000-00-00', '0000-00-00 00:00:00', 0x74),
(1472, 'BN12N321', 'Ransomware', 'Software designed to encrypt files and demand payment for their release', '', '', 0, 'SPE', 2, 24, 0, 0, '2024-01-18 10:53:34', '0000-00-00', '0000-00-00 00:00:00', 0x74);
INSERT INTO `nature` (`idNature`, `Nat_Cod`, `intitule`, `description`, `intitule_en`, `description_en`, `ordre`, `Typ_Iden`, `id_typenature`, `id_typenature_risk`, `notificationType`, `dftNotification`, `date_debut`, `date_modif`, `date_fin`, `Affecte`) VALUES
(1473, 'BN12N327', 'Denial of-Service (DoS)', 'Overloading a system or network to disrupt normal functioning', '', '', 0, 'SPE', 2, 24, 0, 0, '2024-01-18 10:56:34', '0000-00-00', '0000-00-00 00:00:00', 0x74),
(1474, 'BN12N328', 'Manin-theMiddle (MitM)', 'Intercepting and manipulating communication between two parties without their knowledge', '', '', 0, 'SPE', 2, 24, 0, 0, '2024-01-18 10:58:52', '0000-00-00', '0000-00-00 00:00:00', 0x74),
(1475, 'BN12N329', 'SQL Injection', 'Exploiting vulnerabilities in database queries to gain unauthorized access', '', '', 0, 'SPE', 2, 24, 0, 0, '2024-01-18 11:00:57', '0000-00-00', '0000-00-00 00:00:00', 0x74),
(1476, 'BN12N330', 'Cross-Site-Scripting (XSS)', 'Injecting malicious scripts into websites viewed by other users', '', '', 0, 'SPE', 2, 24, 0, 0, '2024-01-18 11:03:03', '0000-00-00', '0000-00-00 00:00:00', 0x74),
(1477, 'BN12N331', 'Zero-Day Exploits', 'Attacks exploiting unknown vulnerabilities before developers can address them', '', '', 0, 'SPE', 2, 24, 0, 0, '2024-01-18 11:05:38', '0000-00-00', '0000-00-00 00:00:00', 0x74),
(1478, 'BN12N332', 'DNS Spoolfing', 'Redirecting DNS queries to malicious sites for unauthorized access', '', '', 0, 'SPE', 2, 24, 0, 0, '2024-01-18 11:07:17', '0000-00-00', '0000-00-00 00:00:00', 0x74),
(1482, 'ABGEXCEL', 'ABG Excel Sheet (Arrêté)', 'ABG Excel Sheet', '', '', 0, 'SPE', 3, 24, 0, 4, '2024-02-06 08:40:06', '0000-00-00', '0000-00-00 00:00:00', 0x74),
(1483, 'cyber', 'Cyber attack', '', '', '', 0, 'SPE', 3, 24, 3, 0, '2024-02-01 03:49:14', '0000-00-00', '2024-06-24 07:32:51', 0x74),
(1483, 'cyber', 'Cyber attack', '', '', '', 0, 'SPE', 3, 24, 3, 4, '2024-06-24 07:32:51', '0000-00-00', '2024-06-24 07:37:03', 0x74),
(1483, 'cyber', 'Cyber attack', '', '', '', 0, 'SPE', 3, 24, 3, 4, '2024-06-24 07:37:03', '0000-00-00', '2024-06-24 07:37:45', 0x74),
(1483, 'cyber', 'Cyber attack', '', '', '', 0, 'SPE', 3, 24, 3, 4, '2024-06-24 07:37:45', '0000-00-00', '2024-06-24 07:43:26', 0x74),
(1483, 'cyber', 'Cyber attack', '', '', '', 0, 'SPE', 3, 24, 3, 4, '2024-06-24 07:43:26', '0000-00-00', '2024-06-24 09:50:00', 0x74),
(1483, 'cyber', 'Cyber attack', '', '', '', 0, 'SPE', 3, 24, 4, 4, '2024-06-24 09:50:00', '0000-00-00', '2024-06-24 13:01:26', 0x74),
(1483, 'cyber', 'Cyber attaque', '', '', '', 0, 'SPE', 3, 24, 4, 4, '2024-06-24 13:01:26', '0000-00-00', '2024-06-24 13:02:54', 0x74),
(1483, 'cyber', 'Cyber attaque', '', '', '', 0, 'SPE', 3, 24, 4, 4, '2024-06-24 13:02:54', '0000-00-00', '0000-00-00 00:00:00', 0x74),
(1484, 'fraud', 'Fraude', '', '', '', 0, 'SPE', 3, 4, 0, 0, '2024-02-01 03:49:58', '0000-00-00', '2024-06-24 07:34:35', 0x74),
(1484, 'fraud', 'Fraude', '', '', '', 0, 'SPE', 3, 4, 0, 0, '2024-06-24 07:34:35', '0000-00-00', '0000-00-00 00:00:00', 0x74);

-- --------------------------------------------------------

--
-- Structure de la table `nature_categorie`
--

CREATE TABLE `nature_categorie` (
  `idNature` mediumint(8) NOT NULL DEFAULT '0',
  `id_categorie` mediumint(8) NOT NULL DEFAULT '0',
  `Date_Debut` datetime NOT NULL DEFAULT '0000-00-00 00:00:00',
  `Date_Modif` date NOT NULL DEFAULT '0000-00-00',
  `Date_Fin` datetime NOT NULL DEFAULT '0000-00-00 00:00:00'
) ENGINE=InnoDB DEFAULT CHARSET=utf8;

--
-- Déchargement des données de la table `nature_categorie`
--

INSERT INTO `nature_categorie` (`idNature`, `id_categorie`, `Date_Debut`, `Date_Modif`, `Date_Fin`) VALUES
(35, 2, '2024-01-16 08:54:41', '2020-05-18', '0000-00-00 00:00:00'),
(36, 2, '2024-01-16 08:54:41', '0000-00-00', '0000-00-00 00:00:00'),
(37, 1, '2024-01-16 08:54:41', '0000-00-00', '0000-00-00 00:00:00'),
(38, 2, '2024-01-16 08:54:41', '2024-01-03', '0000-00-00 00:00:00'),
(39, 2, '2024-01-16 08:54:41', '2024-01-03', '0000-00-00 00:00:00'),
(40, 1, '2024-01-16 08:54:41', '0000-00-00', '0000-00-00 00:00:00'),
(41, 1, '2024-01-16 08:54:41', '2024-01-03', '0000-00-00 00:00:00'),
(42, 2, '2024-01-16 08:54:41', '0000-00-00', '0000-00-00 00:00:00'),
(43, 2, '2024-01-16 08:54:41', '0000-00-00', '0000-00-00 00:00:00'),
(44, 2, '2024-01-16 08:54:41', '0000-00-00', '0000-00-00 00:00:00'),
(45, 2, '2024-01-16 08:54:41', '0000-00-00', '0000-00-00 00:00:00'),
(46, 2, '2024-01-16 08:54:41', '0000-00-00', '0000-00-00 00:00:00'),
(47, 2, '2024-01-16 08:54:41', '0000-00-00', '0000-00-00 00:00:00'),
(48, 2, '2024-01-16 08:54:41', '0000-00-00', '0000-00-00 00:00:00'),
(49, 2, '2024-01-16 08:54:41', '0000-00-00', '0000-00-00 00:00:00'),
(50, 4, '2024-01-16 08:54:41', '0000-00-00', '0000-00-00 00:00:00'),
(51, 4, '2024-01-16 08:54:41', '0000-00-00', '0000-00-00 00:00:00'),
(52, 3, '2024-01-16 08:54:41', '0000-00-00', '0000-00-00 00:00:00'),
(53, 4, '2024-01-16 08:54:41', '0000-00-00', '0000-00-00 00:00:00'),
(54, 7, '2024-01-16 08:54:41', '2024-01-03', '0000-00-00 00:00:00'),
(55, 6, '2024-01-16 08:54:41', '0000-00-00', '0000-00-00 00:00:00'),
(56, 6, '2024-01-16 08:54:41', '2024-01-03', '0000-00-00 00:00:00'),
(57, 5, '2024-01-16 08:54:41', '0000-00-00', '0000-00-00 00:00:00'),
(58, 5, '2024-01-16 08:54:41', '0000-00-00', '0000-00-00 00:00:00'),
(59, 6, '2024-01-16 08:54:41', '0000-00-00', '0000-00-00 00:00:00'),
(60, 9, '2024-01-16 08:54:41', '0000-00-00', '0000-00-00 00:00:00'),
(61, 9, '2024-01-16 08:54:41', '0000-00-00', '0000-00-00 00:00:00'),
(62, 9, '2024-01-16 08:54:41', '0000-00-00', '0000-00-00 00:00:00'),
(63, 10, '2024-01-16 08:54:41', '0000-00-00', '0000-00-00 00:00:00'),
(64, 8, '2024-01-16 08:54:41', '0000-00-00', '0000-00-00 00:00:00'),
(65, 8, '2024-01-16 08:54:41', '0000-00-00', '0000-00-00 00:00:00'),
(66, 8, '2024-01-16 08:54:41', '2024-01-03', '0000-00-00 00:00:00'),
(67, 8, '2024-01-16 08:54:41', '0000-00-00', '0000-00-00 00:00:00'),
(68, 8, '2024-01-16 08:54:41', '0000-00-00', '0000-00-00 00:00:00'),
(69, 8, '2024-01-16 08:54:41', '0000-00-00', '0000-00-00 00:00:00'),
(70, 8, '2024-01-16 08:54:41', '0000-00-00', '0000-00-00 00:00:00'),
(71, 8, '2024-01-16 08:54:41', '0000-00-00', '0000-00-00 00:00:00'),
(72, 9, '2024-01-16 08:54:41', '0000-00-00', '0000-00-00 00:00:00'),
(73, 9, '2024-01-16 08:54:41', '0000-00-00', '0000-00-00 00:00:00'),
(74, 9, '2024-01-16 08:54:41', '0000-00-00', '0000-00-00 00:00:00'),
(75, 10, '2024-01-16 08:54:41', '0000-00-00', '0000-00-00 00:00:00'),
(76, 11, '2024-01-16 08:54:41', '0000-00-00', '0000-00-00 00:00:00'),
(77, 11, '2024-01-16 08:54:41', '0000-00-00', '0000-00-00 00:00:00'),
(78, 12, '2024-01-16 08:54:41', '0000-00-00', '0000-00-00 00:00:00'),
(79, 13, '2024-01-16 08:54:41', '0000-00-00', '0000-00-00 00:00:00'),
(80, 13, '2024-01-16 08:54:41', '0000-00-00', '0000-00-00 00:00:00'),
(82, 14, '2024-01-16 08:54:41', '0000-00-00', '0000-00-00 00:00:00'),
(83, 14, '2024-01-16 08:54:41', '0000-00-00', '0000-00-00 00:00:00'),
(84, 14, '2024-01-16 08:54:41', '0000-00-00', '0000-00-00 00:00:00'),
(85, 15, '2024-01-16 08:54:41', '0000-00-00', '0000-00-00 00:00:00'),
(86, 15, '2024-01-16 08:54:41', '0000-00-00', '0000-00-00 00:00:00'),
(87, 15, '2024-01-16 08:54:41', '0000-00-00', '0000-00-00 00:00:00'),
(88, 15, '2024-01-16 08:54:41', '0000-00-00', '0000-00-00 00:00:00'),
(89, 15, '2024-01-16 08:54:41', '0000-00-00', '0000-00-00 00:00:00'),
(90, 15, '2024-01-16 08:54:41', '0000-00-00', '0000-00-00 00:00:00'),
(91, 15, '2024-01-16 08:54:41', '0000-00-00', '0000-00-00 00:00:00'),
(92, 15, '2024-01-16 08:54:41', '0000-00-00', '0000-00-00 00:00:00'),
(93, 15, '2024-01-16 08:54:41', '0000-00-00', '0000-00-00 00:00:00'),
(94, 16, '2024-01-16 08:54:41', '0000-00-00', '0000-00-00 00:00:00'),
(95, 16, '2024-01-16 08:54:41', '0000-00-00', '0000-00-00 00:00:00'),
(96, 17, '2024-01-16 08:54:41', '0000-00-00', '0000-00-00 00:00:00'),
(97, 17, '2024-01-16 08:54:41', '0000-00-00', '0000-00-00 00:00:00'),
(98, 18, '2024-01-16 08:54:41', '0000-00-00', '0000-00-00 00:00:00'),
(99, 18, '2024-01-16 08:54:41', '0000-00-00', '0000-00-00 00:00:00'),
(100, 18, '2024-01-16 08:54:41', '0000-00-00', '0000-00-00 00:00:00'),
(101, 19, '2024-01-16 08:54:41', '0000-00-00', '0000-00-00 00:00:00'),
(102, 19, '2024-01-16 08:54:41', '0000-00-00', '0000-00-00 00:00:00'),
(103, 20, '2024-01-16 08:54:41', '0000-00-00', '0000-00-00 00:00:00'),
(104, 20, '2024-01-16 08:54:41', '0000-00-00', '0000-00-00 00:00:00'),
(132, 14, '2024-01-16 08:54:41', '2024-01-03', '0000-00-00 00:00:00'),
(133, 14, '2024-01-16 08:54:41', '2024-01-03', '0000-00-00 00:00:00'),
(134, 14, '2024-01-16 08:54:41', '2024-01-03', '0000-00-00 00:00:00'),
(135, 14, '2024-01-16 08:54:41', '0000-00-00', '0000-00-00 00:00:00'),
(136, 14, '2024-01-16 08:54:41', '0000-00-00', '0000-00-00 00:00:00'),
(137, 2, '2024-01-16 08:54:41', '0000-00-00', '0000-00-00 00:00:00'),
(138, 2, '2024-01-16 08:54:41', '0000-00-00', '0000-00-00 00:00:00'),
(139, 5, '2024-01-16 08:54:41', '2024-01-03', '0000-00-00 00:00:00'),
(140, 5, '2024-01-16 08:54:41', '2024-01-03', '0000-00-00 00:00:00'),
(242, 3, '2024-01-16 08:54:41', '2024-01-03', '0000-00-00 00:00:00'),
(243, 3, '2024-01-16 08:54:41', '0000-00-00', '0000-00-00 00:00:00'),
(244, 3, '2024-01-16 08:54:41', '2024-01-03', '0000-00-00 00:00:00'),
(245, 2, '2024-01-16 08:54:41', '0000-00-00', '0000-00-00 00:00:00'),
(246, 2, '2024-01-16 08:54:41', '0000-00-00', '0000-00-00 00:00:00'),
(247, 2, '2024-01-16 08:54:41', '0000-00-00', '0000-00-00 00:00:00'),
(248, 2, '2024-01-16 08:54:41', '0000-00-00', '0000-00-00 00:00:00'),
(249, 2, '2024-01-16 08:54:41', '0000-00-00', '0000-00-00 00:00:00'),
(250, 5, '2024-01-16 08:54:41', '0000-00-00', '0000-00-00 00:00:00'),
(251, 5, '2024-01-16 08:54:41', '0000-00-00', '0000-00-00 00:00:00'),
(252, 6, '2024-01-16 08:54:41', '0000-00-00', '0000-00-00 00:00:00'),
(253, 10, '2024-01-16 08:54:41', '0000-00-00', '0000-00-00 00:00:00'),
(254, 11, '2024-01-16 08:54:41', '0000-00-00', '0000-00-00 00:00:00'),
(255, 12, '2024-01-16 08:54:41', '0000-00-00', '0000-00-00 00:00:00'),
(256, 13, '2024-01-16 08:54:41', '0000-00-00', '0000-00-00 00:00:00'),
(257, 15, '2024-01-16 08:54:41', '0000-00-00', '0000-00-00 00:00:00'),
(258, 15, '2024-01-16 08:54:41', '0000-00-00', '0000-00-00 00:00:00'),
(259, 15, '2024-01-16 08:54:41', '0000-00-00', '0000-00-00 00:00:00'),
(260, 15, '2024-01-16 08:54:41', '0000-00-00', '0000-00-00 00:00:00'),
(261, 16, '2024-01-16 08:54:41', '0000-00-00', '0000-00-00 00:00:00'),
(262, 16, '2024-01-16 08:54:41', '0000-00-00', '0000-00-00 00:00:00'),
(297, 22, '2024-01-16 09:10:20', '2020-05-18', '0000-00-00 00:00:00'),
(298, 22, '2024-01-16 09:10:20', '0000-00-00', '0000-00-00 00:00:00'),
(299, 21, '2024-01-16 09:10:20', '0000-00-00', '0000-00-00 00:00:00'),
(300, 22, '2024-01-16 09:10:20', '2024-01-03', '0000-00-00 00:00:00'),
(301, 22, '2024-01-16 09:10:20', '2024-01-03', '0000-00-00 00:00:00'),
(302, 21, '2024-01-16 09:10:20', '0000-00-00', '0000-00-00 00:00:00'),
(303, 21, '2024-01-16 09:10:20', '2024-01-03', '0000-00-00 00:00:00'),
(304, 22, '2024-01-16 09:10:20', '0000-00-00', '0000-00-00 00:00:00'),
(305, 22, '2024-01-16 09:10:20', '0000-00-00', '0000-00-00 00:00:00'),
(306, 22, '2024-01-16 09:10:20', '0000-00-00', '0000-00-00 00:00:00'),
(307, 22, '2024-01-16 09:10:20', '0000-00-00', '0000-00-00 00:00:00'),
(308, 22, '2024-01-16 09:10:20', '0000-00-00', '0000-00-00 00:00:00'),
(309, 22, '2024-01-16 09:10:20', '0000-00-00', '0000-00-00 00:00:00'),
(310, 22, '2024-01-16 09:10:20', '0000-00-00', '0000-00-00 00:00:00'),
(311, 22, '2024-01-16 09:10:20', '0000-00-00', '0000-00-00 00:00:00'),
(312, 24, '2024-01-16 09:10:20', '0000-00-00', '0000-00-00 00:00:00'),
(313, 24, '2024-01-16 09:10:20', '0000-00-00', '0000-00-00 00:00:00'),
(314, 23, '2024-01-16 09:10:20', '0000-00-00', '0000-00-00 00:00:00'),
(315, 24, '2024-01-16 09:10:20', '0000-00-00', '0000-00-00 00:00:00'),
(316, 27, '2024-01-16 09:10:20', '2024-01-03', '0000-00-00 00:00:00'),
(317, 26, '2024-01-16 09:10:20', '0000-00-00', '0000-00-00 00:00:00'),
(318, 26, '2024-01-16 09:10:20', '2024-01-03', '0000-00-00 00:00:00'),
(319, 25, '2024-01-16 09:10:20', '0000-00-00', '0000-00-00 00:00:00'),
(320, 25, '2024-01-16 09:10:20', '0000-00-00', '0000-00-00 00:00:00'),
(321, 26, '2024-01-16 09:10:20', '0000-00-00', '0000-00-00 00:00:00'),
(322, 29, '2024-01-16 09:10:20', '0000-00-00', '0000-00-00 00:00:00'),
(323, 29, '2024-01-16 09:10:20', '0000-00-00', '0000-00-00 00:00:00'),
(324, 29, '2024-01-16 09:10:20', '0000-00-00', '0000-00-00 00:00:00'),
(325, 30, '2024-01-16 09:10:20', '0000-00-00', '0000-00-00 00:00:00'),
(326, 28, '2024-01-16 09:10:20', '0000-00-00', '0000-00-00 00:00:00'),
(327, 28, '2024-01-16 09:10:20', '0000-00-00', '0000-00-00 00:00:00'),
(328, 28, '2024-01-16 09:10:20', '2024-01-03', '0000-00-00 00:00:00'),
(329, 28, '2024-01-16 09:10:20', '0000-00-00', '0000-00-00 00:00:00'),
(330, 28, '2024-01-16 09:10:20', '0000-00-00', '0000-00-00 00:00:00'),
(331, 28, '2024-01-16 09:10:20', '0000-00-00', '0000-00-00 00:00:00'),
(332, 28, '2024-01-16 09:10:20', '0000-00-00', '0000-00-00 00:00:00'),
(333, 28, '2024-01-16 09:10:20', '0000-00-00', '0000-00-00 00:00:00'),
(334, 29, '2024-01-16 09:10:20', '0000-00-00', '0000-00-00 00:00:00'),
(335, 29, '2024-01-16 09:10:20', '0000-00-00', '0000-00-00 00:00:00'),
(336, 29, '2024-01-16 09:10:20', '0000-00-00', '0000-00-00 00:00:00'),
(337, 30, '2024-01-16 09:10:20', '0000-00-00', '0000-00-00 00:00:00'),
(338, 31, '2024-01-16 09:10:20', '0000-00-00', '0000-00-00 00:00:00'),
(339, 31, '2024-01-16 09:10:20', '0000-00-00', '0000-00-00 00:00:00'),
(340, 32, '2024-01-16 09:10:20', '0000-00-00', '0000-00-00 00:00:00'),
(341, 33, '2024-01-16 09:10:20', '0000-00-00', '0000-00-00 00:00:00'),
(342, 33, '2024-01-16 09:10:20', '0000-00-00', '0000-00-00 00:00:00'),
(344, 34, '2024-01-16 09:10:20', '0000-00-00', '0000-00-00 00:00:00'),
(345, 34, '2024-01-16 09:10:20', '0000-00-00', '0000-00-00 00:00:00'),
(346, 34, '2024-01-16 09:10:20', '0000-00-00', '0000-00-00 00:00:00'),
(347, 35, '2024-01-16 09:10:20', '0000-00-00', '0000-00-00 00:00:00'),
(348, 35, '2024-01-16 09:10:20', '0000-00-00', '0000-00-00 00:00:00'),
(349, 35, '2024-01-16 09:10:20', '0000-00-00', '0000-00-00 00:00:00'),
(350, 35, '2024-01-16 09:10:20', '0000-00-00', '0000-00-00 00:00:00'),
(351, 35, '2024-01-16 09:10:20', '0000-00-00', '0000-00-00 00:00:00'),
(352, 35, '2024-01-16 09:10:20', '0000-00-00', '0000-00-00 00:00:00'),
(353, 35, '2024-01-16 09:10:20', '0000-00-00', '0000-00-00 00:00:00'),
(354, 35, '2024-01-16 09:10:20', '0000-00-00', '0000-00-00 00:00:00'),
(355, 35, '2024-01-16 09:10:20', '0000-00-00', '0000-00-00 00:00:00'),
(356, 36, '2024-01-16 09:10:20', '0000-00-00', '0000-00-00 00:00:00'),
(357, 36, '2024-01-16 09:10:20', '0000-00-00', '0000-00-00 00:00:00'),
(358, 37, '2024-01-16 09:10:20', '0000-00-00', '0000-00-00 00:00:00'),
(359, 37, '2024-01-16 09:10:20', '0000-00-00', '0000-00-00 00:00:00'),
(360, 38, '2024-01-16 09:10:20', '0000-00-00', '0000-00-00 00:00:00'),
(361, 38, '2024-01-16 09:10:20', '0000-00-00', '0000-00-00 00:00:00'),
(362, 38, '2024-01-16 09:10:20', '0000-00-00', '0000-00-00 00:00:00'),
(363, 39, '2024-01-16 09:10:20', '0000-00-00', '0000-00-00 00:00:00'),
(364, 39, '2024-01-16 09:10:20', '0000-00-00', '0000-00-00 00:00:00'),
(365, 40, '2024-01-16 09:10:20', '0000-00-00', '0000-00-00 00:00:00'),
(366, 40, '2024-01-16 09:10:20', '0000-00-00', '0000-00-00 00:00:00'),
(394, 34, '2024-01-16 09:10:20', '2024-01-03', '0000-00-00 00:00:00'),
(395, 34, '2024-01-16 09:10:20', '2024-01-03', '0000-00-00 00:00:00'),
(396, 34, '2024-01-16 09:10:20', '2024-01-03', '0000-00-00 00:00:00'),
(397, 34, '2024-01-16 09:10:20', '0000-00-00', '0000-00-00 00:00:00'),
(398, 34, '2024-01-16 09:10:20', '0000-00-00', '0000-00-00 00:00:00'),
(399, 22, '2024-01-16 09:10:20', '0000-00-00', '0000-00-00 00:00:00'),
(400, 22, '2024-01-16 09:10:20', '0000-00-00', '0000-00-00 00:00:00'),
(401, 25, '2024-01-16 09:10:20', '2024-01-03', '0000-00-00 00:00:00'),
(402, 25, '2024-01-16 09:10:20', '2024-01-03', '0000-00-00 00:00:00'),
(504, 23, '2024-01-16 09:10:20', '2024-01-03', '0000-00-00 00:00:00'),
(505, 23, '2024-01-16 09:10:20', '0000-00-00', '0000-00-00 00:00:00'),
(506, 23, '2024-01-16 09:10:20', '2024-01-03', '0000-00-00 00:00:00'),
(507, 22, '2024-01-16 09:10:20', '0000-00-00', '0000-00-00 00:00:00'),
(508, 22, '2024-01-16 09:10:20', '0000-00-00', '0000-00-00 00:00:00'),
(509, 22, '2024-01-16 09:10:20', '0000-00-00', '0000-00-00 00:00:00'),
(510, 22, '2024-01-16 09:10:20', '0000-00-00', '0000-00-00 00:00:00'),
(511, 22, '2024-01-16 09:10:20', '0000-00-00', '0000-00-00 00:00:00'),
(512, 25, '2024-01-16 09:10:20', '0000-00-00', '0000-00-00 00:00:00'),
(513, 25, '2024-01-16 09:10:20', '0000-00-00', '0000-00-00 00:00:00'),
(514, 26, '2024-01-16 09:10:20', '0000-00-00', '0000-00-00 00:00:00'),
(515, 30, '2024-01-16 09:10:20', '0000-00-00', '0000-00-00 00:00:00'),
(516, 31, '2024-01-16 09:10:20', '0000-00-00', '0000-00-00 00:00:00'),
(517, 32, '2024-01-16 09:10:20', '0000-00-00', '0000-00-00 00:00:00'),
(518, 33, '2024-01-16 09:10:20', '0000-00-00', '0000-00-00 00:00:00'),
(519, 35, '2024-01-16 09:10:20', '0000-00-00', '0000-00-00 00:00:00'),
(520, 35, '2024-01-16 09:10:20', '0000-00-00', '0000-00-00 00:00:00'),
(521, 35, '2024-01-16 09:10:20', '0000-00-00', '0000-00-00 00:00:00'),
(522, 35, '2024-01-16 09:10:20', '0000-00-00', '0000-00-00 00:00:00'),
(523, 36, '2024-01-16 09:10:20', '0000-00-00', '0000-00-00 00:00:00'),
(524, 36, '2024-01-16 09:10:20', '0000-00-00', '0000-00-00 00:00:00'),
(787, 61, '2024-01-16 10:07:09', '2024-02-06', '0000-00-00 00:00:00'),
(788, 61, '2024-01-16 10:07:09', '0000-00-00', '0000-00-00 00:00:00'),
(789, 61, '2024-01-16 10:07:09', '2024-02-06', '0000-00-00 00:00:00'),
(790, 62, '2024-01-16 10:07:09', '0000-00-00', '0000-00-00 00:00:00'),
(791, 62, '2024-01-16 10:07:09', '0000-00-00', '0000-00-00 00:00:00'),
(792, 62, '2024-01-16 10:07:09', '2024-02-06', '0000-00-00 00:00:00'),
(793, 62, '2024-01-16 10:07:09', '0000-00-00', '0000-00-00 00:00:00'),
(794, 62, '2024-01-16 10:07:09', '0000-00-00', '0000-00-00 00:00:00'),
(795, 62, '2024-01-16 10:07:09', '0000-00-00', '0000-00-00 00:00:00'),
(796, 62, '2024-01-16 10:07:09', '2024-02-06', '0000-00-00 00:00:00'),
(797, 62, '2024-01-16 10:07:09', '0000-00-00', '0000-00-00 00:00:00'),
(798, 62, '2024-01-16 10:07:09', '0000-00-00', '0000-00-00 00:00:00'),
(799, 62, '2024-01-16 10:07:09', '2024-02-06', '0000-00-00 00:00:00'),
(800, 62, '2024-01-16 10:07:09', '0000-00-00', '0000-00-00 00:00:00'),
(801, 62, '2024-01-16 10:07:09', '0000-00-00', '0000-00-00 00:00:00'),
(802, 63, '2024-01-16 10:07:09', '0000-00-00', '0000-00-00 00:00:00'),
(803, 63, '2024-01-16 10:07:09', '0000-00-00', '0000-00-00 00:00:00'),
(804, 63, '2024-01-16 10:07:09', '0000-00-00', '0000-00-00 00:00:00'),
(805, 63, '2024-01-16 10:07:09', '0000-00-00', '0000-00-00 00:00:00'),
(806, 63, '2024-01-16 10:07:09', '0000-00-00', '0000-00-00 00:00:00'),
(807, 63, '2024-01-16 10:07:09', '0000-00-00', '0000-00-00 00:00:00'),
(808, 63, '2024-01-16 10:07:09', '0000-00-00', '0000-00-00 00:00:00'),
(809, 63, '2024-01-16 10:07:09', '2011-07-07', '0000-00-00 00:00:00'),
(810, 63, '2024-01-16 10:07:09', '0000-00-00', '0000-00-00 00:00:00'),
(811, 63, '2024-01-16 10:07:09', '0000-00-00', '0000-00-00 00:00:00'),
(812, 63, '2024-01-16 10:07:09', '0000-00-00', '0000-00-00 00:00:00'),
(813, 63, '2024-01-16 10:07:09', '0000-00-00', '0000-00-00 00:00:00'),
(814, 63, '2024-01-16 10:07:09', '0000-00-00', '0000-00-00 00:00:00'),
(815, 63, '2024-01-16 10:07:09', '0000-00-00', '0000-00-00 00:00:00'),
(816, 64, '2024-01-16 10:07:09', '0000-00-00', '0000-00-00 00:00:00'),
(817, 64, '2024-01-16 10:07:09', '0000-00-00', '0000-00-00 00:00:00'),
(818, 64, '2024-01-16 10:07:09', '0000-00-00', '0000-00-00 00:00:00'),
(819, 64, '2024-01-16 10:07:09', '0000-00-00', '0000-00-00 00:00:00'),
(820, 65, '2024-01-16 10:07:09', '0000-00-00', '0000-00-00 00:00:00'),
(821, 65, '2024-01-16 10:07:09', '0000-00-00', '0000-00-00 00:00:00'),
(822, 65, '2024-01-16 10:07:09', '0000-00-00', '0000-00-00 00:00:00'),
(823, 65, '2024-01-16 10:07:09', '0000-00-00', '0000-00-00 00:00:00'),
(824, 65, '2024-01-16 10:07:09', '0000-00-00', '0000-00-00 00:00:00'),
(825, 65, '2024-01-16 10:07:09', '0000-00-00', '0000-00-00 00:00:00'),
(826, 65, '2024-01-16 10:07:09', '0000-00-00', '0000-00-00 00:00:00'),
(827, 65, '2024-01-16 10:07:09', '0000-00-00', '0000-00-00 00:00:00'),
(828, 65, '2024-01-16 10:07:09', '0000-00-00', '0000-00-00 00:00:00'),
(829, 65, '2024-01-16 10:07:09', '0000-00-00', '0000-00-00 00:00:00'),
(830, 65, '2024-01-16 10:07:09', '0000-00-00', '0000-00-00 00:00:00'),
(831, 66, '2024-01-16 10:07:09', '0000-00-00', '0000-00-00 00:00:00'),
(832, 66, '2024-01-16 10:07:09', '0000-00-00', '0000-00-00 00:00:00'),
(833, 66, '2024-01-16 10:07:09', '0000-00-00', '0000-00-00 00:00:00'),
(834, 66, '2024-01-16 10:07:09', '0000-00-00', '0000-00-00 00:00:00'),
(835, 66, '2024-01-16 10:07:09', '0000-00-00', '0000-00-00 00:00:00'),
(836, 66, '2024-01-16 10:07:09', '0000-00-00', '0000-00-00 00:00:00'),
(837, 66, '2024-01-16 10:07:09', '0000-00-00', '0000-00-00 00:00:00'),
(838, 66, '2024-01-16 10:07:09', '0000-00-00', '0000-00-00 00:00:00'),
(839, 67, '2024-01-16 10:07:09', '0000-00-00', '0000-00-00 00:00:00'),
(840, 67, '2024-01-16 10:07:09', '0000-00-00', '0000-00-00 00:00:00'),
(841, 67, '2024-01-16 10:07:09', '0000-00-00', '0000-00-00 00:00:00'),
(842, 67, '2024-01-16 10:07:09', '0000-00-00', '0000-00-00 00:00:00'),
(843, 67, '2024-01-16 10:07:09', '0000-00-00', '0000-00-00 00:00:00'),
(844, 67, '2024-01-16 10:07:09', '0000-00-00', '0000-00-00 00:00:00'),
(845, 67, '2024-01-16 10:07:09', '0000-00-00', '0000-00-00 00:00:00'),
(846, 67, '2024-01-16 10:07:09', '0000-00-00', '0000-00-00 00:00:00'),
(847, 67, '2024-01-16 10:07:09', '0000-00-00', '0000-00-00 00:00:00'),
(848, 67, '2024-01-16 10:07:09', '0000-00-00', '0000-00-00 00:00:00'),
(849, 67, '2024-01-16 10:07:09', '0000-00-00', '0000-00-00 00:00:00'),
(850, 67, '2024-01-16 10:07:09', '0000-00-00', '0000-00-00 00:00:00'),
(851, 67, '2024-01-16 10:07:09', '0000-00-00', '0000-00-00 00:00:00'),
(852, 67, '2024-01-16 10:07:09', '0000-00-00', '0000-00-00 00:00:00'),
(853, 67, '2024-01-16 10:07:09', '0000-00-00', '0000-00-00 00:00:00'),
(854, 67, '2024-01-16 10:07:09', '0000-00-00', '0000-00-00 00:00:00'),
(855, 68, '2024-01-16 10:07:09', '0000-00-00', '0000-00-00 00:00:00'),
(856, 68, '2024-01-16 10:07:09', '0000-00-00', '0000-00-00 00:00:00'),
(857, 68, '2024-01-16 10:07:09', '0000-00-00', '0000-00-00 00:00:00'),
(858, 68, '2024-01-16 10:07:09', '0000-00-00', '0000-00-00 00:00:00'),
(859, 68, '2024-01-16 10:07:09', '0000-00-00', '0000-00-00 00:00:00'),
(860, 68, '2024-01-16 10:07:09', '0000-00-00', '0000-00-00 00:00:00'),
(861, 68, '2024-01-16 10:07:09', '0000-00-00', '0000-00-00 00:00:00'),
(862, 68, '2024-01-16 10:07:09', '0000-00-00', '0000-00-00 00:00:00'),
(863, 68, '2024-01-16 10:07:09', '2015-07-13', '0000-00-00 00:00:00'),
(864, 69, '2024-01-16 10:07:09', '0000-00-00', '0000-00-00 00:00:00'),
(865, 69, '2024-01-16 10:07:09', '0000-00-00', '0000-00-00 00:00:00'),
(866, 69, '2024-01-16 10:07:09', '0000-00-00', '0000-00-00 00:00:00'),
(867, 69, '2024-01-16 10:07:09', '0000-00-00', '0000-00-00 00:00:00'),
(868, 69, '2024-01-16 10:07:09', '0000-00-00', '0000-00-00 00:00:00'),
(869, 69, '2024-01-16 10:07:09', '0000-00-00', '0000-00-00 00:00:00'),
(870, 69, '2024-01-16 10:07:09', '0000-00-00', '0000-00-00 00:00:00'),
(871, 69, '2024-01-16 10:07:09', '0000-00-00', '0000-00-00 00:00:00'),
(872, 70, '2024-01-16 10:07:09', '0000-00-00', '0000-00-00 00:00:00'),
(873, 70, '2024-01-16 10:07:09', '0000-00-00', '0000-00-00 00:00:00'),
(874, 70, '2024-01-16 10:07:09', '0000-00-00', '0000-00-00 00:00:00'),
(875, 70, '2024-01-16 10:07:09', '2015-04-02', '0000-00-00 00:00:00'),
(876, 70, '2024-01-16 10:07:09', '0000-00-00', '0000-00-00 00:00:00'),
(877, 70, '2024-01-16 10:07:09', '0000-00-00', '0000-00-00 00:00:00'),
(878, 70, '2024-01-16 10:07:09', '0000-00-00', '0000-00-00 00:00:00'),
(879, 70, '2024-01-16 10:07:09', '0000-00-00', '0000-00-00 00:00:00'),
(880, 70, '2024-01-16 10:07:09', '0000-00-00', '0000-00-00 00:00:00'),
(881, 71, '2024-01-16 10:07:09', '0000-00-00', '0000-00-00 00:00:00'),
(882, 71, '2024-01-16 10:07:09', '0000-00-00', '0000-00-00 00:00:00'),
(883, 71, '2024-01-16 10:07:09', '0000-00-00', '0000-00-00 00:00:00'),
(884, 71, '2024-01-16 10:07:09', '0000-00-00', '0000-00-00 00:00:00'),
(885, 71, '2024-01-16 10:07:09', '0000-00-00', '0000-00-00 00:00:00'),
(886, 71, '2024-01-16 10:07:09', '0000-00-00', '0000-00-00 00:00:00'),
(887, 72, '2024-01-16 10:07:09', '2011-03-30', '2011-03-30 00:00:00'),
(887, 73, '2024-01-16 10:07:09', '0000-00-00', '0000-00-00 00:00:00'),
(888, 72, '2024-01-16 10:07:09', '2011-03-30', '2011-03-30 00:00:00'),
(888, 73, '2024-01-16 10:07:09', '0000-00-00', '0000-00-00 00:00:00'),
(889, 72, '2024-01-16 10:07:09', '2011-03-30', '2011-03-30 00:00:00'),
(889, 73, '2024-01-16 10:07:09', '0000-00-00', '0000-00-00 00:00:00'),
(890, 73, '2024-01-16 10:07:09', '0000-00-00', '0000-00-00 00:00:00'),
(891, 73, '2024-01-16 10:07:09', '0000-00-00', '0000-00-00 00:00:00'),
(892, 73, '2024-01-16 10:07:09', '0000-00-00', '0000-00-00 00:00:00'),
(893, 73, '2024-01-16 10:07:09', '0000-00-00', '0000-00-00 00:00:00'),
(894, 73, '2024-01-16 10:07:09', '0000-00-00', '0000-00-00 00:00:00'),
(895, 73, '2024-01-16 10:07:09', '0000-00-00', '0000-00-00 00:00:00'),
(896, 73, '2024-01-16 10:07:09', '0000-00-00', '0000-00-00 00:00:00'),
(897, 73, '2024-01-16 10:07:09', '0000-00-00', '0000-00-00 00:00:00'),
(898, 73, '2024-01-16 10:07:09', '0000-00-00', '0000-00-00 00:00:00'),
(899, 73, '2024-01-16 10:07:09', '0000-00-00', '0000-00-00 00:00:00'),
(900, 73, '2024-01-16 10:07:09', '0000-00-00', '0000-00-00 00:00:00'),
(901, 73, '2024-01-16 10:07:09', '0000-00-00', '0000-00-00 00:00:00'),
(902, 73, '2024-01-16 10:07:09', '0000-00-00', '0000-00-00 00:00:00'),
(903, 73, '2024-01-16 10:07:09', '0000-00-00', '0000-00-00 00:00:00'),
(904, 73, '2024-01-16 10:07:09', '0000-00-00', '0000-00-00 00:00:00'),
(905, 73, '2024-01-16 10:07:09', '0000-00-00', '0000-00-00 00:00:00'),
(906, 73, '2024-01-16 10:07:09', '2011-03-30', '0000-00-00 00:00:00'),
(906, 74, '2024-01-16 10:07:09', '0000-00-00', '2011-03-30 00:00:00'),
(907, 73, '2024-01-16 10:07:09', '0000-00-00', '0000-00-00 00:00:00'),
(907, 74, '2024-01-16 10:07:09', '2011-03-30', '2011-03-30 00:00:00'),
(908, 73, '2024-01-16 10:07:09', '0000-00-00', '0000-00-00 00:00:00'),
(908, 74, '2024-01-16 10:07:09', '0000-00-00', '2011-03-30 00:00:00'),
(909, 73, '2024-01-16 10:07:09', '0000-00-00', '0000-00-00 00:00:00'),
(909, 74, '2024-01-16 10:07:09', '0000-00-00', '2011-03-30 00:00:00'),
(910, 73, '2024-01-16 10:07:09', '0000-00-00', '0000-00-00 00:00:00'),
(910, 74, '2024-01-16 10:07:09', '0000-00-00', '2011-03-30 00:00:00'),
(911, 73, '2024-01-16 10:07:09', '0000-00-00', '0000-00-00 00:00:00'),
(911, 74, '2024-01-16 10:07:09', '0000-00-00', '2011-03-30 00:00:00'),
(912, 75, '2024-01-16 10:07:09', '0000-00-00', '0000-00-00 00:00:00'),
(913, 76, '2024-01-16 10:07:09', '0000-00-00', '0000-00-00 00:00:00'),
(914, 76, '2024-01-16 10:07:09', '0000-00-00', '0000-00-00 00:00:00'),
(915, 76, '2024-01-16 10:07:09', '0000-00-00', '0000-00-00 00:00:00'),
(916, 76, '2024-01-16 10:07:09', '0000-00-00', '0000-00-00 00:00:00'),
(917, 76, '2024-01-16 10:07:09', '0000-00-00', '0000-00-00 00:00:00'),
(918, 76, '2024-01-16 10:07:09', '0000-00-00', '0000-00-00 00:00:00'),
(919, 76, '2024-01-16 10:07:09', '0000-00-00', '0000-00-00 00:00:00'),
(920, 76, '2024-01-16 10:07:09', '0000-00-00', '0000-00-00 00:00:00'),
(921, 77, '2024-01-16 10:07:09', '0000-00-00', '0000-00-00 00:00:00'),
(922, 77, '2024-01-16 10:07:09', '0000-00-00', '0000-00-00 00:00:00'),
(923, 77, '2024-01-16 10:07:09', '0000-00-00', '0000-00-00 00:00:00'),
(924, 77, '2024-01-16 10:07:09', '0000-00-00', '0000-00-00 00:00:00'),
(925, 77, '2024-01-16 10:07:09', '0000-00-00', '0000-00-00 00:00:00'),
(926, 78, '2024-01-16 10:07:09', '0000-00-00', '0000-00-00 00:00:00'),
(927, 78, '2024-01-16 10:07:09', '0000-00-00', '0000-00-00 00:00:00'),
(928, 78, '2024-01-16 10:07:09', '0000-00-00', '0000-00-00 00:00:00'),
(929, 78, '2024-01-16 10:07:09', '0000-00-00', '0000-00-00 00:00:00'),
(930, 78, '2024-01-16 10:07:09', '0000-00-00', '0000-00-00 00:00:00'),
(931, 78, '2024-01-16 10:07:09', '0000-00-00', '0000-00-00 00:00:00'),
(932, 78, '2024-01-16 10:07:09', '0000-00-00', '0000-00-00 00:00:00'),
(933, 78, '2024-01-16 10:07:09', '0000-00-00', '0000-00-00 00:00:00'),
(934, 78, '2024-01-16 10:07:09', '0000-00-00', '0000-00-00 00:00:00'),
(935, 78, '2024-01-16 10:07:09', '0000-00-00', '0000-00-00 00:00:00'),
(936, 78, '2024-01-16 10:07:09', '0000-00-00', '0000-00-00 00:00:00'),
(937, 78, '2024-01-16 10:07:09', '0000-00-00', '0000-00-00 00:00:00'),
(938, 79, '2024-01-16 10:07:09', '0000-00-00', '0000-00-00 00:00:00'),
(939, 80, '2024-01-16 10:07:09', '0000-00-00', '0000-00-00 00:00:00'),
(940, 80, '2024-01-16 10:07:09', '0000-00-00', '0000-00-00 00:00:00'),
(941, 80, '2024-01-16 10:07:09', '0000-00-00', '0000-00-00 00:00:00'),
(942, 80, '2024-01-16 10:07:09', '0000-00-00', '0000-00-00 00:00:00'),
(943, 80, '2024-01-16 10:07:09', '0000-00-00', '0000-00-00 00:00:00'),
(944, 80, '2024-01-16 10:07:09', '0000-00-00', '0000-00-00 00:00:00'),
(945, 81, '2024-01-16 10:07:09', '0000-00-00', '0000-00-00 00:00:00'),
(946, 81, '2024-01-16 10:07:09', '2011-10-04', '0000-00-00 00:00:00'),
(947, 81, '2024-01-16 10:07:09', '0000-00-00', '0000-00-00 00:00:00'),
(948, 81, '2024-01-16 10:07:09', '0000-00-00', '0000-00-00 00:00:00'),
(949, 81, '2024-01-16 10:07:09', '0000-00-00', '0000-00-00 00:00:00'),
(950, 81, '2024-01-16 10:07:09', '0000-00-00', '0000-00-00 00:00:00'),
(951, 81, '2024-01-16 10:07:09', '0000-00-00', '0000-00-00 00:00:00'),
(952, 81, '2024-01-16 10:07:09', '0000-00-00', '0000-00-00 00:00:00'),
(953, 81, '2024-01-16 10:07:09', '0000-00-00', '0000-00-00 00:00:00'),
(954, 81, '2024-01-16 10:07:09', '0000-00-00', '0000-00-00 00:00:00'),
(955, 81, '2024-01-16 10:07:09', '0000-00-00', '0000-00-00 00:00:00'),
(956, 81, '2024-01-16 10:07:09', '0000-00-00', '0000-00-00 00:00:00'),
(957, 82, '2024-01-16 10:07:09', '0000-00-00', '0000-00-00 00:00:00'),
(958, 82, '2024-01-16 10:07:09', '0000-00-00', '0000-00-00 00:00:00'),
(959, 82, '2024-01-16 10:07:09', '0000-00-00', '0000-00-00 00:00:00'),
(960, 82, '2024-01-16 10:07:09', '0000-00-00', '0000-00-00 00:00:00'),
(961, 83, '2024-01-16 10:07:09', '0000-00-00', '0000-00-00 00:00:00'),
(962, 83, '2024-01-16 10:07:09', '0000-00-00', '0000-00-00 00:00:00'),
(963, 83, '2024-01-16 10:07:09', '0000-00-00', '0000-00-00 00:00:00'),
(964, 83, '2024-01-16 10:07:09', '0000-00-00', '0000-00-00 00:00:00'),
(965, 83, '2024-01-16 10:07:09', '0000-00-00', '0000-00-00 00:00:00'),
(966, 83, '2024-01-16 10:07:09', '0000-00-00', '0000-00-00 00:00:00'),
(967, 83, '2024-01-16 10:07:09', '0000-00-00', '0000-00-00 00:00:00'),
(968, 84, '2024-01-16 10:07:09', '0000-00-00', '0000-00-00 00:00:00'),
(969, 84, '2024-01-16 10:07:09', '0000-00-00', '0000-00-00 00:00:00'),
(970, 84, '2024-01-16 10:07:09', '2015-04-02', '0000-00-00 00:00:00'),
(971, 84, '2024-01-16 10:07:09', '0000-00-00', '0000-00-00 00:00:00'),
(972, 84, '2024-01-16 10:07:09', '0000-00-00', '0000-00-00 00:00:00'),
(973, 84, '2024-01-16 10:07:09', '0000-00-00', '0000-00-00 00:00:00'),
(974, 84, '2024-01-16 10:07:09', '0000-00-00', '0000-00-00 00:00:00'),
(975, 84, '2024-01-16 10:07:09', '0000-00-00', '0000-00-00 00:00:00'),
(976, 84, '2024-01-16 10:07:09', '0000-00-00', '0000-00-00 00:00:00'),
(977, 84, '2024-01-16 10:07:09', '0000-00-00', '0000-00-00 00:00:00'),
(978, 84, '2024-01-16 10:07:09', '0000-00-00', '0000-00-00 00:00:00'),
(979, 84, '2024-01-16 10:07:09', '0000-00-00', '0000-00-00 00:00:00'),
(980, 85, '2024-01-16 10:07:09', '0000-00-00', '0000-00-00 00:00:00'),
(981, 85, '2024-01-16 10:07:09', '0000-00-00', '2011-05-19 00:00:00'),
(981, 89, '2024-01-16 10:07:09', '2011-05-19', '0000-00-00 00:00:00'),
(982, 85, '2024-01-16 10:07:09', '0000-00-00', '0000-00-00 00:00:00'),
(983, 85, '2024-01-16 10:07:09', '0000-00-00', '0000-00-00 00:00:00'),
(984, 85, '2024-01-16 10:07:09', '0000-00-00', '0000-00-00 00:00:00'),
(985, 85, '2024-01-16 10:07:09', '0000-00-00', '0000-00-00 00:00:00'),
(986, 85, '2024-01-16 10:07:09', '0000-00-00', '0000-00-00 00:00:00'),
(987, 85, '2024-01-16 10:07:09', '0000-00-00', '0000-00-00 00:00:00'),
(988, 85, '2024-01-16 10:07:09', '0000-00-00', '0000-00-00 00:00:00'),
(989, 85, '2024-01-16 10:07:09', '0000-00-00', '0000-00-00 00:00:00'),
(990, 85, '2024-01-16 10:07:09', '0000-00-00', '0000-00-00 00:00:00'),
(991, 86, '2024-01-16 10:07:09', '0000-00-00', '0000-00-00 00:00:00'),
(992, 86, '2024-01-16 10:07:09', '0000-00-00', '0000-00-00 00:00:00'),
(993, 86, '2024-01-16 10:07:09', '0000-00-00', '0000-00-00 00:00:00'),
(994, 86, '2024-01-16 10:07:09', '0000-00-00', '0000-00-00 00:00:00'),
(995, 86, '2024-01-16 10:07:09', '0000-00-00', '0000-00-00 00:00:00'),
(996, 86, '2024-01-16 10:07:09', '0000-00-00', '0000-00-00 00:00:00'),
(997, 86, '2024-01-16 10:07:09', '0000-00-00', '0000-00-00 00:00:00'),
(998, 86, '2024-01-16 10:07:09', '0000-00-00', '0000-00-00 00:00:00'),
(999, 86, '2024-01-16 10:07:09', '0000-00-00', '0000-00-00 00:00:00'),
(1000, 87, '2024-01-16 10:07:09', '0000-00-00', '0000-00-00 00:00:00'),
(1001, 87, '2024-01-16 10:07:09', '0000-00-00', '0000-00-00 00:00:00'),
(1002, 87, '2024-01-16 10:07:09', '0000-00-00', '0000-00-00 00:00:00'),
(1003, 87, '2024-01-16 10:07:09', '0000-00-00', '0000-00-00 00:00:00'),
(1004, 87, '2024-01-16 10:07:09', '0000-00-00', '0000-00-00 00:00:00'),
(1005, 87, '2024-01-16 10:07:09', '0000-00-00', '0000-00-00 00:00:00'),
(1006, 88, '2024-01-16 10:07:09', '0000-00-00', '0000-00-00 00:00:00'),
(1007, 88, '2024-01-16 10:07:09', '0000-00-00', '0000-00-00 00:00:00'),
(1008, 88, '2024-01-16 10:07:09', '0000-00-00', '0000-00-00 00:00:00'),
(1009, 88, '2024-01-16 10:07:09', '0000-00-00', '0000-00-00 00:00:00'),
(1010, 88, '2024-01-16 10:07:09', '0000-00-00', '0000-00-00 00:00:00'),
(1011, 89, '2024-01-16 10:07:09', '0000-00-00', '0000-00-00 00:00:00'),
(1012, 89, '2024-01-16 10:07:09', '0000-00-00', '0000-00-00 00:00:00'),
(1013, 90, '2024-01-16 10:07:09', '0000-00-00', '0000-00-00 00:00:00'),
(1014, 90, '2024-01-16 10:07:09', '0000-00-00', '0000-00-00 00:00:00'),
(1015, 90, '2024-01-16 10:07:09', '0000-00-00', '0000-00-00 00:00:00'),
(1016, 90, '2024-01-16 10:07:09', '0000-00-00', '0000-00-00 00:00:00'),
(1017, 90, '2024-01-16 10:07:09', '0000-00-00', '0000-00-00 00:00:00'),
(1018, 90, '2024-01-16 10:07:09', '0000-00-00', '0000-00-00 00:00:00'),
(1019, 90, '2024-01-16 10:07:09', '0000-00-00', '0000-00-00 00:00:00'),
(1020, 90, '2024-01-16 10:07:09', '0000-00-00', '0000-00-00 00:00:00'),
(1021, 90, '2024-01-16 10:07:09', '2011-06-27', '0000-00-00 00:00:00'),
(1022, 90, '2024-01-16 10:07:09', '0000-00-00', '0000-00-00 00:00:00'),
(1023, 90, '2024-01-16 10:07:09', '0000-00-00', '0000-00-00 00:00:00'),
(1024, 91, '2024-01-16 10:07:09', '0000-00-00', '0000-00-00 00:00:00'),
(1025, 91, '2024-01-16 10:07:09', '0000-00-00', '0000-00-00 00:00:00'),
(1026, 91, '2024-01-16 10:07:09', '0000-00-00', '0000-00-00 00:00:00'),
(1027, 92, '2024-01-16 10:07:09', '0000-00-00', '0000-00-00 00:00:00'),
(1028, 92, '2024-01-16 10:07:09', '0000-00-00', '0000-00-00 00:00:00'),
(1029, 92, '2024-01-16 10:07:09', '0000-00-00', '0000-00-00 00:00:00'),
(1030, 92, '2024-01-16 10:07:09', '0000-00-00', '0000-00-00 00:00:00'),
(1031, 92, '2024-01-16 10:07:09', '0000-00-00', '0000-00-00 00:00:00'),
(1032, 92, '2024-01-16 10:07:09', '0000-00-00', '0000-00-00 00:00:00'),
(1033, 92, '2024-01-16 10:07:09', '0000-00-00', '0000-00-00 00:00:00'),
(1034, 92, '2024-01-16 10:07:09', '0000-00-00', '0000-00-00 00:00:00'),
(1035, 92, '2024-01-16 10:07:09', '0000-00-00', '0000-00-00 00:00:00'),
(1036, 92, '2024-01-16 10:07:09', '0000-00-00', '0000-00-00 00:00:00'),
(1037, 92, '2024-01-16 10:07:09', '0000-00-00', '0000-00-00 00:00:00'),
(1038, 92, '2024-01-16 10:07:09', '0000-00-00', '0000-00-00 00:00:00'),
(1039, 92, '2024-01-16 10:07:09', '0000-00-00', '0000-00-00 00:00:00'),
(1040, 92, '2024-01-16 10:07:09', '0000-00-00', '0000-00-00 00:00:00'),
(1041, 92, '2024-01-16 10:07:09', '0000-00-00', '0000-00-00 00:00:00'),
(1042, 92, '2024-01-16 10:07:09', '0000-00-00', '0000-00-00 00:00:00'),
(1043, 92, '2024-01-16 10:07:09', '0000-00-00', '0000-00-00 00:00:00'),
(1044, 92, '2024-01-16 10:07:09', '0000-00-00', '0000-00-00 00:00:00'),
(1045, 92, '2024-01-16 10:07:09', '0000-00-00', '0000-00-00 00:00:00'),
(1046, 92, '2024-01-16 10:07:09', '0000-00-00', '0000-00-00 00:00:00'),
(1047, 92, '2024-01-16 10:07:09', '0000-00-00', '0000-00-00 00:00:00'),
(1048, 92, '2024-01-16 10:07:09', '0000-00-00', '0000-00-00 00:00:00'),
(1049, 92, '2024-01-16 10:07:09', '0000-00-00', '0000-00-00 00:00:00'),
(1050, 92, '2024-01-16 10:07:09', '0000-00-00', '0000-00-00 00:00:00'),
(1051, 92, '2024-01-16 10:07:09', '0000-00-00', '0000-00-00 00:00:00'),
(1052, 92, '2024-01-16 10:07:09', '0000-00-00', '0000-00-00 00:00:00'),
(1053, 92, '2024-01-16 10:07:09', '2011-07-04', '0000-00-00 00:00:00'),
(1054, 92, '2024-01-16 10:07:09', '0000-00-00', '0000-00-00 00:00:00'),
(1055, 92, '2024-01-16 10:07:09', '0000-00-00', '0000-00-00 00:00:00'),
(1056, 92, '2024-01-16 10:07:09', '0000-00-00', '0000-00-00 00:00:00'),
(1057, 92, '2024-01-16 10:07:09', '0000-00-00', '0000-00-00 00:00:00'),
(1058, 93, '2024-01-16 10:07:09', '0000-00-00', '0000-00-00 00:00:00'),
(1059, 93, '2024-01-16 10:07:09', '0000-00-00', '0000-00-00 00:00:00'),
(1060, 93, '2024-01-16 10:07:09', '0000-00-00', '0000-00-00 00:00:00'),
(1061, 93, '2024-01-16 10:07:09', '0000-00-00', '0000-00-00 00:00:00'),
(1062, 93, '2024-01-16 10:07:09', '0000-00-00', '0000-00-00 00:00:00'),
(1063, 93, '2024-01-16 10:07:09', '0000-00-00', '0000-00-00 00:00:00'),
(1064, 93, '2024-01-16 10:07:09', '0000-00-00', '0000-00-00 00:00:00'),
(1065, 93, '2024-01-16 10:07:09', '0000-00-00', '0000-00-00 00:00:00'),
(1066, 93, '2024-01-16 10:07:09', '0000-00-00', '0000-00-00 00:00:00'),
(1067, 93, '2024-01-16 10:07:09', '0000-00-00', '0000-00-00 00:00:00'),
(1068, 93, '2024-01-16 10:07:09', '0000-00-00', '0000-00-00 00:00:00'),
(1069, 93, '2024-01-16 10:07:09', '0000-00-00', '0000-00-00 00:00:00'),
(1070, 93, '2024-01-16 10:07:09', '0000-00-00', '0000-00-00 00:00:00'),
(1071, 93, '2024-01-16 10:07:09', '0000-00-00', '0000-00-00 00:00:00'),
(1072, 94, '2024-01-16 10:07:09', '0000-00-00', '0000-00-00 00:00:00'),
(1073, 94, '2024-01-16 10:07:09', '0000-00-00', '0000-00-00 00:00:00'),
(1074, 94, '2024-01-16 10:07:09', '0000-00-00', '0000-00-00 00:00:00'),
(1075, 94, '2024-01-16 10:07:09', '0000-00-00', '0000-00-00 00:00:00'),
(1076, 95, '2024-01-16 10:07:09', '0000-00-00', '0000-00-00 00:00:00'),
(1077, 95, '2024-01-16 10:07:09', '0000-00-00', '0000-00-00 00:00:00'),
(1078, 96, '2024-01-16 10:07:09', '0000-00-00', '0000-00-00 00:00:00'),
(1079, 96, '2024-01-16 10:07:09', '0000-00-00', '0000-00-00 00:00:00'),
(1080, 96, '2024-01-16 10:07:09', '0000-00-00', '0000-00-00 00:00:00'),
(1081, 96, '2024-01-16 10:07:09', '0000-00-00', '0000-00-00 00:00:00'),
(1082, 97, '2024-01-16 10:07:09', '0000-00-00', '0000-00-00 00:00:00'),
(1083, 97, '2024-01-16 10:07:09', '0000-00-00', '0000-00-00 00:00:00'),
(1084, 97, '2024-01-16 10:07:09', '0000-00-00', '0000-00-00 00:00:00'),
(1085, 97, '2024-01-16 10:07:09', '0000-00-00', '0000-00-00 00:00:00'),
(1086, 98, '2024-01-16 10:07:09', '0000-00-00', '0000-00-00 00:00:00'),
(1087, 98, '2024-01-16 10:07:09', '0000-00-00', '0000-00-00 00:00:00'),
(1088, 99, '2024-01-16 10:07:09', '0000-00-00', '0000-00-00 00:00:00'),
(1089, 99, '2024-01-16 10:07:09', '0000-00-00', '0000-00-00 00:00:00'),
(1090, 99, '2024-01-16 10:07:09', '0000-00-00', '0000-00-00 00:00:00'),
(1091, 99, '2024-01-16 10:07:09', '0000-00-00', '0000-00-00 00:00:00'),
(1092, 99, '2024-01-16 10:07:09', '0000-00-00', '0000-00-00 00:00:00'),
(1093, 99, '2024-01-16 10:07:09', '0000-00-00', '0000-00-00 00:00:00'),
(1094, 99, '2024-01-16 10:07:09', '0000-00-00', '0000-00-00 00:00:00'),
(1095, 99, '2024-01-16 10:07:09', '0000-00-00', '0000-00-00 00:00:00'),
(1096, 99, '2024-01-16 10:07:09', '0000-00-00', '0000-00-00 00:00:00'),
(1097, 99, '2024-01-16 10:07:09', '0000-00-00', '0000-00-00 00:00:00'),
(1098, 99, '2024-01-16 10:07:09', '0000-00-00', '0000-00-00 00:00:00'),
(1099, 99, '2024-01-16 10:07:09', '0000-00-00', '0000-00-00 00:00:00'),
(1100, 99, '2024-01-16 10:07:09', '0000-00-00', '0000-00-00 00:00:00'),
(1101, 99, '2024-01-16 10:07:09', '0000-00-00', '0000-00-00 00:00:00'),
(1102, 99, '2024-01-16 10:07:09', '0000-00-00', '0000-00-00 00:00:00'),
(1103, 99, '2024-01-16 10:07:09', '0000-00-00', '0000-00-00 00:00:00'),
(1104, 99, '2024-01-16 10:07:09', '0000-00-00', '0000-00-00 00:00:00'),
(1105, 99, '2024-01-16 10:07:09', '0000-00-00', '0000-00-00 00:00:00'),
(1106, 99, '2024-01-16 10:07:09', '0000-00-00', '0000-00-00 00:00:00'),
(1107, 99, '2024-01-16 10:07:09', '2015-07-08', '0000-00-00 00:00:00'),
(1108, 99, '2024-01-16 10:07:09', '0000-00-00', '0000-00-00 00:00:00'),
(1109, 99, '2024-01-16 10:07:09', '0000-00-00', '0000-00-00 00:00:00'),
(1110, 99, '2024-01-16 10:07:09', '0000-00-00', '0000-00-00 00:00:00'),
(1111, 99, '2024-01-16 10:07:09', '0000-00-00', '0000-00-00 00:00:00'),
(1112, 99, '2024-01-16 10:07:09', '0000-00-00', '0000-00-00 00:00:00'),
(1113, 99, '2024-01-16 10:07:09', '0000-00-00', '0000-00-00 00:00:00'),
(1114, 99, '2024-01-16 10:07:09', '0000-00-00', '0000-00-00 00:00:00'),
(1115, 100, '2024-01-16 10:07:09', '0000-00-00', '0000-00-00 00:00:00'),
(1116, 100, '2024-01-16 10:07:09', '2011-07-08', '0000-00-00 00:00:00'),
(1117, 100, '2024-01-16 10:07:09', '0000-00-00', '0000-00-00 00:00:00'),
(1118, 100, '2024-01-16 10:07:09', '0000-00-00', '0000-00-00 00:00:00'),
(1119, 100, '2024-01-16 10:07:09', '0000-00-00', '0000-00-00 00:00:00'),
(1120, 100, '2024-01-16 10:07:09', '0000-00-00', '0000-00-00 00:00:00'),
(1121, 100, '2024-01-16 10:07:09', '0000-00-00', '0000-00-00 00:00:00'),
(1122, 101, '2024-01-16 10:07:09', '0000-00-00', '0000-00-00 00:00:00'),
(1123, 101, '2024-01-16 10:07:09', '0000-00-00', '0000-00-00 00:00:00'),
(1124, 101, '2024-01-16 10:07:09', '0000-00-00', '0000-00-00 00:00:00'),
(1125, 102, '2024-01-16 10:07:09', '0000-00-00', '0000-00-00 00:00:00'),
(1126, 102, '2024-01-16 10:07:09', '0000-00-00', '0000-00-00 00:00:00'),
(1127, 102, '2024-01-16 10:07:09', '0000-00-00', '0000-00-00 00:00:00'),
(1128, 102, '2024-01-16 10:07:09', '0000-00-00', '0000-00-00 00:00:00'),
(1129, 103, '2024-01-16 10:07:09', '0000-00-00', '0000-00-00 00:00:00'),
(1130, 104, '2024-01-16 10:07:09', '2011-12-12', '0000-00-00 00:00:00'),
(1131, 104, '2024-01-16 10:07:09', '0000-00-00', '0000-00-00 00:00:00'),
(1132, 104, '2024-01-16 10:07:09', '2015-02-24', '0000-00-00 00:00:00'),
(1133, 104, '2024-01-16 10:07:09', '0000-00-00', '0000-00-00 00:00:00'),
(1134, 105, '2024-01-16 10:07:09', '0000-00-00', '0000-00-00 00:00:00'),
(1135, 105, '2024-01-16 10:07:09', '0000-00-00', '0000-00-00 00:00:00'),
(1136, 105, '2024-01-16 10:07:09', '0000-00-00', '0000-00-00 00:00:00'),
(1137, 105, '2024-01-16 10:07:09', '0000-00-00', '0000-00-00 00:00:00'),
(1138, 105, '2024-01-16 10:07:09', '0000-00-00', '0000-00-00 00:00:00'),
(1139, 105, '2024-01-16 10:07:09', '0000-00-00', '0000-00-00 00:00:00'),
(1140, 105, '2024-01-16 10:07:09', '0000-00-00', '0000-00-00 00:00:00'),
(1141, 106, '2024-01-16 10:07:09', '0000-00-00', '0000-00-00 00:00:00'),
(1142, 106, '2024-01-16 10:07:09', '0000-00-00', '0000-00-00 00:00:00'),
(1143, 106, '2024-01-16 10:07:09', '0000-00-00', '0000-00-00 00:00:00'),
(1144, 107, '2024-01-16 10:07:09', '0000-00-00', '0000-00-00 00:00:00'),
(1145, 107, '2024-01-16 10:07:09', '0000-00-00', '0000-00-00 00:00:00'),
(1146, 107, '2024-01-16 10:07:09', '0000-00-00', '0000-00-00 00:00:00'),
(1147, 107, '2024-01-16 10:07:09', '0000-00-00', '0000-00-00 00:00:00'),
(1148, 107, '2024-01-16 10:07:09', '0000-00-00', '0000-00-00 00:00:00'),
(1149, 107, '2024-01-16 10:07:09', '2015-02-27', '0000-00-00 00:00:00'),
(1150, 107, '2024-01-16 10:07:09', '0000-00-00', '0000-00-00 00:00:00'),
(1151, 107, '2024-01-16 10:07:09', '0000-00-00', '0000-00-00 00:00:00'),
(1152, 107, '2024-01-16 10:07:09', '0000-00-00', '0000-00-00 00:00:00'),
(1153, 107, '2024-01-16 10:07:09', '0000-00-00', '0000-00-00 00:00:00'),
(1154, 107, '2024-01-16 10:07:09', '0000-00-00', '0000-00-00 00:00:00'),
(1155, 108, '2024-01-16 10:07:09', '0000-00-00', '0000-00-00 00:00:00'),
(1156, 108, '2024-01-16 10:07:09', '0000-00-00', '0000-00-00 00:00:00'),
(1157, 108, '2024-01-16 10:07:09', '0000-00-00', '0000-00-00 00:00:00'),
(1158, 108, '2024-01-16 10:07:09', '0000-00-00', '0000-00-00 00:00:00'),
(1159, 108, '2024-01-16 10:07:09', '0000-00-00', '0000-00-00 00:00:00'),
(1160, 108, '2024-01-16 10:07:09', '0000-00-00', '0000-00-00 00:00:00'),
(1161, 108, '2024-01-16 10:07:09', '0000-00-00', '0000-00-00 00:00:00'),
(1162, 109, '2024-01-16 10:07:09', '0000-00-00', '0000-00-00 00:00:00'),
(1163, 109, '2024-01-16 10:07:09', '0000-00-00', '0000-00-00 00:00:00'),
(1164, 109, '2024-01-16 10:07:09', '0000-00-00', '0000-00-00 00:00:00'),
(1165, 109, '2024-01-16 10:07:09', '0000-00-00', '0000-00-00 00:00:00'),
(1166, 109, '2024-01-16 10:07:09', '0000-00-00', '0000-00-00 00:00:00'),
(1167, 109, '2024-01-16 10:07:09', '0000-00-00', '0000-00-00 00:00:00'),
(1168, 109, '2024-01-16 10:07:09', '0000-00-00', '0000-00-00 00:00:00'),
(1169, 109, '2024-01-16 10:07:09', '0000-00-00', '0000-00-00 00:00:00'),
(1170, 110, '2024-01-16 10:07:09', '0000-00-00', '0000-00-00 00:00:00'),
(1171, 110, '2024-01-16 10:07:09', '0000-00-00', '0000-00-00 00:00:00'),
(1172, 110, '2024-01-16 10:07:09', '2013-03-26', '0000-00-00 00:00:00'),
(1173, 110, '2024-01-16 10:07:09', '0000-00-00', '0000-00-00 00:00:00'),
(1174, 110, '2024-01-16 10:07:09', '0000-00-00', '0000-00-00 00:00:00'),
(1175, 110, '2024-01-16 10:07:09', '0000-00-00', '0000-00-00 00:00:00'),
(1176, 110, '2024-01-16 10:07:09', '0000-00-00', '0000-00-00 00:00:00'),
(1177, 110, '2024-01-16 10:07:09', '0000-00-00', '0000-00-00 00:00:00'),
(1178, 110, '2024-01-16 10:07:09', '0000-00-00', '0000-00-00 00:00:00'),
(1179, 112, '2024-01-16 10:07:09', '0000-00-00', '0000-00-00 00:00:00'),
(1180, 112, '2024-01-16 10:07:09', '0000-00-00', '0000-00-00 00:00:00'),
(1181, 112, '2024-01-16 10:07:09', '0000-00-00', '0000-00-00 00:00:00'),
(1182, 112, '2024-01-16 10:07:09', '2011-07-08', '0000-00-00 00:00:00'),
(1183, 112, '2024-01-16 10:07:09', '0000-00-00', '0000-00-00 00:00:00'),
(1184, 112, '2024-01-16 10:07:09', '0000-00-00', '0000-00-00 00:00:00'),
(1185, 112, '2024-01-16 10:07:09', '0000-00-00', '0000-00-00 00:00:00'),
(1186, 112, '2024-01-16 10:07:09', '0000-00-00', '0000-00-00 00:00:00'),
(1187, 113, '2024-01-16 10:07:09', '0000-00-00', '0000-00-00 00:00:00'),
(1188, 113, '2024-01-16 10:07:09', '0000-00-00', '0000-00-00 00:00:00'),
(1189, 114, '2024-01-16 10:07:09', '0000-00-00', '0000-00-00 00:00:00'),
(1190, 114, '2024-01-16 10:07:09', '0000-00-00', '0000-00-00 00:00:00'),
(1191, 114, '2024-01-16 10:07:09', '0000-00-00', '0000-00-00 00:00:00'),
(1192, 114, '2024-01-16 10:07:09', '0000-00-00', '0000-00-00 00:00:00'),
(1193, 114, '2024-01-16 10:07:09', '0000-00-00', '0000-00-00 00:00:00'),
(1194, 114, '2024-01-16 10:07:09', '0000-00-00', '0000-00-00 00:00:00'),
(1195, 114, '2024-01-16 10:07:09', '0000-00-00', '0000-00-00 00:00:00'),
(1196, 114, '2024-01-16 10:07:09', '0000-00-00', '0000-00-00 00:00:00'),
(1197, 114, '2024-01-16 10:07:09', '0000-00-00', '0000-00-00 00:00:00'),
(1198, 115, '2024-01-16 10:07:09', '0000-00-00', '0000-00-00 00:00:00'),
(1199, 115, '2024-01-16 10:07:09', '0000-00-00', '0000-00-00 00:00:00'),
(1200, 115, '2024-01-16 10:07:09', '0000-00-00', '0000-00-00 00:00:00'),
(1201, 115, '2024-01-16 10:07:09', '0000-00-00', '0000-00-00 00:00:00'),
(1202, 115, '2024-01-16 10:07:09', '0000-00-00', '0000-00-00 00:00:00'),
(1203, 115, '2024-01-16 10:07:09', '0000-00-00', '0000-00-00 00:00:00'),
(1204, 115, '2024-01-16 10:07:09', '0000-00-00', '0000-00-00 00:00:00'),
(1205, 116, '2024-01-16 10:07:09', '0000-00-00', '0000-00-00 00:00:00'),
(1206, 116, '2024-01-16 10:07:09', '0000-00-00', '0000-00-00 00:00:00'),
(1207, 116, '2024-01-16 10:07:09', '0000-00-00', '0000-00-00 00:00:00'),
(1208, 116, '2024-01-16 10:07:09', '0000-00-00', '0000-00-00 00:00:00'),
(1209, 116, '2024-01-16 10:07:09', '0000-00-00', '0000-00-00 00:00:00'),
(1210, 116, '2024-01-16 10:07:09', '0000-00-00', '0000-00-00 00:00:00'),
(1211, 116, '2024-01-16 10:07:09', '0000-00-00', '0000-00-00 00:00:00'),
(1212, 116, '2024-01-16 10:07:09', '0000-00-00', '0000-00-00 00:00:00'),
(1213, 116, '2024-01-16 10:07:09', '0000-00-00', '0000-00-00 00:00:00'),
(1214, 116, '2024-01-16 10:07:09', '0000-00-00', '0000-00-00 00:00:00'),
(1215, 116, '2024-01-16 10:07:09', '0000-00-00', '0000-00-00 00:00:00'),
(1216, 116, '2024-01-16 10:07:09', '0000-00-00', '0000-00-00 00:00:00'),
(1217, 116, '2024-01-16 10:07:09', '0000-00-00', '0000-00-00 00:00:00'),
(1218, 116, '2024-01-16 10:07:09', '0000-00-00', '0000-00-00 00:00:00'),
(1219, 116, '2024-01-16 10:07:09', '0000-00-00', '0000-00-00 00:00:00'),
(1220, 116, '2024-01-16 10:07:09', '0000-00-00', '0000-00-00 00:00:00'),
(1221, 117, '2024-01-16 10:07:09', '0000-00-00', '0000-00-00 00:00:00'),
(1222, 117, '2024-01-16 10:07:09', '0000-00-00', '0000-00-00 00:00:00'),
(1223, 117, '2024-01-16 10:07:09', '0000-00-00', '0000-00-00 00:00:00'),
(1224, 117, '2024-01-16 10:07:09', '0000-00-00', '0000-00-00 00:00:00'),
(1225, 118, '2024-01-16 10:07:09', '0000-00-00', '0000-00-00 00:00:00'),
(1226, 118, '2024-01-16 10:07:09', '0000-00-00', '0000-00-00 00:00:00'),
(1227, 118, '2024-01-16 10:07:09', '0000-00-00', '0000-00-00 00:00:00'),
(1228, 118, '2024-01-16 10:07:09', '0000-00-00', '0000-00-00 00:00:00'),
(1229, 119, '2024-01-16 10:07:09', '0000-00-00', '0000-00-00 00:00:00'),
(1230, 119, '2024-01-16 10:07:09', '0000-00-00', '0000-00-00 00:00:00'),
(1231, 119, '2024-01-16 10:07:09', '0000-00-00', '0000-00-00 00:00:00'),
(1232, 120, '2024-01-16 10:07:09', '0000-00-00', '0000-00-00 00:00:00'),
(1233, 120, '2024-01-16 10:07:09', '0000-00-00', '0000-00-00 00:00:00'),
(1234, 120, '2024-01-16 10:07:09', '0000-00-00', '0000-00-00 00:00:00'),
(1235, 120, '2024-01-16 10:07:09', '0000-00-00', '0000-00-00 00:00:00'),
(1236, 120, '2024-01-16 10:07:09', '0000-00-00', '0000-00-00 00:00:00'),
(1237, 120, '2024-01-16 10:07:09', '0000-00-00', '0000-00-00 00:00:00'),
(1238, 120, '2024-01-16 10:07:09', '0000-00-00', '0000-00-00 00:00:00'),
(1239, 120, '2024-01-16 10:07:09', '0000-00-00', '0000-00-00 00:00:00'),
(1240, 120, '2024-01-16 10:07:09', '0000-00-00', '0000-00-00 00:00:00'),
(1241, 121, '2024-01-16 10:07:09', '0000-00-00', '0000-00-00 00:00:00'),
(1242, 123, '2024-01-16 10:07:09', '0000-00-00', '0000-00-00 00:00:00'),
(1243, 124, '2024-01-16 10:07:09', '0000-00-00', '0000-00-00 00:00:00'),
(1244, 125, '2024-01-16 10:07:09', '0000-00-00', '0000-00-00 00:00:00'),
(1245, 126, '2024-01-16 10:07:09', '0000-00-00', '0000-00-00 00:00:00'),
(1246, 126, '2024-01-16 10:07:09', '2014-04-28', '0000-00-00 00:00:00'),
(1247, 126, '2024-01-16 10:07:09', '2011-03-29', '0000-00-00 00:00:00'),
(1248, 126, '2024-01-16 10:07:09', '2011-03-29', '0000-00-00 00:00:00'),
(1249, 126, '2024-01-16 10:07:09', '2011-03-29', '0000-00-00 00:00:00'),
(1250, 127, '2024-01-16 10:07:09', '0000-00-00', '0000-00-00 00:00:00'),
(1251, 127, '2024-01-16 10:07:09', '0000-00-00', '0000-00-00 00:00:00'),
(1252, 127, '2024-01-16 10:07:09', '2014-04-28', '0000-00-00 00:00:00'),
(1253, 127, '2024-01-16 10:07:09', '0000-00-00', '0000-00-00 00:00:00'),
(1254, 127, '2024-01-16 10:07:09', '0000-00-00', '0000-00-00 00:00:00'),
(1255, 128, '2024-01-16 10:07:09', '0000-00-00', '0000-00-00 00:00:00'),
(1256, 129, '2024-01-16 10:07:09', '2011-07-07', '0000-00-00 00:00:00'),
(1257, 129, '2024-01-16 10:07:09', '0000-00-00', '0000-00-00 00:00:00'),
(1258, 129, '2024-01-16 10:07:09', '0000-00-00', '0000-00-00 00:00:00'),
(1259, 129, '2024-01-16 10:07:09', '0000-00-00', '0000-00-00 00:00:00'),
(1260, 129, '2024-01-16 10:07:09', '0000-00-00', '0000-00-00 00:00:00'),
(1261, 129, '2024-01-16 10:07:09', '0000-00-00', '0000-00-00 00:00:00'),
(1262, 130, '2024-01-16 10:07:09', '0000-00-00', '0000-00-00 00:00:00'),
(1263, 130, '2024-01-16 10:07:09', '0000-00-00', '0000-00-00 00:00:00'),
(1264, 131, '2024-01-16 10:07:09', '0000-00-00', '0000-00-00 00:00:00'),
(1265, 131, '2024-01-16 10:07:09', '0000-00-00', '0000-00-00 00:00:00'),
(1266, 131, '2024-01-16 10:07:09', '0000-00-00', '0000-00-00 00:00:00'),
(1267, 131, '2024-01-16 10:07:09', '0000-00-00', '0000-00-00 00:00:00'),
(1268, 131, '2024-01-16 10:07:09', '0000-00-00', '0000-00-00 00:00:00'),
(1269, 131, '2024-01-16 10:07:09', '0000-00-00', '0000-00-00 00:00:00'),
(1270, 132, '2024-01-16 10:07:09', '0000-00-00', '0000-00-00 00:00:00'),
(1271, 132, '2024-01-16 10:07:09', '0000-00-00', '0000-00-00 00:00:00'),
(1272, 133, '2024-01-16 10:07:09', '0000-00-00', '0000-00-00 00:00:00'),
(1273, 133, '2024-01-16 10:07:09', '0000-00-00', '0000-00-00 00:00:00'),
(1274, 134, '2024-01-16 10:07:09', '0000-00-00', '0000-00-00 00:00:00'),
(1275, 134, '2024-01-16 10:07:09', '0000-00-00', '0000-00-00 00:00:00'),
(1276, 134, '2024-01-16 10:07:09', '0000-00-00', '0000-00-00 00:00:00'),
(1277, 134, '2024-01-16 10:07:09', '0000-00-00', '0000-00-00 00:00:00'),
(1278, 134, '2024-01-16 10:07:09', '0000-00-00', '0000-00-00 00:00:00'),
(1279, 135, '2024-01-16 10:07:09', '0000-00-00', '0000-00-00 00:00:00'),
(1280, 136, '2024-01-16 10:07:09', '0000-00-00', '0000-00-00 00:00:00'),
(1281, 136, '2024-01-16 10:07:09', '0000-00-00', '0000-00-00 00:00:00'),
(1282, 136, '2024-01-16 10:07:09', '0000-00-00', '0000-00-00 00:00:00'),
(1283, 137, '2024-01-16 10:07:09', '0000-00-00', '0000-00-00 00:00:00'),
(1284, 138, '2024-01-16 10:07:09', '0000-00-00', '0000-00-00 00:00:00'),
(1285, 138, '2024-01-16 10:07:09', '0000-00-00', '0000-00-00 00:00:00'),
(1286, 138, '2024-01-16 10:07:09', '0000-00-00', '0000-00-00 00:00:00'),
(1287, 139, '2024-01-16 10:07:09', '0000-00-00', '0000-00-00 00:00:00'),
(1288, 139, '2024-01-16 10:07:09', '0000-00-00', '0000-00-00 00:00:00'),
(1289, 139, '2024-01-16 10:07:09', '0000-00-00', '0000-00-00 00:00:00'),
(1290, 139, '2024-01-16 10:07:09', '0000-00-00', '0000-00-00 00:00:00'),
(1291, 140, '2024-01-16 10:07:09', '0000-00-00', '0000-00-00 00:00:00'),
(1292, 141, '2024-01-16 10:07:09', '0000-00-00', '0000-00-00 00:00:00'),
(1293, 141, '2024-01-16 10:07:09', '2011-06-20', '0000-00-00 00:00:00'),
(1294, 141, '2024-01-16 10:07:09', '0000-00-00', '0000-00-00 00:00:00'),
(1295, 141, '2024-01-16 10:07:09', '0000-00-00', '0000-00-00 00:00:00');
INSERT INTO `nature_categorie` (`idNature`, `id_categorie`, `Date_Debut`, `Date_Modif`, `Date_Fin`) VALUES
(1296, 141, '2024-01-16 10:07:09', '0000-00-00', '0000-00-00 00:00:00'),
(1297, 141, '2024-01-16 10:07:09', '0000-00-00', '0000-00-00 00:00:00'),
(1298, 141, '2024-01-16 10:07:09', '0000-00-00', '0000-00-00 00:00:00'),
(1299, 141, '2024-01-16 10:07:09', '0000-00-00', '0000-00-00 00:00:00'),
(1300, 141, '2024-01-16 10:07:09', '0000-00-00', '0000-00-00 00:00:00'),
(1301, 141, '2024-01-16 10:07:09', '0000-00-00', '0000-00-00 00:00:00'),
(1302, 141, '2024-01-16 10:07:09', '0000-00-00', '0000-00-00 00:00:00'),
(1303, 141, '2024-01-16 10:07:09', '0000-00-00', '0000-00-00 00:00:00'),
(1304, 141, '2024-01-16 10:07:09', '0000-00-00', '0000-00-00 00:00:00'),
(1305, 141, '2024-01-16 10:07:09', '0000-00-00', '0000-00-00 00:00:00'),
(1306, 142, '2024-01-16 10:07:09', '0000-00-00', '0000-00-00 00:00:00'),
(1307, 142, '2024-01-16 10:07:09', '0000-00-00', '0000-00-00 00:00:00'),
(1308, 142, '2024-01-16 10:07:09', '0000-00-00', '0000-00-00 00:00:00'),
(1309, 142, '2024-01-16 10:07:09', '0000-00-00', '0000-00-00 00:00:00'),
(1310, 142, '2024-01-16 10:07:09', '0000-00-00', '0000-00-00 00:00:00'),
(1311, 143, '2024-01-16 10:07:09', '2011-12-02', '0000-00-00 00:00:00'),
(1312, 143, '2024-01-16 10:07:09', '0000-00-00', '0000-00-00 00:00:00'),
(1313, 143, '2024-01-16 10:07:09', '0000-00-00', '0000-00-00 00:00:00'),
(1314, 143, '2024-01-16 10:07:09', '0000-00-00', '0000-00-00 00:00:00'),
(1315, 143, '2024-01-16 10:07:09', '0000-00-00', '0000-00-00 00:00:00'),
(1316, 143, '2024-01-16 10:07:09', '0000-00-00', '0000-00-00 00:00:00'),
(1317, 143, '2024-01-16 10:07:09', '0000-00-00', '0000-00-00 00:00:00'),
(1318, 143, '2024-01-16 10:07:09', '0000-00-00', '0000-00-00 00:00:00'),
(1319, 143, '2024-01-16 10:07:09', '0000-00-00', '0000-00-00 00:00:00'),
(1320, 143, '2024-01-16 10:07:09', '2016-10-07', '0000-00-00 00:00:00'),
(1321, 143, '2024-01-16 10:07:09', '2014-12-08', '0000-00-00 00:00:00'),
(1322, 144, '2024-01-16 10:07:09', '0000-00-00', '0000-00-00 00:00:00'),
(1323, 144, '2024-01-16 10:07:09', '0000-00-00', '0000-00-00 00:00:00'),
(1324, 144, '2024-01-16 10:07:09', '0000-00-00', '0000-00-00 00:00:00'),
(1325, 144, '2024-01-16 10:07:09', '0000-00-00', '0000-00-00 00:00:00'),
(1326, 144, '2024-01-16 10:07:09', '0000-00-00', '0000-00-00 00:00:00'),
(1327, 144, '2024-01-16 10:07:09', '0000-00-00', '0000-00-00 00:00:00'),
(1328, 144, '2024-01-16 10:07:09', '0000-00-00', '0000-00-00 00:00:00'),
(1329, 144, '2024-01-16 10:07:09', '0000-00-00', '0000-00-00 00:00:00'),
(1330, 144, '2024-01-16 10:07:09', '0000-00-00', '0000-00-00 00:00:00'),
(1331, 144, '2024-01-16 10:07:09', '0000-00-00', '0000-00-00 00:00:00'),
(1332, 144, '2024-01-16 10:07:09', '0000-00-00', '0000-00-00 00:00:00'),
(1333, 145, '2024-01-16 10:07:09', '0000-00-00', '0000-00-00 00:00:00'),
(1334, 145, '2024-01-16 10:07:09', '0000-00-00', '0000-00-00 00:00:00'),
(1335, 145, '2024-01-16 10:07:09', '0000-00-00', '0000-00-00 00:00:00'),
(1336, 146, '2024-01-16 10:07:09', '0000-00-00', '0000-00-00 00:00:00'),
(1337, 146, '2024-01-16 10:07:09', '0000-00-00', '0000-00-00 00:00:00'),
(1338, 146, '2024-01-16 10:07:09', '0000-00-00', '0000-00-00 00:00:00'),
(1339, 146, '2024-01-16 10:07:09', '0000-00-00', '0000-00-00 00:00:00'),
(1340, 146, '2024-01-16 10:07:09', '0000-00-00', '0000-00-00 00:00:00'),
(1341, 146, '2024-01-16 10:07:09', '0000-00-00', '0000-00-00 00:00:00'),
(1342, 146, '2024-01-16 10:07:09', '0000-00-00', '0000-00-00 00:00:00'),
(1343, 146, '2024-01-16 10:07:09', '0000-00-00', '0000-00-00 00:00:00'),
(1344, 146, '2024-01-16 10:07:09', '2015-03-10', '0000-00-00 00:00:00'),
(1345, 146, '2024-01-16 10:07:09', '0000-00-00', '0000-00-00 00:00:00'),
(1346, 146, '2024-01-16 10:07:09', '0000-00-00', '0000-00-00 00:00:00'),
(1347, 146, '2024-01-16 10:07:09', '0000-00-00', '0000-00-00 00:00:00'),
(1348, 146, '2024-01-16 10:07:09', '0000-00-00', '0000-00-00 00:00:00'),
(1349, 147, '2024-01-16 10:07:09', '0000-00-00', '0000-00-00 00:00:00'),
(1350, 147, '2024-01-16 10:07:09', '0000-00-00', '0000-00-00 00:00:00'),
(1351, 147, '2024-01-16 10:07:09', '0000-00-00', '0000-00-00 00:00:00'),
(1352, 147, '2024-01-16 10:07:09', '2016-09-01', '0000-00-00 00:00:00'),
(1353, 147, '2024-01-16 10:07:09', '0000-00-00', '0000-00-00 00:00:00'),
(1354, 147, '2024-01-16 10:07:09', '0000-00-00', '0000-00-00 00:00:00'),
(1355, 148, '2024-01-16 10:07:09', '0000-00-00', '0000-00-00 00:00:00'),
(1356, 148, '2024-01-16 10:07:09', '0000-00-00', '0000-00-00 00:00:00'),
(1357, 148, '2024-01-16 10:07:09', '0000-00-00', '0000-00-00 00:00:00'),
(1358, 148, '2024-01-16 10:07:09', '0000-00-00', '0000-00-00 00:00:00'),
(1359, 148, '2024-01-16 10:07:09', '0000-00-00', '0000-00-00 00:00:00'),
(1360, 148, '2024-01-16 10:07:09', '0000-00-00', '0000-00-00 00:00:00'),
(1361, 148, '2024-01-16 10:07:09', '0000-00-00', '0000-00-00 00:00:00'),
(1362, 148, '2024-01-16 10:07:09', '0000-00-00', '0000-00-00 00:00:00'),
(1363, 148, '2024-01-16 10:07:09', '0000-00-00', '0000-00-00 00:00:00'),
(1364, 148, '2024-01-16 10:07:09', '0000-00-00', '0000-00-00 00:00:00'),
(1365, 148, '2024-01-16 10:07:09', '0000-00-00', '0000-00-00 00:00:00'),
(1366, 148, '2024-01-16 10:07:09', '0000-00-00', '0000-00-00 00:00:00'),
(1367, 149, '2024-01-16 10:07:09', '0000-00-00', '0000-00-00 00:00:00'),
(1368, 149, '2024-01-16 10:07:09', '0000-00-00', '0000-00-00 00:00:00'),
(1369, 149, '2024-01-16 10:07:09', '0000-00-00', '0000-00-00 00:00:00'),
(1370, 149, '2024-01-16 10:07:09', '0000-00-00', '0000-00-00 00:00:00'),
(1371, 149, '2024-01-16 10:07:09', '0000-00-00', '0000-00-00 00:00:00'),
(1372, 149, '2024-01-16 10:07:09', '0000-00-00', '0000-00-00 00:00:00'),
(1373, 150, '2024-01-16 10:07:09', '0000-00-00', '0000-00-00 00:00:00'),
(1374, 150, '2024-01-16 10:07:09', '0000-00-00', '0000-00-00 00:00:00'),
(1375, 150, '2024-01-16 10:07:09', '0000-00-00', '0000-00-00 00:00:00'),
(1376, 150, '2024-01-16 10:07:09', '0000-00-00', '0000-00-00 00:00:00'),
(1377, 150, '2024-01-16 10:07:09', '0000-00-00', '0000-00-00 00:00:00'),
(1378, 150, '2024-01-16 10:07:09', '0000-00-00', '0000-00-00 00:00:00'),
(1379, 150, '2024-01-16 10:07:09', '0000-00-00', '0000-00-00 00:00:00'),
(1380, 150, '2024-01-16 10:07:09', '0000-00-00', '0000-00-00 00:00:00'),
(1381, 150, '2024-01-16 10:07:09', '0000-00-00', '0000-00-00 00:00:00'),
(1382, 150, '2024-01-16 10:07:09', '0000-00-00', '0000-00-00 00:00:00'),
(1383, 150, '2024-01-16 10:07:09', '0000-00-00', '0000-00-00 00:00:00'),
(1384, 150, '2024-01-16 10:07:09', '0000-00-00', '0000-00-00 00:00:00'),
(1385, 150, '2024-01-16 10:07:09', '0000-00-00', '0000-00-00 00:00:00'),
(1386, 150, '2024-01-16 10:07:09', '0000-00-00', '0000-00-00 00:00:00'),
(1387, 150, '2024-01-16 10:07:09', '0000-00-00', '0000-00-00 00:00:00'),
(1388, 150, '2024-01-16 10:07:09', '0000-00-00', '0000-00-00 00:00:00'),
(1389, 150, '2024-01-16 10:07:09', '0000-00-00', '0000-00-00 00:00:00'),
(1390, 150, '2024-01-16 10:07:09', '0000-00-00', '0000-00-00 00:00:00'),
(1391, 150, '2024-01-16 10:07:09', '0000-00-00', '0000-00-00 00:00:00'),
(1392, 150, '2024-01-16 10:07:09', '0000-00-00', '0000-00-00 00:00:00'),
(1393, 150, '2024-01-16 10:07:09', '0000-00-00', '0000-00-00 00:00:00'),
(1394, 150, '2024-01-16 10:07:09', '0000-00-00', '0000-00-00 00:00:00'),
(1395, 150, '2024-01-16 10:07:09', '0000-00-00', '0000-00-00 00:00:00'),
(1396, 150, '2024-01-16 10:07:09', '0000-00-00', '0000-00-00 00:00:00'),
(1397, 150, '2024-01-16 10:07:09', '0000-00-00', '0000-00-00 00:00:00'),
(1398, 150, '2024-01-16 10:07:09', '0000-00-00', '0000-00-00 00:00:00'),
(1399, 150, '2024-01-16 10:07:09', '0000-00-00', '0000-00-00 00:00:00'),
(1400, 150, '2024-01-16 10:07:09', '0000-00-00', '0000-00-00 00:00:00'),
(1401, 151, '2024-01-16 10:07:09', '0000-00-00', '0000-00-00 00:00:00'),
(1402, 151, '2024-01-16 10:07:09', '0000-00-00', '0000-00-00 00:00:00'),
(1403, 151, '2024-01-16 10:07:09', '0000-00-00', '0000-00-00 00:00:00'),
(1404, 151, '2024-01-16 10:07:09', '0000-00-00', '0000-00-00 00:00:00'),
(1405, 151, '2024-01-16 10:07:09', '2014-04-08', '0000-00-00 00:00:00'),
(1406, 151, '2024-01-16 10:07:09', '0000-00-00', '0000-00-00 00:00:00'),
(1407, 151, '2024-01-16 10:07:09', '0000-00-00', '0000-00-00 00:00:00'),
(1408, 151, '2024-01-16 10:07:09', '0000-00-00', '0000-00-00 00:00:00'),
(1409, 151, '2024-01-16 10:07:09', '0000-00-00', '0000-00-00 00:00:00'),
(1410, 151, '2024-01-16 10:07:09', '0000-00-00', '0000-00-00 00:00:00'),
(1411, 151, '2024-01-16 10:07:09', '2015-03-10', '0000-00-00 00:00:00'),
(1412, 151, '2024-01-16 10:07:09', '0000-00-00', '0000-00-00 00:00:00'),
(1413, 151, '2024-01-16 10:07:09', '2015-03-12', '0000-00-00 00:00:00'),
(1414, 151, '2024-01-16 10:07:09', '0000-00-00', '0000-00-00 00:00:00'),
(1415, 152, '2024-01-16 10:07:09', '0000-00-00', '0000-00-00 00:00:00'),
(1416, 152, '2024-01-16 10:07:09', '0000-00-00', '0000-00-00 00:00:00'),
(1417, 152, '2024-01-16 10:07:09', '0000-00-00', '0000-00-00 00:00:00'),
(1418, 152, '2024-01-16 10:07:09', '0000-00-00', '0000-00-00 00:00:00'),
(1419, 152, '2024-01-16 10:07:09', '0000-00-00', '0000-00-00 00:00:00'),
(1420, 153, '2024-01-16 10:07:09', '0000-00-00', '0000-00-00 00:00:00'),
(1421, 153, '2024-01-16 10:07:09', '0000-00-00', '0000-00-00 00:00:00'),
(1422, 153, '2024-01-16 10:07:09', '0000-00-00', '0000-00-00 00:00:00'),
(1423, 153, '2024-01-16 10:07:09', '0000-00-00', '0000-00-00 00:00:00'),
(1424, 153, '2024-01-16 10:07:09', '0000-00-00', '0000-00-00 00:00:00'),
(1425, 153, '2024-01-16 10:07:09', '0000-00-00', '0000-00-00 00:00:00'),
(1426, 153, '2024-01-16 10:07:09', '0000-00-00', '0000-00-00 00:00:00'),
(1427, 153, '2024-01-16 10:07:09', '0000-00-00', '0000-00-00 00:00:00'),
(1428, 153, '2024-01-16 10:07:09', '0000-00-00', '0000-00-00 00:00:00'),
(1429, 153, '2024-01-16 10:07:09', '0000-00-00', '0000-00-00 00:00:00'),
(1430, 154, '2024-01-16 10:07:09', '0000-00-00', '0000-00-00 00:00:00'),
(1431, 154, '2024-01-16 10:07:09', '0000-00-00', '0000-00-00 00:00:00'),
(1432, 154, '2024-01-16 10:07:09', '0000-00-00', '0000-00-00 00:00:00'),
(1433, 154, '2024-01-16 10:07:09', '0000-00-00', '0000-00-00 00:00:00'),
(1434, 154, '2024-01-16 10:07:09', '0000-00-00', '0000-00-00 00:00:00'),
(1435, 155, '2024-01-16 10:07:09', '0000-00-00', '0000-00-00 00:00:00'),
(1436, 155, '2024-01-16 10:07:09', '0000-00-00', '0000-00-00 00:00:00'),
(1437, 155, '2024-01-16 10:07:09', '0000-00-00', '0000-00-00 00:00:00'),
(1438, 155, '2024-01-16 10:07:09', '0000-00-00', '0000-00-00 00:00:00'),
(1439, 155, '2024-01-16 10:07:09', '0000-00-00', '0000-00-00 00:00:00'),
(1440, 155, '2024-01-16 10:07:09', '0000-00-00', '0000-00-00 00:00:00'),
(1471, 4, '2024-01-18 10:51:40', '0000-00-00', '0000-00-00 00:00:00'),
(1472, 4, '2024-01-18 10:53:34', '0000-00-00', '0000-00-00 00:00:00'),
(1473, 4, '2024-01-18 10:56:34', '0000-00-00', '0000-00-00 00:00:00'),
(1474, 4, '2024-01-18 10:58:52', '0000-00-00', '0000-00-00 00:00:00'),
(1475, 4, '2024-01-18 11:00:57', '0000-00-00', '0000-00-00 00:00:00'),
(1476, 4, '2024-01-18 11:03:03', '0000-00-00', '0000-00-00 00:00:00'),
(1477, 4, '2024-01-18 11:05:38', '0000-00-00', '0000-00-00 00:00:00'),
(1478, 4, '2024-01-18 11:07:17', '0000-00-00', '0000-00-00 00:00:00'),
(1743, 80, '2024-01-16 10:07:09', '0000-00-00', '0000-00-00 00:00:00'),
(1744, 104, '2024-01-16 10:07:09', '0000-00-00', '0000-00-00 00:00:00'),
(1745, 146, '2024-01-16 10:07:09', '0000-00-00', '0000-00-00 00:00:00'),
(1747, 125, '2024-01-16 10:07:09', '2013-01-09', '2013-01-09 14:15:25'),
(1748, 155, '2024-01-16 10:07:09', '2013-02-28', '0000-00-00 00:00:00'),
(1750, 155, '2024-01-16 10:07:09', '2013-03-26', '0000-00-00 00:00:00'),
(1751, 68, '2024-01-16 10:07:09', '2015-02-25', '0000-00-00 00:00:00'),
(1753, 67, '2024-01-16 10:07:09', '0000-00-00', '0000-00-00 00:00:00'),
(1754, 147, '2024-01-16 10:07:09', '2015-02-24', '0000-00-00 00:00:00'),
(1755, 147, '2024-01-16 10:07:09', '0000-00-00', '0000-00-00 00:00:00'),
(1756, 110, '2024-01-16 10:07:09', '2015-03-03', '2015-03-09 11:35:06'),
(1757, 151, '2024-01-16 10:07:09', '2015-03-10', '0000-00-00 00:00:00'),
(1758, 151, '2024-01-16 10:07:09', '0000-00-00', '0000-00-00 00:00:00'),
(1758, 153, '2024-01-16 10:07:09', '0000-00-00', '2015-03-12 16:10:16'),
(1764, 146, '2024-01-16 10:07:09', '0000-00-00', '2015-04-14 14:51:40'),
(1764, 151, '2024-01-16 10:07:09', '0000-00-00', '0000-00-00 00:00:00'),
(1766, 60, '2024-01-16 10:07:09', '0000-00-00', '0000-00-00 00:00:00'),
(1766, 67, '2024-01-16 10:07:09', '2015-07-13', '2015-07-13 15:49:53'),
(1767, 67, '2024-01-16 10:07:09', '2015-09-10', '0000-00-00 00:00:00'),
(1770, 99, '2024-01-16 10:07:09', '0000-00-00', '0000-00-00 00:00:00'),
(1771, 145, '2024-01-16 10:07:09', '2016-06-07', '0000-00-00 00:00:00'),
(1772, 68, '2024-01-16 10:07:09', '2016-09-01', '0000-00-00 00:00:00');

-- --------------------------------------------------------

--
-- Structure de la table `nature_incident_procedure`
--

