CREATE TABLE `domaine` (
  `idDomaine` mediumint(8) UNSIGNED NOT NULL,
  `domaine_Code` varchar(40) NOT NULL DEFAULT '',
  `domaine_Lib` varchar(250) NOT NULL DEFAULT '',
  `domaine_Desc` mediumtext NOT NULL,
  `domaine_Desc_en` varchar(255) NOT NULL,
  `domaine_Lib_en` varchar(255) NOT NULL,
  `id_typenature` mediumint(8) NOT NULL DEFAULT '0',
  `Typ_Iden` varchar(8) NOT NULL DEFAULT '',
  `domaine_Date_Debut` datetime NOT NULL,
  `domaine_Date_Fin` datetime NOT NULL DEFAULT '0000-00-00 00:00:00',
  `domaine_Date_Modif` date NOT NULL DEFAULT '0000-00-00',
  `Affecte` binary(1) NOT NULL DEFAULT 't'
) ENGINE=InnoDB DEFAULT CHARSET=utf8;

--
-- Déchargement des données de la table `domaine`
--

INSERT INTO `domaine` (`idDomaine`, `domaine_Code`, `domaine_Lib`, `domaine_Desc`, `domaine_Desc_en`, `domaine_Lib_en`, `id_typenature`, `Typ_Iden`, `domaine_Date_Debut`, `domaine_Date_Fin`, `domaine_Date_Modif`, `Affecte`) VALUES
(1, '1-INTFRD', 'Internal Fraud', 'Losses due to acts of a type intended to defraud, misappropriate property or circumvent regulations, the law or company policy, excluding diversity/discrimination events, which involves at least one internal party', 'Internal Fraud', 'Losses due to acts of a type intended to defraud, misappropriate property or circumvent regulations, the law or company policy, excluding diversity/discrimination events, which involves at least one internal party', 2, 'SPE', '2024-01-16 08:54:41', '0000-00-00 00:00:00', '0000-00-00', 0x74),
(2, '2-EXTFRD', 'External Fraud', 'Losses due to acts of a type intended to defraud, misappropriate property or circumvent the law, by a third party', 'External Fraud', 'Losses due to acts of a type intended to defraud, misappropriate property or circumvent the law, by a third party', 2, 'SPE', '2024-01-16 08:54:41', '0000-00-00 00:00:00', '0000-00-00', 0x74),
(3, '3-EMPL', 'Employment Practices & Workplace Safety', 'Losses arising from acts inconsistent with employment, health or safety laws or agreements, from payment of personal injury claims, or from diversity / discrimination events', 'Employment Practices & Workplace Safety', 'Losses arising from acts inconsistent with employment, health or safety laws or agreements, from payment of personal injury claims, or from diversity / discrimination events', 2, 'SPE', '2024-01-16 08:54:41', '0000-00-00 00:00:00', '0000-00-00', 0x74),
(4, '4-CLPRBU', 'Clients, Products & Business Practice', 'Losses arising from an unintentional or negligent failure to meet a professional obligation to specific clients (including fiduciary and suitability requirements), or from the nature or design of a product.', 'Clients, Products & Business Practice', 'Losses arising from an unintentional or negligent failure to meet a professional obligation to specific clients (including fiduciary and suitability requirements), or from the nature or design of a product.', 2, 'SPE', '2024-01-16 08:54:41', '0000-00-00 00:00:00', '0000-00-00', 0x74),
(5, '5-DAMAGE', 'Damage to physical assets', 'Losses arising from loss or damage to physical assets from natural disaster or other events.', 'Damage to physical assets', 'Losses arising from loss or damage to physical assets from natural disaster or other events.', 2, 'SPE', '2024-01-16 08:54:41', '0000-00-00 00:00:00', '0000-00-00', 0x74),
(6, '6-DISR', 'Business disruption & Systems Failures', 'Losses arising from disruption of business or system failures', 'Business disruption & Systems Failures', 'Losses arising from disruption of business or system failures', 2, 'SPE', '2024-01-16 08:54:41', '0000-00-00 00:00:00', '0000-00-00', 0x74),
(7, '7-EXDEPR', 'Execution, Delivery & Process Management', 'Losses from failed transaction processing or process management, from relations with trade counterparties and vendors', 'Execution, Delivery & Process Management', 'Losses from failed transaction processing or process management, from relations with trade counterparties and vendors', 2, 'SPE', '2024-01-16 08:54:41', '0000-00-00 00:00:00', '0000-00-00', 0x74),
(8, 'B01-INTFRD', 'Internal Fraud', 'Losses due to acts of a type intended to defraud, misappropriate property or circumvent regulations, the law or company policy, excluding diversity/discrimination events, which involves at least one internal party', '', '', 4, 'SPE', '2024-02-01 02:59:06', '0000-00-00 00:00:00', '0000-00-00', 0x74),
(9, 'B02-EXTFRD', 'B-External Fraud', 'Losses due to acts of a type intended to defraud, misappropriate property or circumvent the law, by a third party', '', '', 4, 'SPE', '2024-02-01 02:59:16', '0000-00-00 00:00:00', '0000-00-00', 0x74),
(10, 'B03-EMPL', 'Employment Practices & Workplace Safety', 'Losses arising from acts inconsistent with employment, health or safety laws or agreements, from payment of personal injury claims, or from diversity / discrimination events', '', '', 4, 'SPE', '2024-02-01 02:59:30', '0000-00-00 00:00:00', '0000-00-00', 0x74),
(11, 'B04-CLPRBU', 'Clients, Products & Business Practice', 'Losses arising from an unintentional or negligent failure to meet a professional obligation to specific clients (including fiduciary and suitability requirements), or from the nature or design of a product.', '', '', 4, 'SPE', '2024-02-01 02:59:41', '0000-00-00 00:00:00', '0000-00-00', 0x74),
(12, 'B05-DAMAGE', 'Damage to physical assets', 'Losses arising from loss or damage to physical assets from natural disaster or other events.', '', '', 4, 'SPE', '2024-02-01 02:59:56', '0000-00-00 00:00:00', '0000-00-00', 0x74),
(13, 'B06-DISR', 'Business disruption & Systems Failures', 'Losses arising from disruption of business or system failures', '', '', 4, 'SPE', '2024-02-01 03:00:07', '0000-00-00 00:00:00', '0000-00-00', 0x74),
(14, 'B07-EXDEPR', 'Execution, Delivery & Process Management', 'Losses from failed transaction processing or process management, from relations with trade counterparties and vendors', '', '', 4, 'SPE', '2024-02-01 03:00:21', '0000-00-00 00:00:00', '0000-00-00', 0x74),
(22, 'CO01-Mktng', 'COSO - Marketing', 'Marketing', '', '', 4, 'SPE', '2024-02-01 03:02:06', '0000-00-00 00:00:00', '0000-00-00', 0x74),
(23, 'CO02-Ventes', 'COSO - Ventes', 'Ventes', '', '', 4, 'SPE', '2024-02-01 03:02:29', '0000-00-00 00:00:00', '0000-00-00', 0x74),
(24, 'CO03-Innovat', 'COSO - Innov lancer produits et services', 'Innover et lancer les produits et services', '', '', 4, 'SPE', '2024-02-01 03:02:50', '0000-00-00 00:00:00', '0000-00-00', 0x74),
(25, 'CO04-Qualite', 'COSO - Qualité des prestations', 'Qualité des prestations', '', '', 4, 'SPE', '2024-02-01 03:01:44', '0000-00-00 00:00:00', '0000-00-00', 0x74),
(27, 'CO05-Commds', 'COSO - Commandes, Facturation, Recouvrement', 'Commandes, Facturation, Recouvrement', '', '', 4, 'SPE', '2024-02-01 03:03:11', '0000-00-00 00:00:00', '0000-00-00', 0x74),
(28, 'CO06-Achats', 'COSO - Achats', 'Achats', '', '', 4, 'SPE', '2024-02-01 03:03:23', '0000-00-00 00:00:00', '0000-00-00', 0x74),
(29, 'CO07-Approv', 'COSO - Approvisionnement', 'Approvisionnement', '', '', 4, 'SPE', '2024-02-01 03:03:33', '0000-00-00 00:00:00', '0000-00-00', 0x74),
(30, 'CO08-Logistiq', 'COSO - Logistique', 'Logistique', '', '', 4, 'SPE', '2024-02-01 03:03:48', '0000-00-00 00:00:00', '0000-00-00', 0x74),
(32, 'CO09-Planif', 'COSO - Planification et organisation technique', 'Planification et organisation techniques', '', '', 4, 'SPE', '2024-02-01 03:03:57', '0000-00-00 00:00:00', '0000-00-00', 0x74),
(33, 'CO10-Dev', 'COSO - Dévelop techniques et déploiement', 'Développements techniques et déploiement', '', '', 4, 'SPE', '2024-02-01 03:04:08', '0000-00-00 00:00:00', '0000-00-00', 0x74),
(34, 'CO11-Exploit', 'COSO - Exploit technique et maintenance', 'Exploitation technique et maintenance', '', '', 4, 'SPE', '2024-02-01 03:04:18', '0000-00-00 00:00:00', '0000-00-00', 0x74),
(35, 'CO12-RessHum', 'COSO - Ressources Humaines', 'Ressources Humaines', '', '', 4, 'SPE', '2024-02-01 03:04:28', '0000-00-00 00:00:00', '0000-00-00', 0x74),
(36, 'CO13-Financ', 'COSO - Financement', 'Financement', '', '', 4, 'SPE', '2024-02-01 03:04:37', '0000-00-00 00:00:00', '0000-00-00', 0x74),
(37, 'CO14-Control', 'COSO - Controlling', 'Controlling', '', '', 4, 'SPE', '2024-02-01 03:04:46', '0000-00-00 00:00:00', '0000-00-00', 0x74),
(38, 'CO15-CptaFisc', 'COSO - Comptabilité et fiscalité', 'Comptabilité et fiscalité', '', '', 4, 'SPE', '2024-02-01 03:04:58', '0000-00-00 00:00:00', '0000-00-00', 0x74),
(39, 'CO16-Conform', 'COSO - Conformité', 'Conformité', '', '', 4, 'SPE', '2024-02-01 03:05:10', '0000-00-00 00:00:00', '0000-00-00', 0x74),
(40, 'CO17-Legal', 'COSO - Défendre les droits Entreprise', 'Défendre les droits de l\'Entreprise', '', '', 4, 'SPE', '2024-02-01 03:05:24', '0000-00-00 00:00:00', '0000-00-00', 0x74),
(41, 'CO18-Securite', 'COSO - Sécurité', 'Sécurité', '', '', 4, 'SPE', '2024-02-01 03:05:44', '0000-00-00 00:00:00', '0000-00-00', 0x74),
(42, 'CO19-StratCom', 'COSO - Stratégie et Communication', 'Stratégie et Communication', '', '', 4, 'SPE', '2024-02-01 03:06:02', '0000-00-00 00:00:00', '0000-00-00', 0x74),
(43, 'CO20-Mngt', 'COSO - Management & Organisation', 'Management & Organisation', '', '', 4, 'SPE', '2024-02-01 03:06:11', '0000-00-00 00:00:00', '0000-00-00', 0x74);

-- --------------------------------------------------------

--
-- Structure de la table `domaine_categorie`
--

CREATE TABLE `domaine_categorie` (
  `idDomaine` mediumint(8) NOT NULL DEFAULT '0',
  `id_categorie` mediumint(8) NOT NULL DEFAULT '0',
  `Date_Debut` datetime NOT NULL DEFAULT '0000-00-00 00:00:00',
  `Date_Modif` date NOT NULL DEFAULT '0000-00-00',
  `Date_Fin` datetime NOT NULL DEFAULT '0000-00-00 00:00:00'
) ENGINE=InnoDB DEFAULT CHARSET=utf8;

--
-- Déchargement des données de la table `domaine_categorie`
--

INSERT INTO `domaine_categorie` (`idDomaine`, `id_categorie`, `Date_Debut`, `Date_Modif`, `Date_Fin`) VALUES
(1, 1, '2024-01-16 08:54:41', '0000-00-00', '0000-00-00 00:00:00'),
(1, 2, '2024-01-16 08:54:41', '0000-00-00', '0000-00-00 00:00:00'),
(2, 3, '2024-01-16 08:54:41', '0000-00-00', '0000-00-00 00:00:00'),
(2, 4, '2024-01-16 08:54:41', '2024-01-18', '0000-00-00 00:00:00'),
(3, 5, '2024-01-16 08:54:41', '0000-00-00', '0000-00-00 00:00:00'),
(3, 6, '2024-01-16 08:54:41', '0000-00-00', '0000-00-00 00:00:00'),
(3, 7, '2024-01-16 08:54:41', '0000-00-00', '0000-00-00 00:00:00'),
(4, 8, '2024-01-16 08:54:41', '0000-00-00', '0000-00-00 00:00:00'),
(4, 9, '2024-01-16 08:54:41', '0000-00-00', '0000-00-00 00:00:00'),
(4, 10, '2024-01-16 08:54:41', '0000-00-00', '0000-00-00 00:00:00'),
(4, 11, '2024-01-16 08:54:41', '0000-00-00', '0000-00-00 00:00:00'),
(4, 12, '2024-01-16 08:54:41', '0000-00-00', '0000-00-00 00:00:00'),
(5, 13, '2024-01-16 08:54:41', '0000-00-00', '0000-00-00 00:00:00'),
(6, 14, '2024-01-16 08:54:41', '0000-00-00', '0000-00-00 00:00:00'),
(7, 15, '2024-01-16 08:54:41', '0000-00-00', '0000-00-00 00:00:00'),
(7, 16, '2024-01-16 08:54:41', '0000-00-00', '0000-00-00 00:00:00'),
(7, 17, '2024-01-16 08:54:41', '0000-00-00', '0000-00-00 00:00:00'),
(7, 18, '2024-01-16 08:54:41', '0000-00-00', '0000-00-00 00:00:00'),
(7, 19, '2024-01-16 08:54:41', '0000-00-00', '0000-00-00 00:00:00'),
(7, 20, '2024-01-16 08:54:41', '0000-00-00', '0000-00-00 00:00:00'),
(22, 61, '2024-01-16 10:07:09', '0000-00-00', '0000-00-00 00:00:00'),
(22, 62, '2024-01-16 10:07:09', '0000-00-00', '0000-00-00 00:00:00'),
(22, 63, '2024-01-16 10:07:09', '0000-00-00', '0000-00-00 00:00:00'),
(22, 64, '2024-01-16 10:07:09', '0000-00-00', '0000-00-00 00:00:00'),
(23, 65, '2024-01-16 10:07:09', '0000-00-00', '0000-00-00 00:00:00'),
(23, 66, '2024-01-16 10:07:09', '0000-00-00', '0000-00-00 00:00:00'),
(23, 67, '2024-01-16 10:07:09', '0000-00-00', '0000-00-00 00:00:00'),
(24, 68, '2024-01-16 10:07:09', '0000-00-00', '0000-00-00 00:00:00'),
(24, 69, '2024-01-16 10:07:09', '0000-00-00', '0000-00-00 00:00:00'),
(24, 70, '2024-01-16 10:07:09', '0000-00-00', '0000-00-00 00:00:00'),
(24, 71, '2024-01-16 10:07:09', '0000-00-00', '0000-00-00 00:00:00'),
(25, 72, '2024-01-16 10:07:09', '0000-00-00', '0000-00-00 00:00:00'),
(25, 73, '2024-01-16 10:07:09', '2011-03-30', '0000-00-00 00:00:00'),
(25, 74, '2024-01-16 10:07:09', '0000-00-00', '0000-00-00 00:00:00'),
(26, 75, '2024-01-16 10:07:09', '0000-00-00', '0000-00-00 00:00:00'),
(26, 76, '2024-01-16 10:07:09', '0000-00-00', '0000-00-00 00:00:00'),
(26, 77, '2024-01-16 10:07:09', '0000-00-00', '0000-00-00 00:00:00'),
(26, 78, '2024-01-16 10:07:09', '0000-00-00', '0000-00-00 00:00:00'),
(26, 79, '2024-01-16 10:07:09', '0000-00-00', '0000-00-00 00:00:00'),
(27, 80, '2024-01-16 10:07:09', '0000-00-00', '0000-00-00 00:00:00'),
(27, 81, '2024-01-16 10:07:09', '0000-00-00', '0000-00-00 00:00:00'),
(28, 82, '2024-01-16 10:07:09', '0000-00-00', '0000-00-00 00:00:00'),
(28, 197, '2024-01-16 10:07:09', '2015-09-10', '0000-00-00 00:00:00'),
(28, 198, '2024-01-16 10:07:09', '2016-05-19', '0000-00-00 00:00:00'),
(28, 199, '2024-01-16 10:07:09', '2016-05-19', '0000-00-00 00:00:00'),
(29, 83, '2024-01-16 10:07:09', '0000-00-00', '0000-00-00 00:00:00'),
(30, 84, '2024-01-16 10:07:09', '2015-04-02', '0000-00-00 00:00:00'),
(30, 85, '2024-01-16 10:07:09', '0000-00-00', '0000-00-00 00:00:00'),
(30, 86, '2024-01-16 10:07:09', '0000-00-00', '0000-00-00 00:00:00'),
(31, 87, '2024-01-16 10:07:09', '0000-00-00', '0000-00-00 00:00:00'),
(31, 88, '2024-01-16 10:07:09', '0000-00-00', '0000-00-00 00:00:00'),
(31, 89, '2024-01-16 10:07:09', '0000-00-00', '0000-00-00 00:00:00'),
(31, 90, '2024-01-16 10:07:09', '0000-00-00', '0000-00-00 00:00:00'),
(31, 91, '2024-01-16 10:07:09', '0000-00-00', '0000-00-00 00:00:00'),
(32, 92, '2024-01-16 10:07:09', '0000-00-00', '0000-00-00 00:00:00'),
(32, 93, '2024-01-16 10:07:09', '0000-00-00', '0000-00-00 00:00:00'),
(32, 94, '2024-01-16 10:07:09', '0000-00-00', '0000-00-00 00:00:00'),
(32, 95, '2024-01-16 10:07:09', '0000-00-00', '0000-00-00 00:00:00'),
(32, 96, '2024-01-16 10:07:09', '0000-00-00', '0000-00-00 00:00:00'),
(32, 97, '2024-01-16 10:07:09', '0000-00-00', '0000-00-00 00:00:00'),
(32, 98, '2024-01-16 10:07:09', '0000-00-00', '0000-00-00 00:00:00'),
(33, 99, '2024-01-16 10:07:09', '0000-00-00', '0000-00-00 00:00:00'),
(33, 100, '2024-01-16 10:07:09', '0000-00-00', '0000-00-00 00:00:00'),
(33, 101, '2024-01-16 10:07:09', '0000-00-00', '0000-00-00 00:00:00'),
(33, 102, '2024-01-16 10:07:09', '0000-00-00', '0000-00-00 00:00:00'),
(33, 103, '2024-01-16 10:07:09', '0000-00-00', '0000-00-00 00:00:00'),
(33, 104, '2024-01-16 10:07:09', '0000-00-00', '0000-00-00 00:00:00'),
(33, 105, '2024-01-16 10:07:09', '0000-00-00', '0000-00-00 00:00:00'),
(33, 106, '2024-01-16 10:07:09', '0000-00-00', '0000-00-00 00:00:00'),
(34, 107, '2024-01-16 10:07:09', '0000-00-00', '0000-00-00 00:00:00'),
(34, 108, '2024-01-16 10:07:09', '0000-00-00', '0000-00-00 00:00:00'),
(34, 109, '2024-01-16 10:07:09', '0000-00-00', '0000-00-00 00:00:00'),
(34, 110, '2024-01-16 10:07:09', '0000-00-00', '0000-00-00 00:00:00'),
(35, 111, '2024-01-16 10:07:09', '0000-00-00', '0000-00-00 00:00:00'),
(35, 112, '2024-01-16 10:07:09', '0000-00-00', '0000-00-00 00:00:00'),
(35, 113, '2024-01-16 10:07:09', '0000-00-00', '0000-00-00 00:00:00'),
(36, 114, '2024-01-16 10:07:09', '0000-00-00', '0000-00-00 00:00:00'),
(36, 115, '2024-01-16 10:07:09', '0000-00-00', '0000-00-00 00:00:00'),
(36, 116, '2024-01-16 10:07:09', '0000-00-00', '0000-00-00 00:00:00'),
(36, 117, '2024-01-16 10:07:09', '0000-00-00', '0000-00-00 00:00:00'),
(36, 118, '2024-01-16 10:07:09', '0000-00-00', '0000-00-00 00:00:00'),
(36, 119, '2024-01-16 10:07:09', '0000-00-00', '0000-00-00 00:00:00'),
(36, 120, '2024-01-16 10:07:09', '0000-00-00', '0000-00-00 00:00:00'),
(37, 121, '2024-01-16 10:07:09', '0000-00-00', '0000-00-00 00:00:00'),
(37, 122, '2024-01-16 10:07:09', '2011-05-03', '0000-00-00 00:00:00'),
(37, 123, '2024-01-16 10:07:09', '0000-00-00', '0000-00-00 00:00:00'),
(37, 124, '2024-01-16 10:07:09', '0000-00-00', '0000-00-00 00:00:00'),
(37, 125, '2024-01-16 10:07:09', '0000-00-00', '0000-00-00 00:00:00'),
(37, 126, '2024-01-16 10:07:09', '2011-03-29', '0000-00-00 00:00:00'),
(37, 127, '2024-01-16 10:07:09', '0000-00-00', '0000-00-00 00:00:00'),
(37, 128, '2024-01-16 10:07:09', '0000-00-00', '0000-00-00 00:00:00'),
(37, 129, '2024-01-16 10:07:09', '0000-00-00', '0000-00-00 00:00:00'),
(37, 130, '2024-01-16 10:07:09', '0000-00-00', '0000-00-00 00:00:00'),
(37, 196, '2024-01-16 10:07:09', '2013-01-09', '0000-00-00 00:00:00'),
(38, 131, '2024-01-16 10:07:09', '0000-00-00', '0000-00-00 00:00:00'),
(38, 132, '2024-01-16 10:07:09', '0000-00-00', '0000-00-00 00:00:00'),
(38, 133, '2024-01-16 10:07:09', '0000-00-00', '0000-00-00 00:00:00'),
(38, 134, '2024-01-16 10:07:09', '0000-00-00', '0000-00-00 00:00:00'),
(38, 135, '2024-01-16 10:07:09', '0000-00-00', '0000-00-00 00:00:00'),
(38, 136, '2024-01-16 10:07:09', '0000-00-00', '0000-00-00 00:00:00'),
(38, 137, '2024-01-16 10:07:09', '0000-00-00', '0000-00-00 00:00:00'),
(39, 138, '2024-01-16 10:07:09', '0000-00-00', '0000-00-00 00:00:00'),
(39, 139, '2024-01-16 10:07:09', '0000-00-00', '0000-00-00 00:00:00'),
(39, 140, '2024-01-16 10:07:09', '0000-00-00', '0000-00-00 00:00:00'),
(39, 141, '2024-01-16 10:07:09', '2011-06-20', '0000-00-00 00:00:00'),
(39, 142, '2024-01-16 10:07:09', '0000-00-00', '0000-00-00 00:00:00'),
(39, 143, '2024-01-16 10:07:09', '0000-00-00', '0000-00-00 00:00:00'),
(40, 144, '2024-01-16 10:07:09', '0000-00-00', '0000-00-00 00:00:00'),
(40, 145, '2024-01-16 10:07:09', '0000-00-00', '0000-00-00 00:00:00'),
(40, 146, '2024-01-16 10:07:09', '0000-00-00', '0000-00-00 00:00:00'),
(40, 147, '2024-01-16 10:07:09', '0000-00-00', '0000-00-00 00:00:00'),
(40, 148, '2024-01-16 10:07:09', '0000-00-00', '0000-00-00 00:00:00'),
(40, 149, '2024-01-16 10:07:09', '0000-00-00', '0000-00-00 00:00:00'),
(40, 150, '2024-01-16 10:07:09', '0000-00-00', '0000-00-00 00:00:00'),
(41, 151, '2024-01-16 10:07:09', '0000-00-00', '0000-00-00 00:00:00'),
(41, 152, '2024-01-16 10:07:09', '0000-00-00', '0000-00-00 00:00:00'),
(41, 153, '2024-01-16 10:07:09', '0000-00-00', '0000-00-00 00:00:00'),
(41, 154, '2024-01-16 10:07:09', '0000-00-00', '0000-00-00 00:00:00'),
(41, 155, '2024-01-16 10:07:09', '0000-00-00', '0000-00-00 00:00:00');

-- --------------------------------------------------------

--
-- Structure de la table `elementcouverture`
--

CREATE TABLE `elementcouverture` (
  `id_elementcouverture` mediumint(8) UNSIGNED NOT NULL,
  `elementcouverture_code` varchar(10) NOT NULL DEFAULT '',
  `elementcouverture_libelle` varchar(250) NOT NULL DEFAULT '',
  `elementcouverture_description` mediumtext NOT NULL,
  `id_perimetrecouverture` mediumint(8) NOT NULL DEFAULT '0',
  `Typ_Iden` varchar(8) NOT NULL DEFAULT 'SPE',
  `date_debut` datetime NOT NULL,
  `date_modif` date NOT NULL,
  `date_fin` datetime NOT NULL DEFAULT '0000-00-00 00:00:00',
  `Affecte` binary(1) NOT NULL DEFAULT 't'
) ENGINE=InnoDB DEFAULT CHARSET=utf8;

--
-- Déchargement des données de la table `elementcouverture`
--

INSERT INTO `elementcouverture` (`id_elementcouverture`, `elementcouverture_code`, `elementcouverture_libelle`, `elementcouverture_description`, `id_perimetrecouverture`, `Typ_Iden`, `date_debut`, `date_modif`, `date_fin`, `Affecte`) VALUES
(1, '01A01', 'Organization of the management and piloting of general security', 'Organization of the management and piloting of general security', 0, 'STD', '2011-07-07 19:49:50', '0000-00-00', '0000-00-00 00:00:00', 0x74),
(2, '01A02', 'Organization of the management and piloting of Information Systems security', 'Organization of the management and piloting of Information Systems security', 0, 'STD', '2011-07-07 19:49:50', '0000-00-00', '0000-00-00 00:00:00', 0x74),
(3, '01A03', 'General reporting and incident management system', 'General reporting and incident management system', 0, 'STD', '2011-07-07 19:49:50', '0000-00-00', '0000-00-00 00:00:00', 0x74),
(4, '01A04', 'Organization of audits and audit plan', 'Organization of audits and audit plan', 0, 'STD', '2011-07-07 19:49:50', '0000-00-00', '0000-00-00 00:00:00', 0x74),
(5, '01A05', 'Crisis management related to information security', 'Crisis management related to information security', 0, 'STD', '2011-07-07 19:49:50', '0000-00-00', '0000-00-00 00:00:00', 0x74),
(6, '01B01', 'Obligations and responsibilities of personnel and management', 'Obligations and responsibilities of personnel and management', 0, 'STD', '2011-07-07 19:49:50', '0000-00-00', '0000-00-00 00:00:00', 0x74),
(7, '01B02', 'General directives related to information protection', 'General directives related to information protection', 0, 'STD', '2011-07-07 19:49:50', '0000-00-00', '0000-00-00 00:00:00', 0x74),
(8, '01B03', 'Classification of resources and assets', 'Classification of resources and assets', 0, 'STD', '2011-07-07 19:49:50', '0000-00-00', '0000-00-00 00:00:00', 0x74),
(9, '01B04', 'Management of resources and assets', 'Management of resources and assets', 0, 'STD', '2011-07-07 19:49:50', '0000-00-00', '0000-00-00 00:00:00', 0x74),
(10, '01C01', 'Staff involvement, contractual clauses', 'Staff involvement, contractual clauses', 0, 'STD', '2011-07-07 19:49:50', '0000-00-00', '0000-00-00 00:00:00', 0x74),
(11, '01C02', 'Management of strategic personnel', 'Management of strategic personnel', 0, 'STD', '2011-07-07 19:49:50', '0000-00-00', '0000-00-00 00:00:00', 0x74),
(12, '01C03', 'Staff screening procedure', 'Staff screening procedure', 0, 'STD', '2011-07-07 19:49:50', '0000-00-00', '0000-00-00 00:00:00', 0x74),
(13, '01C04', 'Awareness and training in security', 'Awareness and training in security', 0, 'STD', '2011-07-07 19:49:50', '0000-00-00', '0000-00-00 00:00:00', 0x74),
(14, '01C05', 'Management of third parties', 'Management of third parties', 0, 'STD', '2011-07-07 19:49:50', '0000-00-00', '0000-00-00 00:00:00', 0x74),
(15, '01C06', 'Staff registration', 'Staff registration', 0, 'STD', '2011-07-07 19:49:50', '0000-00-00', '0000-00-00 00:00:00', 0x74),
(16, '01D01', 'Insurance against material damage', 'Insurance against material damage', 0, 'STD', '2011-07-07 19:49:50', '0000-00-00', '0000-00-00 00:00:00', 0x74),
(17, '01D02', 'Insurance of non-material damages', 'Insurance of non-material damages', 0, 'STD', '2011-07-07 19:49:50', '0000-00-00', '0000-00-00 00:00:00', 0x74),
(18, '01D03', 'Personal Liability Insurance (PLI)', 'Personal Liability Insurance (PLI)', 0, 'STD', '2011-07-07 19:49:51', '0000-00-00', '0000-00-00 00:00:00', 0x74),
(19, '01D04', 'Insurance against loss of Key Personnel', 'Insurance against loss of Key Personnel', 0, 'STD', '2011-07-07 19:49:51', '0000-00-00', '0000-00-00 00:00:00', 0x74),
(20, '01E01', 'Assessment of business continuity requirements', 'Assessment of business continuity requirements', 0, 'STD', '2011-07-07 19:49:51', '0000-00-00', '0000-00-00 00:00:00', 0x74),
(21, '01E02', 'Business continuity plans', 'Business continuity plans', 0, 'STD', '2011-07-07 19:49:51', '0000-00-00', '0000-00-00 00:00:00', 0x74),
(22, '02A01', 'Management of access rights to the site or building ', 'Management of access rights to the site or building ', 0, 'STD', '2011-07-07 19:49:51', '0000-00-00', '0000-00-00 00:00:00', 0x74),
(23, '02A02', 'Management of access authorizations granted to the site or the building', 'Management of access authorizations granted to the site or the building', 0, 'STD', '2011-07-07 19:49:51', '0000-00-00', '0000-00-00 00:00:00', 0x74),
(24, '02A03', 'Access control to the site or the building', 'Access control to the site or the building', 0, 'STD', '2011-07-07 19:49:51', '0000-00-00', '0000-00-00 00:00:00', 0x74),
(25, '02A04', 'Intrusion detection to the site or the building', 'Intrusion detection to the site or the building', 0, 'STD', '2011-07-07 19:49:51', '0000-00-00', '0000-00-00 00:00:00', 0x74),
(26, '02A05', 'Access to loading and unloading areas', 'Access to loading and unloading areas', 0, 'STD', '2011-07-07 19:49:51', '0000-00-00', '0000-00-00 00:00:00', 0x74),
(27, '03A01', 'Quality of energy supply', 'Quality of energy supply', 0, 'STD', '2011-07-07 19:49:51', '0000-00-00', '0000-00-00 00:00:00', 0x74),
(28, '03A02', 'Continuity of energy supply', 'Continuity of energy supply', 0, 'STD', '2011-07-07 19:49:51', '0000-00-00', '0000-00-00 00:00:00', 0x74),
(29, '03A03', 'Air conditioning security', 'Air conditioning security', 0, 'STD', '2011-07-07 19:49:51', '0000-00-00', '0000-00-00 00:00:00', 0x74),
(30, '03A04', 'Quality of cabling', 'Quality of cabling', 0, 'STD', '2011-07-07 19:49:51', '0000-00-00', '0000-00-00 00:00:00', 0x74),
(31, '03A05', 'Lightning protection', 'Lightning protection', 0, 'STD', '2011-07-07 19:49:51', '0000-00-00', '0000-00-00 00:00:00', 0x74),
(32, '03B01', 'Access rights management to sensitive locations', 'Access rights management to sensitive locations', 0, 'STD', '2011-07-07 19:49:51', '0000-00-00', '0000-00-00 00:00:00', 0x74),
(33, '03B02', 'Management of access authorizations granted to sensitive locations', 'Management of access authorizations granted to sensitive locations', 0, 'STD', '2011-07-07 19:49:51', '0000-00-00', '0000-00-00 00:00:00', 0x74),
(34, '03B03', 'Access control to sensitive locations', 'Access control to sensitive locations', 0, 'STD', '2011-07-07 19:49:51', '0000-00-00', '0000-00-00 00:00:00', 0x74),
(35, '03B04', 'Intruder detection in sensitive locations', 'Intruder detection in sensitive locations', 0, 'STD', '2011-07-07 19:49:51', '0000-00-00', '0000-00-00 00:00:00', 0x74),
(36, '03B05', 'Perimeter monitoring (surveillance of entry points and surroundings of sensitive locations)', 'Perimeter monitoring (surveillance of entry points and surroundings of sensitive locations)', 0, 'STD', '2011-07-07 19:49:51', '0000-00-00', '0000-00-00 00:00:00', 0x74),
(37, '03B06', 'Surveillance of sensitive locations', 'Surveillance of sensitive locations', 0, 'STD', '2011-07-07 19:49:51', '0000-00-00', '0000-00-00 00:00:00', 0x74),
(38, '03B07', 'Cabling access control', 'Cabling access control', 0, 'STD', '2011-07-07 19:49:51', '0000-00-00', '0000-00-00 00:00:00', 0x74),
(39, '03B08', 'Sensitive locations sitting', 'Sensitive locations sitting', 0, 'STD', '2011-07-07 19:49:51', '0000-00-00', '0000-00-00 00:00:00', 0x74),
(40, '03C01', 'Prevention of risk of water damage', 'Prevention of risk of water damage', 0, 'STD', '2011-07-07 19:49:51', '0000-00-00', '0000-00-00 00:00:00', 0x74),
(41, '03C02', 'Detection of water damage', 'Detection of water damage', 0, 'STD', '2011-07-07 19:49:51', '0000-00-00', '0000-00-00 00:00:00', 0x74),
(42, '03C03', 'Water evacuation', 'Water evacuation', 0, 'STD', '2011-07-07 19:49:51', '0000-00-00', '0000-00-00 00:00:00', 0x74),
(43, '03D01', 'Fire risk prevention', 'Fire risk prevention', 0, 'STD', '2011-07-07 19:49:51', '0000-00-00', '0000-00-00 00:00:00', 0x74),
(44, '03D02', 'Fire detection', 'Fire detection', 0, 'STD', '2011-07-07 19:49:51', '0000-00-00', '0000-00-00 00:00:00', 0x74),
(45, '03D03', 'Fire extinguishing', 'Fire extinguishing', 0, 'STD', '2011-07-07 19:49:51', '0000-00-00', '0000-00-00 00:00:00', 0x74),
(46, '03E01', 'Protection against various environmental risks', 'Protection against various environmental risks', 0, 'STD', '2011-07-07 19:49:51', '0000-00-00', '0000-00-00 00:00:00', 0x74),
(47, '04A01', 'Functional security of the extended network architecture components', 'Functional security of the extended network architecture components', 0, 'STD', '2011-07-07 19:49:51', '0000-00-00', '0000-00-00 00:00:00', 0x74),
(48, '04A02', 'Remote management of the extended network', 'Remote management of the extended network', 0, 'STD', '2011-07-07 19:49:51', '0000-00-00', '0000-00-00 00:00:00', 0x74),
(49, '04A03', 'Management of extended network equipment maintenance', 'Management of extended network equipment maintenance', 0, 'STD', '2011-07-07 19:49:51', '0000-00-00', '0000-00-00 00:00:00', 0x74),
(50, '04A04', 'Procedures and recovery Planning following incidents on the extended network', 'Procedures and recovery Planning following incidents on the extended network', 0, 'STD', '2011-07-07 19:49:51', '0000-00-00', '0000-00-00 00:00:00', 0x74),
(51, '04A05', 'Backup plan of extended network configurations', 'Backup plan of extended network configurations', 0, 'STD', '2011-07-07 19:49:51', '0000-00-00', '0000-00-00 00:00:00', 0x74),
(52, '04A06', 'Application data backup plan (network or telecom applications e.g. audit trail or telephone billing) ', 'Application data backup plan (network or telecom applications e.g. audit trail or telephone billing) ', 0, 'STD', '2011-07-07 19:49:51', '0000-00-00', '0000-00-00 00:00:00', 0x74),
(53, '04A07', 'Disaster Recovery Planning (DRP) of the Extended Network', 'Disaster Recovery Planning (DRP) of the Extended Network', 0, 'STD', '2011-07-07 19:49:51', '0000-00-00', '0000-00-00 00:00:00', 0x74),
(54, '04A08', 'Management of critical suppliers as regards a permanent maintenance service', 'Management of critical suppliers as regards a permanent maintenance service', 0, 'STD', '2011-07-07 19:49:51', '0000-00-00', '0000-00-00 00:00:00', 0x74),
(55, '04B01', 'Security profiles for entities connected to the extended network', 'Security profiles for entities connected to the extended network', 0, 'STD', '2011-07-07 19:49:51', '0000-00-00', '0000-00-00 00:00:00', 0x74),
(56, '04B02', 'Authentication of the entity for an incoming access from the extended network', 'Authentication of the entity for an incoming access from the extended network', 0, 'STD', '2011-07-07 19:49:51', '0000-00-00', '0000-00-00 00:00:00', 0x74),
(57, '04B03', 'Authentication of the entity accessed for an outgoing access across the extended network', 'Authentication of the entity accessed for an outgoing access across the extended network', 0, 'STD', '2011-07-07 19:49:51', '0000-00-00', '0000-00-00 00:00:00', 0x74),
(58, '04C01', 'Encryption of exchanges on the extended network', 'Encryption of exchanges on the extended network', 0, 'STD', '2011-07-07 19:49:51', '0000-00-00', '0000-00-00 00:00:00', 0x74),
(59, '04C02', 'Integrity control of exchanges on the extended network', 'Integrity control of exchanges on the extended network', 0, 'STD', '2011-07-07 19:49:51', '0000-00-00', '0000-00-00 00:00:00', 0x74),
(60, '04D01', 'Real-time monitoring of the extended network', 'Real-time monitoring of the extended network', 0, 'STD', '2011-07-07 19:49:51', '0000-00-00', '0000-00-00 00:00:00', 0x74),
(61, '04D02', 'Offline analysis of traces, log files and event journals on the extended network ', 'Offline analysis of traces, log files and event journals on the extended network ', 0, 'STD', '2011-07-07 19:49:51', '0000-00-00', '0000-00-00 00:00:00', 0x74),
(62, '04D03', 'Management of incidents on the extended network', 'Management of incidents on the extended network', 0, 'STD', '2011-07-07 19:49:51', '0000-00-00', '0000-00-00 00:00:00', 0x74),
(63, '05A01', 'Partitioning of the local area network into security domains ', 'Partitioning of the local area network into security domains ', 0, 'STD', '2011-07-07 19:49:51', '0000-00-00', '0000-00-00 00:00:00', 0x74),
(64, '05A02', 'Security of the functioning of the local area network architecture', 'Security of the functioning of the local area network architecture', 0, 'STD', '2011-07-07 19:49:51', '0000-00-00', '0000-00-00 00:00:00', 0x74),
(65, '05A03', 'Remote operation of the local area network', 'Remote operation of the local area network', 0, 'STD', '2011-07-07 19:49:51', '0000-00-00', '0000-00-00 00:00:00', 0x74),
(66, '05A04', 'Organization of the maintenance of local area network equipment ', 'Organization of the maintenance of local area network equipment ', 0, 'STD', '2011-07-07 19:49:51', '0000-00-00', '0000-00-00 00:00:00', 0x74),
(67, '05A05', 'Procedures and Recovery Plans following incidents on the local area network', 'Procedures and Recovery Plans following incidents on the local area network', 0, 'STD', '2011-07-07 19:49:51', '0000-00-00', '0000-00-00 00:00:00', 0x74),
(68, '05A06', 'Save and Restore plans of local area network configurations', 'Save and Restore plans of local area network configurations', 0, 'STD', '2011-07-07 19:49:51', '0000-00-00', '0000-00-00 00:00:00', 0x74),
(69, '05A07', 'Backup plan of application data (network or telecom applications e.g. audit trail or telephone billing) ', 'Backup plan of application data (network or telecom applications e.g. audit trail or telephone billing) ', 0, 'STD', '2011-07-07 19:49:51', '0000-00-00', '0000-00-00 00:00:00', 0x74),
(70, '05A08', 'Disaster Recovery Plan (DRP) of the local area network', 'Disaster Recovery Plan (DRP) of the local area network', 0, 'STD', '2011-07-07 19:49:51', '0000-00-00', '0000-00-00 00:00:00', 0x74),
(71, '05A09', 'Management of critical suppliers as regards a permanent maintenance service', 'Management of critical suppliers as regards a permanent maintenance service', 0, 'STD', '2011-07-07 19:49:51', '0000-00-00', '0000-00-00 00:00:00', 0x74),
(72, '05B01', 'Management of access profiles on the local area network', 'Management of access profiles on the local area network', 0, 'STD', '2011-07-07 19:49:51', '0000-00-00', '0000-00-00 00:00:00', 0x74),
(73, '05B02', 'Management of privileges and access authorizations (granting, delegation, revocation)', 'Management of privileges and access authorizations (granting, delegation, revocation)', 0, 'STD', '2011-07-07 19:49:51', '0000-00-00', '0000-00-00 00:00:00', 0x74),
(74, '05B03', 'User authentication for access requests to the local area network from an internal access point', 'User authentication for access requests to the local area network from an internal access point', 0, 'STD', '2011-07-07 19:49:51', '0000-00-00', '0000-00-00 00:00:00', 0x74),
(75, '05B04', 'User authentication before access to the local area network from a remote site via the extended network', 'User authentication before access to the local area network from a remote site via the extended network', 0, 'STD', '2011-07-07 19:49:51', '0000-00-00', '0000-00-00 00:00:00', 0x74),
(76, '05B05', 'User authentication for outside access to the local area network', 'User authentication for outside access to the local area network', 0, 'STD', '2011-07-07 19:49:51', '0000-00-00', '0000-00-00 00:00:00', 0x74),
(77, '05B06', 'User authentication for access requests to the local area network from a WiFi sub-network', 'User authentication for access requests to the local area network from a WiFi sub-network', 0, 'STD', '2011-07-07 19:49:51', '0000-00-00', '0000-00-00 00:00:00', 0x74),
(78, '05B07', 'General filtering of access to the local area network', 'General filtering of access to the local area network', 0, 'STD', '2011-07-07 19:49:51', '0000-00-00', '0000-00-00 00:00:00', 0x74),
(79, '05B08', 'Routing control of outgoing access', 'Routing control of outgoing access', 0, 'STD', '2011-07-07 19:49:51', '0000-00-00', '0000-00-00 00:00:00', 0x74),
(80, '05B09', 'Authentication of the external entity accessed for outgoing access to sensitive sites', 'Authentication of the external entity accessed for outgoing access to sensitive sites', 0, 'STD', '2011-07-07 19:49:51', '0000-00-00', '0000-00-00 00:00:00', 0x74),
(81, '05C01', 'Encryption of exchanges on the local area network', 'Encryption of exchanges on the local area network', 0, 'STD', '2011-07-07 19:49:51', '0000-00-00', '0000-00-00 00:00:00', 0x74),
(82, '05C02', 'Integrity control of exchanges on the local area network', 'Integrity control of exchanges on the local area network', 0, 'STD', '2011-07-07 19:49:51', '0000-00-00', '0000-00-00 00:00:00', 0x74),
(83, '05C03', 'Encryption of exchanges in the case of remote access to the local area network', 'Encryption of exchanges in the case of remote access to the local area network', 0, 'STD', '2011-07-07 19:49:51', '0000-00-00', '0000-00-00 00:00:00', 0x74),
(84, '05C04', 'Protection of the integrity of exchanges in the case of remote access to the local area network', 'Protection of the integrity of exchanges in the case of remote access to the local area network', 0, 'STD', '2011-07-07 19:49:51', '0000-00-00', '0000-00-00 00:00:00', 0x74),
(85, '05D01', 'Real-time monitoring of the local area network ', 'Real-time monitoring of the local area network ', 0, 'STD', '2011-07-07 19:49:52', '0000-00-00', '0000-00-00 00:00:00', 0x74),
(86, '05D02', 'Offline analysis of traces, log files and event journals on the local area network ', 'Offline analysis of traces, log files and event journals on the local area network ', 0, 'STD', '2011-07-07 19:49:52', '0000-00-00', '0000-00-00 00:00:00', 0x74),
(87, '05D03', 'Management of incidents on the local area network', 'Management of incidents on the local area network', 0, 'STD', '2011-07-07 19:49:52', '0000-00-00', '0000-00-00 00:00:00', 0x74),
(88, '06A01', 'Security in the relationship with operational personnel (employees and service providers)', 'Security in the relationship with operational personnel (employees and service providers)', 0, 'STD', '2011-07-07 19:49:52', '0000-00-00', '0000-00-00 00:00:00', 0x74),
(89, '06A02', 'Control of the implementation or upgrade of software or hardware ', 'Control of the implementation or upgrade of software or hardware ', 0, 'STD', '2011-07-07 19:49:52', '0000-00-00', '0000-00-00 00:00:00', 0x74),
(90, '06A03', 'Control of maintenance operations ', 'Control of maintenance operations ', 0, 'STD', '2011-07-07 19:49:52', '0000-00-00', '0000-00-00 00:00:00', 0x74),
(91, '06A04', 'Control of Remote Maintenance ', 'Control of Remote Maintenance ', 0, 'STD', '2011-07-07 19:49:52', '0000-00-00', '0000-00-00 00:00:00', 0x74),
(92, '06A05', 'Management of network operational procedures', 'Management of network operational procedures', 0, 'STD', '2011-07-07 19:49:52', '0000-00-00', '0000-00-00 00:00:00', 0x74),
(93, '06A06', 'Management of network services\' providers', 'Management of network services\' providers', 0, 'STD', '2011-07-07 19:49:52', '0000-00-00', '0000-00-00 00:00:00', 0x74),
(94, '06A07', 'Confidentiality consideration relative to maintenance operations on network equipments ', 'Confidentiality consideration relative to maintenance operations on network equipments ', 0, 'STD', '2011-07-07 19:49:52', '0000-00-00', '0000-00-00 00:00:00', 0x74),
(95, '06A08', 'Handling of service providers\' contracts', 'Handling of service providers\' contracts', 0, 'STD', '2011-07-07 19:49:52', '0000-00-00', '0000-00-00 00:00:00', 0x74),
(96, '06B01', 'Network equipment customizing and compliance control of configurations', 'Network equipment customizing and compliance control of configurations', 0, 'STD', '2011-07-07 19:49:52', '0000-00-00', '0000-00-00 00:00:00', 0x74),
(97, '06B02', 'Compliance control of user configurations ', 'Compliance control of user configurations ', 0, 'STD', '2011-07-07 19:49:52', '0000-00-00', '0000-00-00 00:00:00', 0x74),
(98, '06C01', 'Control of special access rights to network equipment ', 'Control of special access rights to network equipment ', 0, 'STD', '2011-07-07 19:49:52', '0000-00-00', '0000-00-00 00:00:00', 0x74),
(99, '06C02', 'Authentication of administrators and operational personnel  ', 'Authentication of administrators and operational personnel  ', 0, 'STD', '2011-07-07 19:49:52', '0000-00-00', '0000-00-00 00:00:00', 0x74),
(100, '06C03', 'Surveillance of administrative actions on the network', 'Surveillance of administrative actions on the network', 0, 'STD', '2011-07-07 19:49:52', '0000-00-00', '0000-00-00 00:00:00', 0x74),
(101, '06C04', 'Control of operational tools and utilities ', 'Control of operational tools and utilities ', 0, 'STD', '2011-07-07 19:49:52', '0000-00-00', '0000-00-00 00:00:00', 0x74),
(102, '06D01', 'Network audit controls', 'Network audit controls', 0, 'STD', '2011-07-07 19:49:52', '0000-00-00', '0000-00-00 00:00:00', 0x74),
(103, '06D02', 'Protection of network audit tools and results', 'Protection of network audit tools and results', 0, 'STD', '2011-07-07 19:49:52', '0000-00-00', '0000-00-00 00:00:00', 0x74),
(104, '07A01', 'Management of access profiles (rights and privileges granted by functional profile) ', 'Management of access profiles (rights and privileges granted by functional profile) ', 0, 'STD', '2011-07-07 19:49:52', '0000-00-00', '0000-00-00 00:00:00', 0x74),
(105, '07A02', 'Management of access authorization and privileges (granting, delegation, revocation)', 'Management of access authorization and privileges (granting, delegation, revocation)', 0, 'STD', '2011-07-07 19:49:52', '0000-00-00', '0000-00-00 00:00:00', 0x74),
(106, '07A03', 'Authentication of the access requestor', 'Authentication of the access requestor', 0, 'STD', '2011-07-07 19:49:52', '0000-00-00', '0000-00-00 00:00:00', 0x74),
(107, '07A04', 'Access filtering and management of associations ', 'Access filtering and management of associations ', 0, 'STD', '2011-07-07 19:49:52', '0000-00-00', '0000-00-00 00:00:00', 0x74),
(108, '07B01', 'Control of access to residual data', 'Control of access to residual data', 0, 'STD', '2011-07-07 19:49:52', '0000-00-00', '0000-00-00 00:00:00', 0x74),
(109, '07C01', 'Recording access to sensitive resources ', 'Recording access to sensitive resources ', 0, 'STD', '2011-07-07 19:49:52', '0000-00-00', '0000-00-00 00:00:00', 0x74),
(110, '07C02', 'Recording privileged system calls ', 'Recording privileged system calls ', 0, 'STD', '2011-07-07 19:49:52', '0000-00-00', '0000-00-00 00:00:00', 0x74),
(111, '07D01', 'Service continuity of the architecture and of its components', 'Service continuity of the architecture and of its components', 0, 'STD', '2011-07-07 19:49:52', '0000-00-00', '0000-00-00 00:00:00', 0x74),
(112, '07D02', 'Sensitive system isolation', 'Sensitive system isolation', 0, 'STD', '2011-07-07 19:49:52', '0000-00-00', '0000-00-00 00:00:00', 0x74),
(113, '08A01', 'Consideration of security in relations with operational personnel (permanent and temporary staff)', 'Consideration of security in relations with operational personnel (permanent and temporary staff)', 0, 'STD', '2011-07-07 19:49:52', '0000-00-00', '0000-00-00 00:00:00', 0x74),
(114, '08A02', 'Control of operational tools and utilities ', 'Control of operational tools and utilities ', 0, 'STD', '2011-07-07 19:49:52', '0000-00-00', '0000-00-00 00:00:00', 0x74),
(115, '08A03', 'Remote operations management', 'Remote operations management', 0, 'STD', '2011-07-07 19:49:52', '0000-00-00', '0000-00-00 00:00:00', 0x74),
(116, '08A04', 'Acceptance control of systems introduction or modification', 'Acceptance control of systems introduction or modification', 0, 'STD', '2011-07-07 19:49:52', '0000-00-00', '0000-00-00 00:00:00', 0x74),
(117, '08A05', 'Control of maintenance operations', 'Control of maintenance operations', 0, 'STD', '2011-07-07 19:49:52', '0000-00-00', '0000-00-00 00:00:00', 0x74),
(118, '08A06', 'Confidentiality considerations during maintenance of the production systems', 'Confidentiality considerations during maintenance of the production systems', 0, 'STD', '2011-07-07 19:49:52', '0000-00-00', '0000-00-00 00:00:00', 0x74),
(119, '08A07', 'Control of remote maintenance', 'Control of remote maintenance', 0, 'STD', '2011-07-07 19:49:52', '0000-00-00', '0000-00-00 00:00:00', 0x74),
(120, '08A08', 'Distribution of sensitive printed documents ', 'Distribution of sensitive printed documents ', 0, 'STD', '2011-07-07 19:49:52', '0000-00-00', '0000-00-00 00:00:00', 0x74),
(121, '08A09', 'Monitoring of systems\'  procedures for IT operations', 'Monitoring of systems\'  procedures for IT operations', 0, 'STD', '2011-07-07 19:49:52', '0000-00-00', '0000-00-00 00:00:00', 0x74),
(122, '08A10', 'Monitoring of service providers for IT operations', 'Monitoring of service providers for IT operations', 0, 'STD', '2011-07-07 19:49:52', '0000-00-00', '0000-00-00 00:00:00', 0x74),
(123, '08B01', 'Conformity control of systems parameters and configurations ', 'Conformity control of systems parameters and configurations ', 0, 'STD', '2011-07-07 19:49:52', '0000-00-00', '0000-00-00 00:00:00', 0x74),
(124, '08B02', 'Conformity control of operational software configurations (including packages)', 'Conformity control of operational software configurations (including packages)', 0, 'STD', '2011-07-07 19:49:52', '0000-00-00', '0000-00-00 00:00:00', 0x74),
(125, '08B03', 'Conformity control of reference programs (source code and executables) ', 'Conformity control of reference programs (source code and executables) ', 0, 'STD', '2011-07-07 19:49:52', '0000-00-00', '0000-00-00 00:00:00', 0x74),
(126, '08B04', 'Conformity control of user configurations ', 'Conformity control of user configurations ', 0, 'STD', '2011-07-07 19:49:52', '0000-00-00', '0000-00-00 00:00:00', 0x74),
(127, '08B05', 'Control of software licenses ', 'Control of software licenses ', 0, 'STD', '2011-07-07 19:49:52', '0000-00-00', '0000-00-00 00:00:00', 0x74),
(128, '08C01', 'Management of storage media', 'Management of storage media', 0, 'STD', '2011-07-07 19:49:52', '0000-00-00', '0000-00-00 00:00:00', 0x74),
(129, '08C02', 'Labeling of storage media (live, backups and archives)', 'Labeling of storage media (live, backups and archives)', 0, 'STD', '2011-07-07 19:49:52', '0000-00-00', '0000-00-00 00:00:00', 0x74),
(130, '08C03', 'Physical security of media kept on site', 'Physical security of media kept on site', 0, 'STD', '2011-07-07 19:49:52', '0000-00-00', '0000-00-00 00:00:00', 0x74),
(131, '08C04', 'Physical security of storage media kept outside the production site', 'Physical security of storage media kept outside the production site', 0, 'STD', '2011-07-07 19:49:52', '0000-00-00', '0000-00-00 00:00:00', 0x74),
(132, '08C05', 'Verification and turnover of archive storage media ', 'Verification and turnover of archive storage media ', 0, 'STD', '2011-07-07 19:49:52', '0000-00-00', '0000-00-00 00:00:00', 0x74),
(133, '08C06', 'Security of storage area networks (SAN, NAS,…)', 'Security of storage area networks (SAN, NAS,…)', 0, 'STD', '2011-07-07 19:49:52', '0000-00-00', '0000-00-00 00:00:00', 0x74),
(134, '08C07', 'Physical security of  media during transportation', 'Physical security of  media during transportation', 0, 'STD', '2011-07-07 19:49:52', '0000-00-00', '0000-00-00 00:00:00', 0x74),
(135, '08D01', 'Organization of hardware maintenance', 'Organization of hardware maintenance', 0, 'STD', '2011-07-07 19:49:52', '0000-00-00', '0000-00-00 00:00:00', 0x74),
(136, '08D02', 'Organization of software maintenance (system, middleware and applications) ', 'Organization of software maintenance (system, middleware and applications) ', 0, 'STD', '2011-07-07 19:49:52', '0000-00-00', '0000-00-00 00:00:00', 0x74),
(137, '08D03', 'Procedures and recovery plans for Applications (following incidents)', 'Procedures and recovery plans for Applications (following incidents)', 0, 'STD', '2011-07-07 19:49:52', '0000-00-00', '0000-00-00 00:00:00', 0x74),
(138, '08D04', 'Backup of system software and applications ', 'Backup of system software and applications ', 0, 'STD', '2011-07-07 19:49:52', '0000-00-00', '0000-00-00 00:00:00', 0x74),
(139, '08D05', 'Backup of application data ', 'Backup of application data ', 0, 'STD', '2011-07-07 19:49:52', '0000-00-00', '0000-00-00 00:00:00', 0x74),
(140, '08D06', 'Disaster Recovery Plans', 'Disaster Recovery Plans', 0, 'STD', '2011-07-07 19:49:52', '0000-00-00', '0000-00-00 00:00:00', 0x74),
(141, '08D07', 'Anti virus protection for production servers', 'Anti virus protection for production servers', 0, 'STD', '2011-07-07 19:49:52', '0000-00-00', '0000-00-00 00:00:00', 0x74),
(142, '08D08', 'Management of critical systems (regarding maintenance continuity) ', 'Management of critical systems (regarding maintenance continuity) ', 0, 'STD', '2011-07-07 19:49:52', '0000-00-00', '0000-00-00 00:00:00', 0x74),
(143, '08D09', 'Off site emergency backups ', 'Off site emergency backups ', 0, 'STD', '2011-07-07 19:49:52', '0000-00-00', '0000-00-00 00:00:00', 0x74),
(144, '08E01', 'Online detection and treatment of abnormal events and incidents', 'Online detection and treatment of abnormal events and incidents', 0, 'STD', '2011-07-07 19:49:52', '0000-00-00', '0000-00-00 00:00:00', 0x74),
(145, '08E02', 'Offline management of traces, logs and event journals', 'Offline management of traces, logs and event journals', 0, 'STD', '2011-07-07 19:49:52', '0000-00-00', '0000-00-00 00:00:00', 0x74),
(146, '08E03', 'Management of system and application incidents', 'Management of system and application incidents', 0, 'STD', '2011-07-07 19:49:52', '0000-00-00', '0000-00-00 00:00:00', 0x74),
(147, '08F01', 'Control of administrative access rights granted on systems', 'Control of administrative access rights granted on systems', 0, 'STD', '2011-07-07 19:49:52', '0000-00-00', '0000-00-00 00:00:00', 0x74),
(148, '08F02', 'Authentication of administrators and operational personnel  ', 'Authentication of administrators and operational personnel  ', 0, 'STD', '2011-07-07 19:49:52', '0000-00-00', '0000-00-00 00:00:00', 0x74),
(149, '08F03', 'Monitoring of system administrators\' actions', 'Monitoring of system administrators\' actions', 0, 'STD', '2011-07-07 19:49:52', '0000-00-00', '0000-00-00 00:00:00', 0x74),
(150, '08G01', 'Information systems audit controls', 'Information systems audit controls', 0, 'STD', '2011-07-07 19:49:52', '0000-00-00', '0000-00-00 00:00:00', 0x74),
(151, '08G02', 'Protection of Information systems audit tools and results', 'Protection of Information systems audit tools and results', 0, 'STD', '2011-07-07 19:49:52', '0000-00-00', '0000-00-00 00:00:00', 0x74),
(152, '09A01', 'Management of application data access profiles ', 'Management of application data access profiles ', 0, 'STD', '2011-07-07 19:49:52', '0000-00-00', '0000-00-00 00:00:00', 0x74),
(153, '09A02', 'Management of access authorizations to application data (granting, delegation, revocation) ', 'Management of access authorizations to application data (granting, delegation, revocation) ', 0, 'STD', '2011-07-07 19:49:52', '0000-00-00', '0000-00-00 00:00:00', 0x74),
(154, '09A03', 'Authentication of the access requestor', 'Authentication of the access requestor', 0, 'STD', '2011-07-07 19:49:52', '0000-00-00', '0000-00-00 00:00:00', 0x74),
(155, '09A04', 'Access filtering and management of associations ', 'Access filtering and management of associations ', 0, 'STD', '2011-07-07 19:49:52', '0000-00-00', '0000-00-00 00:00:00', 0x74),
(156, '09B01', 'Sealing of sensitive data ', 'Sealing of sensitive data ', 0, 'STD', '2011-07-07 19:49:52', '0000-00-00', '0000-00-00 00:00:00', 0x74),
(157, '09B02', 'Protection of integrity of exchanged data ', 'Protection of integrity of exchanged data ', 0, 'STD', '2011-07-07 19:49:52', '0000-00-00', '0000-00-00 00:00:00', 0x74),
(158, '09B03', 'Control of data entry ', 'Control of data entry ', 0, 'STD', '2011-07-07 19:49:52', '0000-00-00', '0000-00-00 00:00:00', 0x74),
(159, '09B04', 'Permanent checks (accuracy, etc) ', 'Permanent checks (accuracy, etc) ', 0, 'STD', '2011-07-07 19:49:52', '0000-00-00', '0000-00-00 00:00:00', 0x74),
(160, '09C01', 'Encryption of data exchanges (global or selective)', 'Encryption of data exchanges (global or selective)', 0, 'STD', '2011-07-07 19:49:53', '0000-00-00', '0000-00-00 00:00:00', 0x74),
(161, '09C02', 'Encryption of stored data ', 'Encryption of stored data ', 0, 'STD', '2011-07-07 19:49:53', '0000-00-00', '0000-00-00 00:00:00', 0x74),
(162, '09C03', 'Anti-radiation protection', 'Anti-radiation protection', 0, 'STD', '2011-07-07 19:49:53', '0000-00-00', '0000-00-00 00:00:00', 0x74),
(163, '09D01', 'Very high security recording', 'Very high security recording', 0, 'STD', '2011-07-07 19:49:53', '0000-00-00', '0000-00-00 00:00:00', 0x74),
(164, '09D02', 'Data reconstitution ', 'Data reconstitution ', 0, 'STD', '2011-07-07 19:49:53', '0000-00-00', '0000-00-00 00:00:00', 0x74),
(165, '09D03', 'Reconstitution of operations and treatments', 'Reconstitution of operations and treatments', 0, 'STD', '2011-07-07 19:49:53', '0000-00-00', '0000-00-00 00:00:00', 0x74),
(166, '09D04', 'Organization of the archiving policy', 'Organization of the archiving policy', 0, 'STD', '2011-07-07 19:49:53', '0000-00-00', '0000-00-00 00:00:00', 0x74),
(167, '09E01', 'Hardware reconfiguration', 'Hardware reconfiguration', 0, 'STD', '2011-07-07 19:49:53', '0000-00-00', '0000-00-00 00:00:00', 0x74),
(168, '09E02', 'User service continuity plans (application level)', 'User service continuity plans (application level)', 0, 'STD', '2011-07-07 19:49:53', '0000-00-00', '0000-00-00 00:00:00', 0x74),
(169, '09E03', 'Management of critical applications (with regard to maintenance continuity)', 'Management of critical applications (with regard to maintenance continuity)', 0, 'STD', '2011-07-07 19:49:53', '0000-00-00', '0000-00-00 00:00:00', 0x74),
(170, '09E04', 'Reconstitution of operational programs', 'Reconstitution of operational programs', 0, 'STD', '2011-07-07 19:49:53', '0000-00-00', '0000-00-00 00:00:00', 0x74),
(171, '09F01', 'Proof of origin, electronic signature ', 'Proof of origin, electronic signature ', 0, 'STD', '2011-07-07 19:49:53', '0000-00-00', '0000-00-00 00:00:00', 0x74),
(172, '09F02', 'Prevention of message duplication and replay (numbering, sequencing) ', 'Prevention of message duplication and replay (numbering, sequencing) ', 0, 'STD', '2011-07-07 19:49:53', '0000-00-00', '0000-00-00 00:00:00', 0x74),
(173, '09F03', 'Acknowledgements of receipt', 'Acknowledgements of receipt', 0, 'STD', '2011-07-07 19:49:53', '0000-00-00', '0000-00-00 00:00:00', 0x74),
(174, '09G01', 'Detection of application anomalies', 'Detection of application anomalies', 0, 'STD', '2011-07-07 19:49:53', '0000-00-00', '0000-00-00 00:00:00', 0x74),
(175, '09H01', 'Electronic commerce systems security', 'Electronic commerce systems security', 0, 'STD', '2011-07-07 19:49:53', '0000-00-00', '0000-00-00 00:00:00', 0x74),
(176, '10A01', 'Consideration of security in projects and developments', 'Consideration of security in projects and developments', 0, 'STD', '2011-07-07 19:49:53', '0000-00-00', '0000-00-00 00:00:00', 0x74),
(177, '10A02', 'Change management', 'Change management', 0, 'STD', '2011-07-07 19:49:53', '0000-00-00', '0000-00-00 00:00:00', 0x74),
(178, '10A03', 'Outsourcing of software development ', 'Outsourcing of software development ', 0, 'STD', '2011-07-07 19:49:53', '0000-00-00', '0000-00-00 00:00:00', 0x74),
(179, '10A04', 'Organization of application maintenance ', 'Organization of application maintenance ', 0, 'STD', '2011-07-07 19:49:53', '0000-00-00', '0000-00-00 00:00:00', 0x74),
(180, '10A05', 'Modifications of software packages', 'Modifications of software packages', 0, 'STD', '2011-07-07 19:49:53', '0000-00-00', '0000-00-00 00:00:00', 0x74),
(181, '10B01', 'Security of application development procedures', 'Security of application development procedures', 0, 'STD', '2011-07-07 19:49:53', '0000-00-00', '0000-00-00 00:00:00', 0x74),
(182, '10B02', 'Ensuring confidentiality in  application developments', 'Ensuring confidentiality in  application developments', 0, 'STD', '2011-07-07 19:49:53', '0000-00-00', '0000-00-00 00:00:00', 0x74),
(183, '10B03', 'Control of application treatments relative to errors', 'Control of application treatments relative to errors', 0, 'STD', '2011-07-07 19:49:53', '0000-00-00', '0000-00-00 00:00:00', 0x74),
(184, '10B04', 'Protection of data used for tests', 'Protection of data used for tests', 0, 'STD', '2011-07-07 19:49:53', '0000-00-00', '0000-00-00 00:00:00', 0x74),
(185, '10B05', 'Security of application maintenance procedures', 'Security of application maintenance procedures', 0, 'STD', '2011-07-07 19:49:53', '0000-00-00', '0000-00-00 00:00:00', 0x74),
(186, '10B06', 'Hot Maintenance', 'Hot Maintenance', 0, 'STD', '2011-07-07 19:49:53', '0000-00-00', '0000-00-00 00:00:00', 0x74),
(187, '11A01', 'Partitioning of office areas into security domains ', 'Partitioning of office areas into security domains ', 0, 'STD', '2011-07-07 19:49:53', '0000-00-00', '0000-00-00 00:00:00', 0x74),
(188, '11A02', 'Management of access authorizations to protected office areas ', 'Management of access authorizations to protected office areas ', 0, 'STD', '2011-07-07 19:49:53', '0000-00-00', '0000-00-00 00:00:00', 0x74),
(189, '11A03', 'Detection of intrusions into protected office areas ', 'Detection of intrusions into protected office areas ', 0, 'STD', '2011-07-07 19:49:53', '0000-00-00', '0000-00-00 00:00:00', 0x74),
(190, '11A04', 'Monitoring of protected office areas ', 'Monitoring of protected office areas ', 0, 'STD', '2011-07-07 19:49:53', '0000-00-00', '0000-00-00 00:00:00', 0x74),
(191, '11A05', 'Control of movement of visitors and occasional service providers required to work in the offices', 'Control of movement of visitors and occasional service providers required to work in the offices', 0, 'STD', '2011-07-07 19:49:53', '0000-00-00', '0000-00-00 00:00:00', 0x74),
(192, '11B01', 'Conservation and protection of original documents and archived elements relating to company history.', 'Conservation and protection of original documents and archived elements relating to company history.', 0, 'STD', '2011-07-07 19:49:53', '0000-00-00', '0000-00-00 00:00:00', 0x74),
(193, '11B02', 'Tidy office policy within office spaces, protection of documents and removable support media', 'Tidy office policy within office spaces, protection of documents and removable support media', 0, 'STD', '2011-07-07 19:49:53', '0000-00-00', '0000-00-00 00:00:00', 0x74),
(194, '11B03', 'Paper-bin collection and destruction of documents ', 'Paper-bin collection and destruction of documents ', 0, 'STD', '2011-07-07 19:49:53', '0000-00-00', '0000-00-00 00:00:00', 0x74),
(195, '11B04', 'Security of mail ', 'Security of mail ', 0, 'STD', '2011-07-07 19:49:53', '0000-00-00', '0000-00-00 00:00:00', 0x74),
(196, '11B05', 'Security of faxes ', 'Security of faxes ', 0, 'STD', '2011-07-07 19:49:53', '0000-00-00', '0000-00-00 00:00:00', 0x74),
(197, '11B06', 'Security of switchboards', 'Security of switchboards', 0, 'STD', '2011-07-07 19:49:53', '0000-00-00', '0000-00-00 00:00:00', 0x74),
(198, '11B07', 'Security of electronic mail and exchanges', 'Security of electronic mail and exchanges', 0, 'STD', '2011-07-07 19:49:53', '0000-00-00', '0000-00-00 00:00:00', 0x74),
(199, '11C01', 'Access Control to workstations ', 'Access Control to workstations ', 0, 'STD', '2011-07-07 19:49:53', '0000-00-00', '0000-00-00 00:00:00', 0x74),
(200, '11C02', 'Protection of the confidentiality of data on the workstation or on a data server (logical disk for the workstation) ', 'Protection of the confidentiality of data on the workstation or on a data server (logical disk for the workstation) ', 0, 'STD', '2011-07-07 19:49:53', '0000-00-00', '0000-00-00 00:00:00', 0x74),
(201, '11C03', 'Confidentiality considerations during maintenance operations on user workstations ', 'Confidentiality considerations during maintenance operations on user workstations ', 0, 'STD', '2011-07-07 19:49:53', '0000-00-00', '0000-00-00 00:00:00', 0x74),
(202, '11C04', 'Protection of the integrity of files stored on workstations or on data servers (logical disk for workstations)', 'Protection of the integrity of files stored on workstations or on data servers (logical disk for workstations)', 0, 'STD', '2011-07-07 19:49:53', '0000-00-00', '0000-00-00 00:00:00', 0x74),
(203, '11C05', 'Work effected off company premises', 'Work effected off company premises', 0, 'STD', '2011-07-07 19:49:53', '0000-00-00', '0000-00-00 00:00:00', 0x74),
(204, '11C06', 'Use of personal equipment', 'Use of personal equipment', 0, 'STD', '2011-07-07 19:49:53', '0000-00-00', '0000-00-00 00:00:00', 0x74),
(205, '11D01', 'Organization of user hardware maintenance', 'Organization of user hardware maintenance', 0, 'STD', '2011-07-07 19:49:53', '0000-00-00', '0000-00-00 00:00:00', 0x74),
(206, '11D02', 'Organization of  user software maintenance (system, middleware and application)', 'Organization of  user software maintenance (system, middleware and application)', 0, 'STD', '2011-07-07 19:49:53', '0000-00-00', '0000-00-00 00:00:00', 0x74),
(207, '11D03', 'Users\' configurations backup plans', 'Users\' configurations backup plans', 0, 'STD', '2011-07-07 19:49:53', '0000-00-00', '0000-00-00 00:00:00', 0x74),
(208, '11D04', 'Backup plans for user data stored on data servers', 'Backup plans for user data stored on data servers', 0, 'STD', '2011-07-07 19:49:53', '0000-00-00', '0000-00-00 00:00:00', 0x74),
(209, '11D05', 'Backup plan for data stored on user workstations.', 'Backup plan for data stored on user workstations.', 0, 'STD', '2011-07-07 19:49:53', '0000-00-00', '0000-00-00 00:00:00', 0x74),
(210, '11D06', 'Anti virus protection for user workstations.', 'Anti virus protection for user workstations.', 0, 'STD', '2011-07-07 19:49:53', '0000-00-00', '0000-00-00 00:00:00', 0x74),
(211, '11D07', 'Working Environment Recovery (or Business Contingency) Plan', 'Working Environment Recovery (or Business Contingency) Plan', 0, 'STD', '2011-07-07 19:49:53', '0000-00-00', '0000-00-00 00:00:00', 0x74),
(212, '12A01', 'Respect of external regulations and legislation concerning the protection of personal privacy', 'Respect of external regulations and legislation concerning the protection of personal privacy', 0, 'STD', '2011-07-07 19:49:53', '0000-00-00', '0000-00-00 00:00:00', 0x74),
(213, '12A02', 'Respect of external regulations and legislation concerning unauthorized access to third party systems ', 'Respect of external regulations and legislation concerning unauthorized access to third party systems ', 0, 'STD', '2011-07-07 19:49:53', '0000-00-00', '0000-00-00 00:00:00', 0x74),
(214, '12B01', 'Respect of external regulations and legislation concerning the protection of software intellectual property rights', 'Respect of external regulations and legislation concerning the protection of software intellectual property rights', 0, 'STD', '2011-07-07 19:49:53', '0000-00-00', '0000-00-00 00:00:00', 0x74),
(215, '12C01', 'Respect of legislation relating to the communication of financial data', 'Respect of legislation relating to the communication of financial data', 0, 'STD', '2011-07-07 19:49:53', '0000-00-00', '0000-00-00 00:00:00', 0x74),
(216, '12D01', 'Respect of external regulations and legislation concerning the usage of encryption ', 'Respect of external regulations and legislation concerning the usage of encryption ', 0, 'STD', '2011-07-07 19:49:53', '0000-00-00', '0000-00-00 00:00:00', 0x74),
(217, '12E01', 'Preservation of accounting data and treatments ', 'Preservation of accounting data and treatments ', 0, 'STD', '2011-07-07 19:49:53', '0000-00-00', '0000-00-00 00:00:00', 0x74),
(218, '12E02', 'Documentation of accounting data, procedures and treatments', 'Documentation of accounting data, procedures and treatments', 0, 'STD', '2011-07-07 19:49:53', '0000-00-00', '0000-00-00 00:00:00', 0x74);

-- --------------------------------------------------------

--
-- Structure de la table `email_links_ids`
--

CREATE TABLE `email_links_ids` (
  `id` int(11) NOT NULL,
  `id_inc` mediumint(9) NOT NULL,
  `id_task` mediumint(9) NOT NULL,
  `date_time` datetime NOT NULL
) ENGINE=InnoDB DEFAULT CHARSET=utf8;

--
-- Déchargement des données de la table `email_links_ids`
--

INSERT INTO `email_links_ids` (`id`, `id_inc`, `id_task`, `date_time`) VALUES
(3, 2000001, 1, '2017-08-18 11:17:38'),
(9, 2000006, 14, '2017-10-13 15:15:28'),
(11, 2000001, 4, '2017-11-23 12:04:16'),
(13, 6, 81, '2020-01-31 07:42:02'),
(14, 7, 81, '2020-01-31 07:45:49'),
(15, 8, 14, '2020-08-11 15:29:56'),
(18, 15, 88, '2020-10-30 08:20:21'),
(27, 2000002, 88, '2020-10-30 14:36:41'),
(29, 18, 81, '2020-12-28 09:40:21'),
(30, 2000009, 81, '2021-01-12 09:54:33'),
(31, 2000011, 49, '2021-03-16 11:25:14'),
(34, 25, 104, '2021-06-13 18:56:26'),
(39, 27, 104, '2021-06-21 14:05:39'),
(42, 27, 105, '2021-06-24 09:26:59'),
(44, 26, 76, '2021-06-24 15:13:48'),
(45, 28, 88, '2021-07-01 07:46:42'),
(48, 29, 104, '2021-07-01 11:38:22'),
(51, 30, 104, '2021-07-01 14:02:26'),
(57, 31, 104, '2021-07-01 15:51:14'),
(66, 32, 104, '2021-07-15 10:55:02'),
(68, 33, 104, '2021-08-18 09:21:48'),
(70, 34, 104, '2021-09-01 23:00:47'),
(81, 2000009, 103, '2022-03-20 12:01:37'),
(87, 2000026, 76, '2022-08-31 06:20:12'),
(89, 36, 76, '2022-08-31 12:30:23'),
(92, 37, 76, '2022-09-06 16:23:00'),
(94, 38, 76, '2022-09-07 19:37:26'),
(103, 2000035, 141, '2022-10-12 14:09:59'),
(104, 2000035, 161, '2022-10-12 14:10:09'),
(106, 2000035, 137, '2022-10-12 14:12:40'),
(108, 2000035, 138, '2022-10-12 14:15:12'),
(110, 40, 137, '2022-10-12 14:40:04'),
(120, 2000031, 114, '2023-03-24 18:20:21'),
(123, 41, 104, '2023-06-08 09:17:08'),
(127, 2000009, 105, '2023-06-08 11:51:44'),
(128, 42, 49, '2023-06-08 12:04:02'),
(129, 44, 32, '2023-06-15 10:55:44'),
(130, 53, 4, '2023-06-22 08:26:52'),
(133, 65, 199, '2023-10-27 16:52:12'),
(136, 2000038, 199, '2024-02-02 00:25:32'),
(141, 66, 199, '2024-02-06 11:00:16'),
(152, 2000009, 104, '2024-03-06 10:30:19'),
(153, 2000009, 143, '2024-03-06 10:30:21'),
(164, 2000038, 201, '2024-06-24 09:50:29'),
(168, 2000040, 498, '2024-06-24 13:00:19'),
(171, 2000039, 204, '2024-06-24 14:43:45'),
(172, 2000039, 205, '2024-06-24 14:43:46');

-- --------------------------------------------------------

--
-- Structure de la table `etat`
--

CREATE TABLE `etat` (
  `idEtat` mediumint(8) UNSIGNED NOT NULL,
  `libelle` varchar(250) NOT NULL DEFAULT '',
  `code` char(3) NOT NULL DEFAULT '',
  `ordre` smallint(3) NOT NULL DEFAULT '0'
) ENGINE=InnoDB DEFAULT CHARSET=utf8;

--
-- Déchargement des données de la table `etat`
--

INSERT INTO `etat` (`idEtat`, `libelle`, `code`, `ordre`) VALUES
(1, 'Open', 'OU', 1),
(2, 'Pending', 'EA', 2),
(3, 'Suspend', 'SU', 3),
(4, 'In Progress', 'EC', 4),
(5, 'Finish', 'TE', 5),
(6, 'Cancel', 'AN', 6),
(7, 'Reopen', 'RE', 7),
(8, 'Close', 'CL', 8);

-- --------------------------------------------------------

--
-- Structure de la table `evenement`
--

CREATE TABLE `evenement` (
  `idEve` mediumint(8) UNSIGNED NOT NULL,
  `code` varchar(8) NOT NULL DEFAULT '',
  `libelle` varchar(250) NOT NULL DEFAULT '',
  `description` mediumtext NOT NULL,
  `Typ_Iden` varchar(10) NOT NULL DEFAULT '',
  `date_debut` datetime NOT NULL DEFAULT '2001-01-01 00:00:00',
  `date_modif` datetime NOT NULL DEFAULT '0000-00-00 00:00:00',
  `date_fin` datetime NOT NULL DEFAULT '0000-00-00 00:00:00',
  `Affecte` binary(1) NOT NULL DEFAULT 't'
) ENGINE=InnoDB DEFAULT CHARSET=utf8;

--
-- Déchargement des données de la table `evenement`
--

INSERT INTO `evenement` (`idEve`, `code`, `libelle`, `description`, `Typ_Iden`, `date_debut`, `date_modif`, `date_fin`, `Affecte`) VALUES
(1, 'comconf', 'Communication Conference Call', '', 'SPE', '2001-01-01 00:00:00', '0000-00-00 00:00:00', '0000-00-00 00:00:00', 0x74),
(2, 'execonf', 'Executive Conference Call', '', 'SPE', '2001-01-01 00:00:00', '0000-00-00 00:00:00', '0000-00-00 00:00:00', 0x74),
(3, 'opérconf', 'Opérational Conference Call -', '', 'SPE', '2020-12-16 12:47:58', '0000-00-00 00:00:00', '0000-00-00 00:00:00', 0x74),
(4, 'oprconf', 'Operational Conference Call', '', 'SPE', '2001-01-01 00:00:00', '0000-00-00 00:00:00', '0000-00-00 00:00:00', 0x74),
(5, 'logconf', 'Logistics Conference Call', '', 'SPE', '2001-01-01 00:00:00', '0000-00-00 00:00:00', '0000-00-00 00:00:00', 0x74),
(6, 'Itconf', 'IT Conference Call', '', 'SPE', '2001-01-01 00:00:00', '0000-00-00 00:00:00', '0000-00-00 00:00:00', 0x74),
(7, 'commeet', 'Communication Meeting', '', 'SPE', '2001-01-01 00:00:00', '0000-00-00 00:00:00', '0000-00-00 00:00:00', 0x74),
(8, 'exemeet', 'Executive Meeting', '', 'SPE', '2001-01-01 00:00:00', '0000-00-00 00:00:00', '0000-00-00 00:00:00', 0x74),
(9, 'Itmeet', 'IT Meeting', '', 'SPE', '2001-01-01 00:00:00', '0000-00-00 00:00:00', '0000-00-00 00:00:00', 0x74),
(10, 'logmeet', 'Logistics Meeting', '', 'SPE', '2001-01-01 00:00:00', '0000-00-00 00:00:00', '0000-00-00 00:00:00', 0x74),
(11, 'Hrmeet', 'Human Resources Meeting', '', 'SPE', '2001-01-01 00:00:00', '0000-00-00 00:00:00', '0000-00-00 00:00:00', 0x74),
(12, 'bcplch', 'Launch BCP', '', 'SPE', '2001-01-01 00:00:00', '0000-00-00 00:00:00', '0000-00-00 00:00:00', 0x74),
(13, 'bcpcl', 'Close BCP', '', 'SPE', '2001-01-01 00:00:00', '0000-00-00 00:00:00', '0000-00-00 00:00:00', 0x74),
(14, 'crslch', 'Launch Crisis', '', 'SPE', '2001-01-01 00:00:00', '0000-00-00 00:00:00', '0000-00-00 00:00:00', 0x74),
(15, 'crscl', 'Close Crisis', '', 'SPE', '2001-01-01 00:00:00', '0000-00-00 00:00:00', '0000-00-00 00:00:00', 0x74),
(16, 'hract', 'Human Resources action', '', 'SPE', '2001-01-01 00:00:00', '0000-00-00 00:00:00', '0000-00-00 00:00:00', 0x74),
(17, 'Itact', 'IT action', '', 'SPE', '2001-01-01 00:00:00', '0000-00-00 00:00:00', '0000-00-00 00:00:00', 0x74),
(18, 'busact', 'Business Action', '', 'SPE', '2001-01-01 00:00:00', '0000-00-00 00:00:00', '0000-00-00 00:00:00', 0x74),
(19, 'logact', 'Logistics action', '', 'SPE', '2001-01-01 00:00:00', '0000-00-00 00:00:00', '0000-00-00 00:00:00', 0x74),
(20, 'legact', 'Legal action', '', 'SPE', '2001-01-01 00:00:00', '0000-00-00 00:00:00', '0000-00-00 00:00:00', 0x74),
(21, 'comact', 'Communication Action', '', 'SPE', '2001-01-01 00:00:00', '0000-00-00 00:00:00', '0000-00-00 00:00:00', 0x74);

-- --------------------------------------------------------

--
-- Structure de la table `eventcriticality`
--

CREATE TABLE `eventcriticality` (
  `id_eventcriticality` mediumint(8) UNSIGNED NOT NULL,
  `eventcriticality_code` varchar(8) NOT NULL DEFAULT '',
  `eventcriticality_libelle` varchar(40) NOT NULL DEFAULT '',
  `eventcriticality_description` varchar(250) NOT NULL DEFAULT '',
  `eventcriticality_date_debut` datetime NOT NULL,
  `eventcriticality_date_modif` date DEFAULT '0000-00-00',
  `eventcriticality_date_fin` datetime DEFAULT '0000-00-00 00:00:00',
  `eventcriticality_type_iden` char(3) NOT NULL DEFAULT 'SPE',
  `codecouleur` varchar(10) NOT NULL,
  `eventcriticality_rang` int(3) NOT NULL,
  `Affecte` binary(1) NOT NULL DEFAULT 't'
) ENGINE=InnoDB DEFAULT CHARSET=utf8;

--
-- Déchargement des données de la table `eventcriticality`
--

INSERT INTO `eventcriticality` (`id_eventcriticality`, `eventcriticality_code`, `eventcriticality_libelle`, `eventcriticality_description`, `eventcriticality_date_debut`, `eventcriticality_date_modif`, `eventcriticality_date_fin`, `eventcriticality_type_iden`, `codecouleur`, `eventcriticality_rang`, `Affecte`) VALUES
(1, '1', 'Event. peu critique', '', '2021-10-28 12:25:37', '0000-00-00', '0000-00-00 00:00:00', 'SPE', 'BLUE', 5, 0x74),
(2, '2', 'Event. modéré', '', '2021-10-28 12:25:46', '0000-00-00', '0000-00-00 00:00:00', 'SPE', 'GREEN', 10, 0x74),
(3, '3', 'Event. Critique', '', '2021-10-28 12:25:55', '0000-00-00', '2024-06-20 08:39:58', 'SPE', 'ORANGE', 15, 0x74),
(3, '3', 'Event. critique', '', '2024-06-20 08:39:58', '0000-00-00', '0000-00-00 00:00:00', 'SPE', 'ORANGE', 15, 0x74),
(4, '4', 'Très critique', '', '2022-08-31 07:16:36', '0000-00-00', '0000-00-00 00:00:00', 'SPE', 'RED', 25, 0x74),
(5, '5', 'Catastrofique', '', '2022-08-31 06:07:45', '0000-00-00', '0000-00-00 00:00:00', 'SPE', 'BLACK', 40, 0x74);

-- --------------------------------------------------------

--
-- Structure de la table `events`
--

CREATE TABLE `events` (
  `id` int(11) NOT NULL,
  `nomenc` int(11) NOT NULL,
  `criticality` int(11) NOT NULL,
  `nature` int(11) NOT NULL,
  `severity` int(11) NOT NULL,
  `discovered_by` int(11) NOT NULL,
  `discovered_date` datetime NOT NULL,
  `source` mediumtext NOT NULL,
  `detail_desc` mediumtext NOT NULL,
  `currency` int(11) NOT NULL,
  `impact_business` int(11) NOT NULL,
  `impact_legal` int(11) NOT NULL,
  `impact_reputation` int(11) NOT NULL,
  `impact_resource` int(11) NOT NULL,
  `impact_technical` int(11) NOT NULL,
  `impact_business_desc` varchar(500) NOT NULL,
  `impact_legal_desc` varchar(500) NOT NULL,
  `impact_reputation_desc` varchar(500) NOT NULL,
  `impact_resource_desc` varchar(500) CHARACTER SET utf8 COLLATE utf8_general_ci NOT NULL,
  `impact_technical_desc` varchar(500) NOT NULL,
  `status` int(11) NOT NULL,
  `date_creation` datetime NOT NULL,
  `date_in_progress` datetime NOT NULL,
  `date_cloture` datetime NOT NULL,
  `date_cancel` datetime NOT NULL,
  `date_archive` datetime NOT NULL,
  `date_fin` datetime NOT NULL,
  `date_modif` datetime NOT NULL,
  `idUserModif` int(11) NOT NULL,
  `idLastUserModif` int(11) NOT NULL
) ENGINE=InnoDB DEFAULT CHARSET=utf8;

--
-- Déchargement des données de la table `events`
--

INSERT INTO `events` (`id`, `nomenc`, `criticality`, `nature`, `severity`, `discovered_by`, `discovered_date`, `source`, `detail_desc`, `currency`, `impact_business`, `impact_legal`, `impact_reputation`, `impact_resource`, `impact_technical`, `impact_business_desc`, `impact_legal_desc`, `impact_reputation_desc`, `impact_resource_desc`, `impact_technical_desc`, `status`, `date_creation`, `date_in_progress`, `date_cloture`, `date_cancel`, `date_archive`, `date_fin`, `date_modif`, `idUserModif`, `idLastUserModif`) VALUES
(1, 2020001, 6, 167, 5, 174, '2020-01-06 15:39:25', '', '0', 0, 9, 11, 0, 0, 0, '123', '456', '', '', '', 1, '2020-01-06 15:39:25', '0000-00-00 00:00:00', '0000-00-00 00:00:00', '0000-00-00 00:00:00', '0000-00-00 00:00:00', '2020-05-18 11:30:34', '0000-00-00 00:00:00', 0, 0),
(2, 2020002, 7, 167, 1, 174, '2020-01-06 15:41:25', 'jyo', '0', 0, 10, 0, 0, 0, 0, '', '', '', '', '', 1, '2020-01-06 15:41:25', '0000-00-00 00:00:00', '0000-00-00 00:00:00', '0000-00-00 00:00:00', '0000-00-00 00:00:00', '2020-06-17 09:01:16', '0000-00-00 00:00:00', 0, 0),
(3, 2020003, 7, 107, 7, 174, '2020-01-06 15:44:04', 'cxvldfkdc  dmljdsf ', '0', 0, 11, 0, 11, 0, 0, '', '', '', '', '', 1, '2020-01-06 15:44:04', '0000-00-00 00:00:00', '0000-00-00 00:00:00', '0000-00-00 00:00:00', '0000-00-00 00:00:00', '2020-06-17 09:01:43', '0000-00-00 00:00:00', 0, 0),
(4, 2020004, 6, 168, 8, 174, '2020-01-07 16:15:12', '', '0', 1, 9, 10, 0, 0, 0, 'description vert', 'description orange', '', '', '', 1, '2020-01-07 16:15:12', '0000-00-00 00:00:00', '0000-00-00 00:00:00', '0000-00-00 00:00:00', '0000-00-00 00:00:00', '2020-11-09 07:49:45', '0000-00-00 00:00:00', 0, 0),
(5, 2020005, 7, 105, 1, 174, '2020-01-20 12:21:53', '', '0', 2, 10, 13, 0, 0, 0, '', '', '', '', '', 1, '2020-01-20 12:21:53', '0000-00-00 00:00:00', '0000-00-00 00:00:00', '0000-00-00 00:00:00', '0000-00-00 00:00:00', '2020-11-09 08:05:07', '0000-00-00 00:00:00', 0, 0),
(6, 2020006, 7, 106, 4, 224, '2020-01-24 15:57:15', '', '0', 1, 11, 0, 0, 0, 0, '', '', '', '', '', 1, '2020-01-24 15:57:15', '0000-00-00 00:00:00', '0000-00-00 00:00:00', '0000-00-00 00:00:00', '0000-00-00 00:00:00', '2020-11-09 07:50:01', '0000-00-00 00:00:00', 0, 0),
(7, 2020001, 5, 167, 5, 174, '2020-01-06 15:39:25', '', '0', 0, 9, 11, 0, 0, 0, '123', '456', '', '', '', 2, '0000-00-00 00:00:00', '2020-05-18 11:30:32', '0000-00-00 00:00:00', '0000-00-00 00:00:00', '0000-00-00 00:00:00', '2020-06-15 18:19:02', '2020-05-18 11:30:34', 174, 0),
(8, 2020001, 5, 167, 5, 174, '2020-01-06 15:39:25', 'lm;fvmb;dfg', 'dfgls,ml,xvds', 2, 9, 11, 0, 0, 0, '123', '456', '', '', '', 2, '0000-00-00 00:00:00', '2020-05-18 11:30:32', '0000-00-00 00:00:00', '0000-00-00 00:00:00', '0000-00-00 00:00:00', '2020-06-17 09:08:43', '2020-06-15 18:19:02', 174, 0),
(9, 2020002, 7, 167, 1, 174, '2020-01-06 15:41:25', 'jyo', '0', 2, 10, 0, 0, 0, 0, '', '', '', '', '', 2, '0000-00-00 00:00:00', '2020-06-17 09:00:42', '0000-00-00 00:00:00', '0000-00-00 00:00:00', '0000-00-00 00:00:00', '2020-06-17 09:02:35', '2020-06-17 09:01:16', 174, 0),
(10, 2020003, 6, 107, 7, 174, '2020-01-06 15:44:04', 'cxvldfkdc  dmljdsf ', '0', 2, 11, 0, 11, 0, 0, '', '', '', '', '', 2, '0000-00-00 00:00:00', '2020-06-17 09:01:22', '0000-00-00 00:00:00', '0000-00-00 00:00:00', '0000-00-00 00:00:00', '2020-11-09 08:04:12', '2020-06-17 09:01:43', 174, 0),
(11, 2020002, 7, 167, 1, 174, '2020-01-06 15:41:25', 'jyo', 'olghllmknjmnj', 2, 10, 0, 0, 0, 0, '', '', '', '', '', 2, '0000-00-00 00:00:00', '2020-06-17 09:00:42', '0000-00-00 00:00:00', '0000-00-00 00:00:00', '0000-00-00 00:00:00', '2020-11-09 08:03:13', '2020-06-17 09:02:35', 174, 0),
(12, 2020001, 5, 167, 5, 174, '2020-01-06 15:39:25', 'lm;fvmb;dfg', 'dfgls,ml,xvds', 2, 9, 11, 0, 0, 0, '123', '456', '', '', '', 2, '0000-00-00 00:00:00', '2020-05-18 11:30:32', '0000-00-00 00:00:00', '0000-00-00 00:00:00', '0000-00-00 00:00:00', '2020-10-26 15:46:12', '2020-06-17 09:08:43', 174, 0),
(13, 2020001, 5, 167, 5, 174, '2020-01-06 15:39:25', 'lm;fvmb;dfg', 'dfgls,ml,xvds', 2, 9, 11, 0, 0, 0, '123', '456', '', '', '', 5, '0000-00-00 00:00:00', '0000-00-00 00:00:00', '0000-00-00 00:00:00', '0000-00-00 00:00:00', '2020-10-26 15:46:08', '2020-11-09 08:16:49', '2020-10-26 15:46:12', 174, 0),
(14, 2020007, 0, 115, 7, 174, '2020-11-05 20:58:32', '', '', 2, 11, 10, 0, 0, 0, '', '', '', '', '', 1, '2020-11-05 20:58:32', '0000-00-00 00:00:00', '0000-00-00 00:00:00', '0000-00-00 00:00:00', '0000-00-00 00:00:00', '2021-04-13 13:39:57', '2020-11-05 21:04:11', 174, 0),
(15, 2020004, 5, 168, 8, 174, '2020-01-07 16:15:12', '', '0', 2, 9, 10, 0, 0, 0, 'description vert', 'description orange', '', '', '', 2, '0000-00-00 00:00:00', '2020-11-09 07:49:33', '0000-00-00 00:00:00', '0000-00-00 00:00:00', '0000-00-00 00:00:00', '0000-00-00 00:00:00', '2020-11-09 07:49:45', 174, 0),
(16, 2020006, 6, 106, 4, 224, '2020-01-24 15:57:15', '', '0', 2, 11, 0, 0, 0, 0, '', '', '', '', '', 2, '0000-00-00 00:00:00', '2020-11-09 07:49:51', '0000-00-00 00:00:00', '0000-00-00 00:00:00', '0000-00-00 00:00:00', '2020-11-18 10:04:38', '2020-11-09 07:50:01', 174, 0),
(17, 2020002, 7, 167, 7, 174, '2020-01-06 15:41:25', 'jyo', 'olghllmknjmnj', 2, 10, 0, 0, 0, 0, '', '', '', '', '', 2, '0000-00-00 00:00:00', '2020-06-17 09:00:42', '0000-00-00 00:00:00', '0000-00-00 00:00:00', '0000-00-00 00:00:00', '2020-11-09 08:38:20', '2020-11-09 08:03:13', 174, 0),
(18, 2020003, 6, 107, 6, 174, '2020-01-06 15:44:04', 'cxvldfkdc  dmljdsf ', '0', 2, 11, 0, 11, 0, 0, '', '', '', '', '', 2, '0000-00-00 00:00:00', '2020-06-17 09:01:22', '0000-00-00 00:00:00', '0000-00-00 00:00:00', '0000-00-00 00:00:00', '2020-11-09 08:04:42', '2020-11-09 08:04:12', 174, 0),
(19, 2020003, 6, 107, 6, 174, '2020-01-06 15:44:04', 'cxvldfkdc  dmljdsf ', '0', 2, 11, 0, 11, 0, 0, '', '', '', '', '', 2, '0000-00-00 00:00:00', '2020-06-17 09:01:22', '0000-00-00 00:00:00', '0000-00-00 00:00:00', '0000-00-00 00:00:00', '2020-11-16 16:11:01', '2020-11-09 08:04:43', 174, 0),
(20, 2020005, 5, 105, 1, 174, '2020-01-20 12:21:53', '', '0', 2, 10, 13, 0, 0, 0, '', '', '', '', '', 2, '0000-00-00 00:00:00', '2020-11-09 08:05:00', '0000-00-00 00:00:00', '0000-00-00 00:00:00', '0000-00-00 00:00:00', '2020-11-16 13:14:07', '2020-11-09 08:05:07', 174, 0),
(21, 2020001, 5, 167, 5, 174, '2020-01-06 15:39:25', 'lm;fvmb;dfg', 'dfgls,ml,xvds', 2, 9, 11, 0, 0, 0, '123', '456', '', '', '', 5, '0000-00-00 00:00:00', '0000-00-00 00:00:00', '0000-00-00 00:00:00', '0000-00-00 00:00:00', '2020-10-26 15:46:08', '2020-11-16 16:04:30', '2020-11-09 08:16:49', 174, 0),
(22, 2020002, 7, 108, 7, 174, '2020-01-06 15:41:25', 'jyo', 'olghllmknjmnj', 2, 10, 0, 0, 0, 0, '', '', '', '', '', 2, '0000-00-00 00:00:00', '2020-06-17 09:00:42', '0000-00-00 00:00:00', '0000-00-00 00:00:00', '0000-00-00 00:00:00', '2021-09-30 15:44:34', '2020-11-09 08:38:20', 174, 0),
(23, 2020008, 0, 189, 3, 174, '2020-11-10 09:09:01', '', '', 2, 11, 10, 0, 0, 0, '', '', '', '', '', 1, '2020-11-10 09:09:01', '0000-00-00 00:00:00', '0000-00-00 00:00:00', '0000-00-00 00:00:00', '0000-00-00 00:00:00', '2020-11-16 22:11:47', '2020-11-10 09:10:02', 174, 0),
(24, 2020009, 0, 115, 1, 174, '2020-11-13 09:11:48', '', '', 2, 11, 0, 11, 0, 0, '', '', '', '', '', 1, '2020-11-13 09:11:48', '0000-00-00 00:00:00', '0000-00-00 00:00:00', '0000-00-00 00:00:00', '0000-00-00 00:00:00', '2020-11-18 10:05:23', '2020-11-13 09:14:44', 174, 0),
(25, 2020010, 0, 109, 3, 174, '2020-11-13 11:24:59', '', '', 2, 10, 0, 0, 0, 0, '', '', '', '', '', 1, '2020-11-13 11:24:59', '0000-00-00 00:00:00', '0000-00-00 00:00:00', '0000-00-00 00:00:00', '0000-00-00 00:00:00', '0000-00-00 00:00:00', '2020-11-13 11:26:15', 174, 0),
(26, 2020005, 5, 105, 1, 174, '2020-01-20 12:24:00', '', '0', 2, 10, 13, 0, 0, 0, '', '', '', '', '', 2, '0000-00-00 00:00:00', '2020-11-09 08:05:00', '0000-00-00 00:00:00', '0000-00-00 00:00:00', '0000-00-00 00:00:00', '2020-11-16 16:11:54', '2020-11-16 13:14:07', 174, 0),
(27, 2020001, 5, 167, 5, 174, '2020-01-06 15:39:25', 'lm;fvmb;dfg', 'dfgls,ml,xvds', 2, 9, 11, 0, 0, 0, '123', '456', '', '', '', 2, '0000-00-00 00:00:00', '2020-11-16 16:04:28', '0000-00-00 00:00:00', '0000-00-00 00:00:00', '0000-00-00 00:00:00', '2020-11-16 16:09:45', '2020-11-16 16:04:30', 174, 0),
(28, 2020001, 5, 167, 5, 174, '2020-01-06 15:39:25', 'lm;fvmb;dfg', 'dfgls,ml,xvds', 2, 9, 11, 0, 0, 0, '123', '456', '', '', '', 2, '0000-00-00 00:00:00', '2020-11-16 16:04:28', '0000-00-00 00:00:00', '0000-00-00 00:00:00', '0000-00-00 00:00:00', '2020-12-22 07:29:37', '2020-11-16 16:09:45', 174, 0),
(29, 2020003, 5, 107, 6, 174, '2020-01-06 15:44:04', 'cxvldfkdc  dmljdsf ', '0', 2, 11, 0, 11, 0, 0, '', '', '', '', '', 2, '0000-00-00 00:00:00', '2020-06-17 09:01:22', '0000-00-00 00:00:00', '0000-00-00 00:00:00', '0000-00-00 00:00:00', '0000-00-00 00:00:00', '2020-11-16 16:11:01', 174, 0),
(30, 2020005, 5, 105, 1, 174, '2020-01-20 12:24:00', '', '0', 2, 10, 13, 0, 0, 0, '', '', '', '', '', 2, '0000-00-00 00:00:00', '2020-11-09 08:05:00', '0000-00-00 00:00:00', '0000-00-00 00:00:00', '0000-00-00 00:00:00', '0000-00-00 00:00:00', '2020-11-16 16:11:54', 174, 0),
(31, 2020008, 5, 113, 3, 174, '2020-11-10 09:09:01', '', '', 2, 11, 10, 0, 0, 0, '', '', '', '', '', 2, '0000-00-00 00:00:00', '2020-11-16 22:11:34', '0000-00-00 00:00:00', '0000-00-00 00:00:00', '0000-00-00 00:00:00', '2020-11-18 10:05:46', '2020-11-16 22:11:47', 174, 0),
(32, 2020006, 5, 106, 13, 224, '2020-01-24 15:57:15', '', '0', 2, 11, 0, 0, 0, 0, '', '', '', '', '', 2, '0000-00-00 00:00:00', '2020-11-09 07:49:51', '0000-00-00 00:00:00', '0000-00-00 00:00:00', '0000-00-00 00:00:00', '2020-11-18 10:05:03', '2020-11-18 10:04:38', 174, 0),
(33, 2020006, 5, 106, 13, 224, '2020-01-24 15:57:15', '', '0', 2, 11, 0, 0, 0, 0, '', '', '', '', '', 2, '0000-00-00 00:00:00', '2020-11-09 07:49:51', '0000-00-00 00:00:00', '0000-00-00 00:00:00', '0000-00-00 00:00:00', '0000-00-00 00:00:00', '2020-11-18 10:05:03', 174, 0),
(34, 2020009, 7, 115, 11, 174, '2020-11-13 09:11:48', '', '', 2, 11, 0, 11, 0, 0, '', '', '', '', '', 2, '0000-00-00 00:00:00', '2020-11-18 10:05:17', '0000-00-00 00:00:00', '0000-00-00 00:00:00', '0000-00-00 00:00:00', '0000-00-00 00:00:00', '2020-11-18 10:05:23', 174, 0),
(35, 2020008, 5, 113, 11, 174, '2020-11-10 09:09:01', '', '', 2, 11, 10, 0, 0, 0, '', '', '', '', '', 2, '0000-00-00 00:00:00', '2020-11-16 22:11:34', '0000-00-00 00:00:00', '0000-00-00 00:00:00', '0000-00-00 00:00:00', '0000-00-00 00:00:00', '2020-11-18 10:05:46', 174, 0),
(36, 2020001, 5, 167, 5, 174, '2020-01-06 15:39:25', 'lm;fvmb;dfg', 'dfgls,ml,xvds', 2, 9, 11, 0, 0, 0, '123 ', '456', '', '', '', 2, '0000-00-00 00:00:00', '2020-11-16 16:04:28', '0000-00-00 00:00:00', '0000-00-00 00:00:00', '0000-00-00 00:00:00', '2020-12-28 12:41:39', '2020-12-22 06:29:37', 174, 0),
(37, 2020001, 5, 167, 5, 174, '2020-01-06 15:39:25', 'lm;fvmb;dfg  ', 'dfgls,ml,xvds  eeer ', 2, 9, 11, 0, 0, 0, '123 ', '456', '', '', '', 2, '0000-00-00 00:00:00', '2020-11-16 16:04:28', '0000-00-00 00:00:00', '0000-00-00 00:00:00', '0000-00-00 00:00:00', '2020-12-28 16:36:09', '2020-12-28 11:41:40', 174, 0),
(38, 2020001, 5, 167, 5, 174, '2020-01-06 15:39:25', 'lm;f', 'dfgls,ml,xvds ', 2, 9, 11, 0, 0, 0, '123 ', '456', '', '', '', 2, '0000-00-00 00:00:00', '2020-11-16 16:04:28', '0000-00-00 00:00:00', '0000-00-00 00:00:00', '0000-00-00 00:00:00', '2020-12-29 13:37:24', '2020-12-28 15:36:10', 174, 0),
(39, 2020001, 5, 167, 5, 174, '2020-01-06 15:39:25', 'lm;fdhsd ', 'dfgls,ml,xvds ', 2, 9, 11, 0, 0, 0, '123 ', '456', '', '', '', 2, '0000-00-00 00:00:00', '2020-11-16 16:04:28', '0000-00-00 00:00:00', '0000-00-00 00:00:00', '0000-00-00 00:00:00', '2021-01-04 16:11:53', '2020-12-29 12:37:25', 174, 0),
(40, 2020001, 5, 167, 5, 174, '2020-01-06 15:39:25', 'lm;fdhsd <br />é', 'dfgls,ml,xvds <br />é', 2, 9, 11, 0, 0, 0, '123 é', '456 é', '', '', '', 2, '0000-00-00 00:00:00', '2020-11-16 16:04:28', '0000-00-00 00:00:00', '0000-00-00 00:00:00', '0000-00-00 00:00:00', '2021-09-16 12:14:29', '2021-01-04 15:11:53', 174, 0),
(41, 2020007, 6, 115, 7, 174, '2020-11-05 20:58:32', '', '', 2, 11, 10, 0, 0, 0, '', '', '', '', '', 3, '0000-00-00 00:00:00', '0000-00-00 00:00:00', '2021-04-13 12:39:55', '0000-00-00 00:00:00', '0000-00-00 00:00:00', '0000-00-00 00:00:00', '2021-04-13 12:39:57', 174, 0),
(42, 2020001, 5, 167, 10, 174, '2020-01-06 15:39:25', 'l\'article n\'est pas', 'l\'article n\'est pas', 2, 9, 11, 0, 0, 0, '123 é', '456 é', '', '', '', 2, '0000-00-00 00:00:00', '2020-11-16 16:04:28', '0000-00-00 00:00:00', '0000-00-00 00:00:00', '0000-00-00 00:00:00', '2021-09-16 12:15:09', '2021-09-16 11:14:29', 174, 0),
(43, 2020001, 5, 167, 10, 174, '2020-01-06 15:39:25', 'l\'article n\'est pas', 'l\'article n\'est pas éteaue', 2, 9, 11, 0, 0, 0, '123 é', '456 é', '', '', '', 2, '0000-00-00 00:00:00', '2020-11-16 16:04:28', '0000-00-00 00:00:00', '0000-00-00 00:00:00', '0000-00-00 00:00:00', '2021-09-26 17:13:09', '2021-09-16 11:15:09', 174, 0),
(44, 2021001, 0, 199, 1, 174, '2021-09-16 11:15:30', '', '', 2, 0, 0, 0, 0, 0, '', '', '', '', '', 1, '2021-09-16 11:15:30', '0000-00-00 00:00:00', '0000-00-00 00:00:00', '0000-00-00 00:00:00', '0000-00-00 00:00:00', '0000-00-00 00:00:00', '2021-09-16 11:15:49', 174, 0),
(45, 2021002, 0, 202, 1, 325, '2021-09-16 11:36:27', '', '', 2, 0, 0, 0, 0, 0, '', '', '', '', '', 1, '2021-09-16 11:36:27', '0000-00-00 00:00:00', '0000-00-00 00:00:00', '0000-00-00 00:00:00', '0000-00-00 00:00:00', '0000-00-00 00:00:00', '2021-09-16 11:37:04', 325, 0),
(46, 2020001, 5, 167, 10, 174, '2020-01-06 15:39:25', 'l\'article n\'est pas', 'l\'article n\'est pas éteaue', 2, 9, 11, 0, 0, 0, 'l\'équilibre', '456 é', '', '', '', 2, '0000-00-00 00:00:00', '2020-11-16 16:04:28', '0000-00-00 00:00:00', '0000-00-00 00:00:00', '0000-00-00 00:00:00', '2021-09-30 10:56:20', '2021-09-26 16:13:09', 174, 0),
(47, 2020001, 5, 167, 10, 174, '2020-01-06 15:39:25', 'l\'article n\'est pas', 'l\'article n\'est pas éteaue', 2, 9, 11, 0, 0, 0, 'l \'équilibre', '456 é', '', '', '', 2, '0000-00-00 00:00:00', '2020-11-16 16:04:28', '0000-00-00 00:00:00', '0000-00-00 00:00:00', '0000-00-00 00:00:00', '2021-10-07 08:49:37', '2021-09-30 09:56:20', 174, 0),
(48, 2020002, 6, 108, 7, 174, '2020-01-06 15:41:25', 'jyo', 'olghllmknjmnj', 2, 10, 0, 0, 0, 0, 'l\'intérêt', '', '', '', '', 2, '0000-00-00 00:00:00', '2020-06-17 09:00:42', '0000-00-00 00:00:00', '0000-00-00 00:00:00', '0000-00-00 00:00:00', '2021-09-30 15:44:54', '2021-09-30 14:44:34', 174, 0),
(49, 2020002, 6, 108, 7, 174, '2020-01-06 15:41:25', 'jyo', 'olghllmknjmnj', 2, 10, 0, 0, 0, 0, 'l\'intérêt', '', '', '', '', 2, '0000-00-00 00:00:00', '2020-06-17 09:00:42', '0000-00-00 00:00:00', '0000-00-00 00:00:00', '0000-00-00 00:00:00', '2021-09-30 15:47:35', '2021-09-30 14:44:54', 174, 0),
(50, 2020002, 6, 108, 7, 174, '2020-01-06 15:41:25', 'jyo', 'olghllmknjmnj', 2, 10, 0, 0, 0, 0, 'l\'intérêt', '', '', '', '', 2, '0000-00-00 00:00:00', '2020-06-17 09:00:42', '0000-00-00 00:00:00', '0000-00-00 00:00:00', '0000-00-00 00:00:00', '2021-09-30 15:48:05', '2021-09-30 14:47:35', 174, 0),
(51, 2020002, 6, 108, 7, 174, '2020-01-06 15:41:25', 'jyo', 'olghllmknjmnj', 2, 10, 0, 0, 0, 0, 'l\'intérêt', '', '', '', '', 2, '0000-00-00 00:00:00', '2020-06-17 09:00:42', '0000-00-00 00:00:00', '0000-00-00 00:00:00', '0000-00-00 00:00:00', '2021-09-30 15:49:14', '2021-09-30 14:48:05', 174, 0),
(52, 2020002, 6, 108, 7, 174, '2020-01-06 15:41:25', 'jyo', 'olghllmknjmnj', 2, 10, 0, 0, 0, 0, 'l\'intérêt', '', '', '', '', 2, '0000-00-00 00:00:00', '2020-06-17 09:00:42', '0000-00-00 00:00:00', '0000-00-00 00:00:00', '0000-00-00 00:00:00', '2021-09-30 15:52:52', '2021-09-30 14:49:14', 174, 0),
(53, 2020002, 6, 108, 7, 174, '2020-01-06 15:41:25', 'jyo', 'olghllmknjmnj', 2, 10, 0, 0, 0, 0, 'l\'intérêt', '', '', '', '', 2, '0000-00-00 00:00:00', '2020-06-17 09:00:42', '0000-00-00 00:00:00', '0000-00-00 00:00:00', '0000-00-00 00:00:00', '2021-10-06 12:27:51', '2021-09-30 14:52:53', 138, 0),
(54, 2020002, 6, 108, 7, 174, '2020-01-06 15:41:25', 'jyo', 'olghllmknjmnj', 2, 10, 0, 0, 0, 0, 'l\'intérêt', '', '', '', '', 2, '0000-00-00 00:00:00', '2020-06-17 09:00:42', '0000-00-00 00:00:00', '0000-00-00 00:00:00', '0000-00-00 00:00:00', '2024-02-05 09:32:15', '2021-09-30 15:02:20', 174, 0),
(55, 2020002, 6, 108, 7, 174, '2020-01-06 15:41:25', 'jyo', 'olghllmknjmnj', 2, 10, 0, 0, 0, 0, 'l\'intérêt', 'l\'intérêt', '', '', '', 2, '0000-00-00 00:00:00', '2020-06-17 09:00:42', '0000-00-00 00:00:00', '0000-00-00 00:00:00', '0000-00-00 00:00:00', '2024-02-05 09:37:55', '2021-10-06 11:27:51', 174, 0),
(56, 2020001, 5, 167, 10, 174, '2020-01-06 15:39:25', 'l\'article n\'est pas', 'l\'article n\'est pas éteaue', 2, 9, 11, 0, 0, 0, 'l\'équilibre', '456 é', 'l\'intérêt', '', '', 2, '0000-00-00 00:00:00', '2020-11-16 16:04:28', '0000-00-00 00:00:00', '0000-00-00 00:00:00', '0000-00-00 00:00:00', '2021-10-07 09:08:41', '2021-10-07 07:49:37', 174, 0),
(57, 2020001, 5, 167, 10, 174, '2020-01-06 15:39:25', 'l\'article n\'est pas', 'l\'article n\'est pas éteaue', 2, 9, 11, 0, 0, 0, 'l\'équilibre', '456 é', 'l\'intérêt', '', '', 2, '0000-00-00 00:00:00', '2020-11-16 16:04:28', '0000-00-00 00:00:00', '0000-00-00 00:00:00', '0000-00-00 00:00:00', '2021-10-07 09:09:24', '2021-10-07 08:08:41', 174, 0),
(58, 2020001, 5, 167, 10, 174, '2020-01-06 15:39:25', 'l\'article n\'est pas', 'l\'article n\'est pas éteaue', 2, 9, 11, 0, 0, 0, 'l\'équilibre', '456 é', 'l\'intérêt', 'l\'interet', '', 2, '0000-00-00 00:00:00', '2020-11-16 16:04:28', '0000-00-00 00:00:00', '0000-00-00 00:00:00', '0000-00-00 00:00:00', '2021-10-07 09:11:14', '2021-10-07 08:09:24', 174, 0),
(59, 2020001, 7, 167, 10, 174, '2020-01-06 15:39:25', 'l\'article n\'est pas', 'l\'article n\'est pas éteaue', 2, 9, 11, 0, 0, 0, 'l\'équilibre', '456 é', 'l\'intérêt', 'l\'interet', '', 2, '0000-00-00 00:00:00', '2020-11-16 16:04:28', '0000-00-00 00:00:00', '0000-00-00 00:00:00', '0000-00-00 00:00:00', '2022-09-27 08:43:54', '2021-10-07 08:11:14', 174, 0),
(60, 2021003, 0, 61, 7, 325, '2021-10-27 15:51:39', '', '', 2, 9, 9, 10, 10, 0, '', '', '', '', '', 1, '2021-10-27 15:51:39', '0000-00-00 00:00:00', '0000-00-00 00:00:00', '0000-00-00 00:00:00', '0000-00-00 00:00:00', '2021-10-27 16:53:27', '2021-10-27 15:52:19', 325, 0),
(61, 2021003, 0, 107, 7, 325, '2021-10-27 15:51:39', '', '', 2, 9, 9, 10, 10, 0, '', '', '', '', '', 2, '0000-00-00 00:00:00', '2021-10-27 15:52:47', '0000-00-00 00:00:00', '0000-00-00 00:00:00', '0000-00-00 00:00:00', '0000-00-00 00:00:00', '2021-10-27 15:53:28', 174, 0),
(62, 2021004, 0, 47, 13, 174, '2021-10-29 08:46:25', '', '', 2, 10, 0, 0, 0, 0, '', '', '', '', '', 1, '2021-10-29 08:46:25', '0000-00-00 00:00:00', '0000-00-00 00:00:00', '0000-00-00 00:00:00', '0000-00-00 00:00:00', '0000-00-00 00:00:00', '2021-10-29 08:47:04', 174, 0),
(63, 2021005, 8, 65, 10, 174, '2021-10-29 08:55:27', '', '', 2, 13, 0, 0, 0, 0, '', '', '', '', '', 1, '2021-10-29 08:55:27', '0000-00-00 00:00:00', '0000-00-00 00:00:00', '0000-00-00 00:00:00', '0000-00-00 00:00:00', '0000-00-00 00:00:00', '2021-10-29 09:31:20', 174, 0),
(64, 2021006, 5, 65, 7, 325, '2021-10-29 09:36:16', '', '', 2, 9, 0, 0, 0, 0, '', '', '', '', '', 1, '2021-10-29 09:36:16', '0000-00-00 00:00:00', '0000-00-00 00:00:00', '0000-00-00 00:00:00', '0000-00-00 00:00:00', '2021-10-29 11:14:38', '2021-10-29 09:37:01', 325, 0),
(65, 2021006, 0, 65, 7, 325, '2021-10-29 09:36:16', '', '', 2, 9, 0, 0, 0, 0, '', '', '', '', '', 2, '0000-00-00 00:00:00', '2021-10-29 10:14:24', '0000-00-00 00:00:00', '0000-00-00 00:00:00', '0000-00-00 00:00:00', '0000-00-00 00:00:00', '2021-10-29 10:14:38', 325, 0),
(66, 2021007, 5, 65, 7, 325, '2021-10-29 10:14:57', '', '', 2, 9, 0, 0, 0, 0, '', '', '', '', '', 1, '2021-10-29 10:14:57', '0000-00-00 00:00:00', '0000-00-00 00:00:00', '0000-00-00 00:00:00', '0000-00-00 00:00:00', '2021-10-29 11:20:16', '2021-10-29 10:15:26', 325, 0),
(67, 2021007, 5, 65, 7, 325, '2021-10-29 10:14:57', '', '', 2, 9, 0, 0, 0, 0, '', '', '', '', '', 2, '0000-00-00 00:00:00', '2021-10-29 10:20:07', '0000-00-00 00:00:00', '0000-00-00 00:00:00', '0000-00-00 00:00:00', '0000-00-00 00:00:00', '2021-10-29 10:20:16', 325, 0),
(68, 2021008, 5, 65, 3, 174, '2021-10-29 10:21:07', '', '', 2, 0, 0, 0, 0, 0, '', '', '', '', '', 1, '2021-10-29 10:21:07', '0000-00-00 00:00:00', '0000-00-00 00:00:00', '0000-00-00 00:00:00', '0000-00-00 00:00:00', '0000-00-00 00:00:00', '2021-10-29 10:21:26', 174, 0),
(69, 2020001, 6, 61, 10, 174, '2020-01-06 15:39:25', 'l\'article n\'est pas', 'l\'article n\'est pas éteaue', 2, 9, 11, 0, 0, 0, 'l\'équilibre', '456 é', 'l\'intérêt', 'l\'interet', '', 2, '0000-00-00 00:00:00', '2020-11-16 16:04:28', '0000-00-00 00:00:00', '0000-00-00 00:00:00', '0000-00-00 00:00:00', '2024-02-05 09:31:52', '2022-09-27 08:43:54', 174, 174),
(70, 2020001, 6, 957, 10, 174, '2020-01-06 15:39:00', 'l\'article n\'est pas', 'l\'article n\'est pas éteaue', 2, 9, 11, 0, 0, 0, 'l\'équilibre', '456 é', 'l\'intérêt', 'l\'interet', '', 2, '0000-00-00 00:00:00', '2020-11-16 16:04:00', '0000-00-00 00:00:00', '0000-00-00 00:00:00', '0000-00-00 00:00:00', '2024-02-05 09:36:42', '2024-02-05 09:31:52', 174, 174),
(71, 2020002, 6, 518, 7, 174, '2020-01-06 15:41:00', 'jyo', 'olghllmknjmnj', 2, 10, 0, 0, 0, 0, 'l\'intérêt', '', '', '', '', 2, '0000-00-00 00:00:00', '2020-06-17 09:00:00', '0000-00-00 00:00:00', '0000-00-00 00:00:00', '0000-00-00 00:00:00', '2024-02-05 09:37:03', '2024-02-05 09:32:15', 174, 174),
(72, 2020001, 6, 1447, 10, 174, '2020-01-06 15:39:00', 'l\'article n\'est pas', 'l\'article n\'est pas éteaue', 2, 9, 11, 0, 0, 0, 'l\'équilibre', '456 é', 'l\'intérêt', 'l\'interet', '', 2, '0000-00-00 00:00:00', '2020-11-16 16:04:00', '0000-00-00 00:00:00', '0000-00-00 00:00:00', '0000-00-00 00:00:00', '0000-00-00 00:00:00', '2024-02-05 09:36:43', 174, 174),
(73, 2020002, 6, 1143, 7, 174, '2020-01-06 15:41:00', 'jyo', 'olghllmknjmnj', 2, 10, 0, 0, 0, 0, 'l\'intérêt', '', '', '', '', 2, '0000-00-00 00:00:00', '2020-06-17 09:00:00', '0000-00-00 00:00:00', '0000-00-00 00:00:00', '0000-00-00 00:00:00', '0000-00-00 00:00:00', '2024-02-05 09:37:03', 174, 174),
(74, 2020002, 6, 1447, 7, 174, '2020-01-06 15:41:00', 'jyo', 'olghllmknjmnj', 2, 10, 0, 0, 0, 0, 'l\'intérêt', 'l\'intérêt', '', '', '', 2, '0000-00-00 00:00:00', '2020-06-17 09:00:00', '0000-00-00 00:00:00', '0000-00-00 00:00:00', '0000-00-00 00:00:00', '0000-00-00 00:00:00', '2024-02-05 09:37:55', 174, 174);

-- --------------------------------------------------------

--
-- Structure de la table `events_amounts`
--

CREATE TABLE `events_amounts` (
  `id` int(11) NOT NULL,
  `id_event` int(11) NOT NULL,
  `type` varchar(15) CHARACTER SET utf8 COLLATE utf8_general_ci NOT NULL,
  `amount` decimal(10,0) NOT NULL,
  `description` varchar(500) NOT NULL,
  `date_fin` datetime NOT NULL
) ENGINE=InnoDB DEFAULT CHARSET=utf8;

--
-- Déchargement des données de la table `events_amounts`
--

INSERT INTO `events_amounts` (`id`, `id_event`, `type`, `amount`, `description`, `date_fin`) VALUES
(32, 15, 'financialImpact', 20, 'description 20', '0000-00-00 00:00:00'),
(33, 15, 'financialImpact', 30, 'description 30', '0000-00-00 00:00:00'),
(34, 15, 'recovery', 40, 'description 40', '0000-00-00 00:00:00'),
(54, 25, 'financialImpact', 50000, '', '0000-00-00 00:00:00'),
(55, 25, 'recovery', 20000, '', '0000-00-00 00:00:00'),
(62, 29, 'financialImpact', 250, 'dfgfgedfgdf', '0000-00-00 00:00:00'),
(63, 29, 'recovery', 3000, 'ghghgh', '0000-00-00 00:00:00'),
(64, 30, 'financialImpact', 100, 'description 20', '0000-00-00 00:00:00'),
(65, 30, 'recovery', 200, '', '0000-00-00 00:00:00'),
(70, 33, 'financialImpact', 200, 'h', '0000-00-00 00:00:00'),
(71, 33, 'recovery', 1200, '', '0000-00-00 00:00:00'),
(72, 34, 'financialImpact', 2500, 'description 2500', '0000-00-00 00:00:00'),
(73, 34, 'financialImpact', 50000, '', '0000-00-00 00:00:00'),
(74, 34, 'recovery', 10000, '', '0000-00-00 00:00:00'),
(75, 35, 'financialImpact', 200, '', '0000-00-00 00:00:00'),
(76, 35, 'recovery', 300, '', '0000-00-00 00:00:00'),
(87, 41, 'financialImpact', 1000, 'description 1000', '0000-00-00 00:00:00'),
(88, 41, 'financialImpact', 2500, 'description 2500', '0000-00-00 00:00:00'),
(89, 41, 'recovery', 2500, 'serveur', '0000-00-00 00:00:00'),
(90, 41, 'recovery', 10000, 'conseil', '0000-00-00 00:00:00'),
(111, 54, 'financialImpact', 2000, 'haut', '2024-02-05 09:32:15'),
(112, 54, 'recovery', 5000, 'l\'intérêt', '2024-02-05 09:32:15'),
(113, 55, 'financialImpact', 2000, 'haut', '2024-02-05 09:37:55'),
(114, 55, 'recovery', 5000, 'l\'intérêt', '2024-02-05 09:37:55'),
(126, 67, 'financialImpact', 1000, '', '0000-00-00 00:00:00'),
(127, 68, 'financialImpact', 100, '', '0000-00-00 00:00:00'),
(128, 69, 'financialImpact', 100, 'financier', '2024-02-05 09:31:52'),
(129, 69, 'financialImpact', 2000, 'l\'intérêt', '2024-02-05 09:31:52'),
(130, 69, 'recovery', 200, 'l\'intérêt', '2024-02-05 09:31:52'),
(131, 69, 'recovery', 100, 'l\'intérêt', '2024-02-05 09:31:52'),
(132, 70, 'financialImpact', 100, 'financier', '2024-02-05 09:36:42'),
(133, 70, 'financialImpact', 2000, 'l\'intérêt', '2024-02-05 09:36:42'),
(134, 70, 'recovery', 200, 'l\'intérêt', '2024-02-05 09:36:42'),
(135, 70, 'recovery', 100, 'l\'intérêt', '2024-02-05 09:36:42'),
(136, 71, 'financialImpact', 2000, 'haut', '2024-02-05 09:37:03'),
(137, 71, 'recovery', 5000, 'l\'intérêt', '2024-02-05 09:37:03'),
(138, 72, 'financialImpact', 100, 'financier', '0000-00-00 00:00:00'),
(139, 72, 'financialImpact', 2000, 'l\'intérêt', '0000-00-00 00:00:00'),
(140, 72, 'recovery', 200, 'l\'intérêt', '0000-00-00 00:00:00'),
(141, 72, 'recovery', 100, 'l\'intérêt', '0000-00-00 00:00:00'),
(142, 73, 'financialImpact', 2000, 'haut', '0000-00-00 00:00:00'),
(143, 73, 'recovery', 5000, 'l\'intérêt', '0000-00-00 00:00:00'),
(144, 74, 'financialImpact', 2000, 'haut', '0000-00-00 00:00:00'),
(145, 74, 'recovery', 5000, 'l\'intérêt', '0000-00-00 00:00:00');

-- --------------------------------------------------------

--
-- Structure de la table `events_locations`
--

CREATE TABLE `events_locations` (
  `id` int(11) NOT NULL,
  `id_event` int(11) NOT NULL,
  `id_location` varchar(250) NOT NULL,
  `date_fin` datetime NOT NULL
) ENGINE=InnoDB DEFAULT CHARSET=utf8;

--
-- Déchargement des données de la table `events_locations`
--

INSERT INTO `events_locations` (`id`, `id_event`, `id_location`, `date_fin`) VALUES
(1, 1, '5T/11/12', '2020-05-18 11:30:34'),
(2, 2, '3T/14', '2020-06-17 09:01:16'),
(3, 3, '1T', '2020-06-17 09:01:43'),
(4, 3, '6T', '2020-06-17 09:01:43'),
(5, 4, '11T', '2020-11-09 07:49:45'),
(6, 5, '16T', '2020-11-09 08:05:07'),
(7, 6, '13T', '2020-11-09 07:50:01'),
(8, 7, '5T/11/12', '2020-06-15 18:19:02'),
(9, 8, '5T/11/12', '2020-06-17 09:08:43'),
(10, 8, '14T', '2020-06-17 09:08:43'),
(11, 9, '3T/14', '2020-06-17 09:02:35'),
(12, 10, '6T', '2020-11-09 08:04:12'),
(13, 10, '1T', '2020-11-09 08:04:12'),
(14, 11, '3T/14', '2020-11-09 08:03:13'),
(15, 12, '5T/11/12', '2020-10-26 15:46:12'),
(16, 12, '14T', '2020-10-26 15:46:12'),
(17, 13, '5T/11/12', '2020-11-09 08:16:49'),
(18, 13, '14T', '2020-11-09 08:16:49'),
(19, 14, '11T', '2021-04-13 13:39:57'),
(20, 15, '11T', '0000-00-00 00:00:00'),
(21, 16, '13T', '2020-11-18 10:04:38'),
(22, 17, '13T', '2020-11-09 08:38:20'),
(23, 18, '6T', '2020-11-09 08:04:42'),
(24, 18, '16T', '2020-11-09 08:04:42'),
(25, 19, '16T', '2020-11-16 16:11:01'),
(26, 20, '16T', '2020-11-16 13:14:07'),
(27, 21, '14T', '2020-11-16 16:04:30'),
(28, 22, '13T', '2021-09-30 15:44:34'),
(29, 23, '13T', '2020-11-16 22:11:47'),
(30, 24, '12T', '2020-11-18 10:05:23'),
(31, 25, '12T', '0000-00-00 00:00:00'),
(32, 26, '16T', '2020-11-16 16:11:54'),
(33, 27, '14T', '2020-11-16 16:09:45'),
(34, 28, '17T', '2020-12-22 07:29:37'),
(35, 29, '12T', '0000-00-00 00:00:00'),
(36, 30, '13T', '0000-00-00 00:00:00'),
(37, 31, '13T', '2020-11-18 10:05:46'),
(38, 32, '13T', '2020-11-18 10:05:03'),
(39, 33, '13T', '0000-00-00 00:00:00'),
(40, 34, '12T', '0000-00-00 00:00:00'),
(41, 35, '13T', '0000-00-00 00:00:00'),
(42, 36, '17T', '2020-12-28 12:41:39'),
(43, 37, '17T', '2020-12-28 16:36:09'),
(44, 38, '17T', '2020-12-29 13:37:24'),
(45, 39, '17T', '2021-01-04 16:11:53'),
(46, 40, '17T', '2021-09-16 12:14:29'),
(47, 41, '11T', '0000-00-00 00:00:00'),
(48, 42, '11T/68', '2021-09-16 12:15:09'),
(49, 43, '11T/68', '2021-09-26 17:13:09'),
(50, 44, '11T/68', '0000-00-00 00:00:00'),
(51, 45, '11T/68', '0000-00-00 00:00:00'),
(52, 46, '11T/68', '2021-09-30 10:56:20'),
(53, 47, '11T/68', '2021-10-07 08:49:37'),
(54, 48, '13T', '2021-09-30 15:44:54'),
(55, 49, '13T', '2021-09-30 15:47:35'),
(56, 50, '13T', '2021-09-30 15:48:05'),
(57, 51, '13T', '2021-09-30 15:49:14'),
(58, 52, '13T', '2021-09-30 15:52:52'),
(59, 53, '13T', '2021-10-06 12:27:51'),
(60, 54, '13T', '2024-02-05 09:32:15'),
(61, 55, '13T', '2024-02-05 09:37:55'),
(62, 56, '11T/68', '2021-10-07 09:08:41'),
(63, 57, '11T/68', '2021-10-07 09:09:24'),
(64, 58, '11T/68', '2021-10-07 09:11:14'),
(65, 59, '11T/68', '2022-09-27 08:43:54'),
(66, 60, '11T/68', '2021-10-27 16:53:27'),
(67, 61, '11T/68', '0000-00-00 00:00:00'),
(68, 62, '11T', '0000-00-00 00:00:00'),
(69, 63, '3T/14/20', '0000-00-00 00:00:00'),
(70, 64, '11T', '2021-10-29 11:14:38'),
(71, 65, '11T', '0000-00-00 00:00:00'),
(72, 66, '11T', '2021-10-29 11:20:16'),
(73, 67, '11T', '0000-00-00 00:00:00'),
(74, 68, '11T', '0000-00-00 00:00:00'),
(75, 69, '11T/68', '2024-02-05 09:31:52'),
(76, 70, '1T/1', '2024-02-05 09:36:42'),
(77, 71, '13T', '2024-02-05 09:37:03'),
(78, 72, '1T/1', '0000-00-00 00:00:00'),
(79, 73, '13T', '0000-00-00 00:00:00'),
(80, 74, '13T', '0000-00-00 00:00:00');

-- --------------------------------------------------------

--
-- Structure de la table `events_root_cause`
--

CREATE TABLE `events_root_cause` (
  `id` int(11) NOT NULL,
  `id_event` int(11) NOT NULL,
  `id_root_cause` int(11) NOT NULL,
  `date_fin` datetime NOT NULL
) ENGINE=InnoDB DEFAULT CHARSET=utf8;

--
-- Déchargement des données de la table `events_root_cause`
--

INSERT INTO `events_root_cause` (`id`, `id_event`, `id_root_cause`, `date_fin`) VALUES
(1, 1, 0, '2020-05-18 11:30:34'),
(2, 2, 0, '2020-06-17 09:01:16'),
(3, 3, 0, '2020-06-17 09:01:43'),
(4, 4, 0, '2020-11-09 07:49:45'),
(5, 5, 0, '2020-11-09 08:05:07'),
(6, 6, 0, '2020-11-09 07:50:01'),
(7, 8, 4, '2020-06-17 09:08:43'),
(8, 9, 4, '2020-06-17 09:02:35'),
(9, 10, 5, '2020-11-09 08:04:12'),
(10, 11, 4, '2020-11-09 08:03:13'),
(11, 12, 4, '2020-10-26 15:46:12'),
(12, 13, 4, '2020-11-09 08:16:49'),
(13, 14, 4, '2021-04-13 13:39:57'),
(14, 17, 4, '2020-11-09 08:38:20'),
(15, 18, 5, '2020-11-09 08:04:42'),
(16, 19, 5, '2020-11-16 16:11:01'),
(17, 21, 4, '2020-11-16 16:04:30'),
(18, 22, 4, '2021-09-30 15:44:34'),
(19, 23, 4, '2020-11-16 22:11:47'),
(20, 24, 4, '2020-11-18 10:05:23'),
(21, 25, 4, '0000-00-00 00:00:00'),
(22, 27, 4, '2020-11-16 16:09:45'),
(23, 28, 4, '2020-12-22 07:29:37'),
(24, 29, 5, '0000-00-00 00:00:00'),
(25, 30, 4, '0000-00-00 00:00:00'),
(26, 31, 4, '2020-11-18 10:05:46'),
(27, 33, 5, '0000-00-00 00:00:00'),
(28, 34, 4, '0000-00-00 00:00:00'),
(29, 35, 4, '0000-00-00 00:00:00'),
(30, 36, 4, '2020-12-28 12:41:39'),
(31, 37, 4, '2020-12-28 16:36:09'),
(32, 38, 4, '2020-12-29 13:37:24'),
(33, 39, 4, '2021-01-04 16:11:53'),
(34, 40, 4, '2021-09-16 12:14:29'),
(35, 41, 4, '0000-00-00 00:00:00'),
(36, 42, 4, '2021-09-16 12:15:09'),
(37, 43, 4, '2021-09-26 17:13:09'),
(38, 44, 5, '0000-00-00 00:00:00'),
(39, 45, 5, '0000-00-00 00:00:00'),
(40, 46, 4, '2021-09-30 10:56:20'),
(41, 47, 4, '2021-10-07 08:49:37'),
(42, 47, 8, '2021-10-07 08:49:37'),
(43, 48, 4, '2021-09-30 15:44:54'),
(44, 49, 4, '2021-09-30 15:47:35'),
(45, 50, 4, '2021-09-30 15:48:05'),
(46, 51, 4, '2021-09-30 15:49:14'),
(47, 52, 4, '2021-09-30 15:52:52'),
(48, 53, 4, '2021-10-06 12:27:51'),
(49, 54, 4, '2024-02-05 09:32:15'),
(50, 55, 4, '2024-02-05 09:37:55'),
(51, 56, 4, '2021-10-07 09:08:41'),
(52, 56, 8, '2021-10-07 09:08:41'),
(53, 57, 4, '2021-10-07 09:09:24'),
(54, 57, 8, '2021-10-07 09:09:24'),
(55, 58, 4, '2021-10-07 09:11:14'),
(56, 58, 8, '2021-10-07 09:11:14'),
(57, 59, 4, '2022-09-27 08:43:54'),
(58, 59, 8, '2022-09-27 08:43:54'),
(59, 60, 4, '2021-10-27 16:53:27'),
(60, 60, 5, '2021-10-27 16:53:27'),
(61, 60, 6, '2021-10-27 16:53:27'),
(62, 61, 4, '0000-00-00 00:00:00'),
(63, 61, 5, '0000-00-00 00:00:00'),
(64, 61, 6, '0000-00-00 00:00:00'),
(65, 64, 5, '2021-10-29 11:14:38'),
(66, 65, 5, '0000-00-00 00:00:00'),
(67, 69, 4, '2024-02-05 09:31:52'),
(68, 69, 8, '2024-02-05 09:31:52'),
(69, 70, 4, '2024-02-05 09:36:42'),
(70, 70, 8, '2024-02-05 09:36:42'),
(71, 71, 4, '2024-02-05 09:37:03'),
(72, 72, 4, '0000-00-00 00:00:00'),
(73, 72, 8, '0000-00-00 00:00:00'),
(74, 73, 4, '0000-00-00 00:00:00'),
(75, 74, 4, '0000-00-00 00:00:00');

-- --------------------------------------------------------

--
-- Structure de la table `exposure`
--

CREATE TABLE `exposure` (
  `id_exposure` mediumint(8) UNSIGNED NOT NULL,
  `exposure_code` varchar(20) NOT NULL,
  `exposure_libelle` varchar(40) NOT NULL DEFAULT '',
  `exposure_description` varchar(250) NOT NULL DEFAULT '',
  `exposure_date_debut` datetime NOT NULL,
  `exposure_date_modif` date DEFAULT '0000-00-00',
  `exposure_date_fin` datetime DEFAULT '0000-00-00 00:00:00',
  `exposure_type_iden` char(3) NOT NULL DEFAULT 'SPE',
  `codecouleur` varchar(10) NOT NULL,
  `exposure_rang` int(3) NOT NULL,
  `Affecte` binary(1) NOT NULL DEFAULT 't'
) ENGINE=InnoDB DEFAULT CHARSET=utf8;

--
-- Déchargement des données de la table `exposure`
--

INSERT INTO `exposure` (`id_exposure`, `exposure_code`, `exposure_libelle`, `exposure_description`, `exposure_date_debut`, `exposure_date_modif`, `exposure_date_fin`, `exposure_type_iden`, `codecouleur`, `exposure_rang`, `Affecte`) VALUES
(1, 'low', 'low', '', '2019-02-06 13:57:42', '0000-00-00', '2022-08-31 07:18:18', 'SPE', 'GREEN', 5, 0x74),
(1, 'low', 'Faible', '', '2022-08-31 07:18:18', '0000-00-00', '0000-00-00 00:00:00', 'SPE', 'GREEN', 5, 0x74),
(2, 'Mod', 'Moderate', '', '2019-02-06 13:58:42', '0000-00-00', '2020-12-16 13:58:10', 'SPE', 'ORANGE', 10, 0x74),
(2, 'Mod', 'Moderé', '', '2020-12-16 13:58:10', '0000-00-00', '2022-08-31 07:18:26', 'SPE', 'ORANGE', 10, 0x74),
(2, 'Mod', 'Modéré', '', '2022-08-31 07:18:26', '0000-00-00', '2022-08-31 07:22:16', 'SPE', 'ORANGE', 10, 0x74),
(2, 'Mod', 'Modérée', '', '2022-08-31 07:22:16', '0000-00-00', '0000-00-00 00:00:00', 'SPE', 'ORANGE', 10, 0x74),
(3, 'High', 'High', '', '2019-02-06 13:59:03', '0000-00-00', '2022-08-31 07:18:55', 'SPE', 'RED', 15, 0x74),
(3, 'High', 'Forte', '', '2022-08-31 07:18:55', '0000-00-00', '2022-08-31 07:19:09', 'SPE', 'RED', 15, 0x74),
(3, 'High', 'Elevée', '', '2022-08-31 07:19:09', '0000-00-00', '0000-00-00 00:00:00', 'SPE', 'RED', 15, 0x74);

-- --------------------------------------------------------

--
-- Structure de la table `extmail`
--

CREATE TABLE `extmail` (
  `ext_index` mediumint(8) UNSIGNED NOT NULL,
  `ext_idSoc` mediumint(8) NOT NULL,
  `ext_ext` varchar(100) NOT NULL,
  `ext_date_debut` datetime NOT NULL DEFAULT '0000-00-00 00:00:00',
  `ext_date_fin` date NOT NULL DEFAULT '0000-00-00'
) ENGINE=InnoDB DEFAULT CHARSET=utf8;

-- --------------------------------------------------------

--
-- Structure de la table `fonction`
--

CREATE TABLE `fonction` (
  `idFonction` mediumint(8) UNSIGNED NOT NULL,
  `Fonction_Code` varchar(35) NOT NULL,
  `Fonction_Lib` varchar(80) CHARACTER SET utf8 COLLATE utf8_general_ci NOT NULL,
  `Fonction_Desc` mediumtext NOT NULL,
  `Typ_Iden` varchar(8) NOT NULL,
  `Fonction_Date_Debut` datetime NOT NULL DEFAULT '0000-00-00 00:00:00',
  `Fonction_Date_Fin` datetime NOT NULL DEFAULT '0000-00-00 00:00:00',
  `Fonction_Date_Modif` date NOT NULL DEFAULT '0000-00-00',
  `Affecte` binary(1) NOT NULL
) ENGINE=InnoDB DEFAULT CHARSET=utf8;

--
-- Déchargement des données de la table `fonction`
--

INSERT INTO `fonction` (`idFonction`, `Fonction_Code`, `Fonction_Lib`, `Fonction_Desc`, `Typ_Iden`, `Fonction_Date_Debut`, `Fonction_Date_Fin`, `Fonction_Date_Modif`, `Affecte`) VALUES
(386, 'PRMGR', 'Project Manager', 'Project Manager', 'SPE', '2017-08-23 10:33:13', '0000-00-00 00:00:00', '0000-00-00', 0x74),
(393, 'ITDMGR', 'IT Department Manager', 'Information Technology Department Manager', 'SPE', '2017-10-16 12:42:26', '0000-00-00 00:00:00', '0000-00-00', 0x74),
(529, 'AHRDAMGR', 'Administration and HR Assistant Manager', 'Administration and Human Resource Assistant Manager', 'SPE', '2022-08-31 06:28:44', '0000-00-00 00:00:00', '0000-00-00', 0x74),
(586, 'PRMGROFC', 'Project Manager Officer', 'Project Manager Officer', 'SPE', '2017-09-29 16:11:27', '0000-00-00 00:00:00', '0000-00-00', 0x74),
(733, 'AHRDMGR', 'Administration and HR Manager', 'Administration and Human Resource Manager', 'SPE', '2017-10-16 12:38:11', '0000-00-00 00:00:00', '0000-00-00', 0x74),
(740, 'GM', 'General Manager', 'General Manager', 'SPE', '2017-08-23 10:30:03', '0000-00-00 00:00:00', '0000-00-00', 0x74),
(744, 'CHAIRMAN', 'CHAIRMAN', '', 'STD', '2020-10-30 07:12:28', '0000-00-00 00:00:00', '0000-00-00', 0x74),
(750, 'BRMGR', 'Branch Manager', 'Branch Manager', 'SPE', '2017-08-23 12:28:37', '0000-00-00 00:00:00', '0000-00-00', 0x74),
(751, 'ITDO', 'IT Operator', 'Information Technology Operator', 'SPE', '2015-05-19 16:38:43', '0000-00-00 00:00:00', '0000-00-00', 0x74),
(753, 'ITDNA', 'IT Network Administrator', 'Information Technology Network Administrator', 'SPE', '2015-05-19 16:38:17', '0000-00-00 00:00:00', '0000-00-00', 0x74),
(754, 'ITSD', 'IT Software Developpment', 'IT Software Developpment', 'SPE', '2015-05-19 13:43:33', '0000-00-00 00:00:00', '0000-00-00', 0x74),
(755, 'ITDDBA', 'IT Data Base Administrator', 'Information Technology Data Base Administrator', 'SPE', '2015-05-19 16:37:23', '0000-00-00 00:00:00', '0000-00-00', 0x74),
(756, 'DGM', 'Duputy General Manager', 'Duputy General Manager', 'SPE', '2017-08-23 10:20:18', '0000-00-00 00:00:00', '0000-00-00', 0x74),
(757, 'AGM', 'Assistant General Manager', 'Assistant General Manager', 'SPE', '2021-03-12 15:52:58', '0000-00-00 00:00:00', '0000-00-00', 0x74),
(758, 'DG', 'Directeur Général', '', 'SPE', '2022-08-31 06:38:55', '0000-00-00 00:00:00', '0000-00-00', 0x74),
(759, 'GMS', 'General Manager Secretary', 'General Manager Secretary', 'SPE', '2017-08-23 10:30:13', '0000-00-00 00:00:00', '0000-00-00', 0x74),
(760, 'DGMS', 'Deputy General Manager Secretary', 'Deputy General Manager Secretary', 'SPE', '2017-08-23 10:23:07', '0000-00-00 00:00:00', '0000-00-00', 0x74),
(761, 'ITDSA', 'IT System Administrator', 'Information Technology System Administrator', 'SPE', '2015-05-19 16:39:38', '0000-00-00 00:00:00', '0000-00-00', 0x74),
(762, 'ITDQA', 'IT Quality Assurance', 'Information Technology Quality Assurance', 'SPE', '2015-05-19 16:39:13', '0000-00-00 00:00:00', '0000-00-00', 0x74),
(763, 'AHRDOFC', 'Administration and HR Officer', 'Administration and Human Resource Officer', 'SPE', '2017-10-25 08:21:59', '0000-00-00 00:00:00', '0000-00-00', 0x74),
(764, 'IADMGR', 'Internal Audit Department Manager', 'Internal Audit Department Manager', 'SPE', '2017-08-23 10:13:15', '0000-00-00 00:00:00', '0000-00-00', 0x74),
(765, 'RACI', 'Internal Audit Department Officer', 'Internal Audit Department Officer', 'SPE', '2021-03-12 15:53:23', '0000-00-00 00:00:00', '0000-00-00', 0x74),
(766, 'SADMgr', 'Shariaa Audit Manager', 'Shariaa Audit Manager', 'SPE', '2015-05-19 16:30:47', '0000-00-00 00:00:00', '0000-00-00', 0x74),
(767, 'SADOfcr', 'Shariaa Audit Officer', 'Shariaa Audit Officer', 'SPE', '2015-05-19 16:31:10', '0000-00-00 00:00:00', '0000-00-00', 0x74),
(768, 'SODMGR', 'Security Officer Department Manager', 'Security Officer Department Manager', 'SPE', '2017-08-23 10:49:18', '0000-00-00 00:00:00', '0000-00-00', 0x74),
(769, 'SODOFC', 'Security Officer Department Officer', 'Security Officer Department Officer', 'SPE', '2017-08-23 11:35:58', '0000-00-00 00:00:00', '0000-00-00', 0x74),
(770, 'BDDMGR', 'Bad Debt Department Manager', 'Bad Debt Department Manager', 'SPE', '2017-10-16 12:38:32', '0000-00-00 00:00:00', '0000-00-00', 0x74),
(771, 'BDDOFC', 'Bad Debt Department Officer', 'Bad Debt Department Officer', 'SPE', '2017-10-16 12:38:45', '0000-00-00 00:00:00', '0000-00-00', 0x74),
(772, 'LDMgr', 'Legal Department Manager', 'Legal Department Manager', 'SPE', '2015-05-19 16:43:13', '0000-00-00 00:00:00', '0000-00-00', 0x74),
(773, 'LDOfcr', 'Legal Department Officer', 'Legal Department Officer', 'SPE', '2015-05-19 16:43:38', '0000-00-00 00:00:00', '0000-00-00', 0x74),
(774, 'FCDMGR', 'Financial Control Department Manager', 'Financial Control Department Manager', 'SPE', '2017-08-23 12:48:48', '0000-00-00 00:00:00', '0000-00-00', 0x74),
(775, 'FCDAMGR', 'Financial Control Dept Assistant Manager', 'Financial Control Department Assistant Manager', 'SPE', '2017-10-16 12:41:37', '0000-00-00 00:00:00', '0000-00-00', 0x74),
(776, 'FCDOFCR', 'Financial Control Department Officer', 'Financial Control Department Officer', 'SPE', '2017-08-23 12:49:08', '0000-00-00 00:00:00', '0000-00-00', 0x74),
(777, 'RMDMGR', 'Risk Management Department Manager', 'Risk Management Department Manager', 'SPE', '2017-08-23 12:17:22', '0000-00-00 00:00:00', '0000-00-00', 0x74),
(778, 'RMDOFC', 'Risk Management Department Officer', 'Risk Management Department Officer', 'SPE', '2017-08-23 12:21:15', '0000-00-00 00:00:00', '0000-00-00', 0x74),
(779, 'CDMGR', 'Compliance Department Manager', 'Compliance Department Manager', 'SPE', '2017-08-23 12:29:50', '0000-00-00 00:00:00', '0000-00-00', 0x74),
(780, 'CDOFC', 'Compliance Department Officer', 'Compliance Department Officer', 'SPE', '2017-08-23 12:30:06', '0000-00-00 00:00:00', '0000-00-00', 0x74),
(781, 'ICDMGR', 'Internal Control Department Manager', 'Internal Control Department Manager', 'SPE', '2017-08-23 12:51:04', '0000-00-00 00:00:00', '0000-00-00', 0x74),
(782, 'ICDOFCR', 'Internal Control Department Officer', 'Internal Control Department Officer', 'SPE', '2017-08-23 12:52:07', '0000-00-00 00:00:00', '0000-00-00', 0x74),
(783, 'ODMGR', 'Operation Department Manager', 'Operation Department Manager', 'SPE', '2017-08-23 12:57:19', '0000-00-00 00:00:00', '0000-00-00', 0x74),
(784, 'ODOFCR', 'Operation Department Officer', 'Operation Department Officer', 'SPE', '2017-08-23 12:57:30', '0000-00-00 00:00:00', '0000-00-00', 0x74),
(785, 'TDMGR', 'Treasury Department Manager', 'Treasury Department Manager', 'SPE', '2017-08-23 10:40:04', '0000-00-00 00:00:00', '0000-00-00', 0x74),
(786, 'TDOFC', 'Treasury Department Officer', 'Treasury Department Officer', 'SPE', '2017-08-23 10:39:47', '0000-00-00 00:00:00', '0000-00-00', 0x74),
(787, 'TFDMGR', 'Trade Finance Department Manager', 'Trade Finance Department Manager', 'SPE', '2017-08-23 10:39:11', '0000-00-00 00:00:00', '0000-00-00', 0x74),
(788, 'TFDOFC', 'Trade Finance Department Officer', 'Trade Finance Department Officer', 'SPE', '2017-08-23 10:38:58', '0000-00-00 00:00:00', '0000-00-00', 0x74),
(789, 'CADMGR', 'Credit Administration Department Manager', 'Credit Administration Department Manager', 'SPE', '2017-08-23 12:23:44', '0000-00-00 00:00:00', '0000-00-00', 0x74),
(790, 'CADOFC', 'Credit Administration Department Officer', 'Credit Administration Department Officer', 'SPE', '2017-08-23 12:23:57', '0000-00-00 00:00:00', '0000-00-00', 0x74),
(791, 'CRDMGR', 'Credit Department Manager', 'Credit Department Manager', 'SPE', '2017-08-23 12:30:53', '0000-00-00 00:00:00', '0000-00-00', 0x74),
(792, 'CRDOFC', 'Credit Department Officer', 'Credit Department Officer', 'SPE', '2017-08-23 12:31:23', '0000-00-00 00:00:00', '0000-00-00', 0x74),
(793, 'MDMGR', 'Maintenance Department Manager', 'Maintenance Department Manager', 'SPE', '2017-08-23 12:56:25', '0000-00-00 00:00:00', '0000-00-00', 0x74),
(794, 'MDOFCR', 'Maintenance Department Officer', 'Maintenance Department Officer', 'SPE', '2017-08-23 12:56:39', '0000-00-00 00:00:00', '0000-00-00', 0x74),
(795, 'EBSDMGR', 'EBS Department Manager', 'Electronic Business Service Department Manager', 'SPE', '2017-10-16 12:39:34', '0000-00-00 00:00:00', '0000-00-00', 0x74),
(796, 'EBSDOFC', 'EBS Department Officer', 'Electronic Business Service Department Officer', 'SPE', '2017-10-16 12:39:56', '0000-00-00 00:00:00', '0000-00-00', 0x74),
(797, 'PRDMGR', 'Public Relation Department Manager', 'Public Relation Department Manager', 'SPE', '2017-08-23 12:58:15', '0000-00-00 00:00:00', '0000-00-00', 0x74),
(798, 'PRDOFC', 'Public Relation Department Officer', 'Public Relation Department Officer', 'SPE', '2017-08-23 12:58:31', '0000-00-00 00:00:00', '0000-00-00', 0x74),
(799, 'MKDMGR', 'Marketting Department Manager', 'Marketting Department Manager', 'SPE', '2017-08-23 12:56:51', '0000-00-00 00:00:00', '0000-00-00', 0x74),
(800, 'MKDOFCR', 'Marketting Department Officer', 'Marketting Department Officer', 'SPE', '2017-08-23 12:57:04', '0000-00-00 00:00:00', '0000-00-00', 0x74),
(801, 'BMDMGR', 'Branch Management Department Manager', 'Branch Management Department Manager', 'SPE', '2017-08-23 12:27:40', '0000-00-00 00:00:00', '0000-00-00', 0x74),
(802, 'BMDOFC', 'Branch Management Department Officer', 'Branch Management Department Officer', 'SPE', '2017-08-23 12:26:49', '0000-00-00 00:00:00', '0000-00-00', 0x74),
(803, 'BRAMGR', 'Branch Assistant Manager', 'Branch Assistant Manager', 'SPE', '2017-08-23 12:28:00', '0000-00-00 00:00:00', '0000-00-00', 0x74),
(804, 'BROS', 'Branch Operation Supervisor', 'Branch Operation Supervisor', 'SPE', '2017-08-23 12:28:54', '0000-00-00 00:00:00', '0000-00-00', 0x74),
(805, 'BRHCSO', 'Branch Head CSO', 'Branch Head CSO', 'SPE', '2017-08-23 10:11:50', '0000-00-00 00:00:00', '0000-00-00', 0x74),
(806, 'BRCSO', 'Branch CSO', 'Branch CSO', 'SPE', '2017-08-23 10:09:27', '0000-00-00 00:00:00', '0000-00-00', 0x74),
(807, 'BRHT', 'Branch Head Teller', 'Branch Head Teller', 'SPE', '2017-08-23 10:12:00', '0000-00-00 00:00:00', '0000-00-00', 0x74),
(808, 'BRT', 'Branch Teller', 'Branch Teller', 'SPE', '2017-08-23 12:29:22', '0000-00-00 00:00:00', '0000-00-00', 0x74),
(809, 'AHRDMSGR', 'Administration and HR Messenger', 'Administration and Human Resource Department Messenger', 'SPE', '2017-10-16 12:37:22', '0000-00-00 00:00:00', '0000-00-00', 0x74),
(816, 'General Manager & Board Member', 'General Manager & Board Member', '', 'SPE', '2016-11-02 09:39:59', '0000-00-00 00:00:00', '0000-00-00', 0x74),
(818, 'Deputy General Manager', 'Deputy General Manager', '', 'SPE', '2017-09-29 14:40:26', '0000-00-00 00:00:00', '0000-00-00', 0x74),
(830, 'Executive Secretary to the General', 'GM Executive Secretary', 'Executive Secretary to the General Manager', 'SPE', '2017-10-16 12:41:13', '0000-00-00 00:00:00', '0000-00-00', 0x74),
(831, 'Executive Secretary to the Deputy G', 'DGM Executive Secretary', 'Executive Secretary to the Deputy General Manager', 'SPE', '2017-10-16 12:40:41', '0000-00-00 00:00:00', '0000-00-00', 0x74),
(873, 'Risk Mangement Department', 'Risk Mangement Department', '', 'SPE', '2016-11-02 09:39:59', '0000-00-00 00:00:00', '0000-00-00', 0x74),
(874, 'DRH', 'Directeur des RH', '', 'SPE', '2021-03-12 15:51:47', '0000-00-00 00:00:00', '0000-00-00', 0x74),
(875, 'DT', 'Directeur Technique', '', 'SPE', '2022-08-31 06:39:46', '0000-00-00 00:00:00', '0000-00-00', 0x74),
(876, 'DIRRI', 'DIRRI', '', 'SPE', '2021-03-12 15:51:25', '0000-00-00 00:00:00', '0000-00-00', 0x74),
(877, 'Consutat', 'Consulat', '', 'SPE', '2021-03-12 15:50:55', '0000-00-00 00:00:00', '0000-00-00', 0x74),
(878, 'DRE', 'Directeur des Réaménagement', '', 'SPE', '2022-08-31 06:39:25', '0000-00-00 00:00:00', '0000-00-00', 0x74),
(879, 'exo', 'EXOGENE', '', 'SPE', '2021-03-12 15:52:23', '0000-00-00 00:00:00', '0000-00-00', 0x74),
(880, 'ENDO', 'ENDOGENE', '', 'SPE', '2021-03-12 15:52:12', '0000-00-00 00:00:00', '0000-00-00', 0x74),
(882, 'DAI', 'Directeur Accueil et Intégration', '', 'SPE', '2020-11-13 16:48:19', '0000-00-00 00:00:00', '0000-00-00', 0x74),
(883, 'test', 'Test Fonction', '', 'SPE', '2023-07-19 09:59:43', '0000-00-00 00:00:00', '0000-00-00', 0x74);

-- --------------------------------------------------------

--
-- Structure de la table `gestion_controles_exams`
--

CREATE TABLE `gestion_controles_exams` (
  `id` int(11) NOT NULL,
  `id_pr` int(11) NOT NULL,
  `exam_no` int(11) NOT NULL,
  `description_controle` text NOT NULL,
  `observations` text NOT NULL,
  `exam_description` text NOT NULL,
  `charge_de_controle` varchar(255) NOT NULL,
  `PCA_Date_examen` date NOT NULL,
  `PCA_Date_realisation` date NOT NULL,
  `niv_conf` varchar(255) NOT NULL,
  `status` varchar(255) NOT NULL,
  `priority` varchar(255) NOT NULL,
  `Date_Debut` datetime NOT NULL DEFAULT '0000-00-00 00:00:00',
  `Date_Modif` datetime NOT NULL DEFAULT '0000-00-00 00:00:00',
  `PCA_expected_next_control_date` date NOT NULL,
  `gestion_controles_exams` date NOT NULL,
  `PCA_Date_Fin` datetime NOT NULL DEFAULT '0000-00-00 00:00:00',
  `PCA_id_periode` datetime DEFAULT NULL,
  `typres_iden` varchar(11) NOT NULL,
  `idUserModif` int(11) NOT NULL,
  `date_user_modif` datetime NOT NULL
) ENGINE=InnoDB DEFAULT CHARSET=utf8;

--
-- Déchargement des données de la table `gestion_controles_exams`
--

INSERT INTO `gestion_controles_exams` (`id`, `id_pr`, `exam_no`, `description_controle`, `observations`, `exam_description`, `charge_de_controle`, `PCA_Date_examen`, `PCA_Date_realisation`, `niv_conf`, `status`, `priority`, `Date_Debut`, `Date_Modif`, `PCA_expected_next_control_date`, `gestion_controles_exams`, `PCA_Date_Fin`, `PCA_id_periode`, `typres_iden`, `idUserModif`, `date_user_modif`) VALUES
(1, 576, 1, '', '', '', '', '0000-00-00', '0000-00-00', '', '3', '0', '2024-08-30 11:16:49', '0000-00-00 00:00:00', '0000-00-00', '0000-00-00', '0000-00-00 00:00:00', NULL, 'ACT', 174, '2024-08-30 11:16:49'),
(2, 575, 1, 'description détaillée du contrôle à effectuer', '', '', '178', '0000-00-00', '0000-00-00', '', '3', '0', '2025-01-29 09:53:43', '0000-00-00 00:00:00', '0000-00-00', '0000-00-00', '0000-00-00 00:00:00', NULL, 'ACT', 174, '2025-01-29 09:53:43');

-- --------------------------------------------------------

--
-- Structure de la table `gestion_controles_exam_actions`
--

CREATE TABLE `gestion_controles_exam_actions` (
  `id` int(11) NOT NULL,
  `id_gestion_controle_exam` int(11) NOT NULL,
  `id_actionrisque` int(11) NOT NULL,
  `id_pr` int(11) NOT NULL,
  `observations` text NOT NULL,
  `description` text NOT NULL,
  `charge_de_controle` int(11) NOT NULL,
  `status` int(11) NOT NULL,
  `date_realisation` date NOT NULL,
  `niveau_de_conformite` int(11) NOT NULL,
  `typres_iden` varchar(11) CHARACTER SET utf8 COLLATE utf8_general_ci NOT NULL DEFAULT 'ACT',
  `date_modif` datetime NOT NULL,
  `idUserModif` int(11) NOT NULL
) ENGINE=InnoDB DEFAULT CHARSET=utf8;

--
-- Déchargement des données de la table `gestion_controles_exam_actions`
--

INSERT INTO `gestion_controles_exam_actions` (`id`, `id_gestion_controle_exam`, `id_actionrisque`, `id_pr`, `observations`, `description`, `charge_de_controle`, `status`, `date_realisation`, `niveau_de_conformite`, `typres_iden`, `date_modif`, `idUserModif`) VALUES
(1, 1, 428, 576, '', '', 0, 3, '2024-08-30', 0, 'ACT', '2024-08-30 11:17:40', 174),
(2, 1, 432, 576, '', '', 0, 0, '0000-00-00', 0, 'ACT', '0000-00-00 00:00:00', 0),
(3, 1, 429, 576, '', '', 0, 0, '0000-00-00', 0, 'ACT', '0000-00-00 00:00:00', 0),
(4, 1, 430, 576, '', '', 0, 0, '0000-00-00', 0, 'ACT', '0000-00-00 00:00:00', 0),
(5, 1, 431, 576, '', '', 0, 0, '0000-00-00', 0, 'ACT', '0000-00-00 00:00:00', 0),
(6, 2, 428, 575, '', 'description détaillée du contrôle à effectuer', 178, 3, '2025-01-29', 2, 'ACT', '2025-01-29 09:54:10', 174),
(7, 2, 432, 575, '', '', 0, 0, '0000-00-00', 0, 'ACT', '0000-00-00 00:00:00', 0),
(8, 2, 429, 575, '', '', 0, 0, '0000-00-00', 0, 'ACT', '0000-00-00 00:00:00', 0),
(9, 2, 431, 575, '', '', 0, 0, '0000-00-00', 0, 'ACT', '0000-00-00 00:00:00', 0);

-- --------------------------------------------------------

--
-- Structure de la table `gestion_controles_exam_action_recommendations`
--

CREATE TABLE `gestion_controles_exam_action_recommendations` (
  `id` int(11) NOT NULL,
  `id_gestion_controle_exam_action` int(11) NOT NULL,
  `id_recommendation` int(11) NOT NULL,
  `no` int(11) NOT NULL,
  `action_date_crea` date NOT NULL,
  `action_date_declenche` date NOT NULL,
  `action_date_deadLine` date NOT NULL,
  `action_date_fin` date NOT NULL,
  `action_porteur` int(11) NOT NULL,
  `TypRes_Iden` varchar(11) CHARACTER SET utf8 COLLATE utf8_general_ci NOT NULL,
  `comment` text CHARACTER SET utf8 COLLATE utf8_general_ci NOT NULL,
  `priorite` int(11) NOT NULL,
  `cout` int(11) NOT NULL,
  `benefice` int(11) NOT NULL,
  `date_creation` datetime NOT NULL,
  `date_modification` datetime NOT NULL,
  `date_cloture` datetime NOT NULL,
  `id_user_modif` int(11) NOT NULL
) ENGINE=InnoDB DEFAULT CHARSET=utf8;

--
-- Déchargement des données de la table `gestion_controles_exam_action_recommendations`
--

INSERT INTO `gestion_controles_exam_action_recommendations` (`id`, `id_gestion_controle_exam_action`, `id_recommendation`, `no`, `action_date_crea`, `action_date_declenche`, `action_date_deadLine`, `action_date_fin`, `action_porteur`, `TypRes_Iden`, `comment`, `priorite`, `cout`, `benefice`, `date_creation`, `date_modification`, `date_cloture`, `id_user_modif`) VALUES
(1, 6, 430, 1, '2025-01-29', '0000-00-00', '0000-00-00', '0000-00-00', 331, 'ACT', '', 0, 0, 0, '2025-01-29 09:54:11', '0000-00-00 00:00:00', '0000-00-00 00:00:00', 174);

-- --------------------------------------------------------

--
-- Structure de la table `highperiod`
--

CREATE TABLE `highperiod` (
  `idhighperiod` mediumint(8) UNSIGNED NOT NULL,
  `highperiod_Code` varchar(35) NOT NULL,
  `highperiod_Lib` varchar(40) NOT NULL,
  `highperiod_Desc` mediumtext NOT NULL,
  `Typ_Iden` varchar(8) NOT NULL,
  `frequency` int(11) NOT NULL,
  `from_date` date NOT NULL,
  `to_date` date NOT NULL,
  `from_time` varchar(10) NOT NULL,
  `to_time` varchar(10) NOT NULL,
  `highperiod_Date_Debut` datetime NOT NULL DEFAULT '0000-00-00 00:00:00',
  `highperiod_Date_Fin` datetime NOT NULL DEFAULT '0000-00-00 00:00:00',
  `highperiod_Date_Modif` date NOT NULL DEFAULT '0000-00-00',
  `Affecte` binary(1) NOT NULL
) ENGINE=InnoDB DEFAULT CHARSET=utf8;

--
-- Déchargement des données de la table `highperiod`
--

INSERT INTO `highperiod` (`idhighperiod`, `highperiod_Code`, `highperiod_Lib`, `highperiod_Desc`, `Typ_Iden`, `frequency`, `from_date`, `to_date`, `from_time`, `to_time`, `highperiod_Date_Debut`, `highperiod_Date_Fin`, `highperiod_Date_Modif`, `Affecte`) VALUES
(1, 'eom', 'end of month', 'end of month', 'SPE', 0, '0000-00-00', '0000-00-00', '00:00:00', '00:00:00', '2018-06-05 13:48:17', '2022-08-31 06:33:54', '0000-00-00', 0x74),
(1, 'eom', 'Fin de mois', 'end of month', 'SPE', 4, '2022-08-01', '2022-08-31', '18:00:00', '23:30:00', '2022-08-31 06:33:54', '2024-06-24 07:54:34', '0000-00-00', 0x74),
(1, 'eom', 'Fin de mois', 'end of month', 'SPE', 4, '2022-08-01', '2022-08-31', '8:00:00', '23:30:00', '2024-06-24 07:54:34', '0000-00-00 00:00:00', '0000-00-00', 0x74),
(2, '4M', '4M', '4M', 'SPE', 0, '0000-00-00', '0000-00-00', '00:00:00', '00:00:00', '2018-06-07 10:29:55', '0000-00-00 00:00:00', '0000-00-00', 0x74),
(3, 'FOM', 'First Of Month', 'First Of Month', 'SPE', 0, '0000-00-00', '0000-00-00', '00:00:00', '00:00:00', '2018-10-31 09:12:30', '0000-00-00 00:00:00', '0000-00-00', 0x74),
(4, 'FW', 'First Week of Month', 'First Week of Month', 'SPE', 0, '0000-00-00', '0000-00-00', '00:00:00', '00:00:00', '2018-10-31 09:12:57', '2020-07-08 15:53:12', '0000-00-00', 0x74),
(4, 'FW', 'First Week of Month', 'First Week of Month', 'SPE', 4, '2020-07-01', '2020-07-08', '7:00:00', '24:00:00', '2020-07-08 15:53:12', '2022-08-31 06:34:56', '0000-00-00', 0x74),
(4, 'FW', '1ère semaine du mois', 'First Week of Month', 'SPE', 4, '2020-07-01', '2020-07-08', '7:00:00', '24:00:00', '2022-08-31 06:34:56', '0000-00-00 00:00:00', '0000-00-00', 0x74),
(5, '3M', 'Quarterly', 'Quarterly', 'SPE', 0, '0000-00-00', '0000-00-00', '00:00:00', '00:00:00', '2019-04-04 09:51:42', '2022-08-31 06:32:41', '0000-00-00', 0x74),
(5, '3M', 'trimestriel', 'Quarterly', 'SPE', 3, '2022-09-01', '2022-12-31', '9:00:00', '18:00:00', '2022-08-31 06:32:41', '0000-00-00 00:00:00', '0000-00-00', 0x74),
(6, 'EOD', 'End Of Day', 'End Of Day', 'SPE', 0, '0000-00-00', '0000-00-00', '00:00:00', '00:00:00', '2019-04-04 09:55:57', '2020-07-08 15:51:52', '0000-00-00', 0x74),
(6, 'EOD', 'End Of Day', 'End Of Day', 'SPE', 6, '2020-07-08', '2020-07-08', '13:00:00', '23:00:00', '2020-07-08 15:51:52', '2022-08-31 06:33:06', '0000-00-00', 0x74),
(6, 'EOD', 'Fin de journée', 'End Of Day', 'SPE', 6, '2020-07-08', '2020-07-08', '13:00:00', '23:00:00', '2022-08-31 06:33:06', '0000-00-00 00:00:00', '0000-00-00', 0x74),
(7, '1st monday', '1st monday', '', 'SPE', 4, '2019-09-02', '2019-09-02', '8:00:00', '13:00:00', '2019-09-17 13:14:13', '2020-05-18 10:15:06', '0000-00-00', 0x74),
(7, '1st monday', '1st monday', '', 'SPE', 4, '2019-09-02', '2019-09-02', '8:00:00', '13:00:00', '2020-05-18 10:15:06', '2020-07-13 09:35:20', '0000-00-00', 0x74),
(7, '1st monday', '1st monday', '', 'SPE', 4, '2019-09-02', '2019-09-10', '8:00:00', '18:00:00', '2020-07-13 09:35:20', '2020-07-14 09:18:25', '0000-00-00', 0x74),
(7, '1st monday', '1st monday', '', 'SPE', 6, '2019-09-02', '2019-09-02', '8:00:00', '18:00:00', '2020-07-14 09:18:25', '2020-08-03 09:16:00', '0000-00-00', 0x74),
(7, '1st monday', '1st monday', '', 'SPE', 4, '2019-09-02', '2019-09-02', '8:00:00', '18:00:00', '2020-08-03 09:16:00', '2020-12-15 10:13:02', '0000-00-00', 0x74),
(7, '1st monday', '1ère monday', '', 'SPE', 4, '2019-09-02', '2019-09-02', '8:00:00', '18:00:00', '2020-12-15 10:13:02', '2021-03-12 15:55:56', '0000-00-00', 0x74),
(7, '1st monday', '1st monday', '', 'SPE', 4, '2019-09-02', '2019-09-02', '8:00:00', '18:00:00', '2021-03-12 15:55:56', '2022-08-31 06:31:03', '0000-00-00', 0x74),
(7, '1er lundi', '1er lundi', '', 'SPE', 4, '2019-09-02', '2019-09-02', '8:00:00', '18:00:00', '2022-08-31 06:31:04', '0000-00-00 00:00:00', '0000-00-00', 0x74);

-- --------------------------------------------------------

--
-- Structure de la table `history`
--

CREATE TABLE `history` (
  `id` int(11) NOT NULL,
  `user` varchar(255) NOT NULL,
  `title` varchar(255) NOT NULL,
  `logo_path` varchar(255) NOT NULL,
  `date` varchar(50) NOT NULL,
  `from` varchar(255) NOT NULL,
  `to` varchar(255) NOT NULL COMMENT 'in the format of A_174|A_175|...',
  `introduction` mediumtext NOT NULL,
  `objective` mediumtext NOT NULL,
  `policy` mediumtext NOT NULL,
  `organization` varchar(255) NOT NULL COMMENT 'AKA direction',
  `chapters` varchar(255) NOT NULL COMMENT 'in format of : CL|OC|....',
  `comments` mediumtext NOT NULL,
  `extras` mediumtext NOT NULL,
  `BIASLimits` varchar(255) NOT NULL,
  `BIASFilter1` varchar(255) NOT NULL,
  `BIASFilter2` varchar(255) NOT NULL,
  `BIASFilter3` varchar(255) NOT NULL,
  `biaAutoCheckBy` varchar(50) NOT NULL DEFAULT 'byRessource',
  `id_periode` varchar(8) NOT NULL DEFAULT '3' COMMENT 'dft frequency for admin/ci',
  `title_ci` varchar(255) NOT NULL,
  `date_ci` varchar(50) NOT NULL,
  `from_ci` varchar(255) NOT NULL,
  `to_ci` varchar(255) NOT NULL COMMENT 'in the format of A_174|A_175|...',
  `introduction_ci` mediumtext NOT NULL,
  `objective_ci` mediumtext NOT NULL,
  `policy_ci` mediumtext NOT NULL,
  `organization_ci` varchar(255) NOT NULL COMMENT 'AKA direction',
  `chapters_ci` varchar(255) NOT NULL COMMENT 'in format of : CL|OC|....',
  `comments_ci` mediumtext NOT NULL,
  `extras_ci` mediumtext NOT NULL
) ENGINE=InnoDB DEFAULT CHARSET=utf8;

--
-- Déchargement des données de la table `history`
--

INSERT INTO `history` (`id`, `user`, `title`, `logo_path`, `date`, `from`, `to`, `introduction`, `objective`, `policy`, `organization`, `chapters`, `comments`, `extras`, `BIASLimits`, `BIASFilter1`, `BIASFilter2`, `BIASFilter3`, `biaAutoCheckBy`, `id_periode`, `title_ci`, `date_ci`, `from_ci`, `to_ci`, `introduction_ci`, `objective_ci`, `policy_ci`, `organization_ci`, `chapters_ci`, `comments_ci`, `extras_ci`) VALUES
(1, 'admin@bbl.com', 'Business impact analysis', '', '30/10/14', 'Admin Kmir', '', '', '', '', '', 'CL|OC|BIA|', '', '{\"extra_comment_beginning_CL\":\"beginning\",\"extra_comment_CL\":\"\",\"extra_comment_beginning_OC\":\"beginning\",\"extra_comment_OC\":\"\",\"extra_comment_beginning_CF\":\"beginning\",\"extra_comment_CF\":\"\",\"extra_comment_beginning_RM\":\"beginning\",\"extra_comment_RM\":\"\",\"extra_comment_beginning_RM2\":\"beginning\",\"extra_comment_RM2\":\"\",\"extra_comment_beginning_BP\":\"beginning\",\"extra_comment_BP\":\"\",\"extra_comment_beginning_BS\":\"beginning\",\"extra_comment_BS\":\"\",\"extra_comment_beginning_CD\":\"beginning\",\"extra_comment_CD\":\"\",\"extra_comment_beginning_TPL\":\"beginning\",\"extra_comment_TPL\":\"\",\"extra_comment_beginning_NCT\":\"beginning\",\"extra_comment_NCT\":\"\",\"extra_comment_beginning_KCS\":\"beginning\",\"extra_comment_KCS\":\"\",\"extra_comment_beginning_BIA\":\"beginning\",\"extra_comment_BIA\":\"\",\"extra_comment_beginning_SRT\":\"beginning\",\"extra_comment_SRT\":\"\",\"extra_comment_beginning_SL\":\"beginning\",\"extra_comment_SL\":\"\",\"extra_comment_beginning_BPL\":\"beginning\",\"extra_comment_BPL\":\"\",\"extra_comment_beginning_AL\":\"beginning\",\"extra_comment_AL\":\"\",\"extra_comment_beginning_PRC\":\"beginning\",\"extra_comment_PRC\":\"\",\"extra_comment_beginning_APP\":\"beginning\",\"extra_comment_APP\":\"\"}', '', '', '', '', 'byRessource', '3', '', '', '', '', '', '', '', '', '', '', ''),
(2, 'bcpadmin@al-baraka.com', 'Business Continuity Plan|version 1.0|YA-AH', '', '04/04/19', 'Bcp Admin', 'A_230|A_175|A_282|A_182|A_247|A_242|A_180|A_211|A_176|A_332|A_179|A_221|A_208|A_192|A_213|A_205|A_200|A_185|A_244|', '<p>The purpose of this business continuity plan is to build a practiced plan for Al Baraka Bank in the event of mass service breakdown caused by factors beyond human control (e.g., natural disasters, man-made events, war).</p>\r\n<p>Business Continuity Plan helps in recovering and restoring critical functions within a limited time after a disaster/crisis takes place. It is a solution to let the bank stay in business in the event of disaster. This plan covers all Al Baraka Bank system sites, operations facilities, and departments. All Al Baraka Bank sites are expected to perform safety measures to control and limit failure and to recover as much as possible all the lost data in a short period of time.</p>\r\n<p><span style=\"text-decoration: underline;\"><strong>Scope:</strong></span></p>\r\n<p>- Nuclear and mass destruction wars are beyond the scope of this plan</p>\r\n<p>-The plan does not focus on each possible disruption. It rather looks for common elements in any disaster such as loss of information, loss of personnel, loss of equipments and loss of access to information facilities.</p>\r\n<p>- This plan includes procedures, solutions, and set of scenarios that might be possible and potential crisis examples.</p>\r\n<p>- It is not meant to be a day to day solution. It is a contingency program for critical and essential activities.</p>\r\n<p>- The teams it encompasses are depicted from all departmants of the bank. They will be ready, trained, and prepared for any crisis.</p>\r\n<p>- The DR site is equipped with essential office utilities, IT infrastructure, communication facilities and equipment.</p>\r\n<p>- The DR site is ready to host representatives of the departments who will assume the critical and essential functions. Disaster Definition: A disaster is identified by any loss of process, system, information, communication, physical safeguards or catastrophic event (natural disasters) that causes interruption of service provided by Al Baraka Bank operations. The plan identifies exposure of the occurrence of the above mentioned events by which it offers recommended measures to avoid extended service outages.</p>', '<p><span style=\"text-decoration: underline;\"><strong>Recovery Plan Objectives:</strong></span></p>\r\n<p>- To ensure safety of all employees throughout the emergency condition, the disaster declaration and the recovery process.</p>\r\n<p>- To provide Al Baraka Bank recovery teams a guide that clearly describes essential steps to be taken before/through/and after crisis or disasters.</p>\r\n<p>- To indicate and identify the location and access to any information or records that are excluded or not available in this document.</p>\r\n<p>- To provide procedures and resources that are required to aid in recovery.</p>\r\n<p>- To identify suppliers and customers that must be advised in the event of a disaster.</p>\r\n<p>- To support in clearing out errors caused by confusion and chaos experienced during a crisis by documenting, testing and reviewing recovery procedures.</p>\r\n<p>- To identify alternate sources for supplies, resources and locations.</p>\r\n<p>- To document storage, protection, access and retrieval procedures for critical records. Assumptions:</p>\r\n<p>- Key people characterized by Team Leaders and Successors will be available following a disaster.</p>\r\n<p>- A national disaster such as nuclear war is beyond the scope of this plan.</p>\r\n<p>- The Business Continuity Plan document and all essential supporting documents and lists are stored in HO and in a secure off-site location and are available and reachable right away following the disaster.</p>\r\n<p>- The plan can be derived through the BCM software application which is a repository for all BCP related documents.</p>\r\n<p>- The plan is built based on the Business Impact Analysis and Recovery procedures supplied by each department.</p>\r\n<p>- The Data Backup policies and Offsite Storage Procedures are being regularly applied and audited</p>', '', '', 'CL|OC|CF|RM|BS|CD|TPL|NCT|KCS|BIA|SRT|SL|BPL|AL|PRC|APP|', '<p>Keeping the Plan Up to Date These plans are intended to be living documents.</p>\r\n<p>They should reflect the latest information available. Recovery Coordinators and Team Leaders are responsible for reviewing and updating their plans on a semiannual basis. With every completed update, new copies of the plan will be sent to the recipient list and posted on the shared folder accessible by everybody.</p>\r\n<p>The accepted practice is to print and distribute only the page or pages have been changed rather than the entire plan. Semiannual Plan Review (Updates due in January and July )</p>\r\n<p>- Sections identifying the persons assigned in the leadership positions.</p>\r\n<p>- Recovery Team Alert List which provides contact information for all personnel assigned to the team. This list is prone to change since team members may leave or join the team, names may change due to marriage and contact information may change.</p>\r\n<p>- Critical Functions List which identifies the critical functions that apply to the team.</p>\r\n<p>- Recovery Steps identifying the strategies for recovery of critical functions and meeting the current business objectives and accurately reflect the best possible solution .</p>\r\n<p>- Vendor and Customer Lists identifying the contact information for critical vendors and customers.</p>\r\n<p>- Work area Requirements identifying critical resources required to support the recovery at the work area site.</p>\r\n<p>- Off Site stored Materials identifying critical records or resources stored off site.</p>', '{\"extra_enabled_CL\":\"on\",\"extra_comment_beginning_CL\":\"beginning\",\"extra_comment_CL\":\"\",\"extra_enabled_OC\":\"on\",\"extra_comment_beginning_OC\":\"beginning\",\"extra_comment_OC\":\"<p><span style=\\\"text-decoration: underline;\\\"><strong>Below is BBL Organization Chart<\\/strong><\\/span><\\/p>\",\"extra_comment_beginning_CF\":\"beginning\",\"extra_comment_CF\":\"\",\"extra_enabled_RM\":\"on\",\"extra_comment_beginning_RM\":\"beginning\",\"extra_comment_RM\":\"<p><span style=\\\"text-decoration: underline;\\\"><strong>Following is BBL Risk Assessment<\\/strong><\\/span><\\/p>\",\"extra_comment_beginning_RM2\":\"beginning\",\"extra_comment_RM2\":\"\",\"extra_enabled_BP\":\"on\",\"extra_comment_beginning_BP\":\"beginning\",\"extra_comment_BP\":\"<p>This part of the document lists by Department, the critical business processes each department is responsible to achieve.<\\/p>\\r\\n<p>Each business process is comprised of one or more business functions that represents a key element of current business operations.<\\/p>\\r\\n<p>IT includes the following columns:<\\/p>\\r\\n<p>- RPO (Recovery Point Objectives) :represents the amount of data that can be lost without severely impacting the recovery of operations or the point in time in which systems and data must be recovered (e.g., the date and time of a business disruption).<\\/p>\\r\\n<p>- RTO (Recovery Time Objectives) : represents the maximum allowable downtime that can occur without severely impacting the recovery of operations or the time in which systems, applications, or business functions must be recovered after an outage (e.g. the point in time that a process can no longer be inoperable).<\\/p>\\r\\n<p>- MTO or MTPOD (Maximum Tolerable Outage or Maximum Tolerable Period Of Downtime): represent the duration after which a direction\'s viability will be irrevocably threatened if a process or asset cannot be resumed (e.g. the time period after the start of disruption and when the activity will be resumed)<\\/p>\\r\\n<p>- Assets impacted by this process (assets dependencies): Asset can be Critical People, Physical Asset, Intangible Asset, Financial, Building<\\/p>\\r\\n<p>- Processes impacted by this process (processes dependencies)<\\/p>\\r\\n<p>- Process Owner: Who is responsible of the process<\\/p>\\r\\n<p>- Impact % on each type of Risk (sum must be 100): Business ,Financial, Human Resource, Legal, Reputation, Technical<\\/p>\",\"extra_enabled_BS\":\"on\",\"extra_comment_beginning_BS\":\"beginning\",\"extra_comment_BS\":\"<p>Every Organization defines its critical assets and evaluate the sensitivity of each of them.<\\/p>\\r\\n<p>Assets are classified by Location and by Types: Buildings, physical assets, intangible assets.<\\/p>\\r\\n<p>Critical assets can have recovery assets, which can be used in case the asset was defected, unavailable?<\\/p>\\r\\n<p>Assets are evaluated as per their:<\\/p>\\r\\n<p>- Sensitivity which is derived from availability, Integrity and Confidentiality levels indicated.<\\/p>\\r\\n<p>- % of impact is . The total must be 100%<\\/p>\\r\\n<p>- RTO, RPO and MTO for this asset<\\/p>\\r\\n<p>- Processes impacted by this asset (processes dependencies)<\\/p>\\r\\n<p>- Other assets impacted by this asset (Assets dependencies)<\\/p>\",\"extra_comment_beginning_CD\":\"beginning\",\"extra_comment_CD\":\"\",\"extra_enabled_TPL\":\"on\",\"extra_comment_beginning_TPL\":\"beginning\",\"extra_comment_TPL\":\"\",\"extra_enabled_NCT\":\"on\",\"extra_comment_beginning_NCT\":\"beginning\",\"extra_comment_NCT\":\"<p>A call tree is a layered hierarchical communication model used to notify specific individuals of an event. A call tree is also known as a phone tree, call list, phone chain or text chain.<\\/p>\\r\\n<p>Several Scenarios for notification are available. DPBRCT Disaster Plan Branches Call Tree DPCDCL Disaster Plan Credit Department Call Tree DPEBSCT Disaster Plan Electronic Business Service Call Tree DPIADC Disaster Plan Internal Audit Department Call Tree DPITDCT Disaster Plan Information Technology Department Call Tree DPOPDCT Disaster Plan Operation Department Call Tree DPTRDCT Disaster Plan Treasury Department Call Tree<\\/p>\",\"extra_enabled_KCS\":\"on\",\"extra_comment_beginning_KCS\":\"beginning\",\"extra_comment_KCS\":\"\",\"extra_enabled_BIA\":\"on\",\"extra_comment_beginning_BIA\":\"beginning\",\"extra_comment_BIA\":\"<p>The Business Impact Analysis (BIA) is a process to determine the mission critical business functions and associated critical resource.<\\/p>\\r\\n<p>This will be accomplished by completing the following six components:<\\/p>\\r\\n<p>1. Identifying the business functions<\\/p>\\r\\n<p>2. Identifying all process resources that support the business functions<\\/p>\\r\\n<p>3. Determining the critical point in the business cycle of each process<\\/p>\\r\\n<p>4. Determining if the process is critical to the business<\\/p>\\r\\n<p>5. Estimating the potential impact and recovery timeframes<\\/p>\\r\\n<p>6. Ranking the critical processes To perform this task, departments identified the following types of key sources of information and other resources for their function and the organization overall.<\\/p>\\r\\n<p>The intent is to identify:<\\/p>\\r\\n<p>- The financial impact resulting from the loss of your business function<\\/p>\\r\\n<p>- The non-financial impact due to an outage<\\/p>\\r\\n<p>- Critical points and resources required by your business function<\\/p>\\r\\n<p>- Computer systems applications identification and ranking<\\/p>\\r\\n<p>- Impact resulting from lost transactions\\/data<\\/p>\\r\\n<p>- Linkages from other business processes Scenario When filling the BIA, departments?<\\/p>\\r\\n<p>staff considered an interruption scenario as the basis for their response such as:<\\/p>\\r\\n<p>- A major disruption of your normal working area has occurred and it will be inaccessible for at least 7 days.<\\/p>\\r\\n<p>- All business records, equipment, etc. located in your normal working area are unavailable.<\\/p>\\r\\n<p>- Overtime, outside services, employee food, travel and lodging expenses, etc. are authorized to assist in reestablishing essential operations.<\\/p>\\r\\n<p>- Computer systems availability will be significantly reduced. Due to the amount of time and effort needed for restoration of the computer system(s), only a limited number of computer applications will be available starting on the fourth day following the outage.<\\/p>\\r\\n<p>Threats could be related to the following:<\\/p>\\r\\n<p>- Various natural disasters.<\\/p>\\r\\n<p>- Community-wide hazardous events.<\\/p>\\r\\n<p>- Operational accidents or technology failures.<\\/p>\\r\\n<p>- Vendor failure to supply critical equipment, software or services.<\\/p>\\r\\n<p>- Current or alternate sites failures.<\\/p>\\r\\n<p>- Relocation threats. Specific scenarios should include how the bank would respond if:<\\/p>\\r\\n<p>- Critical personnel are not available.<\\/p>\\r\\n<p>- Critical buildings, facilities or geographical regions are not accessible.<\\/p>\\r\\n<p>- Equipment malfunctions (hardware, telecommunications, operational equipment, etc).<\\/p>\\r\\n<p>- Software and data are not accessible or are corrupted.<\\/p>\\r\\n<p>- Vendor assistance or service provider is not available.<\\/p>\\r\\n<p>- Utilities are not available (power, telecommunications, etc).<\\/p>\\r\\n<p>- Critical documentation and\\/or records are not available. Terminology Buildings Financial Intangible Assets People Physical Assets Process Sub Process Activity RTO RPO MTO &gt; E A Business Process is a set of tasks and\\/or procedures that accept a specific work input and generate a specific work output. Every process is identified by the following components: Process Owner: Who is responsible of the process.<\\/p>\\r\\n<p>This is described in Resource, Function, Manager, Location of process owner ( Site, Building, Floor) Assets impacted by this process (assets dependencies):<\\/p>\\r\\n<p>Asset can be Critical People, Physical Asset, Intangible Asset, Financial, Building Sub Process :<\\/p>\\r\\n<p>which are other Processes impacted by this process (processes dependencies) RPO (Recovery Point Objectives) :<\\/p>\\r\\n<p>Represents the amount of data that can be lost without severely impacting the recovery of operations or the point in time in which systems and data must be recovered (e.g., the date and time of a business disruption).<\\/p>\\r\\n<p>RTO (Recovery Time Objectives) :<\\/p>\\r\\n<p>Represents the maximum allowable downtime that can occur without severely impacting the recovery of operations or the time in which systems, applications, or business functions must be recovered after an outage (e.g. the point in time that a process can no longer be inoperable).<\\/p>\\r\\n<p>MTO or MTPOD (Maximum Tolerable Outage or Maximum Tolerable Period Of Downtime):<\\/p>\\r\\n<p>represent the duration after which a direction\'s viability will be irrevocably threatened if a process or asset cannot be resumed (e.g. the time period after the start of disruption and when the activity will be resumed)<\\/p>\",\"extra_comment_beginning_SRT\":\"beginning\",\"extra_comment_SRT\":\"\",\"extra_comment_beginning_SL\":\"beginning\",\"extra_comment_SL\":\"\",\"extra_enabled_BPL\":\"on\",\"extra_comment_beginning_BPL\":\"end\",\"extra_comment_BPL\":\"\",\"extra_comment_beginning_AL\":\"beginning\",\"extra_comment_AL\":\"\",\"extra_enabled_PRC\":\"on\",\"extra_comment_beginning_PRC\":\"beginning\",\"extra_comment_PRC\":\"\",\"extra_enabled_APP\":\"on\",\"extra_comment_beginning_APP\":\"beginning\",\"extra_comment_APP\":\"<p>ATM Connection ATM Recovery Template BIA Sample CCIS Recovery Template CISCO routers and ASA Recovery Template CISCO switches Recovery Template IBANK Recovery Template Microwave Connection Recovery Template NOD32 - AntiVirus Recovery Template ORACLE - BCC Recovery Template Payroll Recovery Template Shariaa Audit Department - Arabic Template Step to run Equation from DR Site Step to run Swift from DR Site Trade Innovation Recovery Template UPS Recovery Template Webform Recovery Template Staff residing in Aramoun-DR Site BBL BCP Damage Assessment Form BBL BCP Emergency Event Form BBL BCP Emergency Qualification Form BBL BCP Preliminary Damage Assessment Form<\\/p>\"}', '3_heure<>1_jour<>3_jour<>14_jour', '', '', '', 'byRessource', '3', '', '', '', '', '', '', '', '', '', '', ''),
(3, 'ahajjar@bbl.com', 'test', '', '11/11/16', 'Abdallah Hajjar', '', '', '', '', '', 'TPL|', '', '{\"extra_comment_beginning_CL\":\"beginning\",\"extra_comment_CL\":\"\",\"extra_comment_beginning_OC\":\"beginning\",\"extra_comment_OC\":\"\",\"extra_comment_beginning_CF\":\"beginning\",\"extra_comment_CF\":\"\",\"extra_comment_beginning_RM\":\"beginning\",\"extra_comment_RM\":\"\",\"extra_comment_beginning_RM2\":\"beginning\",\"extra_comment_RM2\":\"\",\"extra_comment_beginning_BP\":\"beginning\",\"extra_comment_BP\":\"\",\"extra_comment_beginning_BS\":\"beginning\",\"extra_comment_BS\":\"\",\"extra_comment_beginning_CD\":\"beginning\",\"extra_comment_CD\":\"\",\"extra_comment_beginning_TPL\":\"beginning\",\"extra_comment_TPL\":\"\",\"extra_comment_beginning_NCT\":\"beginning\",\"extra_comment_NCT\":\"\",\"extra_comment_beginning_KCS\":\"beginning\",\"extra_comment_KCS\":\"\",\"extra_comment_beginning_BIA\":\"beginning\",\"extra_comment_BIA\":\"\",\"extra_comment_beginning_SRT\":\"beginning\",\"extra_comment_SRT\":\"\",\"extra_comment_beginning_SL\":\"beginning\",\"extra_comment_SL\":\"\",\"extra_comment_beginning_BPL\":\"beginning\",\"extra_comment_BPL\":\"\",\"extra_comment_beginning_AL\":\"beginning\",\"extra_comment_AL\":\"\",\"extra_comment_beginning_PRC\":\"beginning\",\"extra_comment_PRC\":\"\",\"extra_comment_beginning_APP\":\"beginning\",\"extra_comment_APP\":\"\"}', '', '', '', '', 'byRessource', '3', '', '', '', '', '', '', '', '', '', '', ''),
(4, 'admin@admin.com', 'Business Continuity Report|preparé par  |éhhf n ', '', '22/12/20', 'Bcp Admin', 'A_282|', '<p>this is the introduction chapter &eacute;&nbsp;</p>', '<p>this is the objective chapter &egrave;&egrave;&agrave;&agrave; &eacute; \"&eacute;&nbsp;</p>\r\n<p><strong><span style=\"color: #f8cac6;\">rtkpkrpkr</span></strong></p>', '<p>this is the Policy chapter glfedjslj&egrave;&nbsp;</p>', '30//1-2-3//1[1]1-2[12]', 'CD|NCT|KCS|BIA|SRT|SL|BPL|AL|PRC|APP|', '<p>c\'est le chapitre Conclusion &eacute;&ccedil;d e r</p>', '{\"extra_enabled_CL\":\"on\",\"extra_comment_beginning_CL\":\"beginning\",\"extra_comment_CL\":\"<p>dsfkljh&eacute; lkhfdlkhf &eacute;klhl<\\/p>\",\"extra_enabled_OC\":\"on\",\"extra_comment_beginning_OC\":\"beginning\",\"extra_comment_OC\":\"<p>dfklhd &eacute;kflfml&nbsp;<\\/p>\",\"extra_comment_beginning_CF\":\"beginning\",\"extra_comment_CF\":\"\",\"extra_comment_beginning_RM\":\"beginning\",\"extra_comment_RM\":\"\",\"extra_comment_beginning_RM2\":\"beginning\",\"extra_comment_RM2\":\"\",\"extra_comment_beginning_BP\":\"beginning\",\"extra_comment_BP\":\"\",\"extra_comment_beginning_BS\":\"beginning\",\"extra_comment_BS\":\"\",\"extra_comment_beginning_CD\":\"beginning\",\"extra_comment_CD\":\"\",\"extra_comment_beginning_TPL\":\"beginning\",\"extra_comment_TPL\":\"\",\"extra_comment_beginning_NCT\":\"beginning\",\"extra_comment_NCT\":\"\",\"extra_comment_beginning_KCS\":\"beginning\",\"extra_comment_KCS\":\"\",\"extra_comment_beginning_BIA\":\"beginning\",\"extra_comment_BIA\":\"\",\"extra_comment_beginning_SRT\":\"beginning\",\"extra_comment_SRT\":\"\",\"extra_comment_beginning_SL\":\"beginning\",\"extra_comment_SL\":\"\",\"extra_comment_beginning_BPL\":\"beginning\",\"extra_comment_BPL\":\"\",\"extra_comment_beginning_AL\":\"beginning\",\"extra_comment_AL\":\"\",\"extra_comment_beginning_PRC\":\"beginning\",\"extra_comment_PRC\":\"\",\"extra_comment_beginning_APP\":\"beginning\",\"extra_comment_APP\":\"\"}', '3_heure<>1_jour<>3_jour<>12_mois', '', '', '', 'byRessource', '3', '', '', '', '', '', '', '', '', '', '', ''),
(5, 'admin1@kmir.fr', 'Plan de Continuité Informatique|Bas de page 1|Bas de page 2', '', '24/06/24', 'Bcp Admin', '', '<p>texte introduction</p>', '<p>texte objectif</p>', '<p>texte strat&eacute;gie</p>', '30//1-2-3//1[1]1-2[12]', 'BP|BS|', '', '{\"extra_comment_beginning_CL\":\"beginning\",\"extra_comment_CL\":\"\",\"extra_comment_beginning_DA\":\"beginning\",\"extra_comment_DA\":\"\",\"extra_comment_beginning_PI\":\"beginning\",\"extra_comment_PI\":\"\",\"extra_comment_beginning_OC\":\"beginning\",\"extra_comment_OC\":\"\",\"extra_comment_beginning_CF\":\"beginning\",\"extra_comment_CF\":\"\",\"extra_comment_beginning_RM\":\"beginning\",\"extra_comment_RM\":\"\",\"extra_comment_beginning_RM2\":\"beginning\",\"extra_comment_RM2\":\"\",\"extra_comment_beginning_BP\":\"beginning\",\"extra_comment_BP\":\"\",\"extra_comment_beginning_BS\":\"beginning\",\"extra_comment_BS\":\"\",\"extra_comment_beginning_CD\":\"beginning\",\"extra_comment_CD\":\"\",\"extra_comment_beginning_TPL\":\"beginning\",\"extra_comment_TPL\":\"\",\"extra_comment_beginning_NCT\":\"beginning\",\"extra_comment_NCT\":\"\",\"extra_comment_beginning_KCS\":\"beginning\",\"extra_comment_KCS\":\"\",\"extra_comment_beginning_BIA\":\"beginning\",\"extra_comment_BIA\":\"\",\"extra_comment_beginning_SRT\":\"beginning\",\"extra_comment_SRT\":\"\",\"extra_comment_beginning_SL\":\"beginning\",\"extra_comment_SL\":\"\",\"extra_comment_beginning_BPL\":\"beginning\",\"extra_comment_BPL\":\"\",\"extra_comment_beginning_AL\":\"beginning\",\"extra_comment_AL\":\"\",\"extra_comment_beginning_PRC\":\"beginning\",\"extra_comment_PRC\":\"\",\"extra_comment_beginning_APP\":\"beginning\",\"extra_comment_APP\":\"\"}', '5_heure<>2_jour<>5_jour<>12_mois', '', '', '', 'byRessource', '3', 'rapport ci|bas 1 ci|bas 2 ci', '06/02/24', 'Bcp Admin', '', '<p>intro ci</p>', '<p>objectif ci</p>', '<p>strat&eacute;gie ci</p>', '45//1//', 'TDB|', '<p>conclusion ci</p>', '{\"extra_enabled_CL\":\"on\",\"extra_comment_beginning_CL\":\"beginning\",\"extra_comment_CL\":\"<p>chapitre classification<\\/p>\",\"extra_enabled_RM\":\"on\",\"extra_comment_beginning_RM\":\"beginning\",\"extra_comment_RM\":\"<p>commentaire risque ci<\\/p>\",\"extra_enabled_RM2\":\"on\",\"extra_comment_beginning_RM2\":\"beginning\",\"extra_comment_RM2\":\"<p>chapitre plan d\'actions<\\/p>\",\"extra_enabled_BP\":\"on\",\"extra_comment_beginning_BP\":\"beginning\",\"extra_comment_BP\":\"<p>chapitre evaluations risques ci<\\/p>\",\"extra_enabled_CA\":\"on\",\"extra_comment_beginning_CA\":\"beginning\",\"extra_comment_CA\":\"<p>pr&eacute;conisations<\\/p>\",\"extra_enabled_TDB\":\"on\",\"extra_comment_beginning_TDB\":\"beginning\",\"extra_comment_TDB\":\"<p>commentaire tableau de bord CI&nbsp;<\\/p>\",\"extra_enabled_APP\":\"on\",\"extra_comment_beginning_APP\":\"beginning\",\"extra_comment_APP\":\"<p>commentaire annexe ci<\\/p>\"}'),
(6, 'smaurade@ofii.fr', '', '', '', '', '', '', '', '', '', '', '', '', '', '', '', '', 'byRessource', '3', '', '', '', '', '', '', '', '', '', '', '{\"extra_comment_beginning_CL\":\"beginning\",\"extra_comment_CL\":\"\",\"extra_comment_beginning_RM\":\"beginning\",\"extra_comment_RM\":\"\",\"extra_comment_beginning_RM2\":\"beginning\",\"extra_comment_RM2\":\"\",\"extra_comment_beginning_BP\":\"beginning\",\"extra_comment_BP\":\"\",\"extra_comment_beginning_CA\":\"beginning\",\"extra_comment_CA\":\"\",\"extra_comment_beginning_TDB\":\"beginning\",\"extra_comment_TDB\":\"\",\"extra_comment_beginning_APP\":\"beginning\",\"extra_comment_APP\":\"\"}');

-- --------------------------------------------------------

--
-- Structure de la table `impact`
--

CREATE TABLE `impact` (
  `IdImpact` mediumint(8) UNSIGNED NOT NULL,
  `Imp_Cod` varchar(8) DEFAULT NULL,
  `intitule` varchar(250) CHARACTER SET utf8 COLLATE utf8_general_ci DEFAULT NULL,
  `description` mediumtext NOT NULL,
  `ordre` smallint(3) NOT NULL DEFAULT '0',
  `Typ_Iden` varchar(8) DEFAULT NULL,
  `date_debut` datetime NOT NULL DEFAULT '2001-01-01 00:00:00',
  `date_modif` datetime NOT NULL DEFAULT '0000-00-00 00:00:00',
  `date_fin` datetime NOT NULL DEFAULT '0000-00-00 00:00:00',
  `Affecte` binary(1) NOT NULL DEFAULT 't'
) ENGINE=InnoDB DEFAULT CHARSET=utf8;

--
-- Déchargement des données de la table `impact`
--

INSERT INTO `impact` (`IdImpact`, `Imp_Cod`, `intitule`, `description`, `ordre`, `Typ_Iden`, `date_debut`, `date_modif`, `date_fin`, `Affecte`) VALUES
(1, 'REP', 'Réputation (Image)', '', 0, 'SPE', '2021-07-05 11:21:42', '0000-00-00 00:00:00', '0000-00-00 00:00:00', 0x74),
(3, 'autre', 'Autre', '', 0, 'SPE', '2021-07-05 11:22:55', '0000-00-00 00:00:00', '0000-00-00 00:00:00', 0x74),
(4, 'Sec', 'Securité', '', 0, 'SPE', '2021-07-05 11:22:40', '0000-00-00 00:00:00', '0000-00-00 00:00:00', 0x74),
(6, 'Unanw', 'Réseau arrêté', '', 0, 'SPE', '2021-07-05 11:23:58', '0000-00-00 00:00:00', '0000-00-00 00:00:00', 0x74),
(7, 'unapl', 'Application arrêtée', '', 0, 'SPE', '2021-07-05 11:24:30', '0000-00-00 00:00:00', '0000-00-00 00:00:00', 0x74),
(10, 'Unait1', 'IT arrêté', '', 0, 'SPE', '2021-07-05 11:23:35', '0000-00-00 00:00:00', '0000-00-00 00:00:00', 0x74),
(11, 'sinac', 'Site Inaccessible', '', 0, 'SPE', '2021-07-05 11:22:10', '0000-00-00 00:00:00', '0000-00-00 00:00:00', 0x74),
(13, 'srvarret', 'Service arrêté', '', 0, 'SPE', '2021-07-05 11:22:27', '0000-00-00 00:00:00', '0000-00-00 00:00:00', 0x74);

-- --------------------------------------------------------

--
-- Structure de la table `impact_business`
--

CREATE TABLE `impact_business` (
  `id_impact_business` mediumint(8) UNSIGNED NOT NULL,
  `impact_business_code` varchar(20) NOT NULL,
  `impact_business_libelle` varchar(40) NOT NULL DEFAULT '',
  `impact_business_description` varchar(500) NOT NULL DEFAULT '',
  `impact_business_date_debut` datetime NOT NULL,
  `impact_business_date_modif` date DEFAULT '0000-00-00',
  `impact_business_date_fin` datetime DEFAULT '0000-00-00 00:00:00',
  `impact_business_type_iden` char(3) NOT NULL DEFAULT 'SPE',
  `codecouleur` varchar(10) NOT NULL,
  `impact_business_rang` int(3) NOT NULL,
  `Affecte` binary(1) NOT NULL DEFAULT 't',
  `typenature` varchar(40) NOT NULL DEFAULT ''
) ENGINE=InnoDB DEFAULT CHARSET=utf8;

--
-- Déchargement des données de la table `impact_business`
--

INSERT INTO `impact_business` (`id_impact_business`, `impact_business_code`, `impact_business_libelle`, `impact_business_description`, `impact_business_date_debut`, `impact_business_date_modif`, `impact_business_date_fin`, `impact_business_type_iden`, `codecouleur`, `impact_business_rang`, `Affecte`, `typenature`) VALUES
(1, '1', 'Minor', 'Can be contained within budget with no impact on the financial status of the business function or may be contained with little or no effect on company public image.', '2019-02-06 13:38:19', '0000-00-00', '0000-00-00 00:00:00', 'SPE', 'GREEN', 5, 0x74, '2'),
(2, '2', 'Moderate', 'Major impact on the short term (quarterly) financial status of the business function or company public image.', '2019-02-06 13:38:19', '0000-00-00', '0000-00-00 00:00:00', 'SPE', 'ORANGE', 10, 0x74, '2'),
(3, '3', 'Significant', 'Major impact on the long-term financial status or company public image of the function.', '2019-02-06 13:38:19', '0000-00-00', '0000-00-00 00:00:00', 'SPE', 'RED', 15, 0x74, '2'),
(4, '4', 'Catastrophic', 'Out of Business.', '2019-02-06 13:38:19', '0000-00-00', '0000-00-00 00:00:00', 'SPE', 'BLACK', 20, 0x74, '2'),
(5, '1', 'Minor', 'Can be contained within budget with no impact on the financial status of the business function or may be contained with little or no effect on company public image.', '2021-10-28 10:07:59', '0000-00-00', '2024-06-20 08:34:04', 'SPE', 'BLUE', 5, 0x74, '3'),
(5, '1', 'Mineur', 'Can be contained within budget with no impact on the financial status of the business function or may be contained with little or no effect on company public image.', '2024-06-20 08:34:04', '0000-00-00', '0000-00-00 00:00:00', 'SPE', 'BLUE', 5, 0x74, '3'),
(6, '2', 'Moderate', 'Major impact on the short term (quarterly) financial status of the business function or company public image.', '2021-10-28 10:08:07', '0000-00-00', '2024-06-20 08:34:13', 'SPE', 'GREEN', 10, 0x74, '3'),
(6, '2', 'Modéré', 'Major impact on the short term (quarterly) financial status of the business function or company public image.', '2024-06-20 08:34:13', '0000-00-00', '0000-00-00 00:00:00', 'SPE', 'GREEN', 10, 0x74, '3'),
(7, '3', 'Significant', 'Major impact on the long-term financial status or company public image of the function.', '2021-10-28 10:08:15', '0000-00-00', '2024-06-20 08:34:25', 'SPE', 'ORANGE', 20, 0x74, '3'),
(7, '3', 'Fort', 'Major impact on the long-term financial status or company public image of the function.', '2024-06-20 08:34:25', '0000-00-00', '0000-00-00 00:00:00', 'SPE', 'ORANGE', 20, 0x74, '3'),
(8, '4', 'Très fort', 'Out of Business.', '2021-10-28 10:08:31', '0000-00-00', '0000-00-00 00:00:00', 'SPE', 'RED', 30, 0x74, '3'),
(9, '1', 'Service peu altéré', 'Can be contained within budget with no impact on the financial status of the business function or may be contained with little or no effect on company public image.', '2020-11-10 16:13:42', '0000-00-00', '0000-00-00 00:00:00', 'SPE', 'BLUE', 5, 0x74, '4'),
(10, '2', 'Service altéré', 'Major impact on the short term (quarterly) financial status of the business function or company public image.', '2020-11-10 16:14:03', '0000-00-00', '0000-00-00 00:00:00', 'SPE', 'GREEN', 10, 0x74, '4'),
(11, '3', 'Service dégradé', 'Major impact on the long-term financial status or company public image of the function.', '2020-11-10 16:14:23', '0000-00-00', '0000-00-00 00:00:00', 'SPE', 'ORANGE', 20, 0x74, '4'),
(12, '4', 'Service partiellement à l\'arrêt', 'Out of Business.', '2020-11-10 16:14:42', '0000-00-00', '0000-00-00 00:00:00', 'SPE', 'RED', 30, 0x74, '4'),
(13, '5', 'Service à l\'arrêt', '', '2020-11-10 16:15:03', '0000-00-00', '0000-00-00 00:00:00', 'SPE', 'BLACK', 40, 0x74, '4'),
(14, '5', 'Catastrophic', '', '2021-10-28 10:08:47', '0000-00-00', '2024-06-20 08:34:34', 'SPE', 'BLACK', 40, 0x74, '3'),
(14, '5', 'Catastrophique', '', '2024-06-20 08:34:34', '0000-00-00', '0000-00-00 00:00:00', 'SPE', 'BLACK', 40, 0x74, '3');

-- --------------------------------------------------------

--
-- Structure de la table `impact_financial`
--

CREATE TABLE `impact_financial` (
  `id_impact_financial` mediumint(8) UNSIGNED NOT NULL,
  `impact_financial_code` varchar(20) NOT NULL,
  `impact_financial_libelle` varchar(40) NOT NULL DEFAULT '',
  `impact_financial_description` varchar(500) NOT NULL DEFAULT '',
  `impact_financial_from` int(11) NOT NULL,
  `impact_financial_to` int(11) NOT NULL,
  `impact_financial_date_debut` datetime NOT NULL,
  `impact_financial_date_modif` date DEFAULT '0000-00-00',
  `impact_financial_date_fin` datetime DEFAULT '0000-00-00 00:00:00',
  `impact_financial_type_iden` char(3) NOT NULL DEFAULT 'SPE',
  `codecouleur` varchar(10) NOT NULL,
  `impact_financial_rang` int(3) NOT NULL,
  `Affecte` binary(1) NOT NULL DEFAULT 't',
  `typenature` varchar(40) NOT NULL DEFAULT ''
) ENGINE=InnoDB DEFAULT CHARSET=utf8;

--
-- Déchargement des données de la table `impact_financial`
--

INSERT INTO `impact_financial` (`id_impact_financial`, `impact_financial_code`, `impact_financial_libelle`, `impact_financial_description`, `impact_financial_from`, `impact_financial_to`, `impact_financial_date_debut`, `impact_financial_date_modif`, `impact_financial_date_fin`, `impact_financial_type_iden`, `codecouleur`, `impact_financial_rang`, `Affecte`, `typenature`) VALUES
(1, '1', 'Mineur', 'Can be contained within budget with no impact on the financial status of the business function or may be contained with little or no effect on company public image.', 0, 999, '2022-09-07 10:55:00', '0000-00-00', '0000-00-00 00:00:00', 'SPE', 'GREEN', 5, 0x74, '2'),
(2, '2', 'Modéré', 'Major impact on the short term (quarterly) financial status of the business function or company public image.', 1000, 9999, '2022-09-07 10:55:10', '0000-00-00', '0000-00-00 00:00:00', 'SPE', 'ORANGE', 10, 0x74, '2'),
(3, '3', 'majeur', 'Major impact on the long-term financial status or company public image of the function.', 10000, 99999, '2022-09-07 10:55:39', '0000-00-00', '0000-00-00 00:00:00', 'SPE', 'RED', 15, 0x74, '2'),
(4, '4', 'Catastrophique', 'Out of Business.', 100000, 1000000, '2022-09-07 10:55:50', '0000-00-00', '0000-00-00 00:00:00', 'SPE', 'BLACK', 20, 0x74, '2'),
(5, '1', 'Minor', 'Can be contained within budget with no impact on the financial status of the business function or may be contained with little or no effect on company public image.', 1, 100, '2021-10-28 09:45:37', '0000-00-00', '2022-10-20 09:07:47', 'SPE', 'BLUE', 5, 0x74, '3'),
(5, '1', 'Minor', 'Can be contained within budget with no impact on the financial status of the business function or may be contained with little or no effect on company public image.', 1, 55, '2022-10-20 09:07:47', '0000-00-00', '2022-10-20 09:08:55', 'SPE', 'BLUE', 5, 0x74, '3'),
(5, '1', 'Minor', 'Can be contained within budget with no impact on the financial status of the business function or may be contained with little or no effect on company public image.', 1, 100, '2022-10-20 09:08:55', '0000-00-00', '2024-06-20 08:29:26', 'SPE', 'BLUE', 5, 0x74, '3'),
(5, '1', 'Mineur', 'Can be contained within budget with no impact on the financial status of the business function or may be contained with little or no effect on company public image.', 1, 100, '2024-06-20 08:29:26', '0000-00-00', '0000-00-00 00:00:00', 'SPE', 'BLUE', 5, 0x74, '3'),
(6, '2', 'Moderate', 'Major impact on the short term (quarterly) financial status of the business function or company public image.', 101, 1000, '2021-10-28 10:01:13', '0000-00-00', '2024-06-20 08:29:43', 'SPE', 'GREEN', 8, 0x74, '3'),
(6, '2', 'Modéré', 'Major impact on the short term (quarterly) financial status of the business function or company public image.', 101, 1000, '2024-06-20 08:29:43', '0000-00-00', '0000-00-00 00:00:00', 'SPE', 'GREEN', 8, 0x74, '3'),
(7, '3', 'Significant', 'Major impact on the long-term financial status or company public image of the function.', 1001, 5000, '2021-10-28 10:01:32', '0000-00-00', '2022-10-20 09:08:03', 'SPE', 'ORANGE', 18, 0x74, '3'),
(7, '3', 'Significant', 'Major impact on the long-term financial status or company public image of the function.', 56, 100, '2022-10-20 09:08:03', '0000-00-00', '2022-10-20 09:08:41', 'SPE', 'ORANGE', 18, 0x74, '3'),
(7, '3', 'Significant', 'Major impact on the long-term financial status or company public image of the function.', 1001, 5000, '2022-10-20 09:08:42', '0000-00-00', '2024-06-20 08:30:04', 'SPE', 'ORANGE', 18, 0x74, '3'),
(7, '3', 'Fort', 'Major impact on the long-term financial status or company public image of the function.', 1001, 5000, '2024-06-20 08:30:04', '0000-00-00', '0000-00-00 00:00:00', 'SPE', 'ORANGE', 18, 0x74, '3'),
(8, '4', 'très fort', 'Out of Business.', 5001, 10000, '2021-10-28 10:02:01', '0000-00-00', '2024-06-20 08:30:29', 'SPE', 'RED', 45, 0x74, '3'),
(8, '4', 'Très fort', 'Out of Business.', 5001, 10000, '2024-06-20 08:30:29', '0000-00-00', '0000-00-00 00:00:00', 'SPE', 'RED', 45, 0x74, '3'),
(9, '1', 'Very low', 'Can be contained within budget with no impact on the financial status of the business function or may be contained with little or no effect on company public image.', 1, 1000, '2021-03-15 16:17:22', '0000-00-00', '0000-00-00 00:00:00', 'SPE', 'BLUE', 5, 0x74, '4'),
(10, '2', 'Low', 'Major impact on the short term (quarterly) financial status of the business function or company public image.', 1001, 10000, '2021-03-15 16:17:31', '0000-00-00', '0000-00-00 00:00:00', 'SPE', 'GREEN', 10, 0x74, '4'),
(11, '3', 'Moderate', 'Major impact on the long-term financial status or company public image of the function.', 10001, 100000, '2021-03-15 16:18:05', '0000-00-00', '0000-00-00 00:00:00', 'SPE', 'ORANGE', 15, 0x74, '4'),
(12, '4', 'High', 'Out of Business.', 100001, 1000000, '2021-03-15 16:18:15', '0000-00-00', '0000-00-00 00:00:00', 'SPE', 'RED', 23, 0x74, '4'),
(13, '5', 'Very High', '', 1000001, 10000000, '2021-03-15 16:18:26', '0000-00-00', '0000-00-00 00:00:00', 'SPE', 'BLACK', 35, 0x74, '4'),
(14, '5', 'catastrophique', '', 10001, 999999999, '2021-10-28 10:03:06', '0000-00-00', '2024-06-20 08:30:14', 'SPE', 'BLACK', 51, 0x74, '3'),
(14, '5', 'Catastrophique', '', 10001, 999999999, '2024-06-20 08:30:14', '0000-00-00', '0000-00-00 00:00:00', 'SPE', 'BLACK', 51, 0x74, '3');

-- --------------------------------------------------------

--
-- Structure de la table `impact_legal`
--

CREATE TABLE `impact_legal` (
  `id_impact_legal` mediumint(8) UNSIGNED NOT NULL,
  `impact_legal_code` varchar(20) NOT NULL,
  `impact_legal_libelle` varchar(40) NOT NULL DEFAULT '',
  `impact_legal_description` varchar(500) NOT NULL DEFAULT '',
  `impact_legal_date_debut` datetime NOT NULL,
  `impact_legal_date_modif` date DEFAULT '0000-00-00',
  `impact_legal_date_fin` datetime DEFAULT '0000-00-00 00:00:00',
  `impact_legal_type_iden` char(3) NOT NULL DEFAULT 'SPE',
  `codecouleur` varchar(10) NOT NULL,
  `impact_legal_rang` int(3) NOT NULL,
  `Affecte` binary(1) NOT NULL DEFAULT 't',
  `typenature` varchar(40) NOT NULL DEFAULT ''
) ENGINE=InnoDB DEFAULT CHARSET=utf8;

--
-- Déchargement des données de la table `impact_legal`
--

INSERT INTO `impact_legal` (`id_impact_legal`, `impact_legal_code`, `impact_legal_libelle`, `impact_legal_description`, `impact_legal_date_debut`, `impact_legal_date_modif`, `impact_legal_date_fin`, `impact_legal_type_iden`, `codecouleur`, `impact_legal_rang`, `Affecte`, `typenature`) VALUES
(1, '1', 'Minor', 'Can be contained within budget with no impact on the financial status of the business function or may be contained with little or no effect on company public image.', '2019-02-06 13:38:19', '0000-00-00', '0000-00-00 00:00:00', 'SPE', 'GREEN', 5, 0x74, '2'),
(2, '2', 'Moderate', 'Major impact on the short term (quarterly) financial status of the business function or company public image.', '2019-02-06 13:38:19', '0000-00-00', '0000-00-00 00:00:00', 'SPE', 'ORANGE', 10, 0x74, '2'),
(3, '3', 'Significant', 'Major impact on the long-term financial status or company public image of the function.', '2019-02-06 13:38:19', '0000-00-00', '0000-00-00 00:00:00', 'SPE', 'RED', 15, 0x74, '2'),
(4, '4', 'Catastrophic', 'Out of Business.', '2019-02-06 13:38:19', '0000-00-00', '0000-00-00 00:00:00', 'SPE', 'BLACK', 20, 0x74, '2'),
(5, '1', 'Minor', 'Can be contained within budget with no impact on the financial status of the business function or may be contained with little or no effect on company public image.', '2021-10-28 10:06:41', '0000-00-00', '2024-06-20 08:33:19', 'SPE', 'BLUE', 5, 0x74, '3'),
(5, '1', 'Mineur', 'Can be contained within budget with no impact on the financial status of the business function or may be contained with little or no effect on company public image.', '2024-06-20 08:33:19', '0000-00-00', '0000-00-00 00:00:00', 'SPE', 'BLUE', 5, 0x74, '3'),
(6, '2', 'Moderate', 'Major impact on the short term (quarterly) financial status of the business function or company public image.', '2021-10-28 10:06:50', '0000-00-00', '2024-06-20 08:33:28', 'SPE', 'GREEN', 10, 0x74, '3'),
(6, '2', 'Modéré', 'Major impact on the short term (quarterly) financial status of the business function or company public image.', '2024-06-20 08:33:28', '0000-00-00', '0000-00-00 00:00:00', 'SPE', 'GREEN', 10, 0x74, '3'),
(7, '3', 'Significant', 'Major impact on the long-term financial status or company public image of the function.', '2021-10-28 10:06:59', '0000-00-00', '2024-06-20 08:33:37', 'SPE', 'ORANGE', 20, 0x74, '3'),
(7, '3', 'Fort', 'Major impact on the long-term financial status or company public image of the function.', '2024-06-20 08:33:37', '0000-00-00', '0000-00-00 00:00:00', 'SPE', 'ORANGE', 20, 0x74, '3'),
(8, '4', 'Très Fort', 'Out of Business.', '2021-10-28 10:07:25', '0000-00-00', '0000-00-00 00:00:00', 'SPE', 'RED', 30, 0x74, '3'),
(9, '1', 'Moins de 50 contentieux', 'Can be contained within budget with no impact on the financial status of the business function or may be contained with little or no effect on company public image.', '2020-11-10 16:18:10', '0000-00-00', '0000-00-00 00:00:00', 'SPE', 'BLUE', 5, 0x74, '4'),
(10, '2', 'Entre 50 et 100 contentieux', 'Major impact on the short term (quarterly) financial status of the business function or company public image.', '2020-11-10 16:18:29', '0000-00-00', '0000-00-00 00:00:00', 'SPE', 'GREEN', 10, 0x74, '4'),
(11, '3', 'Entre 100 et 500 contentieux', 'Major impact on the long-term financial status or company public image of the function.', '2020-11-10 16:19:07', '0000-00-00', '0000-00-00 00:00:00', 'SPE', 'ORANGE', 20, 0x74, '4'),
(12, '4', 'Entre 500 et 2 000 contentieux', 'Out of Business.', '2020-11-10 16:19:40', '0000-00-00', '0000-00-00 00:00:00', 'SPE', 'RED', 30, 0x74, '4'),
(13, '5', '+ 2 000 contentieux', '', '2020-11-10 16:19:59', '0000-00-00', '0000-00-00 00:00:00', 'SPE', 'BLACK', 40, 0x74, '4'),
(14, '5', 'Catastrophic', '', '2021-10-28 10:07:40', '0000-00-00', '2024-06-20 08:33:47', 'SPE', 'BLACK', 40, 0x74, '3'),
(14, '5', 'Catastrophique', '', '2024-06-20 08:33:47', '0000-00-00', '0000-00-00 00:00:00', 'SPE', 'BLACK', 40, 0x74, '3');

-- --------------------------------------------------------

--
-- Structure de la table `impact_potentialite_risque`
--

CREATE TABLE `impact_potentialite_risque` (
  `id_niveauimpact` mediumint(8) NOT NULL DEFAULT '0',
  `id_niveaupotentialite` mediumint(8) NOT NULL DEFAULT '0',
  `id_niveaurisque` mediumint(8) NOT NULL DEFAULT '0',
  `id_niveaugravite` mediumint(8) NOT NULL DEFAULT '0',
  `id_cia` int(11) NOT NULL DEFAULT '0',
  `typenature` int(11) NOT NULL,
  `impact_potentialite_risque_date_creation` datetime NOT NULL DEFAULT '0000-00-00 00:00:00',
  `impact_potentialite_risque_date_modification` datetime NOT NULL DEFAULT '0000-00-00 00:00:00',
  `impact_potentialite_risque_date_cloture` datetime NOT NULL DEFAULT '0000-00-00 00:00:00'
) ENGINE=InnoDB DEFAULT CHARSET=utf8;

--
-- Déchargement des données de la table `impact_potentialite_risque`
--

INSERT INTO `impact_potentialite_risque` (`id_niveauimpact`, `id_niveaupotentialite`, `id_niveaurisque`, `id_niveaugravite`, `id_cia`, `typenature`, `impact_potentialite_risque_date_creation`, `impact_potentialite_risque_date_modification`, `impact_potentialite_risque_date_cloture`) VALUES
(1, 4, 16, 16, 0, 22, '2020-05-26 07:35:35', '0000-00-00 00:00:00', '0000-00-00 00:00:00'),
(1, 5, 16, 16, 0, 22, '2020-05-26 07:35:39', '0000-00-00 00:00:00', '0000-00-00 00:00:00'),
(1, 6, 17, 17, 0, 22, '2020-05-26 07:35:43', '0000-00-00 00:00:00', '0000-00-00 00:00:00'),
(2, 4, 16, 16, 0, 22, '2020-05-26 07:35:47', '0000-00-00 00:00:00', '0000-00-00 00:00:00'),
(2, 5, 17, 17, 0, 22, '2020-05-26 07:35:51', '0000-00-00 00:00:00', '0000-00-00 00:00:00'),
(2, 6, 17, 17, 0, 22, '2020-05-26 07:35:57', '0000-00-00 00:00:00', '0000-00-00 00:00:00'),
(3, 4, 17, 17, 0, 22, '2020-05-26 07:36:03', '0000-00-00 00:00:00', '0000-00-00 00:00:00'),
(3, 5, 17, 17, 0, 22, '2020-05-26 07:36:07', '0000-00-00 00:00:00', '0000-00-00 00:00:00'),
(3, 6, 18, 18, 0, 22, '2020-05-26 07:36:11', '0000-00-00 00:00:00', '0000-00-00 00:00:00'),
(4, 4, 18, 18, 0, 22, '2020-05-26 07:36:15', '0000-00-00 00:00:00', '0000-00-00 00:00:00'),
(4, 5, 18, 18, 0, 22, '2020-05-26 07:36:18', '0000-00-00 00:00:00', '0000-00-00 00:00:00'),
(4, 6, 18, 18, 0, 22, '2020-05-26 07:36:22', '0000-00-00 00:00:00', '0000-00-00 00:00:00'),
(5, 0, 5, 5, 1, 31, '2019-02-06 13:43:38', '0000-00-00 00:00:00', '0000-00-00 00:00:00'),
(5, 0, 5, 5, 2, 31, '2019-02-06 13:43:44', '0000-00-00 00:00:00', '0000-00-00 00:00:00'),
(5, 0, 6, 6, 3, 31, '2019-02-06 13:43:51', '0000-00-00 00:00:00', '0000-00-00 00:00:00'),
(5, 1, 5, 5, 0, 3, '2019-02-06 13:40:24', '0000-00-00 00:00:00', '0000-00-00 00:00:00'),
(5, 2, 5, 5, 0, 3, '2019-02-06 13:40:31', '0000-00-00 00:00:00', '0000-00-00 00:00:00'),
(5, 3, 6, 6, 0, 3, '2019-02-06 13:40:38', '0000-00-00 00:00:00', '0000-00-00 00:00:00'),
(5, 4, 6, 6, 0, 3, '2021-10-28 12:27:54', '0000-00-00 00:00:00', '0000-00-00 00:00:00'),
(5, 5, 6, 6, 0, 3, '2021-10-28 12:27:54', '0000-00-00 00:00:00', '0000-00-00 00:00:00'),
(6, 0, 5, 5, 1, 31, '2019-02-06 13:44:24', '0000-00-00 00:00:00', '0000-00-00 00:00:00'),
(6, 0, 6, 6, 2, 31, '2019-02-06 13:43:22', '0000-00-00 00:00:00', '0000-00-00 00:00:00'),
(6, 0, 7, 7, 3, 31, '2019-02-06 13:43:16', '0000-00-00 00:00:00', '0000-00-00 00:00:00'),
(6, 1, 5, 5, 0, 3, '2019-02-06 13:40:59', '0000-00-00 00:00:00', '0000-00-00 00:00:00'),
(6, 2, 6, 6, 0, 3, '2019-02-06 13:41:05', '0000-00-00 00:00:00', '0000-00-00 00:00:00'),
(6, 3, 7, 7, 0, 3, '2019-02-06 13:42:15', '0000-00-00 00:00:00', '0000-00-00 00:00:00'),
(6, 4, 7, 7, 0, 3, '2019-02-06 13:42:15', '0000-00-00 00:00:00', '0000-00-00 00:00:00'),
(6, 5, 7, 7, 0, 3, '2019-02-06 13:42:15', '0000-00-00 00:00:00', '0000-00-00 00:00:00'),
(7, 0, 6, 6, 1, 31, '2019-02-06 13:44:12', '0000-00-00 00:00:00', '0000-00-00 00:00:00'),
(7, 0, 7, 7, 2, 31, '2019-02-06 13:43:02', '0000-00-00 00:00:00', '0000-00-00 00:00:00'),
(7, 0, 8, 8, 3, 31, '2019-02-06 13:42:57', '0000-00-00 00:00:00', '0000-00-00 00:00:00'),
(7, 1, 7, 7, 0, 3, '2021-10-28 12:28:41', '0000-00-00 00:00:00', '0000-00-00 00:00:00'),
(7, 2, 7, 7, 0, 3, '2019-02-06 13:41:29', '0000-00-00 00:00:00', '0000-00-00 00:00:00'),
(7, 3, 7, 7, 0, 3, '2021-10-28 12:28:34', '0000-00-00 00:00:00', '0000-00-00 00:00:00'),
(7, 4, 8, 8, 0, 3, '2021-10-28 12:28:34', '0000-00-00 00:00:00', '0000-00-00 00:00:00'),
(7, 5, 8, 8, 0, 3, '2021-10-28 12:28:34', '0000-00-00 00:00:00', '0000-00-00 00:00:00'),
(8, 0, 8, 8, 1, 31, '2019-02-06 13:42:38', '0000-00-00 00:00:00', '0000-00-00 00:00:00'),
(8, 0, 8, 8, 2, 31, '2019-02-06 13:42:44', '0000-00-00 00:00:00', '0000-00-00 00:00:00'),
(8, 0, 8, 8, 3, 31, '2019-02-06 13:42:50', '0000-00-00 00:00:00', '0000-00-00 00:00:00'),
(8, 1, 8, 8, 0, 3, '2021-10-28 12:28:14', '0000-00-00 00:00:00', '0000-00-00 00:00:00'),
(8, 2, 8, 8, 0, 3, '2021-10-28 12:28:21', '0000-00-00 00:00:00', '0000-00-00 00:00:00'),
(8, 3, 8, 8, 0, 3, '2021-10-28 12:28:27', '0000-00-00 00:00:00', '0000-00-00 00:00:00'),
(8, 4, 21, 21, 0, 3, '2021-10-28 12:28:27', '0000-00-00 00:00:00', '0000-00-00 00:00:00'),
(8, 5, 21, 21, 0, 3, '2021-10-28 12:28:27', '0000-00-00 00:00:00', '0000-00-00 00:00:00'),
(9, 1, 13, 13, 0, 42, '2020-05-26 07:40:37', '0000-00-00 00:00:00', '0000-00-00 00:00:00'),
(9, 2, 13, 13, 0, 42, '2020-05-26 07:40:40', '0000-00-00 00:00:00', '0000-00-00 00:00:00'),
(9, 3, 13, 13, 0, 42, '2020-05-26 07:40:46', '0000-00-00 00:00:00', '0000-00-00 00:00:00'),
(10, 1, 13, 13, 0, 42, '2020-05-26 07:40:51', '0000-00-00 00:00:00', '0000-00-00 00:00:00'),
(10, 2, 14, 14, 0, 42, '2020-05-26 07:40:54', '0000-00-00 00:00:00', '0000-00-00 00:00:00'),
(10, 3, 14, 14, 0, 42, '2021-09-26 16:28:32', '0000-00-00 00:00:00', '0000-00-00 00:00:00'),
(11, 1, 14, 14, 0, 42, '2020-05-26 07:41:01', '0000-00-00 00:00:00', '0000-00-00 00:00:00'),
(11, 2, 14, 14, 0, 42, '2020-05-26 07:41:04', '0000-00-00 00:00:00', '0000-00-00 00:00:00'),
(11, 3, 15, 15, 0, 42, '2021-09-26 16:28:45', '0000-00-00 00:00:00', '0000-00-00 00:00:00'),
(12, 1, 15, 15, 0, 42, '2020-11-18 09:17:17', '0000-00-00 00:00:00', '0000-00-00 00:00:00'),
(12, 2, 15, 15, 0, 42, '2020-05-26 07:41:15', '0000-00-00 00:00:00', '0000-00-00 00:00:00'),
(12, 3, 20, 20, 0, 42, '2020-11-18 09:11:32', '0000-00-00 00:00:00', '0000-00-00 00:00:00'),
(19, 1, 15, 15, 0, 42, '2020-11-18 09:10:59', '0000-00-00 00:00:00', '0000-00-00 00:00:00'),
(19, 2, 20, 20, 0, 42, '2020-11-18 09:10:55', '0000-00-00 00:00:00', '0000-00-00 00:00:00'),
(19, 3, 20, 20, 0, 42, '2020-11-18 09:10:50', '0000-00-00 00:00:00', '0000-00-00 00:00:00'),
(27, 1, 1, 1, 0, 2, '2020-05-26 07:33:10', '0000-00-00 00:00:00', '0000-00-00 00:00:00'),
(27, 1, 16, 16, 0, 21, '2020-05-26 07:34:33', '0000-00-00 00:00:00', '0000-00-00 00:00:00'),
(27, 2, 1, 1, 0, 2, '2020-05-26 07:33:15', '0000-00-00 00:00:00', '0000-00-00 00:00:00'),
(27, 2, 16, 16, 0, 21, '2020-05-26 07:34:38', '0000-00-00 00:00:00', '0000-00-00 00:00:00'),
(27, 3, 1, 1, 0, 2, '2020-05-26 07:33:23', '0000-00-00 00:00:00', '0000-00-00 00:00:00'),
(27, 3, 16, 16, 0, 21, '2020-05-26 07:34:41', '0000-00-00 00:00:00', '0000-00-00 00:00:00'),
(27, 4, 2, 2, 0, 2, '2020-05-26 07:33:27', '0000-00-00 00:00:00', '0000-00-00 00:00:00'),
(27, 4, 17, 17, 0, 21, '2020-05-26 07:34:44', '0000-00-00 00:00:00', '0000-00-00 00:00:00'),
(27, 5, 2, 2, 0, 2, '2020-05-26 07:33:32', '0000-00-00 00:00:00', '0000-00-00 00:00:00'),
(27, 5, 17, 17, 0, 21, '2020-05-26 07:34:47', '0000-00-00 00:00:00', '0000-00-00 00:00:00'),
(28, 1, 1, 1, 0, 2, '2020-05-26 07:33:36', '0000-00-00 00:00:00', '0000-00-00 00:00:00'),
(28, 1, 16, 16, 0, 21, '2020-05-26 07:34:50', '0000-00-00 00:00:00', '0000-00-00 00:00:00'),
(28, 2, 2, 2, 0, 2, '2020-05-26 07:33:39', '0000-00-00 00:00:00', '2022-12-20 08:36:24'),
(28, 2, 16, 16, 0, 21, '2020-05-26 07:34:54', '0000-00-00 00:00:00', '0000-00-00 00:00:00'),
(28, 2, 3, 3, 0, 2, '2022-12-20 08:36:24', '0000-00-00 00:00:00', '0000-00-00 00:00:00'),
(28, 3, 2, 2, 0, 2, '2020-05-26 07:33:43', '0000-00-00 00:00:00', '0000-00-00 00:00:00'),
(28, 3, 17, 17, 0, 21, '2020-05-26 07:34:56', '0000-00-00 00:00:00', '0000-00-00 00:00:00'),
(28, 4, 3, 3, 0, 2, '2020-05-26 07:33:46', '0000-00-00 00:00:00', '0000-00-00 00:00:00'),
(28, 4, 17, 17, 0, 21, '2020-05-26 07:35:00', '0000-00-00 00:00:00', '0000-00-00 00:00:00'),
(28, 5, 3, 3, 0, 2, '2020-05-26 07:33:55', '0000-00-00 00:00:00', '0000-00-00 00:00:00'),
(28, 5, 17, 17, 0, 21, '2020-05-26 07:35:07', '0000-00-00 00:00:00', '0000-00-00 00:00:00'),
(29, 1, 3, 3, 0, 2, '2020-05-26 07:34:01', '0000-00-00 00:00:00', '0000-00-00 00:00:00'),
(29, 1, 17, 17, 0, 21, '2020-05-26 07:35:11', '0000-00-00 00:00:00', '0000-00-00 00:00:00'),
(29, 2, 4, 4, 0, 2, '2020-05-26 07:34:09', '0000-00-00 00:00:00', '0000-00-00 00:00:00'),
(29, 2, 18, 18, 0, 21, '2020-05-26 07:35:15', '0000-00-00 00:00:00', '0000-00-00 00:00:00'),
(29, 3, 4, 4, 0, 2, '2020-05-26 07:34:13', '0000-00-00 00:00:00', '0000-00-00 00:00:00'),
(29, 3, 18, 18, 0, 21, '2020-05-26 07:35:19', '0000-00-00 00:00:00', '0000-00-00 00:00:00'),
(29, 4, 4, 4, 0, 2, '2020-05-26 07:34:17', '0000-00-00 00:00:00', '0000-00-00 00:00:00'),
(29, 4, 18, 18, 0, 21, '2020-05-26 07:35:22', '0000-00-00 00:00:00', '0000-00-00 00:00:00'),
(29, 5, 4, 4, 0, 2, '2020-05-26 07:34:21', '0000-00-00 00:00:00', '0000-00-00 00:00:00'),
(29, 5, 18, 18, 0, 21, '2020-05-26 07:35:26', '0000-00-00 00:00:00', '0000-00-00 00:00:00'),
(30, 1, 9, 9, 0, 4, '2020-05-26 07:38:04', '0000-00-00 00:00:00', '0000-00-00 00:00:00'),
(30, 1, 13, 13, 0, 41, '2020-05-26 07:39:34', '0000-00-00 00:00:00', '0000-00-00 00:00:00'),
(30, 2, 9, 9, 0, 4, '2020-05-26 07:38:08', '0000-00-00 00:00:00', '0000-00-00 00:00:00'),
(30, 2, 13, 13, 0, 41, '2020-05-26 07:39:37', '0000-00-00 00:00:00', '0000-00-00 00:00:00'),
(30, 3, 9, 9, 0, 4, '2020-05-26 07:38:11', '0000-00-00 00:00:00', '0000-00-00 00:00:00'),
(30, 3, 13, 13, 0, 41, '2020-11-18 09:09:58', '0000-00-00 00:00:00', '0000-00-00 00:00:00'),
(30, 4, 9, 9, 0, 4, '2020-06-17 08:47:25', '0000-00-00 00:00:00', '0000-00-00 00:00:00'),
(30, 4, 13, 13, 0, 41, '2020-11-18 09:07:47', '0000-00-00 00:00:00', '0000-00-00 00:00:00'),
(30, 5, 10, 10, 0, 4, '2020-05-26 07:38:40', '0000-00-00 00:00:00', '0000-00-00 00:00:00'),
(30, 5, 13, 13, 0, 41, '2020-11-18 09:07:53', '0000-00-00 00:00:00', '0000-00-00 00:00:00'),
(31, 1, 9, 9, 0, 4, '2020-05-26 07:38:24', '0000-00-00 00:00:00', '0000-00-00 00:00:00'),
(31, 1, 13, 13, 0, 41, '2020-05-26 07:39:52', '0000-00-00 00:00:00', '0000-00-00 00:00:00'),
(31, 2, 13, 13, 0, 41, '2020-06-17 08:44:48', '0000-00-00 00:00:00', '0000-00-00 00:00:00'),
(31, 2, 9, 9, 0, 4, '2020-06-17 08:47:13', '0000-00-00 00:00:00', '0000-00-00 00:00:00'),
(31, 3, 10, 10, 0, 4, '2020-06-17 08:47:17', '0000-00-00 00:00:00', '0000-00-00 00:00:00'),
(31, 3, 14, 14, 0, 41, '2020-11-18 09:10:02', '0000-00-00 00:00:00', '0000-00-00 00:00:00'),
(31, 4, 14, 14, 0, 41, '2020-05-26 07:40:02', '0000-00-00 00:00:00', '0000-00-00 00:00:00'),
(31, 4, 10, 10, 0, 4, '2020-06-17 08:47:31', '0000-00-00 00:00:00', '0000-00-00 00:00:00'),
(31, 5, 14, 14, 0, 41, '2020-06-17 08:44:54', '0000-00-00 00:00:00', '0000-00-00 00:00:00'),
(31, 5, 11, 11, 0, 4, '2021-09-26 16:25:34', '0000-00-00 00:00:00', '0000-00-00 00:00:00'),
(32, 1, 10, 10, 0, 4, '2020-06-17 08:47:45', '0000-00-00 00:00:00', '0000-00-00 00:00:00'),
(32, 1, 14, 14, 0, 41, '2020-11-18 09:08:37', '0000-00-00 00:00:00', '0000-00-00 00:00:00'),
(32, 2, 10, 10, 0, 4, '2020-06-17 08:47:50', '0000-00-00 00:00:00', '0000-00-00 00:00:00'),
(32, 2, 14, 14, 0, 41, '2020-11-18 09:08:11', '0000-00-00 00:00:00', '0000-00-00 00:00:00'),
(32, 3, 11, 11, 0, 4, '2020-06-17 08:47:55', '0000-00-00 00:00:00', '0000-00-00 00:00:00'),
(32, 3, 14, 14, 0, 41, '2020-11-18 09:08:16', '0000-00-00 00:00:00', '0000-00-00 00:00:00'),
(32, 4, 11, 11, 0, 4, '2020-06-17 08:47:58', '0000-00-00 00:00:00', '0000-00-00 00:00:00'),
(32, 4, 15, 15, 0, 41, '2020-11-18 09:10:13', '0000-00-00 00:00:00', '0000-00-00 00:00:00'),
(32, 5, 15, 15, 0, 41, '2020-11-18 09:09:18', '0000-00-00 00:00:00', '0000-00-00 00:00:00'),
(32, 5, 12, 12, 0, 4, '2021-09-26 16:25:30', '0000-00-00 00:00:00', '0000-00-00 00:00:00'),
(33, 1, 11, 11, 0, 4, '2020-06-17 08:48:08', '0000-00-00 00:00:00', '0000-00-00 00:00:00'),
(33, 1, 15, 15, 0, 41, '2020-11-18 09:08:42', '0000-00-00 00:00:00', '0000-00-00 00:00:00'),
(33, 2, 11, 11, 0, 4, '2020-06-17 08:48:37', '0000-00-00 00:00:00', '0000-00-00 00:00:00'),
(33, 2, 15, 15, 0, 41, '2020-11-18 09:09:11', '0000-00-00 00:00:00', '0000-00-00 00:00:00'),
(33, 3, 12, 12, 0, 4, '2020-06-17 08:48:21', '0000-00-00 00:00:00', '0000-00-00 00:00:00'),
(33, 3, 15, 15, 0, 41, '2020-11-18 09:09:32', '0000-00-00 00:00:00', '0000-00-00 00:00:00'),
(33, 4, 12, 12, 0, 4, '2020-06-17 08:48:24', '0000-00-00 00:00:00', '0000-00-00 00:00:00'),
(33, 4, 20, 20, 0, 41, '2020-11-18 09:09:36', '0000-00-00 00:00:00', '0000-00-00 00:00:00'),
(33, 5, 20, 20, 0, 41, '2020-11-18 09:09:40', '0000-00-00 00:00:00', '0000-00-00 00:00:00'),
(33, 5, 19, 19, 0, 4, '2021-09-26 16:24:46', '0000-00-00 00:00:00', '0000-00-00 00:00:00'),
(34, 1, 12, 12, 0, 4, '2020-06-17 08:48:46', '0000-00-00 00:00:00', '0000-00-00 00:00:00'),
(34, 1, 15, 15, 0, 41, '2021-09-26 16:26:20', '0000-00-00 00:00:00', '0000-00-00 00:00:00'),
(34, 2, 20, 20, 0, 41, '2020-11-18 09:08:50', '0000-00-00 00:00:00', '0000-00-00 00:00:00'),
(34, 2, 12, 12, 0, 4, '2021-09-26 16:24:57', '0000-00-00 00:00:00', '0000-00-00 00:00:00'),
(34, 3, 19, 19, 0, 4, '2020-06-17 08:48:56', '0000-00-00 00:00:00', '0000-00-00 00:00:00'),
(34, 3, 20, 20, 0, 41, '2020-11-18 09:08:53', '0000-00-00 00:00:00', '0000-00-00 00:00:00'),
(34, 4, 19, 19, 0, 4, '2020-06-17 08:49:00', '0000-00-00 00:00:00', '0000-00-00 00:00:00'),
(34, 4, 20, 20, 0, 41, '2020-11-18 09:08:57', '0000-00-00 00:00:00', '0000-00-00 00:00:00'),
(34, 5, 19, 19, 0, 4, '2020-06-17 08:49:03', '0000-00-00 00:00:00', '0000-00-00 00:00:00'),
(34, 5, 20, 20, 0, 41, '2020-11-18 09:09:05', '0000-00-00 00:00:00', '0000-00-00 00:00:00'),
(35, 0, 21, 21, 1, 31, '2021-11-04 13:20:25', '0000-00-00 00:00:00', '0000-00-00 00:00:00'),
(35, 0, 21, 21, 2, 31, '2021-11-04 13:20:31', '0000-00-00 00:00:00', '0000-00-00 00:00:00'),
(35, 0, 21, 21, 3, 31, '2021-11-04 13:20:35', '0000-00-00 00:00:00', '0000-00-00 00:00:00'),
(35, 1, 0, 0, 0, 31, '2021-10-28 10:12:18', '0000-00-00 00:00:00', '0000-00-00 00:00:00'),
(35, 1, 8, 8, 0, 3, '2021-11-19 17:06:07', '0000-00-00 00:00:00', '0000-00-00 00:00:00'),
(35, 2, 0, 0, 0, 31, '2021-10-28 10:12:18', '0000-00-00 00:00:00', '0000-00-00 00:00:00'),
(35, 2, 21, 21, 0, 3, '2021-10-28 12:27:45', '0000-00-00 00:00:00', '0000-00-00 00:00:00'),
(35, 3, 0, 0, 0, 31, '2021-10-28 10:12:18', '0000-00-00 00:00:00', '0000-00-00 00:00:00'),
(35, 3, 21, 21, 0, 3, '2021-10-28 12:27:49', '0000-00-00 00:00:00', '0000-00-00 00:00:00'),
(35, 4, 0, 0, 0, 31, '2021-10-28 10:12:18', '0000-00-00 00:00:00', '0000-00-00 00:00:00'),
(35, 4, 21, 21, 0, 3, '2021-10-28 12:27:54', '0000-00-00 00:00:00', '0000-00-00 00:00:00'),
(35, 5, 0, 0, 0, 31, '2021-10-28 10:12:18', '0000-00-00 00:00:00', '0000-00-00 00:00:00'),
(35, 5, 21, 21, 0, 3, '2021-10-28 12:27:57', '0000-00-00 00:00:00', '0000-00-00 00:00:00');

-- --------------------------------------------------------

--
-- Structure de la table `impact_reputation`
--

CREATE TABLE `impact_reputation` (
  `id_impact_reputation` mediumint(8) UNSIGNED NOT NULL,
  `impact_reputation_code` varchar(20) NOT NULL,
  `impact_reputation_libelle` varchar(40) NOT NULL DEFAULT '',
  `impact_reputation_description` varchar(500) NOT NULL DEFAULT '',
  `impact_reputation_date_debut` datetime NOT NULL,
  `impact_reputation_date_modif` date DEFAULT '0000-00-00',
  `impact_reputation_date_fin` datetime DEFAULT '0000-00-00 00:00:00',
  `impact_reputation_type_iden` char(3) NOT NULL DEFAULT 'SPE',
  `codecouleur` varchar(10) NOT NULL,
  `impact_reputation_rang` int(3) NOT NULL,
  `Affecte` binary(1) NOT NULL DEFAULT 't',
  `typenature` varchar(40) NOT NULL DEFAULT ''
) ENGINE=InnoDB DEFAULT CHARSET=utf8;

--
-- Déchargement des données de la table `impact_reputation`
--

INSERT INTO `impact_reputation` (`id_impact_reputation`, `impact_reputation_code`, `impact_reputation_libelle`, `impact_reputation_description`, `impact_reputation_date_debut`, `impact_reputation_date_modif`, `impact_reputation_date_fin`, `impact_reputation_type_iden`, `codecouleur`, `impact_reputation_rang`, `Affecte`, `typenature`) VALUES
(1, '1', 'Minor', 'Can be contained within budget with no impact on the financial status of the business function or may be contained with little or no effect on company public image.', '2019-02-06 13:38:19', '0000-00-00', '2022-09-07 10:56:40', 'SPE', 'GREEN', 5, 0x74, '2'),
(1, '1', 'Mineur', 'Can be contained within budget with no impact on the financial status of the business function or may be contained with little or no effect on company public image.', '2022-09-07 10:56:40', '0000-00-00', '0000-00-00 00:00:00', 'SPE', 'GREEN', 5, 0x74, '2'),
(2, '2', 'Moderate', 'Major impact on the short term (quarterly) financial status of the business function or company public image.', '2019-02-06 13:38:19', '0000-00-00', '2022-09-07 10:56:48', 'SPE', 'ORANGE', 10, 0x74, '2'),
(2, '2', 'Modéré', 'Major impact on the short term (quarterly) financial status of the business function or company public image.', '2022-09-07 10:56:48', '0000-00-00', '0000-00-00 00:00:00', 'SPE', 'ORANGE', 10, 0x74, '2'),
(3, '3', 'Significant', 'Major impact on the long-term financial status or company public image of the function.', '2019-02-06 13:38:19', '0000-00-00', '2022-09-07 10:56:57', 'SPE', 'RED', 15, 0x74, '2'),
(3, '3', 'Majeur', 'Major impact on the long-term financial status or company public image of the function.', '2022-09-07 10:56:57', '0000-00-00', '0000-00-00 00:00:00', 'SPE', 'RED', 15, 0x74, '2'),
(4, '4', 'Catastrophic', 'Out of Business.', '2019-02-06 13:38:19', '0000-00-00', '2022-09-07 10:57:05', 'SPE', 'BLACK', 20, 0x74, '2'),
(4, '4', 'Catastrophique', 'Out of Business.', '2022-09-07 10:57:05', '0000-00-00', '0000-00-00 00:00:00', 'SPE', 'BLACK', 20, 0x74, '2'),
(5, '1', 'Minor', 'Can be contained within budget with no impact on the financial status of the business function or may be contained with little or no effect on company public image.', '2019-02-06 13:38:19', '0000-00-00', '2021-10-28 10:05:20', 'SPE', 'GREEN', 5, 0x74, '3'),
(5, '1', 'Minor', 'Can be contained within budget with no impact on the financial status of the business function or may be contained with little or no effect on company public image.', '2021-10-28 10:05:20', '0000-00-00', '2024-06-20 08:32:37', 'SPE', 'BLUE', 5, 0x74, '3'),
(5, '1', 'Mineur', 'Can be contained within budget with no impact on the financial status of the business function or may be contained with little or no effect on company public image.', '2024-06-20 08:32:37', '0000-00-00', '0000-00-00 00:00:00', 'SPE', 'BLUE', 5, 0x74, '3'),
(6, '2', 'Moderate', 'Major impact on the short term (quarterly) financial status of the business function or company public image.', '2019-02-06 13:38:19', '0000-00-00', '2021-10-28 10:05:28', 'SPE', 'ORANGE', 10, 0x74, '3'),
(6, '2', 'Moderate', 'Major impact on the short term (quarterly) financial status of the business function or company public image.', '2021-10-28 10:05:28', '0000-00-00', '2024-06-20 08:32:48', 'SPE', 'GREEN', 10, 0x74, '3'),
(6, '2', 'Modéré', 'Major impact on the short term (quarterly) financial status of the business function or company public image.', '2024-06-20 08:32:48', '0000-00-00', '0000-00-00 00:00:00', 'SPE', 'GREEN', 10, 0x74, '3'),
(7, '3', 'Significant', 'Major impact on the long-term financial status or company public image of the function.', '2019-02-06 13:38:19', '0000-00-00', '2019-02-06 13:49:05', 'SPE', 'RED', 15, 0x74, '3'),
(7, '3', 'Significant', 'Major impact on the long-term financial status or company public image of the function.', '2019-02-06 13:49:05', '0000-00-00', '2021-10-28 10:05:35', 'SPE', 'RED', 20, 0x74, '3'),
(7, '3', 'Significant', 'Major impact on the long-term financial status or company public image of the function.', '2021-10-28 10:05:35', '0000-00-00', '2024-06-20 08:33:00', 'SPE', 'ORANGE', 20, 0x74, '3'),
(7, '3', 'Fort', 'Major impact on the long-term financial status or company public image of the function.', '2024-06-20 08:33:00', '0000-00-00', '0000-00-00 00:00:00', 'SPE', 'ORANGE', 20, 0x74, '3'),
(8, '4', 'Catastrophic', 'Out of Business.', '2019-02-06 13:38:19', '0000-00-00', '2019-02-06 13:48:53', 'SPE', 'BLACK', 20, 0x74, '3'),
(8, '4', 'Catastrophic', 'Out of Business.', '2019-02-06 13:48:53', '0000-00-00', '2021-10-28 10:05:52', 'SPE', 'BLACK', 30, 0x74, '3'),
(8, '4', 'Très fort', 'Out of Business.', '2021-10-28 10:05:52', '0000-00-00', '2024-06-20 08:33:06', 'SPE', 'RED', 30, 0x74, '3'),
(8, '4', 'Très fort', 'Out of Business.', '2024-06-20 08:33:06', '0000-00-00', '0000-00-00 00:00:00', 'SPE', 'RED', 30, 0x74, '3'),
(9, '1', 'Minor', 'Can be contained within budget with no impact on the financial status of the business function or may be contained with little or no effect on company public image.', '2019-02-06 13:38:19', '0000-00-00', '2020-01-16 10:22:17', 'SPE', 'GREEN', 5, 0x74, '4'),
(9, '1', 'très faible', 'Can be contained within budget with no impact on the financial status of the business function or may be contained with little or no effect on company public image.', '2020-01-16 10:22:17', '0000-00-00', '2020-01-24 09:13:27', 'SPE', 'GREEN', 5, 0x74, '4'),
(9, '1', 'très faible', 'Can be contained within budget with no impact on the financial status of the business function or may be contained with little or no effect on company public image.', '2020-01-24 09:13:27', '0000-00-00', '2020-11-10 16:04:58', 'SPE', 'BLUE', 5, 0x74, '4'),
(9, '1', 'Critique sans répercution', 'Can be contained within budget with no impact on the financial status of the business function or may be contained with little or no effect on company public image.', '2020-11-10 16:04:58', '0000-00-00', '0000-00-00 00:00:00', 'SPE', 'BLUE', 5, 0x74, '4'),
(10, '2', 'Moderate', 'Major impact on the short term (quarterly) financial status of the business function or company public image.', '2019-02-06 13:38:19', '0000-00-00', '2020-01-16 10:23:37', 'SPE', 'ORANGE', 10, 0x74, '4'),
(10, '2', 'faible', 'Major impact on the short term (quarterly) financial status of the business function or company public image.', '2020-01-16 10:23:38', '0000-00-00', '2020-01-24 09:13:35', 'SPE', 'YELLOW', 10, 0x74, '4'),
(10, '2', 'faible', 'Major impact on the short term (quarterly) financial status of the business function or company public image.', '2020-01-24 09:13:35', '0000-00-00', '2020-11-10 16:05:27', 'SPE', 'GREEN', 10, 0x74, '4'),
(10, '2', 'Dégradation faible', 'Major impact on the short term (quarterly) financial status of the business function or company public image.', '2020-11-10 16:05:27', '0000-00-00', '0000-00-00 00:00:00', 'SPE', 'GREEN', 10, 0x74, '4'),
(11, '3', 'Significant', 'Major impact on the long-term financial status or company public image of the function.', '2019-02-06 13:38:19', '0000-00-00', '2020-01-16 10:23:51', 'SPE', 'RED', 15, 0x74, '4'),
(11, '3', 'moyen', 'Major impact on the long-term financial status or company public image of the function.', '2020-01-16 10:23:51', '0000-00-00', '2020-01-24 09:13:13', 'SPE', 'ORANGE', 15, 0x74, '4'),
(11, '3', 'moyen', 'Major impact on the long-term financial status or company public image of the function.', '2020-01-24 09:13:13', '0000-00-00', '2020-11-10 16:05:54', 'SPE', 'ORANGE', 20, 0x74, '4'),
(11, '3', 'Dégradation limitée (circonscrite)', 'Major impact on the long-term financial status or company public image of the function.', '2020-11-10 16:05:54', '0000-00-00', '0000-00-00 00:00:00', 'SPE', 'ORANGE', 20, 0x74, '4'),
(12, '4', 'Catastrophic', 'Out of Business.', '2019-02-06 13:38:19', '0000-00-00', '2020-01-16 10:24:25', 'SPE', 'BLACK', 20, 0x74, '4'),
(12, '4', 'fort', 'Out of Business.', '2020-01-16 10:24:25', '0000-00-00', '2020-01-24 09:12:49', 'SPE', 'RED', 20, 0x74, '4'),
(12, '4', 'fort', 'Out of Business.', '2020-01-24 09:12:49', '0000-00-00', '2020-11-10 16:06:21', 'SPE', 'RED', 30, 0x74, '4'),
(12, '4', 'Forte dégradation de l\'image au national', 'Out of Business.', '2020-11-10 16:06:21', '0000-00-00', '0000-00-00 00:00:00', 'SPE', 'RED', 30, 0x74, '4'),
(13, '5', 'Très Fort', '', '2020-01-16 10:24:51', '0000-00-00', '2020-01-24 09:12:33', 'SPE', 'BLACK', 30, 0x74, '4'),
(13, '5', 'Très Fort', '', '2020-01-24 09:12:33', '0000-00-00', '2020-11-10 16:06:46', 'SPE', 'BLACK', 40, 0x74, '4'),
(13, '5', 'Remise en question de l\'établissement', '', '2020-11-10 16:06:46', '0000-00-00', '0000-00-00 00:00:00', 'SPE', 'BLACK', 40, 0x74, '4'),
(14, '5', 'Catastrophique', '', '2021-10-28 10:06:11', '0000-00-00', '0000-00-00 00:00:00', 'SPE', 'BLACK', 40, 0x74, '3');

-- --------------------------------------------------------

--
-- Structure de la table `impact_resource`
--

CREATE TABLE `impact_resource` (
  `id_impact_resource` mediumint(8) UNSIGNED NOT NULL,
  `impact_resource_code` varchar(20) NOT NULL,
  `impact_resource_libelle` varchar(40) NOT NULL DEFAULT '',
  `impact_resource_description` varchar(500) NOT NULL DEFAULT '',
  `impact_resource_date_debut` datetime NOT NULL,
  `impact_resource_date_modif` date DEFAULT '0000-00-00',
  `impact_resource_date_fin` datetime DEFAULT '0000-00-00 00:00:00',
  `impact_resource_type_iden` char(3) NOT NULL DEFAULT 'SPE',
  `codecouleur` varchar(10) NOT NULL,
  `impact_resource_rang` int(3) NOT NULL,
  `Affecte` binary(1) NOT NULL DEFAULT 't',
  `typenature` varchar(40) NOT NULL DEFAULT ''
) ENGINE=InnoDB DEFAULT CHARSET=utf8;

--
-- Déchargement des données de la table `impact_resource`
--

INSERT INTO `impact_resource` (`id_impact_resource`, `impact_resource_code`, `impact_resource_libelle`, `impact_resource_description`, `impact_resource_date_debut`, `impact_resource_date_modif`, `impact_resource_date_fin`, `impact_resource_type_iden`, `codecouleur`, `impact_resource_rang`, `Affecte`, `typenature`) VALUES
(1, '1', 'Minor', 'Can be contained within budget with no impact on the financial status of the business function or may be contained with little or no effect on company public image.', '2019-02-06 13:38:19', '0000-00-00', '2022-09-07 10:56:04', 'SPE', 'GREEN', 5, 0x74, '2'),
(1, '1', 'Mineur', 'Can be contained within budget with no impact on the financial status of the business function or may be contained with little or no effect on company public image.', '2022-09-07 10:56:04', '0000-00-00', '0000-00-00 00:00:00', 'SPE', 'GREEN', 5, 0x74, '2'),
(2, '2', 'Moderate', 'Major impact on the short term (quarterly) financial status of the business function or company public image.', '2019-02-06 13:38:19', '0000-00-00', '2020-12-15 10:50:33', 'SPE', 'ORANGE', 10, 0x74, '2'),
(2, '2', 'Modéré', 'Major impact on the short term (quarterly) financial status of the business function or company public image.', '2020-12-15 10:50:33', '0000-00-00', '0000-00-00 00:00:00', 'SPE', 'ORANGE', 10, 0x74, '2'),
(3, '3', 'Significant', 'Major impact on the long-term financial status or company public image of the function.', '2019-02-06 13:38:19', '0000-00-00', '2022-09-07 10:56:17', 'SPE', 'RED', 15, 0x74, '2'),
(3, '3', 'Majeur', 'Major impact on the long-term financial status or company public image of the function.', '2022-09-07 10:56:17', '0000-00-00', '0000-00-00 00:00:00', 'SPE', 'RED', 15, 0x74, '2'),
(4, '4', 'Catastrophic', 'Out of Business.', '2019-02-06 13:38:19', '0000-00-00', '2022-09-07 10:56:27', 'SPE', 'BLACK', 20, 0x74, '2'),
(4, '4', 'Catastrophique', 'Out of Business.', '2022-09-07 10:56:27', '0000-00-00', '0000-00-00 00:00:00', 'SPE', 'BLACK', 20, 0x74, '2'),
(5, '1', 'Minor', 'Can be contained within budget with no impact on the financial status of the business function or may be contained with little or no effect on company public image.', '2019-02-06 13:38:19', '0000-00-00', '2021-10-28 10:03:32', 'SPE', 'GREEN', 5, 0x74, '3'),
(5, '1', 'Minor', 'Can be contained within budget with no impact on the financial status of the business function or may be contained with little or no effect on company public image.', '2021-10-28 10:03:32', '0000-00-00', '2024-06-20 08:30:58', 'SPE', 'BLUE', 5, 0x74, '3'),
(5, '1', 'Mineur', 'Can be contained within budget with no impact on the financial status of the business function or may be contained with little or no effect on company public image.', '2024-06-20 08:30:58', '0000-00-00', '0000-00-00 00:00:00', 'SPE', 'BLUE', 5, 0x74, '3'),
(6, '2', 'Moderate', 'Major impact on the short term (quarterly) financial status of the business function or company public image.', '2019-02-06 13:38:19', '0000-00-00', '2021-10-28 10:03:46', 'SPE', 'ORANGE', 10, 0x74, '3'),
(6, '2', 'Moderate', 'Major impact on the short term (quarterly) financial status of the business function or company public image.', '2021-10-28 10:03:46', '0000-00-00', '2024-06-20 08:31:37', 'SPE', 'GREEN', 10, 0x74, '3'),
(6, '2', 'Modéré', 'Major impact on the short term (quarterly) financial status of the business function or company public image.', '2024-06-20 08:31:37', '0000-00-00', '0000-00-00 00:00:00', 'SPE', 'GREEN', 10, 0x74, '3'),
(7, '3', 'Significant', 'Major impact on the long-term financial status or company public image of the function.', '2019-02-06 13:38:19', '0000-00-00', '2019-02-06 13:48:38', 'SPE', 'RED', 15, 0x74, '3'),
(7, '3', 'Significant', 'Major impact on the long-term financial status or company public image of the function.', '2019-02-06 13:48:38', '0000-00-00', '2021-10-28 10:03:58', 'SPE', 'RED', 20, 0x74, '3'),
(7, '3', 'Significant', 'Major impact on the long-term financial status or company public image of the function.', '2021-10-28 10:03:58', '0000-00-00', '2024-06-20 08:31:54', 'SPE', 'ORANGE', 20, 0x74, '3'),
(7, '3', 'Fort', 'Major impact on the long-term financial status or company public image of the function.', '2024-06-20 08:31:54', '0000-00-00', '0000-00-00 00:00:00', 'SPE', 'ORANGE', 20, 0x74, '3'),
(8, '4', 'Catastrophic', 'Out of Business.', '2019-02-06 13:38:19', '0000-00-00', '2019-02-06 13:48:29', 'SPE', 'BLACK', 20, 0x74, '3'),
(8, '4', 'Catastrophic', 'Out of Business.', '2019-02-06 13:48:29', '0000-00-00', '2021-10-28 10:04:15', 'SPE', 'BLACK', 30, 0x74, '3'),
(8, '4', 'tres fort', 'Out of Business.', '2021-10-28 10:04:15', '0000-00-00', '2024-06-20 08:32:04', 'SPE', 'RED', 30, 0x74, '3'),
(8, '4', 'Très fort', 'Out of Business.', '2024-06-20 08:32:04', '0000-00-00', '0000-00-00 00:00:00', 'SPE', 'RED', 30, 0x74, '3'),
(9, '1', 'Minor', 'Can be contained within budget with no impact on the financial status of the business function or may be contained with little or no effect on company public image.', '2019-02-06 13:38:19', '0000-00-00', '2020-01-11 15:32:59', 'SPE', 'GREEN', 5, 0x74, '4'),
(9, '1', 'Très faible', 'Can be contained within budget with no impact on the financial status of the business function or may be contained with little or no effect on company public image.', '2020-01-11 15:32:59', '0000-00-00', '2020-01-24 09:09:04', 'SPE', 'GREEN', 5, 0x74, '4'),
(9, '1', 'Très faible', 'Can be contained within budget with no impact on the financial status of the business function or may be contained with little or no effect on company public image.', '2020-01-24 09:09:04', '0000-00-00', '2020-05-18 10:56:07', 'SPE', 'BLUE', 5, 0x74, '4'),
(9, '1', 'Très faible', 'Can be contained within budget with no impact on the financial status of the business function or may be contained with little or no effect on company public image.', '2020-05-18 10:56:07', '0000-00-00', '2020-11-10 16:15:55', 'SPE', 'BLUE', 5, 0x74, '4'),
(9, '1', 'Très limité', 'Can be contained within budget with no impact on the financial status of the business function or may be contained with little or no effect on company public image.', '2020-11-10 16:15:55', '0000-00-00', '0000-00-00 00:00:00', 'SPE', 'BLUE', 5, 0x74, '4'),
(10, '2', 'Moderate', 'Major impact on the short term (quarterly) financial status of the business function or company public image.', '2019-02-06 13:38:19', '0000-00-00', '2020-01-11 15:33:12', 'SPE', 'ORANGE', 10, 0x74, '4'),
(10, '2', 'Faible', 'Major impact on the short term (quarterly) financial status of the business function or company public image.', '2020-01-11 15:33:12', '0000-00-00', '2020-01-24 09:09:14', 'SPE', 'YELLOW', 10, 0x74, '4'),
(10, '2', 'Faible', 'Major impact on the short term (quarterly) financial status of the business function or company public image.', '2020-01-24 09:09:14', '0000-00-00', '2020-11-10 16:16:09', 'SPE', 'GREEN', 10, 0x74, '4'),
(10, '2', 'Faible', 'Major impact on the short term (quarterly) financial status of the business function or company public image.', '2020-11-10 16:16:09', '0000-00-00', '0000-00-00 00:00:00', 'SPE', 'GREEN', 10, 0x74, '4'),
(11, '3', 'Significant', 'Major impact on the long-term financial status or company public image of the function.', '2019-02-06 13:38:19', '0000-00-00', '2020-01-11 15:33:32', 'SPE', 'RED', 15, 0x74, '4'),
(11, '3', 'Moyen', 'Major impact on the long-term financial status or company public image of the function.', '2020-01-11 15:33:32', '0000-00-00', '2020-01-24 09:09:45', 'SPE', 'ORANGE', 15, 0x74, '4'),
(11, '3', 'Moyen', 'Major impact on the long-term financial status or company public image of the function.', '2020-01-24 09:09:45', '0000-00-00', '2020-01-24 09:10:33', 'SPE', 'ORANGE', 21, 0x74, '4'),
(11, '3', 'Moyen', 'Major impact on the long-term financial status or company public image of the function.', '2020-01-24 09:10:33', '0000-00-00', '2020-01-24 09:54:31', 'SPE', 'ORANGE', 30, 0x74, '4'),
(11, '3', 'Moyen', 'Major impact on the long-term financial status or company public image of the function.', '2020-01-24 09:54:31', '0000-00-00', '2020-01-24 09:55:00', 'SPE', 'ORANGE', 21, 0x74, '4'),
(11, '3', 'Moyen', 'Major impact on the long-term financial status or company public image of the function.', '2020-01-24 09:55:00', '0000-00-00', '2020-11-10 16:16:31', 'SPE', 'ORANGE', 20, 0x74, '4'),
(11, '3', 'Modéré', 'Major impact on the long-term financial status or company public image of the function.', '2020-11-10 16:16:31', '0000-00-00', '0000-00-00 00:00:00', 'SPE', 'ORANGE', 20, 0x74, '4'),
(12, '4', 'Catastrophic', 'Out of Business.', '2019-02-06 13:38:19', '0000-00-00', '2020-01-11 15:33:45', 'SPE', 'BLACK', 20, 0x74, '4'),
(12, '4', 'Fort', 'Out of Business.', '2020-01-11 15:33:45', '0000-00-00', '2020-01-24 09:54:48', 'SPE', 'RED', 20, 0x74, '4'),
(12, '4', 'Fort', 'Out of Business.', '2020-01-24 09:54:48', '0000-00-00', '0000-00-00 00:00:00', 'SPE', 'RED', 30, 0x74, '4'),
(13, '5', 'Très fort', '', '2020-01-11 15:33:59', '0000-00-00', '2020-01-24 09:10:22', 'SPE', 'BLACK', 30, 0x74, '4'),
(13, '5', 'Très fort', '', '2020-01-24 09:10:22', '0000-00-00', '0000-00-00 00:00:00', 'SPE', 'BLACK', 40, 0x74, '4'),
(14, '5', 'catastrophique', '', '2021-10-28 10:04:46', '0000-00-00', '2024-06-20 08:32:15', 'SPE', 'BLACK', 40, 0x74, '3'),
(14, '5', 'Catastrophique', '', '2024-06-20 08:32:15', '0000-00-00', '0000-00-00 00:00:00', 'SPE', 'BLACK', 40, 0x74, '3');

-- --------------------------------------------------------

--
-- Structure de la table `impact_severity`
--

CREATE TABLE `impact_severity` (
  `id_impact_severity` mediumint(8) UNSIGNED NOT NULL,
  `impact_severity_code` varchar(20) NOT NULL,
  `impact_severity_libelle` varchar(40) NOT NULL DEFAULT '',
  `impact_severity_description` varchar(500) NOT NULL DEFAULT '',
  `impact_severity_date_debut` datetime NOT NULL,
  `impact_severity_date_modif` date DEFAULT '0000-00-00',
  `impact_severity_date_fin` datetime DEFAULT '0000-00-00 00:00:00',
  `impact_severity_type_iden` char(3) NOT NULL DEFAULT 'SPE',
  `codecouleur` varchar(10) NOT NULL,
  `impact_severity_rang` int(3) NOT NULL,
  `Affecte` binary(1) NOT NULL DEFAULT 't',
  `typenature` int(11) NOT NULL
) ENGINE=InnoDB DEFAULT CHARSET=utf8;

--
-- Déchargement des données de la table `impact_severity`
--

INSERT INTO `impact_severity` (`id_impact_severity`, `impact_severity_code`, `impact_severity_libelle`, `impact_severity_description`, `impact_severity_date_debut`, `impact_severity_date_modif`, `impact_severity_date_fin`, `impact_severity_type_iden`, `codecouleur`, `impact_severity_rang`, `Affecte`, `typenature`) VALUES
(5, '1', 'Mineur', 'Can be contained within budget with no impact on the financial status of the business function or may be contained with little or no effect on company public image.', '2022-08-31 07:14:16', '0000-00-00', '2024-01-31 11:21:09', 'SPE', 'BLUE', 8, 0x74, 3),
(5, '1', 'Mineur', 'Can be contained within budget with no impact on the financial status of the business function or may be contained with little or no effect on company public image.', '2024-01-31 11:21:09', '0000-00-00', '0000-00-00 00:00:00', 'SPE', 'BLUE', 8, 0x74, 3),
(6, '2', 'Modéré', 'Major impact on the short term (quarterly) financial status of the business function or company public image.', '2022-08-31 07:14:26', '0000-00-00', '0000-00-00 00:00:00', 'SPE', 'GREEN', 13, 0x74, 3),
(7, '3', 'Fort', 'Major impact on the long-term financial status or company public image of the function.', '2022-08-31 07:15:01', '0000-00-00', '0000-00-00 00:00:00', 'SPE', 'ORANGE', 29, 0x74, 3),
(8, '4', 'Très Fort', 'Out of Business.', '2022-08-31 07:14:52', '0000-00-00', '0000-00-00 00:00:00', 'SPE', 'RED', 41, 0x74, 3),
(27, 'min', 'mineur', '', '2022-09-07 10:54:27', '0000-00-00', '0000-00-00 00:00:00', 'SPE', 'GREEN', 5, 0x74, 2),
(28, 'mod', 'modéré', '', '2022-09-07 10:54:37', '0000-00-00', '0000-00-00 00:00:00', 'SPE', 'ORANGE', 10, 0x74, 2),
(29, 'maj', 'Majeur', '', '2022-09-07 10:54:46', '0000-00-00', '0000-00-00 00:00:00', 'SPE', 'RED', 15, 0x74, 2),
(30, 'TF', 'Très faible CI', '', '2021-10-29 08:07:18', '0000-00-00', '0000-00-00 00:00:00', 'SPE', 'BLUE', 9, 0x74, 4),
(31, 'fai', 'Faible CI', '', '2021-10-29 08:08:55', '0000-00-00', '0000-00-00 00:00:00', 'SPE', 'GREEN', 16, 0x74, 4),
(32, 'mod', 'Modéré CI', '', '2021-10-29 08:09:04', '0000-00-00', '0000-00-00 00:00:00', 'SPE', 'ORANGE', 29, 0x74, 4),
(33, 'for', 'Fort CI', '', '2021-10-29 08:09:12', '0000-00-00', '0000-00-00 00:00:00', 'SPE', 'RED', 39, 0x74, 4),
(34, 'TFO', 'Très Fort CI', '', '2021-10-29 08:09:21', '0000-00-00', '0000-00-00 00:00:00', 'SPE', 'BLACK', 51, 0x74, 4),
(35, '5', 'Catastrophique', '', '2022-08-31 07:15:09', '0000-00-00', '0000-00-00 00:00:00', 'SPE', 'BLACK', 51, 0x74, 3);

-- --------------------------------------------------------

--
-- Structure de la table `impact_technical`
--

CREATE TABLE `impact_technical` (
  `id_impact_technical` mediumint(8) UNSIGNED NOT NULL,
  `impact_technical_code` varchar(20) NOT NULL,
  `impact_technical_libelle` varchar(40) NOT NULL DEFAULT '',
  `impact_technical_description` varchar(500) NOT NULL DEFAULT '',
  `impact_technical_date_debut` datetime NOT NULL,
  `impact_technical_date_modif` date DEFAULT '0000-00-00',
  `impact_technical_date_fin` datetime DEFAULT '0000-00-00 00:00:00',
  `impact_technical_type_iden` char(3) NOT NULL DEFAULT 'SPE',
  `codecouleur` varchar(10) NOT NULL,
  `impact_technical_rang` int(3) NOT NULL,
  `Affecte` binary(1) NOT NULL DEFAULT 't',
  `typenature` varchar(40) NOT NULL DEFAULT ''
) ENGINE=InnoDB DEFAULT CHARSET=utf8;

--
-- Déchargement des données de la table `impact_technical`
--

INSERT INTO `impact_technical` (`id_impact_technical`, `impact_technical_code`, `impact_technical_libelle`, `impact_technical_description`, `impact_technical_date_debut`, `impact_technical_date_modif`, `impact_technical_date_fin`, `impact_technical_type_iden`, `codecouleur`, `impact_technical_rang`, `Affecte`, `typenature`) VALUES
(1, '1', 'Minor', 'Can be contained within budget with no impact on the financial status of the business function or may be contained with little or no effect on company public image.', '2019-02-06 13:38:19', '0000-00-00', '0000-00-00 00:00:00', 'SPE', 'GREEN', 5, 0x74, '2'),
(2, '2', 'Moderate', 'Major impact on the short term (quarterly) financial status of the business function or company public image.', '2019-02-06 13:38:19', '0000-00-00', '0000-00-00 00:00:00', 'SPE', 'ORANGE', 10, 0x74, '2'),
(3, '3', 'Significant', 'Major impact on the long-term financial status or company public image of the function.', '2019-02-06 13:38:19', '0000-00-00', '0000-00-00 00:00:00', 'SPE', 'RED', 15, 0x74, '2'),
(4, '4', 'Catastrophic', 'Out of Business.', '2019-02-06 13:38:19', '0000-00-00', '0000-00-00 00:00:00', 'SPE', 'BLACK', 20, 0x74, '2'),
(5, '1', 'Minor', 'Can be contained within budget with no impact on the financial status of the business function or may be contained with little or no effect on company public image.', '2019-02-06 13:38:19', '0000-00-00', '2021-10-28 10:09:05', 'SPE', 'GREEN', 5, 0x74, '3'),
(5, '1', 'Minor', 'Can be contained within budget with no impact on the financial status of the business function or may be contained with little or no effect on company public image.', '2021-10-28 10:09:05', '0000-00-00', '2024-06-20 08:34:46', 'SPE', 'BLUE', 5, 0x74, '3'),
(5, '1', 'Mineur', 'Can be contained within budget with no impact on the financial status of the business function or may be contained with little or no effect on company public image.', '2024-06-20 08:34:46', '0000-00-00', '0000-00-00 00:00:00', 'SPE', 'BLUE', 5, 0x74, '3'),
(6, '2', 'Moderate', 'Major impact on the short term (quarterly) financial status of the business function or company public image.', '2019-02-06 13:38:19', '0000-00-00', '2021-10-28 10:09:15', 'SPE', 'ORANGE', 10, 0x74, '3'),
(6, '2', 'Moderate', 'Major impact on the short term (quarterly) financial status of the business function or company public image.', '2021-10-28 10:09:15', '0000-00-00', '2024-06-20 08:34:56', 'SPE', 'GREEN', 10, 0x74, '3'),
(6, '2', 'Modéré', 'Major impact on the short term (quarterly) financial status of the business function or company public image.', '2024-06-20 08:34:56', '0000-00-00', '0000-00-00 00:00:00', 'SPE', 'GREEN', 10, 0x74, '3'),
(7, '3', 'Significant', 'Major impact on the long-term financial status or company public image of the function.', '2019-02-06 13:38:19', '0000-00-00', '2019-02-06 13:50:24', 'SPE', 'RED', 15, 0x74, '3'),
(7, '3', 'Significant', 'Major impact on the long-term financial status or company public image of the function.', '2019-02-06 13:50:24', '0000-00-00', '2021-10-28 10:10:00', 'SPE', 'RED', 20, 0x74, '3'),
(7, '3', 'Significant', 'Major impact on the long-term financial status or company public image of the function.', '2021-10-28 10:10:00', '0000-00-00', '2024-06-20 08:35:06', 'SPE', 'ORANGE', 20, 0x74, '3'),
(7, '3', 'Fort', 'Major impact on the long-term financial status or company public image of the function.', '2024-06-20 08:35:06', '0000-00-00', '0000-00-00 00:00:00', 'SPE', 'ORANGE', 20, 0x74, '3'),
(8, '4', 'Catastrophic', 'Out of Business.', '2019-02-06 13:38:19', '0000-00-00', '2019-02-06 13:50:14', 'SPE', 'BLACK', 20, 0x74, '3'),
(8, '4', 'Catastrophic', 'Out of Business.', '2019-02-06 13:50:14', '0000-00-00', '2021-10-28 10:10:45', 'SPE', 'BLACK', 30, 0x74, '3'),
(8, '4', 'Très fort', 'Out of Business.', '2021-10-28 10:10:45', '0000-00-00', '0000-00-00 00:00:00', 'SPE', 'RED', 30, 0x74, '3'),
(9, '1', 'Minor', 'Can be contained within budget with no impact on the financial status of the business function or may be contained with little or no effect on company public image.', '2019-02-06 13:38:19', '0000-00-00', '2020-01-16 10:28:49', 'SPE', 'GREEN', 5, 0x74, '4'),
(9, '1', 'Très Faible', 'Can be contained within budget with no impact on the financial status of the business function or may be contained with little or no effect on company public image.', '2020-01-16 10:28:50', '0000-00-00', '2020-01-24 09:20:44', 'SPE', 'GREEN', 5, 0x74, '4'),
(9, '1', 'Très Faible', 'Can be contained within budget with no impact on the financial status of the business function or may be contained with little or no effect on company public image.', '2020-01-24 09:20:44', '0000-00-00', '2021-03-15 16:19:23', 'SPE', 'BLUE', 5, 0x74, '4'),
(9, '1', 'Very low', 'Can be contained within budget with no impact on the financial status of the business function or may be contained with little or no effect on company public image.', '2021-03-15 16:19:23', '0000-00-00', '0000-00-00 00:00:00', 'SPE', 'BLUE', 5, 0x74, '4'),
(10, '2', 'Moderate', 'Major impact on the short term (quarterly) financial status of the business function or company public image.', '2019-02-06 13:38:19', '0000-00-00', '2020-01-16 10:29:03', 'SPE', 'ORANGE', 10, 0x74, '4'),
(10, '2', 'Faible', 'Major impact on the short term (quarterly) financial status of the business function or company public image.', '2020-01-16 10:29:03', '0000-00-00', '2020-01-24 09:22:49', 'SPE', 'YELLOW', 10, 0x74, '4'),
(10, '2', 'Faible', 'Major impact on the short term (quarterly) financial status of the business function or company public image.', '2020-01-24 09:22:49', '0000-00-00', '2021-03-15 16:19:31', 'SPE', 'GREEN', 10, 0x74, '4'),
(10, '2', 'Low', 'Major impact on the short term (quarterly) financial status of the business function or company public image.', '2021-03-15 16:19:31', '0000-00-00', '0000-00-00 00:00:00', 'SPE', 'GREEN', 10, 0x74, '4'),
(11, '3', 'Significant', 'Major impact on the long-term financial status or company public image of the function.', '2019-02-06 13:38:19', '0000-00-00', '2020-01-16 10:29:17', 'SPE', 'RED', 15, 0x74, '4'),
(11, '3', 'Moyen', 'Major impact on the long-term financial status or company public image of the function.', '2020-01-16 10:29:17', '0000-00-00', '2020-01-24 09:22:10', 'SPE', 'ORANGE', 15, 0x74, '4'),
(11, '3', 'Moyen', 'Major impact on the long-term financial status or company public image of the function.', '2020-01-24 09:22:10', '0000-00-00', '2021-03-15 16:19:45', 'SPE', 'ORANGE', 20, 0x74, '4'),
(11, '3', 'Morerate', 'Major impact on the long-term financial status or company public image of the function.', '2021-03-15 16:19:46', '0000-00-00', '0000-00-00 00:00:00', 'SPE', 'ORANGE', 20, 0x74, '4'),
(12, '4', 'Catastrophic', 'Out of Business.', '2019-02-06 13:38:19', '0000-00-00', '2020-01-16 10:29:28', 'SPE', 'BLACK', 20, 0x74, '4'),
(12, '4', 'Fort', 'Out of Business.', '2020-01-16 10:29:28', '0000-00-00', '2020-01-24 09:22:00', 'SPE', 'RED', 20, 0x74, '4'),
(12, '4', 'Fort', 'Out of Business.', '2020-01-24 09:22:00', '0000-00-00', '2021-03-15 16:19:54', 'SPE', 'RED', 30, 0x74, '4'),
(12, '4', 'High', 'Out of Business.', '2021-03-15 16:19:54', '0000-00-00', '0000-00-00 00:00:00', 'SPE', 'RED', 30, 0x74, '4'),
(13, '5', 'Très Fort', '', '2020-01-16 10:30:03', '0000-00-00', '2020-01-24 09:21:49', 'SPE', 'BLACK', 25, 0x74, '4'),
(13, '5', 'Très Fort', '', '2020-01-24 09:21:49', '0000-00-00', '2021-03-15 16:20:07', 'SPE', 'BLACK', 40, 0x74, '4'),
(13, '5', 'Very High', '', '2021-03-15 16:20:07', '0000-00-00', '0000-00-00 00:00:00', 'SPE', 'BLACK', 40, 0x74, '4'),
(14, '5', 'Catastrophic', '', '2021-10-28 10:11:00', '0000-00-00', '2024-06-20 08:35:14', 'SPE', 'BLACK', 40, 0x74, '3'),
(14, '5', 'Catastrophique', '', '2024-06-20 08:35:14', '0000-00-00', '0000-00-00 00:00:00', 'SPE', 'BLACK', 40, 0x74, '3');

-- --------------------------------------------------------

--
-- Structure de la table `incident`
--

CREATE TABLE `incident` (
  `idIncident` mediumint(8) UNSIGNED NOT NULL,
  `nomenc` varchar(30) DEFAULT NULL,
  `libelle` mediumtext NOT NULL,
  `description` mediumtext NOT NULL,
  `detect_date` date DEFAULT NULL,
  `detect_heure` time DEFAULT NULL,
  `detect_com` mediumtext,
  `alert_date` date DEFAULT NULL,
  `alert_heure` time DEFAULT NULL,
  `alert_com` mediumtext,
  `prise_date` date DEFAULT NULL,
  `prise_heure` time DEFAULT NULL,
  `prise_com` mediumtext,
  `debut_dir_date` date DEFAULT NULL,
  `debut_dir_heure` time DEFAULT NULL,
  `debut_dir_com` mediumtext,
  `fin_dir_date` date DEFAULT NULL,
  `fin_dir_heure` time DEFAULT NULL,
  `fin_dir_com` mediumtext,
  `alert_comex_date` date DEFAULT NULL,
  `alert_comex_heure` time DEFAULT NULL,
  `alert_comex_com` mediumtext,
  `debut_comex_date` date DEFAULT NULL,
  `debut_comex_heure` time DEFAULT NULL,
  `debut_comex_com` mediumtext,
  `fin_comex_date` date DEFAULT NULL,
  `fin_comex_heure` time DEFAULT NULL,
  `fin_comex_com` mediumtext,
  `clo_inc_date` date DEFAULT NULL,
  `clo_inc_heure` time DEFAULT NULL,
  `clo_inc_com` mediumtext,
  `lance_date` date DEFAULT NULL,
  `lance_heure` time DEFAULT NULL,
  `lance_com` mediumtext,
  `clot_date` date DEFAULT NULL,
  `clot_heure` time DEFAULT NULL,
  `clot_com` mediumtext,
  `lance_pca_date` date DEFAULT NULL,
  `lance_pca_heure` time DEFAULT NULL,
  `lance_pca_com` mediumtext,
  `decl_pca_date` date DEFAULT NULL,
  `decl_pca_heure` time DEFAULT NULL,
  `decl_pca_com` mediumtext,
  `active_pca_date` date DEFAULT NULL,
  `active_pca_heure` time DEFAULT NULL,
  `active_pca_com` mediumtext,
  `clot_pca_date` date DEFAULT NULL,
  `clot_pca_heure` time DEFAULT NULL,
  `clot_pca_com` mediumtext,
  `alert_pca_date` date DEFAULT NULL,
  `alert_pca_heure` time DEFAULT NULL,
  `alert_pca_com` mediumtext,
  `archiv_heure` time NOT NULL DEFAULT '00:00:00',
  `bilan_duree` varchar(250) DEFAULT NULL,
  `autre_perte` varchar(250) DEFAULT NULL,
  `bilan_charge` varchar(250) DEFAULT NULL,
  `bilan_orga` mediumtext,
  `bilan_budg` mediumtext,
  `action` mediumtext,
  `autre_cout_qualif` varchar(250) DEFAULT NULL,
  `autre_cout_crise` varchar(250) DEFAULT NULL,
  `autre_cout_pca` varchar(250) DEFAULT NULL,
  `autre_perte_qualif` varchar(250) DEFAULT NULL,
  `autre_perte_crise` varchar(250) DEFAULT NULL,
  `autre_perte_pca` varchar(250) DEFAULT NULL,
  `exemple` int(1) DEFAULT '0',
  `lock` int(11) DEFAULT '0',
  `lock_utilisateur` varchar(250) DEFAULT NULL,
  `lock_date` datetime DEFAULT NULL,
  `reouvert_date` date NOT NULL DEFAULT '0000-00-00',
  `reouvert_heure` time NOT NULL DEFAULT '00:00:00',
  `nb_cloture` mediumint(9) NOT NULL DEFAULT '0',
  `archiv_date` date NOT NULL DEFAULT '0000-00-00',
  `id_typesuivi` mediumint(9) NOT NULL,
  `idPlan` mediumint(8) NOT NULL DEFAULT '1',
  `highPeriod` int(11) NOT NULL DEFAULT '0',
  `idEventCriticality` int(11) NOT NULL DEFAULT '0',
  `discovered_by` int(11) NOT NULL,
  `discovered_date` datetime NOT NULL,
  `incident_type` enum('complex','simple') NOT NULL
) ENGINE=InnoDB DEFAULT CHARSET=utf8;

--
-- Déchargement des données de la table `incident`
--

INSERT INTO `incident` (`idIncident`, `nomenc`, `libelle`, `description`, `detect_date`, `detect_heure`, `detect_com`, `alert_date`, `alert_heure`, `alert_com`, `prise_date`, `prise_heure`, `prise_com`, `debut_dir_date`, `debut_dir_heure`, `debut_dir_com`, `fin_dir_date`, `fin_dir_heure`, `fin_dir_com`, `alert_comex_date`, `alert_comex_heure`, `alert_comex_com`, `debut_comex_date`, `debut_comex_heure`, `debut_comex_com`, `fin_comex_date`, `fin_comex_heure`, `fin_comex_com`, `clo_inc_date`, `clo_inc_heure`, `clo_inc_com`, `lance_date`, `lance_heure`, `lance_com`, `clot_date`, `clot_heure`, `clot_com`, `lance_pca_date`, `lance_pca_heure`, `lance_pca_com`, `decl_pca_date`, `decl_pca_heure`, `decl_pca_com`, `active_pca_date`, `active_pca_heure`, `active_pca_com`, `clot_pca_date`, `clot_pca_heure`, `clot_pca_com`, `alert_pca_date`, `alert_pca_heure`, `alert_pca_com`, `archiv_heure`, `bilan_duree`, `autre_perte`, `bilan_charge`, `bilan_orga`, `bilan_budg`, `action`, `autre_cout_qualif`, `autre_cout_crise`, `autre_cout_pca`, `autre_perte_qualif`, `autre_perte_crise`, `autre_perte_pca`, `exemple`, `lock`, `lock_utilisateur`, `lock_date`, `reouvert_date`, `reouvert_heure`, `nb_cloture`, `archiv_date`, `id_typesuivi`, `idPlan`, `highPeriod`, `idEventCriticality`, `discovered_by`, `discovered_date`, `incident_type`) VALUES
(67, '2024001', 'WW+C8yER7FDBTEMsSt8vtw==', '9dkBoK6BoOcSYFlV5QhKOA==', '2024-06-24', '09:52:00', NULL, NULL, NULL, NULL, NULL, NULL, NULL, NULL, NULL, NULL, NULL, NULL, NULL, NULL, NULL, NULL, NULL, NULL, NULL, NULL, NULL, NULL, '0000-00-00', '00:00:00', NULL, NULL, NULL, NULL, NULL, NULL, NULL, NULL, NULL, NULL, NULL, NULL, NULL, NULL, NULL, NULL, NULL, NULL, NULL, NULL, NULL, NULL, '00:00:00', NULL, NULL, NULL, NULL, NULL, NULL, NULL, NULL, NULL, NULL, NULL, NULL, 0, 0, '', '0000-00-00 00:00:00', '0000-00-00', '00:00:00', 0, '0000-00-00', 0, 1, 1, 2, 174, '2024-06-24 09:51:00', 'simple');

-- --------------------------------------------------------

--
-- Structure de la table `incidenttype_threat`
--

CREATE TABLE `incidenttype_threat` (
  `idIncidentType` mediumint(8) NOT NULL,
  `idThreat` varchar(25) NOT NULL,
  `date_debut` datetime NOT NULL,
  `date_modif` datetime NOT NULL,
  `date_fin` datetime NOT NULL
) ENGINE=InnoDB DEFAULT CHARSET=utf8;

--
-- Déchargement des données de la table `incidenttype_threat`
--

INSERT INTO `incidenttype_threat` (`idIncidentType`, `idThreat`, `date_debut`, `date_modif`, `date_fin`) VALUES
(1444, '11C', '2024-02-05 09:34:26', '0000-00-00 00:00:00', '0000-00-00 00:00:00'),
(1444, '254N', '2024-02-05 09:34:26', '0000-00-00 00:00:00', '0000-00-00 00:00:00'),
(1444, '4D', '2024-02-05 09:34:26', '0000-00-00 00:00:00', '0000-00-00 00:00:00'),
(1447, '244N', '2024-02-05 09:35:20', '0000-00-00 00:00:00', '0000-00-00 00:00:00'),
(1447, '2D', '2024-02-05 09:35:20', '0000-00-00 00:00:00', '0000-00-00 00:00:00'),
(1447, '3C', '2024-02-05 09:35:20', '0000-00-00 00:00:00', '0000-00-00 00:00:00'),
(1450, '3D', '2024-02-05 09:34:47', '0000-00-00 00:00:00', '0000-00-00 00:00:00'),
(1450, '54N', '2024-02-05 09:34:47', '0000-00-00 00:00:00', '0000-00-00 00:00:00'),
(1450, '7C', '2024-02-05 09:34:47', '0000-00-00 00:00:00', '0000-00-00 00:00:00'),
(1464, '1D', '2024-02-05 09:33:39', '0000-00-00 00:00:00', '0000-00-00 00:00:00'),
(1464, '2C', '2024-02-05 09:33:39', '0000-00-00 00:00:00', '0000-00-00 00:00:00'),
(1464, '35N', '2024-02-05 09:33:39', '0000-00-00 00:00:00', '0000-00-00 00:00:00'),
(1479, '22D', '2024-01-29 09:22:22', '0000-00-00 00:00:00', '0000-00-00 00:00:00'),
(1479, '61C', '2024-01-29 09:22:22', '0000-00-00 00:00:00', '0000-00-00 00:00:00'),
(1479, '787N', '2024-01-29 09:22:22', '0000-00-00 00:00:00', '0000-00-00 00:00:00'),
(1480, '43D', '2024-01-29 21:21:48', '0000-00-00 00:00:00', '0000-00-00 00:00:00'),
(1482, '10D', '2024-01-31 11:20:40', '2024-02-06 08:40:06', '0000-00-00 00:00:00'),
(1483, '2D', '2024-02-01 03:49:14', '2024-06-24 13:02:54', '0000-00-00 00:00:00'),
(1483, '4C', '2024-02-01 03:49:14', '2024-06-24 13:02:54', '0000-00-00 00:00:00'),
(1483, '51N', '2024-02-01 03:49:14', '2024-06-24 13:02:54', '0000-00-00 00:00:00'),
(1484, '22D', '2024-02-01 03:49:58', '2024-06-24 07:34:35', '0000-00-00 00:00:00'),
(1484, '61C', '2024-02-01 03:49:58', '2024-06-24 07:34:35', '0000-00-00 00:00:00'),
(1484, '787N', '2024-02-01 03:49:58', '2024-06-24 07:34:35', '0000-00-00 00:00:00');

-- --------------------------------------------------------

--
-- Structure de la table `incident_annuaire_tache`
--

CREATE TABLE `incident_annuaire_tache` (
  `idIncident` mediumint(8) NOT NULL DEFAULT '0',
  `idAnnuaire` varchar(8) NOT NULL,
  `idTache` mediumint(8) NOT NULL,
  `delai` float DEFAULT NULL,
  `charge` float DEFAULT NULL,
  `chargeReel` float DEFAULT NULL,
  `delaiReel` float DEFAULT NULL,
  `WorkloadUnit` varchar(10) NOT NULL DEFAULT 'Day',
  `DelayUnit` varchar(10) NOT NULL DEFAULT 'Day',
  `dateDebut` datetime NOT NULL DEFAULT '0000-00-00 00:00:00',
  `dateFin` datetime NOT NULL DEFAULT '0000-00-00 00:00:00',
  `idRole` mediumint(8) NOT NULL DEFAULT '0',
  `RealDelayUnit` varchar(10) NOT NULL DEFAULT 'Day',
  `RealWorkloadUnit` varchar(10) NOT NULL DEFAULT 'Day',
  `RealStartTime` datetime NOT NULL DEFAULT '0000-00-00 00:00:00',
  `RealFinishTime` datetime NOT NULL DEFAULT '0000-00-00 00:00:00',
  `RealValidationTime` datetime NOT NULL DEFAULT '0000-00-00 00:00:00'
) ENGINE=InnoDB DEFAULT CHARSET=utf8;

--
-- Déchargement des données de la table `incident_annuaire_tache`
--

INSERT INTO `incident_annuaire_tache` (`idIncident`, `idAnnuaire`, `idTache`, `delai`, `charge`, `chargeReel`, `delaiReel`, `WorkloadUnit`, `DelayUnit`, `dateDebut`, `dateFin`, `idRole`, `RealDelayUnit`, `RealWorkloadUnit`, `RealStartTime`, `RealFinishTime`, `RealValidationTime`) VALUES
(0, '174', 0, NULL, NULL, NULL, NULL, 'Day', 'Day', '0000-00-00 00:00:00', '0000-00-00 00:00:00', 0, 'Day', 'Day', '0000-00-00 00:00:00', '0000-00-00 00:00:00', '0000-00-00 00:00:00'),
(0, '174', 14, 0, 1, 0, 0, 'Hour', 'Day', '2020-08-11 15:28:55', '0000-00-00 00:00:00', 1, '', '', '0000-00-00 00:00:00', '0000-00-00 00:00:00', '0000-00-00 00:00:00'),
(0, '174', 39, 30, 30, 0, 0, 'Minute', 'Minute', '2024-02-06 12:31:12', '0000-00-00 00:00:00', 2, '', '', '0000-00-00 00:00:00', '0000-00-00 00:00:00', '0000-00-00 00:00:00'),
(0, '174', 40, 20, 20, 0, 0, 'Minute', 'Minute', '2024-02-06 12:29:49', '0000-00-00 00:00:00', 1, '', '', '0000-00-00 00:00:00', '0000-00-00 00:00:00', '0000-00-00 00:00:00'),
(0, '174', 49, 0, 0.5, 0, 0, 'Hour', 'Day', '2021-03-16 11:23:09', '0000-00-00 00:00:00', 2, '', '', '0000-00-00 00:00:00', '0000-00-00 00:00:00', '0000-00-00 00:00:00'),
(0, '174', 74, 0, 1, 0, 0, 'Hour', 'Day', '2022-12-08 06:53:58', '0000-00-00 00:00:00', 1, '', '', '0000-00-00 00:00:00', '0000-00-00 00:00:00', '0000-00-00 00:00:00'),
(0, '174', 76, 1, 1, 0, 0, 'Day', 'Day', '2023-03-24 17:58:22', '0000-00-00 00:00:00', 1, '', '', '0000-00-00 00:00:00', '0000-00-00 00:00:00', '0000-00-00 00:00:00'),
(0, '174', 81, 3.6, 1.5, 0, 0, 'Day', 'Day', '0000-00-00 00:00:00', '0000-00-00 00:00:00', 1, 'Day', 'Day', '0000-00-00 00:00:00', '0000-00-00 00:00:00', '0000-00-00 00:00:00'),
(0, '174', 88, 2.2, 2.2, 0, 0, 'Day', 'Day', '0000-00-00 00:00:00', '0000-00-00 00:00:00', 1, 'Day', 'Day', '0000-00-00 00:00:00', '0000-00-00 00:00:00', '0000-00-00 00:00:00'),
(0, '174', 102, 0, 1, 0, 0, 'Minute', 'Day', '2021-06-11 07:51:53', '0000-00-00 00:00:00', 1, '', '', '0000-00-00 00:00:00', '0000-00-00 00:00:00', '0000-00-00 00:00:00'),
(0, '174', 103, 2.9, 2.9, 0, 0, 'Day', 'Day', '0000-00-00 00:00:00', '0000-00-00 00:00:00', 1, 'Day', 'Day', '0000-00-00 00:00:00', '0000-00-00 00:00:00', '0000-00-00 00:00:00'),
(0, '174', 104, 2.4, 1.5, 0, 0, 'Day', 'Day', '2022-09-01 05:36:06', '0000-00-00 00:00:00', 1, '', '', '0000-00-00 00:00:00', '0000-00-00 00:00:00', '0000-00-00 00:00:00'),
(0, '174', 105, 1.2, 0, 0, 0, 'Minute', 'Day', '2022-09-01 11:40:49', '0000-00-00 00:00:00', 1, '', '', '0000-00-00 00:00:00', '0000-00-00 00:00:00', '0000-00-00 00:00:00'),
(0, '174', 143, 0.4, 0.4, 0, 0, 'Day', 'Day', '2024-02-06 13:59:26', '0000-00-00 00:00:00', 1, '', '', '0000-00-00 00:00:00', '0000-00-00 00:00:00', '0000-00-00 00:00:00'),
(0, '174', 144, 2.5, 2.5, 0, 0, 'Day', 'Day', '2024-02-06 14:00:31', '0000-00-00 00:00:00', 1, '', '', '0000-00-00 00:00:00', '0000-00-00 00:00:00', '0000-00-00 00:00:00'),
(0, '174', 155, 0.6, 0.6, 0, 0, 'Day', 'Day', '2024-02-06 10:20:48', '0000-00-00 00:00:00', 1, '', '', '0000-00-00 00:00:00', '0000-00-00 00:00:00', '0000-00-00 00:00:00'),
(0, '174', 156, 1.6, 1.6, 0, 0, 'Day', 'Day', '2024-02-06 10:19:53', '0000-00-00 00:00:00', 1, '', '', '0000-00-00 00:00:00', '0000-00-00 00:00:00', '0000-00-00 00:00:00'),
(0, '174', 200, 2, 2, 0, 0, 'Hour', 'Hour', '2024-02-06 10:25:04', '0000-00-00 00:00:00', 1, '', '', '0000-00-00 00:00:00', '0000-00-00 00:00:00', '0000-00-00 00:00:00'),
(0, '174', 204, 1, 1, 0, 0, 'Day', 'Day', '2024-06-21 09:30:32', '0000-00-00 00:00:00', 1, '', '', '0000-00-00 00:00:00', '0000-00-00 00:00:00', '0000-00-00 00:00:00'),
(0, '174', 498, 1, 1, 0, 0, 'Day', 'Day', '2024-06-24 12:45:06', '0000-00-00 00:00:00', 1, '', '', '0000-00-00 00:00:00', '0000-00-00 00:00:00', '0000-00-00 00:00:00'),
(0, '178', 69, 0, 0, NULL, NULL, '0', '0', '2017-10-18 09:57:47', '0000-00-00 00:00:00', 0, 'Day', 'Day', '0000-00-00 00:00:00', '0000-00-00 00:00:00', '0000-00-00 00:00:00'),
(0, '178', 71, 0, 0, NULL, NULL, '0', '0', '2017-10-18 09:55:29', '0000-00-00 00:00:00', 0, 'Day', 'Day', '0000-00-00 00:00:00', '0000-00-00 00:00:00', '0000-00-00 00:00:00'),
(0, '187', 69, 0, 0, NULL, NULL, '0', '0', '2017-10-18 09:57:47', '0000-00-00 00:00:00', 0, 'Day', 'Day', '0000-00-00 00:00:00', '0000-00-00 00:00:00', '0000-00-00 00:00:00'),
(0, '188', 71, 0, 0, NULL, NULL, '0', '0', '2017-10-18 09:55:29', '0000-00-00 00:00:00', 0, 'Day', 'Day', '0000-00-00 00:00:00', '0000-00-00 00:00:00', '0000-00-00 00:00:00'),
(0, '189', 78, 0, 0, NULL, NULL, '0', '0', '2017-10-19 11:27:55', '0000-00-00 00:00:00', 0, 'Day', 'Day', '0000-00-00 00:00:00', '0000-00-00 00:00:00', '0000-00-00 00:00:00'),
(0, '189', 79, 0, 0, NULL, NULL, '0', '0', '2017-10-19 11:29:06', '0000-00-00 00:00:00', 0, 'Day', 'Day', '0000-00-00 00:00:00', '0000-00-00 00:00:00', '0000-00-00 00:00:00'),
(0, '230', 0, NULL, NULL, NULL, NULL, 'Day', 'Day', '0000-00-00 00:00:00', '0000-00-00 00:00:00', 0, 'Day', 'Day', '0000-00-00 00:00:00', '0000-00-00 00:00:00', '0000-00-00 00:00:00'),
(0, '230', 39, 2, 2, 0, 0, 'Hour', 'Hour', '2024-02-06 12:31:12', '0000-00-00 00:00:00', 1, '', '', '0000-00-00 00:00:00', '0000-00-00 00:00:00', '0000-00-00 00:00:00'),
(0, '230', 103, 0.0208333, 10, 0, 0, 'Minute', 'Day', '0000-00-00 00:00:00', '0000-00-00 00:00:00', 2, 'Day', 'Day', '0000-00-00 00:00:00', '0000-00-00 00:00:00', '0000-00-00 00:00:00'),
(0, '230', 143, 10, 10, 0, 0, 'Minute', 'Minute', '2024-02-06 13:59:26', '0000-00-00 00:00:00', 2, '', '', '0000-00-00 00:00:00', '0000-00-00 00:00:00', '0000-00-00 00:00:00'),
(0, '230', 204, 1, 1, 0, 0, 'Hour', 'Hour', '2024-06-24 07:04:52', '0000-00-00 00:00:00', 2, '', '', '0000-00-00 00:00:00', '0000-00-00 00:00:00', '0000-00-00 00:00:00'),
(0, '230', 205, 1, 0.5, 0, 0, 'Day', 'Day', '2024-06-24 07:24:29', '0000-00-00 00:00:00', 1, '', '', '0000-00-00 00:00:00', '0000-00-00 00:00:00', '0000-00-00 00:00:00'),
(0, '252', 69, 0, 0, NULL, NULL, '0', '0', '2017-10-18 09:57:47', '0000-00-00 00:00:00', 0, 'Day', 'Day', '0000-00-00 00:00:00', '0000-00-00 00:00:00', '0000-00-00 00:00:00'),
(0, '252', 71, 0, 0, NULL, NULL, '0', '0', '2017-10-18 09:55:29', '0000-00-00 00:00:00', 0, 'Day', 'Day', '0000-00-00 00:00:00', '0000-00-00 00:00:00', '0000-00-00 00:00:00'),
(0, 'F_529', 81, 0, 1, 0, 0, 'Day', 'Day', '0000-00-00 00:00:00', '0000-00-00 00:00:00', 1, 'Day', 'Day', '0000-00-00 00:00:00', '0000-00-00 00:00:00', '0000-00-00 00:00:00'),
(0, 'F_529', 104, 0, 1, 0, 0, 'Day', 'Day', '2023-06-27 08:47:16', '0000-00-00 00:00:00', 1, '', '', '0000-00-00 00:00:00', '0000-00-00 00:00:00', '0000-00-00 00:00:00'),
(0, 'F_751', 15, 0, 1, 0, 0, 'Hour', 'Day', '2020-07-31 16:10:27', '0000-00-00 00:00:00', 1, '', '', '0000-00-00 00:00:00', '0000-00-00 00:00:00', '0000-00-00 00:00:00'),
(0, 'F_757', 204, 1, 1, 0, 0, 'Hour', 'Hour', '2024-06-21 09:31:36', '2024-06-24 07:01:41', 2, '', '', '0000-00-00 00:00:00', '0000-00-00 00:00:00', '0000-00-00 00:00:00'),
(0, 'P_139', 81, 0, 0, 0, 0, 'Day', 'Day', '0000-00-00 00:00:00', '0000-00-00 00:00:00', 1, 'Day', 'Day', '0000-00-00 00:00:00', '0000-00-00 00:00:00', '0000-00-00 00:00:00'),
(0, 'P_139', 104, 0, 0, 0, 0, 'Day', 'Day', '2023-06-30 09:05:37', '0000-00-00 00:00:00', 1, '', '', '0000-00-00 00:00:00', '0000-00-00 00:00:00', '0000-00-00 00:00:00'),
(0, 'P_140', 81, 0, 1, 0, 0, 'Day', 'Day', '0000-00-00 00:00:00', '0000-00-00 00:00:00', 1, 'Day', 'Day', '0000-00-00 00:00:00', '0000-00-00 00:00:00', '0000-00-00 00:00:00'),
(0, 'P_140', 104, 0, 1, 0, 0, 'Day', 'Day', '2023-06-30 09:02:29', '0000-00-00 00:00:00', 1, '', '', '0000-00-00 00:00:00', '0000-00-00 00:00:00', '0000-00-00 00:00:00'),
(0, 'P_143', 81, 0, 0, 0, 0, 'Day', 'Day', '0000-00-00 00:00:00', '0000-00-00 00:00:00', 1, 'Day', 'Day', '0000-00-00 00:00:00', '0000-00-00 00:00:00', '0000-00-00 00:00:00'),
(0, 'P_143', 104, 0, 0, 0, 0, 'Day', 'Day', '2023-06-30 09:06:03', '0000-00-00 00:00:00', 1, '', '', '0000-00-00 00:00:00', '0000-00-00 00:00:00', '0000-00-00 00:00:00'),
(0, 'P_30', 81, 0, 1, 0, 0, 'Day', 'Day', '0000-00-00 00:00:00', '0000-00-00 00:00:00', 1, 'Day', 'Day', '0000-00-00 00:00:00', '0000-00-00 00:00:00', '0000-00-00 00:00:00'),
(0, 'P_30', 104, 0, 1, 0, 0, 'Day', 'Day', '2023-06-27 08:45:58', '0000-00-00 00:00:00', 1, '', '', '0000-00-00 00:00:00', '0000-00-00 00:00:00', '0000-00-00 00:00:00'),
(67, '230', 168, NULL, NULL, NULL, NULL, 'Day', 'Day', '0000-00-00 00:00:00', '0000-00-00 00:00:00', 0, 'Day', 'Day', '2025-01-07 17:51:11', '0000-00-00 00:00:00', '0000-00-00 00:00:00'),
(67, '230', 512, NULL, NULL, NULL, NULL, 'Day', 'Day', '0000-00-00 00:00:00', '0000-00-00 00:00:00', 0, 'Day', 'Day', '0000-00-00 00:00:00', '0000-00-00 00:00:00', '0000-00-00 00:00:00'),
(1000001, '178', 74, 0, 0, NULL, NULL, '0', '0', '2017-10-19 14:01:10', '0000-00-00 00:00:00', 0, 'Day', 'Day', '0000-00-00 00:00:00', '0000-00-00 00:00:00', '0000-00-00 00:00:00'),
(1000001, '187', 74, 0, 0, NULL, NULL, '0', '0', '2017-10-19 14:01:10', '0000-00-00 00:00:00', 0, 'Day', 'Day', '0000-00-00 00:00:00', '0000-00-00 00:00:00', '0000-00-00 00:00:00'),
(1000001, '252', 74, 0, 0, NULL, NULL, '0', '0', '2017-10-19 14:01:10', '0000-00-00 00:00:00', 0, 'Day', 'Day', '0000-00-00 00:00:00', '0000-00-00 00:00:00', '0000-00-00 00:00:00'),
(2000039, '174', 204, 1, 1, 1, 1, 'Day', 'Day', '2024-06-21 09:30:32', '0000-00-00 00:00:00', 1, 'Minute', 'Minute', '2024-06-24 14:42:44', '2024-06-24 14:43:21', '2024-06-24 14:43:44'),
(2000039, '230', 204, 1, 1, 1, 1, 'Hour', 'Hour', '2024-06-24 07:04:52', '0000-00-00 00:00:00', 2, 'Minute', 'Minute', '2024-06-24 14:42:44', '2024-06-24 14:43:21', '2024-06-24 14:43:44'),
(2000039, '230', 205, 1, 0.5, 0, 0, 'Day', 'Day', '2024-06-24 07:24:29', '0000-00-00 00:00:00', 1, '', '', '0000-00-00 00:00:00', '0000-00-00 00:00:00', '0000-00-00 00:00:00');

-- --------------------------------------------------------

--
-- Structure de la table `incident_annuaire_tache_role`
--

CREATE TABLE `incident_annuaire_tache_role` (
  `idIncident` mediumint(8) NOT NULL DEFAULT '0',
  `idAnnuaire` mediumint(8) NOT NULL DEFAULT '0',
  `idTache` mediumint(8) NOT NULL DEFAULT '0',
  `idRole` mediumint(8) NOT NULL DEFAULT '0',
  `dateDebut` datetime NOT NULL DEFAULT '0000-00-00 00:00:00',
  `dateFin` datetime NOT NULL DEFAULT '0000-00-00 00:00:00'
) ENGINE=InnoDB DEFAULT CHARSET=utf8;

--
-- Déchargement des données de la table `incident_annuaire_tache_role`
--

INSERT INTO `incident_annuaire_tache_role` (`idIncident`, `idAnnuaire`, `idTache`, `idRole`, `dateDebut`, `dateFin`) VALUES
(0, 175, 1, 2, '0000-00-00 00:00:00', '0000-00-00 00:00:00'),
(0, 175, 4, 2, '0000-00-00 00:00:00', '0000-00-00 00:00:00'),
(0, 175, 5, 2, '0000-00-00 00:00:00', '0000-00-00 00:00:00'),
(0, 175, 6, 2, '0000-00-00 00:00:00', '0000-00-00 00:00:00'),
(0, 175, 31, 2, '0000-00-00 00:00:00', '0000-00-00 00:00:00'),
(0, 178, 1, 1, '0000-00-00 00:00:00', '0000-00-00 00:00:00'),
(0, 178, 4, 1, '0000-00-00 00:00:00', '0000-00-00 00:00:00'),
(0, 178, 5, 1, '0000-00-00 00:00:00', '0000-00-00 00:00:00'),
(0, 178, 6, 1, '0000-00-00 00:00:00', '0000-00-00 00:00:00'),
(0, 178, 31, 1, '0000-00-00 00:00:00', '0000-00-00 00:00:00');

-- --------------------------------------------------------

--
-- Structure de la table `incident_asset`
--

CREATE TABLE `incident_asset` (
  `idIncident` mediumint(8) NOT NULL,
  `id_asset` varchar(11) NOT NULL
) ENGINE=InnoDB DEFAULT CHARSET=utf8;

--
-- Déchargement des données de la table `incident_asset`
--

INSERT INTO `incident_asset` (`idIncident`, `id_asset`) VALUES
(67, '1'),
(67, '10'),
(67, '12'),
(67, '129'),
(67, '13'),
(67, '135'),
(67, '136'),
(67, '140'),
(67, '141'),
(67, '142'),
(67, '143'),
(67, '148'),
(67, '15'),
(67, '151'),
(67, '152'),
(67, '156'),
(67, '157'),
(67, '159'),
(67, '161'),
(67, '163'),
(67, '164'),
(67, '165'),
(67, '166'),
(67, '168'),
(67, '169'),
(67, '17'),
(67, '170'),
(67, '171'),
(67, '172'),
(67, '173'),
(67, '174'),
(67, '175'),
(67, '176'),
(67, '177'),
(67, '178'),
(67, '179'),
(67, '18'),
(67, '180'),
(67, '181'),
(67, '182'),
(67, '183'),
(67, '184'),
(67, '186'),
(67, '187'),
(67, '188'),
(67, '189'),
(67, '19'),
(67, '190'),
(67, '191'),
(67, '192'),
(67, '2'),
(67, '20'),
(67, '205'),
(67, '206'),
(67, '207'),
(67, '208'),
(67, '209'),
(67, '21'),
(67, '210'),
(67, '211'),
(67, '212'),
(67, '22'),
(67, '23'),
(67, '234'),
(67, '243'),
(67, '245'),
(67, '26'),
(67, '3'),
(67, '3T'),
(67, '41'),
(67, '42'),
(67, '43'),
(67, '44'),
(67, '46'),
(67, '49'),
(67, '4T'),
(67, '5'),
(67, '50'),
(67, '51'),
(67, '52'),
(67, '53'),
(67, '5T'),
(67, '6'),
(67, '63'),
(67, '65'),
(67, '66'),
(67, '67'),
(67, '7'),
(67, '70'),
(67, '71'),
(67, '74'),
(67, '75'),
(67, '77'),
(67, '78'),
(67, '8'),
(67, '87'),
(67, '92'),
(67, '94');

-- --------------------------------------------------------

--
-- Structure de la table `incident_direction`
--

CREATE TABLE `incident_direction` (
  `idIncident` mediumint(8) NOT NULL DEFAULT '0',
  `id_dir` varchar(250) NOT NULL DEFAULT '0',
  `rang` smallint(2) NOT NULL DEFAULT '0'
) ENGINE=InnoDB DEFAULT CHARSET=utf8;

--
-- Déchargement des données de la table `incident_direction`
--

INSERT INTO `incident_direction` (`idIncident`, `id_dir`, `rang`) VALUES
(67, '15//1-2-3//1[1]1-2[5]', 0),
(67, '16//1-2-3//1[1]1-2[3]', 0),
(67, '18//1-2-3//1[1]1-2[5]', 0),
(67, '19//1-2-3//1[1]1-2[5]', 0),
(67, '26//1-2-3//1[1]1-2[3]', 0),
(67, '27//1-2-3//1[1]1-2[12]', 0),
(67, '30//1-2-3//1[1]1-2[12]', 0),
(67, '31//1-2-3//1[1]1-2[12]', 0),
(67, '32//1-2-3//1[1]1-2[5]', 0),
(67, '33//1-2-3//1[1]1-2[4]', 0),
(67, '34//1-2-3//1[1]1-2[4]', 0),
(67, '36//1-2-3//1[1]1-2[3]', 0),
(67, '37//1-2-3//1[1]1-2[3]', 0),
(67, '38//1-2-3//1[1]1-2[4]', 0),
(67, '39//1-2-3//1[1]1-2[2]', 0),
(67, '44//1-2-3//1[1]1-2[2]', 0),
(67, '6//1-2-3//1[1]1-2[2]', 0),
(67, '7//1-2-3//1[1]1-2[2]', 0),
(2000039, '1//1//', 0);

-- --------------------------------------------------------

--
-- Structure de la table `incident_impact`
--

CREATE TABLE `incident_impact` (
  `idIncident` mediumint(8) NOT NULL DEFAULT '0',
  `idImpact` mediumint(8) NOT NULL DEFAULT '0'
) ENGINE=InnoDB DEFAULT CHARSET=utf8;

--
-- Déchargement des données de la table `incident_impact`
--

INSERT INTO `incident_impact` (`idIncident`, `idImpact`) VALUES
(67, 10);

-- --------------------------------------------------------

--
-- Structure de la table `incident_localisation`
--

CREATE TABLE `incident_localisation` (
  `idIncident` mediumint(8) NOT NULL,
  `id_site` varchar(11) NOT NULL
) ENGINE=InnoDB DEFAULT CHARSET=utf8;

--
-- Déchargement des données de la table `incident_localisation`
--

INSERT INTO `incident_localisation` (`idIncident`, `id_site`) VALUES
(67, '1T');

-- --------------------------------------------------------

--
-- Structure de la table `incident_nature`
--

CREATE TABLE `incident_nature` (
  `idIncident` mediumint(8) NOT NULL DEFAULT '0',
  `idNature` mediumint(8) NOT NULL DEFAULT '0'
) ENGINE=InnoDB DEFAULT CHARSET=utf8;

--
-- Déchargement des données de la table `incident_nature`
--

INSERT INTO `incident_nature` (`idIncident`, `idNature`) VALUES
(67, 1483);

-- --------------------------------------------------------

--
-- Structure de la table `incident_process`
--

CREATE TABLE `incident_process` (
  `idIncident` mediumint(8) NOT NULL,
  `id_process` varchar(11) NOT NULL
) ENGINE=InnoDB DEFAULT CHARSET=utf8;

--
-- Déchargement des données de la table `incident_process`
--

INSERT INTO `incident_process` (`idIncident`, `id_process`) VALUES
(67, '1'),
(67, '10'),
(67, '11'),
(67, '12'),
(67, '123'),
(67, '124'),
(67, '125'),
(67, '126'),
(67, '127'),
(67, '128'),
(67, '129'),
(67, '13'),
(67, '130'),
(67, '131'),
(67, '132'),
(67, '133'),
(67, '134'),
(67, '135'),
(67, '136'),
(67, '137'),
(67, '138'),
(67, '139'),
(67, '14'),
(67, '142'),
(67, '143'),
(67, '144'),
(67, '145'),
(67, '15'),
(67, '150'),
(67, '158'),
(67, '159'),
(67, '16'),
(67, '160'),
(67, '161'),
(67, '162'),
(67, '164'),
(67, '165'),
(67, '166'),
(67, '167'),
(67, '168'),
(67, '169'),
(67, '170'),
(67, '171'),
(67, '172'),
(67, '173'),
(67, '174'),
(67, '175'),
(67, '176'),
(67, '177'),
(67, '178'),
(67, '179'),
(67, '18'),
(67, '180'),
(67, '181'),
(67, '182'),
(67, '183'),
(67, '19'),
(67, '195'),
(67, '196'),
(67, '197'),
(67, '198'),
(67, '199'),
(67, '2'),
(67, '20'),
(67, '200'),
(67, '201'),
(67, '202'),
(67, '207'),
(67, '208'),
(67, '21'),
(67, '210'),
(67, '211'),
(67, '212'),
(67, '213'),
(67, '214'),
(67, '215'),
(67, '216'),
(67, '217'),
(67, '218'),
(67, '219'),
(67, '220'),
(67, '221'),
(67, '222'),
(67, '223'),
(67, '224'),
(67, '225'),
(67, '226'),
(67, '227'),
(67, '228'),
(67, '229'),
(67, '230'),
(67, '231'),
(67, '232'),
(67, '233'),
(67, '235'),
(67, '236'),
(67, '237'),
(67, '238'),
(67, '239'),
(67, '251'),
(67, '254'),
(67, '255'),
(67, '256'),
(67, '257'),
(67, '258'),
(67, '260'),
(67, '261'),
(67, '262'),
(67, '263'),
(67, '265'),
(67, '267'),
(67, '268'),
(67, '269'),
(67, '270'),
(67, '271'),
(67, '272'),
(67, '273'),
(67, '274'),
(67, '275'),
(67, '276'),
(67, '277'),
(67, '278'),
(67, '279'),
(67, '291'),
(67, '292'),
(67, '293'),
(67, '294'),
(67, '295'),
(67, '296'),
(67, '297'),
(67, '298'),
(67, '299'),
(67, '3'),
(67, '300'),
(67, '301'),
(67, '302'),
(67, '303'),
(67, '304'),
(67, '305'),
(67, '306'),
(67, '307'),
(67, '308'),
(67, '309'),
(67, '310'),
(67, '311'),
(67, '312'),
(67, '313'),
(67, '314'),
(67, '315'),
(67, '316'),
(67, '317'),
(67, '318'),
(67, '319'),
(67, '320'),
(67, '321'),
(67, '322'),
(67, '323'),
(67, '324'),
(67, '325'),
(67, '326'),
(67, '327'),
(67, '328'),
(67, '329'),
(67, '330'),
(67, '331'),
(67, '332'),
(67, '333'),
(67, '4'),
(67, '44'),
(67, '45'),
(67, '46'),
(67, '47'),
(67, '48'),
(67, '49'),
(67, '5'),
(67, '50'),
(67, '51'),
(67, '52'),
(67, '53'),
(67, '54'),
(67, '55'),
(67, '56'),
(67, '57'),
(67, '58'),
(67, '59'),
(67, '6'),
(67, '60'),
(67, '61'),
(67, '62'),
(67, '63'),
(67, '64'),
(67, '65'),
(67, '66'),
(67, '67'),
(67, '68'),
(67, '69'),
(67, '7'),
(67, '70'),
(67, '71'),
(67, '72'),
(67, '73'),
(67, '74'),
(67, '75'),
(67, '76'),
(67, '77'),
(67, '78'),
(67, '79'),
(67, '8'),
(67, '81'),
(67, '86'),
(67, '87');

-- --------------------------------------------------------

--
-- Structure de la table `incident_site`
--

CREATE TABLE `incident_site` (
  `idIncident` mediumint(8) NOT NULL,
  `id_Site` varchar(11) NOT NULL
) ENGINE=InnoDB DEFAULT CHARSET=utf8;

--
-- Déchargement des données de la table `incident_site`
--

INSERT INTO `incident_site` (`idIncident`, `id_Site`) VALUES
(67, '1'),
(67, '1T'),
(67, '2'),
(67, '25'),
(67, '26'),
(67, '3'),
(67, '32'),
(67, '33'),
(67, '34'),
(67, '37'),
(67, '38'),
(67, '39'),
(67, '4'),
(67, '40'),
(67, '41'),
(67, '42'),
(67, '43'),
(67, '44'),
(67, '45'),
(67, '46'),
(67, '47'),
(67, '48'),
(67, '49'),
(67, '5'),
(67, '52'),
(67, '53'),
(67, '54'),
(67, '55'),
(67, '57');

-- --------------------------------------------------------

--
-- Structure de la table `incident_tache_avttache`
--

CREATE TABLE `incident_tache_avttache` (
  `idIncident` mediumint(8) UNSIGNED NOT NULL DEFAULT '0',
  `idTache` mediumint(8) UNSIGNED NOT NULL DEFAULT '0',
  `idAvtTache` mediumint(8) UNSIGNED NOT NULL DEFAULT '0',
  `dateDebut` datetime NOT NULL DEFAULT '0000-00-00 00:00:00',
  `dateFin` datetime NOT NULL DEFAULT '0000-00-00 00:00:00',
  `delai` varchar(25) DEFAULT NULL,
  `charge` varchar(25) DEFAULT NULL,
  `delaiReel` varchar(25) DEFAULT NULL,
  `chargeReel` varchar(25) DEFAULT NULL,
  `declenche` binary(1) DEFAULT 'f',
  `stopped_flag` int(11) NOT NULL
) ENGINE=InnoDB DEFAULT CHARSET=utf8;

--
-- Déchargement des données de la table `incident_tache_avttache`
--

INSERT INTO `incident_tache_avttache` (`idIncident`, `idTache`, `idAvtTache`, `dateDebut`, `dateFin`, `delai`, `charge`, `delaiReel`, `chargeReel`, `declenche`, `stopped_flag`) VALUES
(0, 14, 1, '0000-00-00 00:00:00', '0000-00-00 00:00:00', NULL, NULL, NULL, NULL, 0x66, 0),
(0, 15, 1, '0000-00-00 00:00:00', '0000-00-00 00:00:00', NULL, NULL, NULL, NULL, 0x66, 0),
(0, 39, 1, '0000-00-00 00:00:00', '0000-00-00 00:00:00', NULL, NULL, NULL, NULL, 0x66, 0),
(0, 40, 1, '0000-00-00 00:00:00', '0000-00-00 00:00:00', NULL, NULL, NULL, NULL, 0x66, 0),
(0, 41, 1, '0000-00-00 00:00:00', '0000-00-00 00:00:00', NULL, NULL, NULL, NULL, 0x66, 0),
(0, 42, 1, '0000-00-00 00:00:00', '0000-00-00 00:00:00', NULL, NULL, NULL, NULL, 0x66, 0),
(0, 43, 1, '0000-00-00 00:00:00', '0000-00-00 00:00:00', NULL, NULL, NULL, NULL, 0x66, 0),
(0, 44, 1, '0000-00-00 00:00:00', '0000-00-00 00:00:00', NULL, NULL, NULL, NULL, 0x66, 0),
(0, 45, 1, '0000-00-00 00:00:00', '0000-00-00 00:00:00', NULL, NULL, NULL, NULL, 0x66, 0),
(0, 46, 1, '0000-00-00 00:00:00', '0000-00-00 00:00:00', NULL, NULL, NULL, NULL, 0x66, 0),
(0, 47, 1, '0000-00-00 00:00:00', '0000-00-00 00:00:00', NULL, NULL, NULL, NULL, 0x66, 0),
(0, 48, 1, '0000-00-00 00:00:00', '0000-00-00 00:00:00', NULL, NULL, NULL, NULL, 0x66, 0),
(0, 49, 1, '0000-00-00 00:00:00', '0000-00-00 00:00:00', NULL, NULL, NULL, NULL, 0x66, 0),
(0, 50, 1, '0000-00-00 00:00:00', '0000-00-00 00:00:00', NULL, NULL, NULL, NULL, 0x66, 0),
(0, 51, 1, '0000-00-00 00:00:00', '0000-00-00 00:00:00', NULL, NULL, NULL, NULL, 0x66, 0),
(0, 52, 1, '0000-00-00 00:00:00', '0000-00-00 00:00:00', NULL, NULL, NULL, NULL, 0x66, 0),
(0, 53, 1, '0000-00-00 00:00:00', '0000-00-00 00:00:00', NULL, NULL, NULL, NULL, 0x66, 0),
(0, 54, 1, '0000-00-00 00:00:00', '0000-00-00 00:00:00', NULL, NULL, NULL, NULL, 0x66, 0),
(0, 55, 1, '0000-00-00 00:00:00', '0000-00-00 00:00:00', NULL, NULL, NULL, NULL, 0x66, 0),
(0, 56, 1, '0000-00-00 00:00:00', '0000-00-00 00:00:00', NULL, NULL, NULL, NULL, 0x66, 0),
(0, 57, 1, '0000-00-00 00:00:00', '0000-00-00 00:00:00', NULL, NULL, NULL, NULL, 0x66, 0),
(0, 58, 1, '0000-00-00 00:00:00', '0000-00-00 00:00:00', NULL, NULL, NULL, NULL, 0x66, 0),
(0, 59, 1, '0000-00-00 00:00:00', '0000-00-00 00:00:00', NULL, NULL, NULL, NULL, 0x66, 0),
(0, 60, 1, '0000-00-00 00:00:00', '0000-00-00 00:00:00', NULL, NULL, NULL, NULL, 0x66, 0),
(0, 61, 1, '0000-00-00 00:00:00', '0000-00-00 00:00:00', NULL, NULL, NULL, NULL, 0x66, 0),
(0, 62, 1, '0000-00-00 00:00:00', '0000-00-00 00:00:00', NULL, NULL, NULL, NULL, 0x66, 0),
(0, 63, 1, '0000-00-00 00:00:00', '0000-00-00 00:00:00', NULL, NULL, NULL, NULL, 0x66, 0),
(0, 64, 1, '0000-00-00 00:00:00', '0000-00-00 00:00:00', NULL, NULL, NULL, NULL, 0x66, 0),
(0, 65, 1, '0000-00-00 00:00:00', '0000-00-00 00:00:00', NULL, NULL, NULL, NULL, 0x66, 0),
(0, 69, 1, '0000-00-00 00:00:00', '0000-00-00 00:00:00', NULL, NULL, NULL, NULL, 0x66, 0),
(0, 71, 1, '0000-00-00 00:00:00', '0000-00-00 00:00:00', NULL, NULL, NULL, NULL, 0x66, 0),
(0, 74, 1, '0000-00-00 00:00:00', '0000-00-00 00:00:00', NULL, NULL, NULL, NULL, 0x66, 0),
(0, 76, 1, '0000-00-00 00:00:00', '0000-00-00 00:00:00', NULL, NULL, NULL, NULL, 0x66, 0),
(0, 78, 1, '0000-00-00 00:00:00', '0000-00-00 00:00:00', NULL, NULL, NULL, NULL, 0x66, 0),
(0, 79, 1, '0000-00-00 00:00:00', '0000-00-00 00:00:00', NULL, NULL, NULL, NULL, 0x66, 0),
(0, 81, 1, '0000-00-00 00:00:00', '0000-00-00 00:00:00', NULL, NULL, NULL, NULL, 0x66, 0),
(0, 88, 1, '0000-00-00 00:00:00', '0000-00-00 00:00:00', NULL, NULL, NULL, NULL, 0x66, 0),
(0, 102, 1, '0000-00-00 00:00:00', '0000-00-00 00:00:00', NULL, NULL, NULL, NULL, 0x66, 0),
(0, 103, 1, '0000-00-00 00:00:00', '0000-00-00 00:00:00', NULL, NULL, NULL, NULL, 0x66, 0),
(0, 104, 1, '0000-00-00 00:00:00', '0000-00-00 00:00:00', NULL, NULL, NULL, NULL, 0x66, 0),
(0, 105, 1, '0000-00-00 00:00:00', '0000-00-00 00:00:00', NULL, NULL, NULL, NULL, 0x66, 0),
(0, 143, 1, '0000-00-00 00:00:00', '0000-00-00 00:00:00', NULL, NULL, NULL, NULL, 0x66, 0),
(0, 144, 1, '0000-00-00 00:00:00', '0000-00-00 00:00:00', NULL, NULL, NULL, NULL, 0x66, 0),
(0, 155, 1, '0000-00-00 00:00:00', '0000-00-00 00:00:00', NULL, NULL, NULL, NULL, 0x66, 0),
(0, 156, 1, '0000-00-00 00:00:00', '0000-00-00 00:00:00', NULL, NULL, NULL, NULL, 0x66, 0),
(0, 200, 1, '0000-00-00 00:00:00', '0000-00-00 00:00:00', NULL, NULL, NULL, NULL, 0x66, 0),
(0, 204, 1, '0000-00-00 00:00:00', '0000-00-00 00:00:00', NULL, NULL, NULL, NULL, 0x66, 0),
(0, 205, 1, '0000-00-00 00:00:00', '0000-00-00 00:00:00', NULL, NULL, NULL, NULL, 0x66, 0),
(0, 206, 1, '0000-00-00 00:00:00', '0000-00-00 00:00:00', NULL, NULL, NULL, NULL, 0x66, 0),
(0, 207, 1, '0000-00-00 00:00:00', '0000-00-00 00:00:00', NULL, NULL, NULL, NULL, 0x66, 0),
(0, 208, 1, '0000-00-00 00:00:00', '0000-00-00 00:00:00', NULL, NULL, NULL, NULL, 0x66, 0),
(0, 209, 1, '0000-00-00 00:00:00', '0000-00-00 00:00:00', NULL, NULL, NULL, NULL, 0x66, 0),
(0, 210, 1, '0000-00-00 00:00:00', '0000-00-00 00:00:00', NULL, NULL, NULL, NULL, 0x66, 0),
(0, 211, 1, '0000-00-00 00:00:00', '0000-00-00 00:00:00', NULL, NULL, NULL, NULL, 0x66, 0),
(0, 212, 1, '0000-00-00 00:00:00', '0000-00-00 00:00:00', NULL, NULL, NULL, NULL, 0x66, 0),
(0, 213, 1, '0000-00-00 00:00:00', '0000-00-00 00:00:00', NULL, NULL, NULL, NULL, 0x66, 0),
(67, 168, 3, '2024-12-03 08:23:00', '0000-00-00 00:00:00', NULL, NULL, NULL, NULL, 0x74, 0),
(67, 512, 3, '0000-00-00 00:00:00', '0000-00-00 00:00:00', NULL, NULL, NULL, NULL, 0x74, 0),
(1000001, 74, 2, '2020-01-16 16:55:09', '0000-00-00 00:00:00', NULL, NULL, NULL, NULL, 0x74, 0),
(2000039, 204, 5, '2024-06-24 09:53:22', '2024-06-25 09:53:22', NULL, NULL, NULL, NULL, 0x74, 0),
(2000039, 205, 2, '2024-06-25 09:53:22', '2024-06-25 21:53:22', NULL, NULL, NULL, NULL, 0x74, 0),
(2000039, 206, 1, '2024-06-25 21:53:22', '1970-01-01 01:00:00', NULL, NULL, NULL, NULL, 0x66, 0),
(2000039, 207, 1, '1970-01-01 01:00:00', '1970-01-01 01:00:00', NULL, NULL, NULL, NULL, 0x66, 0),
(2000039, 208, 1, '1970-01-01 01:00:00', '1970-01-01 01:00:00', NULL, NULL, NULL, NULL, 0x66, 0),
(2000039, 209, 1, '1970-01-01 01:00:00', '1970-01-01 01:00:00', NULL, NULL, NULL, NULL, 0x66, 0),
(2000039, 210, 1, '1970-01-01 01:00:00', '1970-01-01 01:00:00', NULL, NULL, NULL, NULL, 0x66, 0),
(2000039, 211, 1, '1970-01-01 01:00:00', '1970-01-01 01:00:00', NULL, NULL, NULL, NULL, 0x66, 0),
(2000039, 212, 1, '1970-01-01 01:00:00', '1970-01-01 01:00:00', NULL, NULL, NULL, NULL, 0x66, 0);

-- --------------------------------------------------------

--
-- Structure de la table `incident_tache_commentaire`
--

CREATE TABLE `incident_tache_commentaire` (
  `idIncident` mediumint(9) NOT NULL DEFAULT '0',
  `idTache` mediumint(9) NOT NULL DEFAULT '0',
  `idCommentaire` mediumint(9) NOT NULL DEFAULT '0',
  `dateDebut` datetime NOT NULL DEFAULT '0000-00-00 00:00:00',
  `dateFin` datetime NOT NULL DEFAULT '0000-00-00 00:00:00'
) ENGINE=InnoDB DEFAULT CHARSET=utf8;

--
-- Déchargement des données de la table `incident_tache_commentaire`
--

INSERT INTO `incident_tache_commentaire` (`idIncident`, `idTache`, `idCommentaire`, `dateDebut`, `dateFin`) VALUES
(67, 512, 83, '0000-00-00 00:00:00', '0000-00-00 00:00:00'),
(2000006, 14, 4, '0000-00-00 00:00:00', '0000-00-00 00:00:00'),
(2000039, 204, 82, '0000-00-00 00:00:00', '0000-00-00 00:00:00');

-- --------------------------------------------------------

--
-- Structure de la table `indicateurs`
--

CREATE TABLE `indicateurs` (
  `idIndicateur` mediumint(8) NOT NULL,
  `codeIndicateur` varchar(40) NOT NULL,
  `libelle` varchar(100) NOT NULL,
  `description` mediumtext NOT NULL,
  `KRI_KPI` int(11) NOT NULL COMMENT '0 KRI 1 KPI 2 both',
  `natureIndicateur` int(11) NOT NULL COMMENT '  indicateur_nature.idNature ',
  `modeDeCalcul` mediumtext NOT NULL,
  `longueur` int(11) NOT NULL,
  `typ_iden` varchar(5) NOT NULL DEFAULT 'SPE',
  `date_Debut` datetime NOT NULL DEFAULT '0000-00-00 00:00:00',
  `date_Modif` datetime NOT NULL DEFAULT '0000-00-00 00:00:00',
  `date_Fin` datetime NOT NULL DEFAULT '0000-00-00 00:00:00',
  `Affecte` binary(1) NOT NULL DEFAULT 't'
) ENGINE=InnoDB DEFAULT CHARSET=utf8;

--
-- Déchargement des données de la table `indicateurs`
--

INSERT INTO `indicateurs` (`idIndicateur`, `codeIndicateur`, `libelle`, `description`, `KRI_KPI`, `natureIndicateur`, `modeDeCalcul`, `longueur`, `typ_iden`, `date_Debut`, `date_Modif`, `date_Fin`, `Affecte`) VALUES
(1, 'nb arret', 'Nombre arrêt application', '', 0, 1, '', 3, 'SPE', '2024-07-01 09:33:36', '0000-00-00 00:00:00', '0000-00-00 00:00:00', 0x74),
(1, 'nb arret', 'Nombre arrêt application', '', 0, 1, '', 3, 'SPE', '2020-01-07 14:14:55', '0000-00-00 00:00:00', '2024-07-01 09:33:36', 0x74),
(2, 'err-sai', 'Erreur saisie', '', 2, 1, '', 3, 'SPE', '2024-07-01 09:32:28', '0000-00-00 00:00:00', '0000-00-00 00:00:00', 0x74),
(2, 'err-sai', 'Erreur saisie', '', 2, 1, '', 3, 'SPE', '2022-03-23 07:40:53', '0000-00-00 00:00:00', '2024-07-01 09:32:28', 0x74),
(3, 'nbdoc', 'Nombre de doc saisis', '', 2, 1, '', 3, 'SPE', '2024-07-01 09:33:44', '0000-00-00 00:00:00', '0000-00-00 00:00:00', 0x74),
(3, 'nbdoc', 'Nombre de doc saisis', '', 2, 1, '', 3, 'SPE', '2020-01-20 12:32:48', '0000-00-00 00:00:00', '2024-07-01 09:33:44', 0x74),
(4, 'nbmi', 'nombre de migrants convoqués', '', 2, 1, '', 3, 'SPE', '2024-07-01 09:33:50', '0000-00-00 00:00:00', '0000-00-00 00:00:00', 0x74),
(4, 'nbmi', 'nombre de migrants convoqués', '', 2, 1, '', 3, 'SPE', '2021-06-25 13:06:51', '0000-00-00 00:00:00', '2024-07-01 09:33:50', 0x74),
(5, 'ind heb', 'indicateur hebdo', '', 2, 1, '', 3, 'SPE', '2024-07-01 09:32:48', '0000-00-00 00:00:00', '0000-00-00 00:00:00', 0x74),
(5, 'ind heb', 'indicateur hebdo', '', 2, 1, '', 3, 'SPE', '2022-03-23 07:42:16', '0000-00-00 00:00:00', '2024-07-01 09:32:48', 0x74),
(6, 'indmens', 'Indicateur Mensuel', '', 2, 1, '', 3, 'SPE', '2024-07-01 09:33:05', '0000-00-00 00:00:00', '0000-00-00 00:00:00', 0x74),
(6, 'indmens', 'Indicateur Mensuel', '', 2, 1, '', 3, 'SPE', '2021-07-05 07:39:43', '0000-00-00 00:00:00', '2024-07-01 09:33:05', 0x74),
(7, 'indtri', 'Indicateur Trimestriel', '', 2, 1, '', 3, 'SPE', '2024-07-01 09:33:29', '0000-00-00 00:00:00', '0000-00-00 00:00:00', 0x74),
(7, 'indtri', 'Indicateur Trimestriel', '', 2, 1, '', 3, 'SPE', '2021-07-05 07:40:07', '0000-00-00 00:00:00', '2024-07-01 09:33:29', 0x74),
(8, 'indsem', 'Indicateur semestriel', '', 2, 1, '', 3, 'SPE', '2024-07-01 09:33:12', '0000-00-00 00:00:00', '0000-00-00 00:00:00', 0x74),
(8, 'indsem', 'Indicateur semestriel', '', 2, 1, '', 3, 'SPE', '2021-07-05 07:40:29', '0000-00-00 00:00:00', '2024-07-01 09:33:12', 0x74),
(9, 'indann', 'indicateur annuel', '', 2, 1, '', 3, 'SPE', '2024-07-01 09:32:57', '0000-00-00 00:00:00', '0000-00-00 00:00:00', 0x74),
(9, 'indann', 'indicateur annuel', '', 2, 1, '', 3, 'SPE', '2021-07-05 07:40:46', '0000-00-00 00:00:00', '2024-07-01 09:32:56', 0x74),
(11, 'indstra', 'Ind stratégique', '', 2, 1, '', 3, 'SPE', '2024-07-01 09:33:22', '0000-00-00 00:00:00', '0000-00-00 00:00:00', 0x74),
(11, 'indstra', 'Ind stratégique', '', 2, 1, '', 3, 'SPE', '2022-03-21 11:21:58', '0000-00-00 00:00:00', '2024-07-01 09:33:22', 0x74),
(12, 'ezeze', 'Ezeze', '', 2, 5, '[nbdoc] / 2', 2, 'SPE', '2023-06-05 00:14:00', '0000-00-00 00:00:00', '0000-00-00 00:00:00', 0x74),
(13, 'total', 'Total', '', 2, 5, '[indstra] / 12', 2, 'SPE', '2024-07-01 09:34:01', '0000-00-00 00:00:00', '0000-00-00 00:00:00', 0x74),
(13, 'total', 'Total', '', 2, 5, '[indstra] / 12', 2, 'SPE', '2023-07-18 14:40:52', '0000-00-00 00:00:00', '2024-07-01 09:34:01', 0x74);

-- --------------------------------------------------------

--
-- Structure de la table `indicateurs_gestion`
--

